69.159.232.148 - - [28/Jan/2009:12:11:48 -0800] "GET /_private/ HTTP/1.1" 200 675 "http://www.wirama.com/" "Mozilla/5.0 (Windows; U; Windows NT 5.1; fr; rv:1.9.0.5) Gecko/2008120122 Firefox/3.0.5 (.NET CLR 3.5.30729)" "www.wirama.com"
69.159.232.148 - - [28/Jan/2009:12:11:53 -0800] "GET /tmp/ HTTP/1.1" 200 520 "http://www.wirama.com/" "Mozilla/5.0 (Windows; U; Windows NT 5.1; fr; rv:1.9.0.5) Gecko/2008120122 Firefox/3.0.5 (.NET CLR 3.5.30729)" "www.wirama.com"
129.188.33.26 - - [28/Jan/2009:13:03:36 -0800] "GET / HTTP/1.1" 200 916 "http://www.google.com/search?q=Wirama&ie=utf-8&oe=utf-8&aq=t&rls=org.mozilla:en-US:official&client=firefox-a" "Mozilla/5.0 (Windows; U; Windows NT 5.1; en-US; rv:1.9.0.5) Gecko/2008120122 Firefox/3.0.5" "www.wirama.com"
129.188.33.26 - - [28/Jan/2009:13:03:38 -0800] "GET / HTTP/1.1" 200 916 "http://www.google.com/search?q=Wirama&ie=utf-8&oe=utf-8&aq=t&rls=org.mozilla:en-US:official&client=firefox-a" "Mozilla/5.0 (Windows; U; Windows NT 5.1; en-US; rv:1.9.0.5) Gecko/2008120122 Firefox/3.0.5" "www.wirama.com"
129.188.33.26 - - [28/Jan/2009:13:03:38 -0800] "GET /favicon.ico HTTP/1.1" 404 275 "-" "Mozilla/5.0 (Windows; U; Windows NT 5.1; en-US; rv:1.9.0.5) Gecko/2008120122 Firefox/3.0.5" "wirama.com"
129.188.33.26 - - [28/Jan/2009:13:03:38 -0800] "GET /favicon.ico HTTP/1.1" 404 275 "-" "Mozilla/5.0 (Windows; U; Windows NT 5.1; en-US; rv:1.9.0.5) Gecko/2008120122 Firefox/3.0.5" "wirama.com"
129.188.33.26 - - [28/Jan/2009:13:03:41 -0800] "GET /logs/ HTTP/1.1" 200 944 "http://www.wirama.com/" "Mozilla/5.0 (Windows; U; Windows NT 5.1; en-US; rv:1.9.0.5) Gecko/2008120122 Firefox/3.0.5" "www.wirama.com"
129.188.33.26 - - [28/Jan/2009:13:03:43 -0800] "GET /tmp/ HTTP/1.1" 200 520 "http://www.wirama.com/" "Mozilla/5.0 (Windows; U; Windows NT 5.1; en-US; rv:1.9.0.5) Gecko/2008120122 Firefox/3.0.5" "www.wirama.com"
129.188.33.26 - - [28/Jan/2009:13:03:45 -0800] "GET /_private/ HTTP/1.1" 200 675 "http://www.wirama.com/" "Mozilla/5.0 (Windows; U; Windows NT 5.1; en-US; rv:1.9.0.5) Gecko/2008120122 Firefox/3.0.5" "www.wirama.com"
129.188.33.26 - - [28/Jan/2009:13:08:56 -0800] "GET / HTTP/1.1" 200 916 "http://www.google.com/search?q=Wirama&ie=utf-8&oe=utf-8&aq=t&rls=org.mozilla:en-US:official&client=firefox-a" "Mozilla/5.0 (Windows; U; Windows NT 5.1; en-US; rv:1.9.0.5) Gecko/2008120122 Firefox/3.0.5" "www.wirama.com"
74.55.157.242 - - [28/Jan/2009:13:12:00 -0800] "GET / HTTP/1.1" 200 916 "-" "Mozilla/4.0 (compatible; MSIE 6.0; Windows NT 5.1; en) Opera 8.50" "wirama.com"
74.55.157.242 - - [28/Jan/2009:13:12:00 -0800] "GET /?N=D HTTP/1.1" 200 916 "-" "Mozilla/4.0 (compatible; MSIE 6.0; Windows NT 5.1; en) Opera 8.50" "wirama.com"
74.55.157.242 - - [28/Jan/2009:13:12:01 -0800] "GET /?M=A HTTP/1.1" 200 916 "-" "Mozilla/4.0 (compatible; MSIE 6.0; Windows NT 5.1; en) Opera 8.50" "wirama.com"
74.55.157.242 - - [28/Jan/2009:13:12:02 -0800] "GET /?S=A HTTP/1.1" 200 916 "-" "Mozilla/4.0 (compatible; MSIE 6.0; Windows NT 5.1; en) Opera 8.50" "wirama.com"
74.55.157.242 - - [28/Jan/2009:13:12:02 -0800] "GET /?D=A HTTP/1.1" 200 916 "-" "Mozilla/4.0 (compatible; MSIE 6.0; Windows NT 5.1; en) Opera 8.50" "wirama.com"
74.55.157.242 - - [28/Jan/2009:13:12:02 -0800] "GET /_private/ HTTP/1.1" 200 675 "-" "Mozilla/4.0 (compatible; MSIE 6.0; Windows NT 5.1; en) Opera 8.50" "wirama.com"
74.55.157.242 - - [28/Jan/2009:13:12:03 -0800] "GET /logs/ HTTP/1.1" 200 944 "-" "Mozilla/4.0 (compatible; MSIE 6.0; Windows NT 5.1; en) Opera 8.50" "wirama.com"
74.55.157.242 - - [28/Jan/2009:13:12:03 -0800] "GET /tmp/ HTTP/1.1" 200 520 "-" "Mozilla/4.0 (compatible; MSIE 6.0; Windows NT 5.1; en) Opera 8.50" "wirama.com"
74.55.157.242 - - [28/Jan/2009:13:12:03 -0800] "GET /?N=A HTTP/1.1" 200 916 "-" "Mozilla/4.0 (compatible; MSIE 6.0; Windows NT 5.1; en) Opera 8.50" "wirama.com"
74.55.157.242 - - [28/Jan/2009:13:12:04 -0800] "GET /?M=D HTTP/1.1" 200 916 "-" "Mozilla/4.0 (compatible; MSIE 6.0; Windows NT 5.1; en) Opera 8.50" "wirama.com"
74.55.157.242 - - [28/Jan/2009:13:12:04 -0800] "GET /?S=D HTTP/1.1" 200 916 "-" "Mozilla/4.0 (compatible; MSIE 6.0; Windows NT 5.1; en) Opera 8.50" "wirama.com"
74.55.157.242 - - [28/Jan/2009:13:12:05 -0800] "GET /?D=D HTTP/1.1" 200 916 "-" "Mozilla/4.0 (compatible; MSIE 6.0; Windows NT 5.1; en) Opera 8.50" "wirama.com"
74.55.157.242 - - [28/Jan/2009:13:12:05 -0800] "GET /_private/?N=D HTTP/1.1" 200 675 "-" "Mozilla/4.0 (compatible; MSIE 6.0; Windows NT 5.1; en) Opera 8.50" "wirama.com"
74.55.157.242 - - [28/Jan/2009:13:12:05 -0800] "GET /_private/?M=A HTTP/1.1" 200 675 "-" "Mozilla/4.0 (compatible; MSIE 6.0; Windows NT 5.1; en) Opera 8.50" "wirama.com"
74.55.157.242 - - [28/Jan/2009:13:12:06 -0800] "GET /_private/?S=A HTTP/1.1" 200 675 "-" "Mozilla/4.0 (compatible; MSIE 6.0; Windows NT 5.1; en) Opera 8.50" "wirama.com"
74.55.157.242 - - [28/Jan/2009:13:12:06 -0800] "GET /_private/?D=A HTTP/1.1" 200 675 "-" "Mozilla/4.0 (compatible; MSIE 6.0; Windows NT 5.1; en) Opera 8.50" "wirama.com"
74.55.157.242 - - [28/Jan/2009:13:12:06 -0800] "GET /logs/?N=D HTTP/1.1" 200 944 "-" "Mozilla/4.0 (compatible; MSIE 6.0; Windows NT 5.1; en) Opera 8.50" "wirama.com"
74.55.157.242 - - [28/Jan/2009:13:12:07 -0800] "GET /logs/?M=A HTTP/1.1" 200 944 "-" "Mozilla/4.0 (compatible; MSIE 6.0; Windows NT 5.1; en) Opera 8.50" "wirama.com"
74.55.157.242 - - [28/Jan/2009:13:12:07 -0800] "GET /logs/?S=A HTTP/1.1" 200 944 "-" "Mozilla/4.0 (compatible; MSIE 6.0; Windows NT 5.1; en) Opera 8.50" "wirama.com"
74.55.157.242 - - [28/Jan/2009:13:12:07 -0800] "GET /logs/?D=A HTTP/1.1" 200 944 "-" "Mozilla/4.0 (compatible; MSIE 6.0; Windows NT 5.1; en) Opera 8.50" "wirama.com"
74.55.157.242 - - [28/Jan/2009:13:12:07 -0800] "GET /tmp/?N=D HTTP/1.1" 200 520 "-" "Mozilla/4.0 (compatible; MSIE 6.0; Windows NT 5.1; en) Opera 8.50" "wirama.com"
74.55.157.242 - - [28/Jan/2009:13:12:08 -0800] "GET /tmp/?M=A HTTP/1.1" 200 520 "-" "Mozilla/4.0 (compatible; MSIE 6.0; Windows NT 5.1; en) Opera 8.50" "wirama.com"
74.55.157.242 - - [28/Jan/2009:13:12:08 -0800] "GET /tmp/?S=A HTTP/1.1" 200 520 "-" "Mozilla/4.0 (compatible; MSIE 6.0; Windows NT 5.1; en) Opera 8.50" "wirama.com"
74.55.157.242 - - [28/Jan/2009:13:12:08 -0800] "GET /tmp/?D=A HTTP/1.1" 200 520 "-" "Mozilla/4.0 (compatible; MSIE 6.0; Windows NT 5.1; en) Opera 8.50" "wirama.com"
74.55.157.242 - - [28/Jan/2009:13:12:08 -0800] "GET /_private/?N=A HTTP/1.1" 200 675 "-" "Mozilla/4.0 (compatible; MSIE 6.0; Windows NT 5.1; en) Opera 8.50" "wirama.com"
74.55.157.242 - - [28/Jan/2009:13:12:09 -0800] "GET /_private/?M=D HTTP/1.1" 200 675 "-" "Mozilla/4.0 (compatible; MSIE 6.0; Windows NT 5.1; en) Opera 8.50" "wirama.com"
74.55.157.242 - - [28/Jan/2009:13:12:09 -0800] "GET /_private/?S=D HTTP/1.1" 200 675 "-" "Mozilla/4.0 (compatible; MSIE 6.0; Windows NT 5.1; en) Opera 8.50" "wirama.com"
74.55.157.242 - - [28/Jan/2009:13:12:09 -0800] "GET /_private/?D=D HTTP/1.1" 200 675 "-" "Mozilla/4.0 (compatible; MSIE 6.0; Windows NT 5.1; en) Opera 8.50" "wirama.com"
74.55.157.242 - - [28/Jan/2009:13:12:09 -0800] "GET /logs/?N=A HTTP/1.1" 200 944 "-" "Mozilla/4.0 (compatible; MSIE 6.0; Windows NT 5.1; en) Opera 8.50" "wirama.com"
74.55.157.242 - - [28/Jan/2009:13:12:10 -0800] "GET /logs/?M=D HTTP/1.1" 200 944 "-" "Mozilla/4.0 (compatible; MSIE 6.0; Windows NT 5.1; en) Opera 8.50" "wirama.com"
74.55.157.242 - - [28/Jan/2009:13:12:10 -0800] "GET /logs/?S=D HTTP/1.1" 200 944 "-" "Mozilla/4.0 (compatible; MSIE 6.0; Windows NT 5.1; en) Opera 8.50" "wirama.com"
74.55.157.242 - - [28/Jan/2009:13:12:10 -0800] "GET /logs/?D=D HTTP/1.1" 200 944 "-" "Mozilla/4.0 (compatible; MSIE 6.0; Windows NT 5.1; en) Opera 8.50" "wirama.com"
74.55.157.242 - - [28/Jan/2009:13:12:11 -0800] "GET /tmp/?N=A HTTP/1.1" 200 520 "-" "Mozilla/4.0 (compatible; MSIE 6.0; Windows NT 5.1; en) Opera 8.50" "wirama.com"
74.55.157.242 - - [28/Jan/2009:13:12:11 -0800] "GET /tmp/?M=D HTTP/1.1" 200 520 "-" "Mozilla/4.0 (compatible; MSIE 6.0; Windows NT 5.1; en) Opera 8.50" "wirama.com"
74.55.157.242 - - [28/Jan/2009:13:12:11 -0800] "GET /tmp/?S=D HTTP/1.1" 200 520 "-" "Mozilla/4.0 (compatible; MSIE 6.0; Windows NT 5.1; en) Opera 8.50" "wirama.com"
74.55.157.242 - - [28/Jan/2009:13:12:12 -0800] "GET /tmp/?D=D HTTP/1.1" 200 520 "-" "Mozilla/4.0 (compatible; MSIE 6.0; Windows NT 5.1; en) Opera 8.50" "wirama.com"
136.182.158.129 - - [28/Jan/2009:13:17:21 -0800] "GET / HTTP/1.1" 200 916 "http://www.google.com/search?q=Wirama&ie=utf-8&oe=utf-8&aq=t&rls=org.mozilla:en-US:official&client=firefox-a" "Mozilla/5.0 (Windows; U; Windows NT 5.1; en-US; rv:1.9.0.5) Gecko/2008120122 Firefox/3.0.5" "www.wirama.com"
136.182.158.129 - - [28/Jan/2009:13:17:22 -0800] "GET / HTTP/1.1" 200 916 "http://www.google.com/search?q=Wirama&ie=utf-8&oe=utf-8&aq=t&rls=org.mozilla:en-US:official&client=firefox-a" "Mozilla/5.0 (Windows; U; Windows NT 5.1; en-US; rv:1.9.0.5) Gecko/2008120122 Firefox/3.0.5" "www.wirama.com"
136.182.158.129 - - [28/Jan/2009:13:17:24 -0800] "GET /logs/ HTTP/1.1" 200 944 "http://www.wirama.com/" "Mozilla/5.0 (Windows; U; Windows NT 5.1; en-US; rv:1.9.0.5) Gecko/2008120122 Firefox/3.0.5" "www.wirama.com"
136.182.158.129 - - [28/Jan/2009:13:17:25 -0800] "GET /logs/access_081231.log HTTP/1.1" 200 303093 "http://www.wirama.com/logs/" "Mozilla/5.0 (Windows; U; Windows NT 5.1; en-US; rv:1.9.0.5) Gecko/2008120122 Firefox/3.0.5" "www.wirama.com"
136.182.158.129 - - [28/Jan/2009:13:17:45 -0800] "GET /logs/access.log HTTP/1.1" 200 408727 "http://www.wirama.com/logs/" "Mozilla/5.0 (Windows; U; Windows NT 5.1; en-US; rv:1.9.0.5) Gecko/2008120122 Firefox/3.0.5" "www.wirama.com"
65.55.104.10 - - [28/Jan/2009:13:32:43 -0800] "GET /robots.txt HTTP/1.1" 404 275 "-" "msnbot/1.1 (+http://search.msn.com/msnbot.htm)" "www.wirama.com"
65.55.104.10 - - [28/Jan/2009:13:32:43 -0800] "GET /_private/ HTTP/1.1" 200 675 "-" "msnbot/1.1 (+http://search.msn.com/msnbot.htm)" "www.wirama.com"
65.55.104.10 - - [28/Jan/2009:13:35:34 -0800] "GET /?D=A HTTP/1.1" 200 916 "-" "msnbot/1.1 (+http://search.msn.com/msnbot.htm)" "www.wirama.com"
65.55.104.10 - - [28/Jan/2009:13:35:34 -0800] "GET /?N=D HTTP/1.1" 200 916 "-" "msnbot/1.1 (+http://search.msn.com/msnbot.htm)" "www.wirama.com"
74.6.8.87 - - [28/Jan/2009:13:44:56 -0800] "GET /logs/?N=D HTTP/1.0" 200 928 "-" "Mozilla/5.0 (compatible; Yahoo! Slurp; http://help.yahoo.com/help/us/ysearch/slurp)" "www.wirama.com"
65.55.104.10 - - [28/Jan/2009:14:05:31 -0800] "GET /tmp/ HTTP/1.1" 200 520 "-" "msnbot/1.1 (+http://search.msn.com/msnbot.htm)" "www.wirama.com"
65.55.104.10 - - [28/Jan/2009:14:05:31 -0800] "GET /logs/ HTTP/1.1" 200 944 "-" "msnbot/1.1 (+http://search.msn.com/msnbot.htm)" "www.wirama.com"
65.55.104.10 - - [28/Jan/2009:14:05:31 -0800] "GET /?S=A HTTP/1.1" 200 916 "-" "msnbot/1.1 (+http://search.msn.com/msnbot.htm)" "www.wirama.com"
65.55.104.10 - - [28/Jan/2009:14:05:32 -0800] "GET /?M=A HTTP/1.1" 200 916 "-" "msnbot/1.1 (+http://search.msn.com/msnbot.htm)" "www.wirama.com"
200.84.20.72 - - [28/Jan/2009:14:08:39 -0800] "GET /logs/access_090101.log HTTP/1.1" 200 7270 "http://www.google.co.ve/search?hl=es&q=Exabot%2F3.0+in+robot.txt+&btnG=Buscar&meta=" "Mozilla/4.0 (compatible; MSIE 7.0; Windows NT 5.1; .NET CLR 2.0.50727)" "www.wirama.com"
65.55.104.10 - - [28/Jan/2009:14:15:25 -0800] "GET / HTTP/1.1" 200 916 "-" "msnbot/1.1 (+http://search.msn.com/msnbot.htm)" "www.wirama.com"
76.186.70.158 - - [28/Jan/2009:15:09:28 -0800] "GET / HTTP/1.1" 200 916 "http://www.rfidupdate.com/articles/index.php?id=1542" "Mozilla/4.0 (compatible; MSIE 7.0; Windows NT 5.1; .NET CLR 2.0.50727; .NET CLR 3.0.4506.2152; .NET CLR 3.5.30729; InfoPath.1)" "www.wirama.com"
76.186.70.158 - - [28/Jan/2009:15:09:28 -0800] "GET /favicon.ico HTTP/1.1" 404 275 "-" "Mozilla/4.0 (compatible; MSIE 7.0; Windows NT 5.1; .NET CLR 2.0.50727; .NET CLR 3.0.4506.2152; .NET CLR 3.5.30729; InfoPath.1)" "wirama.com"
76.186.70.158 - - [28/Jan/2009:15:09:37 -0800] "GET /pr02.htm HTTP/1.1" 404 275 "http://www.rfidupdate.com/articles/index.php?id=1542" "Mozilla/4.0 (compatible; MSIE 7.0; Windows NT 5.1; .NET CLR 2.0.50727; .NET CLR 3.0.4506.2152; .NET CLR 3.5.30729; InfoPath.1)" "www.wirama.com"
76.186.70.158 - - [28/Jan/2009:15:09:48 -0800] "GET / HTTP/1.1" 200 916 "http://www.rfidupdate.com/articles/index.php?id=1542" "Mozilla/4.0 (compatible; MSIE 7.0; Windows NT 5.1; .NET CLR 2.0.50727; .NET CLR 3.0.4506.2152; .NET CLR 3.5.30729; InfoPath.1)" "www.wirama.com"
76.186.70.158 - - [28/Jan/2009:15:09:52 -0800] "GET / HTTP/1.1" 200 916 "http://www.wirama.com/" "Mozilla/4.0 (compatible; MSIE 7.0; Windows NT 5.1; .NET CLR 2.0.50727; .NET CLR 3.0.4506.2152; .NET CLR 3.5.30729; InfoPath.1)" "www.wirama.com"
76.186.70.158 - - [28/Jan/2009:15:09:55 -0800] "GET /logs/ HTTP/1.1" 200 944 "http://www.wirama.com/" "Mozilla/4.0 (compatible; MSIE 7.0; Windows NT 5.1; .NET CLR 2.0.50727; .NET CLR 3.0.4506.2152; .NET CLR 3.5.30729; InfoPath.1)" "www.wirama.com"
76.186.70.158 - - [28/Jan/2009:15:09:58 -0800] "GET / HTTP/1.1" 200 916 "http://www.wirama.com/logs/" "Mozilla/4.0 (compatible; MSIE 7.0; Windows NT 5.1; .NET CLR 2.0.50727; .NET CLR 3.0.4506.2152; .NET CLR 3.5.30729; InfoPath.1)" "www.wirama.com"
76.186.70.158 - - [28/Jan/2009:15:09:59 -0800] "GET /tmp/ HTTP/1.1" 200 520 "http://www.wirama.com/" "Mozilla/4.0 (compatible; MSIE 7.0; Windows NT 5.1; .NET CLR 2.0.50727; .NET CLR 3.0.4506.2152; .NET CLR 3.5.30729; InfoPath.1)" "www.wirama.com"
208.80.194.51 - - [28/Jan/2009:16:09:01 -0800] "GET / HTTP/1.0" 200 900 "-" "Mozilla/4.0 (compatible; MSIE 7.0; Windows NT 5.1; Wanadoo 6.1; .NET CLR 1.1.4322)" "www.wirama.com"
91.121.68.205 - - [28/Jan/2009:16:26:56 -0800] "GET /robots.txt HTTP/1.1" 404 275 "-" "DiBot Java/1.5.0_04" "www.wirama.com"
91.121.68.205 - - [28/Jan/2009:16:26:56 -0800] "GET /text/Wirama_Reader_white_paper.pdf HTTP/1.1" 404 275 "http://www.diana-teknologia.com [xerka@diana-tek.com]" "Xerka WebBot v1.0.0 [lasalle]" "www.wirama.com"
91.121.68.205 - - [28/Jan/2009:16:26:57 -0800] "GET /text/Wirama_Reader_white_paper.pdf HTTP/1.1" 404 275 "http://www.diana-teknologia.com [xerka@diana-tek.com]" "Xerka WebBot v1.0.0 [lasalle]" "www.wirama.com"
129.49.32.133 - - [28/Jan/2009:18:27:47 -0800] "GET / HTTP/1.1" 200 916 "http://www.google.com/search?hl=en&q=wirama&btnG=Search" "Mozilla/5.0 (Windows; U; Windows NT 5.1; en-US; rv:1.9.0.5) Gecko/2008120122 Firefox/3.0.5" "www.wirama.com"
129.49.32.133 - - [28/Jan/2009:18:27:50 -0800] "GET / HTTP/1.1" 200 916 "http://www.google.com/search?hl=en&q=wirama&btnG=Search" "Mozilla/5.0 (Windows; U; Windows NT 5.1; en-US; rv:1.9.0.5) Gecko/2008120122 Firefox/3.0.5" "www.wirama.com"
129.49.32.133 - - [28/Jan/2009:18:27:51 -0800] "GET /favicon.ico HTTP/1.1" 404 275 "-" "Mozilla/5.0 (Windows; U; Windows NT 5.1; en-US; rv:1.9.0.5) Gecko/2008120122 Firefox/3.0.5" "wirama.com"
129.49.32.133 - - [28/Jan/2009:18:27:54 -0800] "GET /favicon.ico HTTP/1.1" 404 275 "-" "Mozilla/5.0 (Windows; U; Windows NT 5.1; en-US; rv:1.9.0.5) Gecko/2008120122 Firefox/3.0.5" "wirama.com"
129.49.32.133 - - [28/Jan/2009:18:27:57 -0800] "GET /logs/ HTTP/1.1" 200 944 "http://www.wirama.com/" "Mozilla/5.0 (Windows; U; Windows NT 5.1; en-US; rv:1.9.0.5) Gecko/2008120122 Firefox/3.0.5" "www.wirama.com"
129.49.32.133 - - [28/Jan/2009:18:28:00 -0800] "GET /logs/access.log HTTP/1.1" 200 414571 "http://www.wirama.com/logs/" "Mozilla/5.0 (Windows; U; Windows NT 5.1; en-US; rv:1.9.0.5) Gecko/2008120122 Firefox/3.0.5" "www.wirama.com"
129.49.32.133 - - [28/Jan/2009:18:28:06 -0800] "GET /_private/ HTTP/1.1" 200 675 "http://www.wirama.com/" "Mozilla/5.0 (Windows; U; Windows NT 5.1; en-US; rv:1.9.0.5) Gecko/2008120122 Firefox/3.0.5" "www.wirama.com"
129.49.32.133 - - [28/Jan/2009:18:28:10 -0800] "GET /_private/form_results.csv HTTP/1.1" 200 0 "http://www.wirama.com/_private/" "Mozilla/5.0 (Windows; U; Windows NT 5.1; en-US; rv:1.9.0.5) Gecko/2008120122 Firefox/3.0.5" "www.wirama.com"
129.49.32.133 - - [28/Jan/2009:18:28:34 -0800] "GET / HTTP/1.1" 200 916 "http://www.wirama.com/_private/" "Mozilla/5.0 (Windows; U; Windows NT 5.1; en-US; rv:1.9.0.5) Gecko/2008120122 Firefox/3.0.5" "www.wirama.com"
129.49.32.133 - - [28/Jan/2009:18:28:36 -0800] "GET /tmp/ HTTP/1.1" 200 520 "http://www.wirama.com/" "Mozilla/5.0 (Windows; U; Windows NT 5.1; en-US; rv:1.9.0.5) Gecko/2008120122 Firefox/3.0.5" "www.wirama.com"
129.49.32.133 - - [28/Jan/2009:18:28:40 -0800] "GET / HTTP/1.1" 200 916 "http://www.google.com/search?hl=en&q=wirama&btnG=Search" "Mozilla/5.0 (Windows; U; Windows NT 5.1; en-US; rv:1.9.0.5) Gecko/2008120122 Firefox/3.0.5" "www.wirama.com"
129.49.32.133 - - [28/Jan/2009:18:28:53 -0800] "GET / HTTP/1.1" 200 916 "http://www.google.com/search?hl=en&q=wirama&btnG=Search" "Mozilla/5.0 (Windows; U; Windows NT 5.1; en-US; rv:1.9.0.5) Gecko/2008120122 Firefox/3.0.5" "www.wirama.com"
129.49.32.133 - - [28/Jan/2009:18:28:54 -0800] "GET / HTTP/1.1" 200 916 "http://www.google.com/search?hl=en&q=wirama&btnG=Search" "Mozilla/5.0 (Windows; U; Windows NT 5.1; en-US; rv:1.9.0.5) Gecko/2008120122 Firefox/3.0.5" "www.wirama.com"
129.49.32.133 - - [28/Jan/2009:18:28:56 -0800] "GET / HTTP/1.1" 200 916 "http://www.google.com/search?hl=en&q=wirama&btnG=Search" "Mozilla/5.0 (Windows; U; Windows NT 5.1; en-US; rv:1.9.0.5) Gecko/2008120122 Firefox/3.0.5" "www.wirama.com"
129.49.32.133 - - [28/Jan/2009:18:28:58 -0800] "GET / HTTP/1.1" 200 916 "http://www.wirama.com/" "Mozilla/5.0 (Windows; U; Windows NT 5.1; en-US; rv:1.9.0.5) Gecko/2008120122 Firefox/3.0.5" "www.wirama.com"
129.49.32.133 - - [28/Jan/2009:18:29:42 -0800] "GET / HTTP/1.1" 200 916 "http://www.google.com/search?hl=en&q=wirama&btnG=Search" "Mozilla/5.0 (Windows; U; Windows NT 5.1; en-US; rv:1.9.0.5) Gecko/2008120122 Firefox/3.0.5" "www.wirama.com"
65.55.104.10 - - [28/Jan/2009:18:31:30 -0800] "GET /pr02.htm HTTP/1.1" 404 275 "-" "msnbot/1.1 (+http://search.msn.com/msnbot.htm)" "www.wirama.com"
66.249.65.71 - - [28/Jan/2009:18:40:25 -0800] "GET /robots.txt HTTP/1.1" 404 275 "-" "Mozilla/5.0 (compatible; Googlebot/2.1; +http://www.google.com/bot.html)" "wirama.com"
66.249.65.71 - - [28/Jan/2009:18:40:25 -0800] "GET / HTTP/1.1" 200 916 "-" "Mozilla/5.0 (compatible; Googlebot/2.1; +http://www.google.com/bot.html)" "wirama.com"
65.55.208.50 - - [28/Jan/2009:19:05:56 -0800] "GET /robots.txt HTTP/1.1" 404 275 "-" "msnbot/1.1 (+http://search.msn.com/msnbot.htm)" "wirama.com"
65.55.208.50 - - [28/Jan/2009:19:05:56 -0800] "GET /_private/?S=A HTTP/1.1" 200 675 "-" "msnbot/1.1 (+http://search.msn.com/msnbot.htm)" "wirama.com"
82.99.30.52 - - [28/Jan/2009:20:03:54 -0800] "GET / HTTP/1.0" 200 900 "-" "Mozilla/4.0 (compatible; MSIE 6.0; Windows NT 5.1)" "www.wirama.com"
65.55.208.60 - - [28/Jan/2009:21:17:18 -0800] "GET /robots.txt HTTP/1.1" 404 275 "-" "msnbot/1.1 (+http://search.msn.com/msnbot.htm)" "wirama.com"
65.55.208.60 - - [28/Jan/2009:21:17:18 -0800] "GET /_private/?N=A HTTP/1.1" 200 675 "-" "msnbot/1.1 (+http://search.msn.com/msnbot.htm)" "wirama.com"
66.249.65.71 - - [28/Jan/2009:21:44:37 -0800] "GET /robots.txt HTTP/1.1" 404 275 "-" "Mozilla/5.0 (compatible; Googlebot/2.1; +http://www.google.com/bot.html)" "www.wirama.com"
66.249.65.71 - - [28/Jan/2009:21:44:38 -0800] "GET /logs/ HTTP/1.1" 200 944 "-" "Mozilla/5.0 (compatible; Googlebot/2.1; +http://www.google.com/bot.html)" "www.wirama.com"
74.6.8.87 - - [28/Jan/2009:23:16:05 -0800] "GET /robots.txt HTTP/1.0" 404 275 "-" "Mozilla/5.0 (compatible; Yahoo! Slurp; http://help.yahoo.com/help/us/ysearch/slurp)" "www.wirama.com"
74.6.8.87 - - [28/Jan/2009:23:16:28 -0800] "GET /contents.htm HTTP/1.0" 404 275 "-" "Mozilla/5.0 (compatible; Yahoo! Slurp; http://help.yahoo.com/help/us/ysearch/slurp)" "www.wirama.com"
64.69.46.80 - - [28/Jan/2009:23:40:38 -0800] "GET / HTTP/1.1" 200 916 "-" "Mozilla/5.0 (compatible; Googlebot/2.1; http://www.google.com/bot.html)" "www.wirama.com"
65.55.208.46 - - [29/Jan/2009:01:50:49 -0800] "GET /robots.txt HTTP/1.1" 404 275 "-" "msnbot/1.1 (+http://search.msn.com/msnbot.htm)" "wirama.com"
65.55.208.46 - - [29/Jan/2009:01:50:49 -0800] "GET /job_opportunities.htm HTTP/1.1" 404 275 "-" "msnbot/1.1 (+http://search.msn.com/msnbot.htm)" "wirama.com"
65.55.208.47 - - [29/Jan/2009:01:57:14 -0800] "GET /robots.txt HTTP/1.1" 404 275 "-" "msnbot/1.1 (+http://search.msn.com/msnbot.htm)" "wirama.com"
65.55.208.47 - - [29/Jan/2009:01:57:14 -0800] "GET /logs/?N=A HTTP/1.1" 200 944 "-" "msnbot/1.1 (+http://search.msn.com/msnbot.htm)" "wirama.com"
67.195.37.110 - - [29/Jan/2009:03:43:17 -0800] "GET /robots.txt HTTP/1.0" 404 275 "-" "Mozilla/5.0 (compatible; Yahoo! Slurp; http://help.yahoo.com/help/us/ysearch/slurp)" "www.wirama.com"
74.6.8.87 - - [29/Jan/2009:04:00:48 -0800] "GET /robots.txt HTTP/1.0" 404 275 "-" "Mozilla/5.0 (compatible; Yahoo! Slurp; http://help.yahoo.com/help/us/ysearch/slurp)" "wirama.com"
65.55.208.50 - - [29/Jan/2009:04:29:19 -0800] "GET /_private/?M=D HTTP/1.1" 200 675 "-" "msnbot/1.1 (+http://search.msn.com/msnbot.htm)" "wirama.com"
74.6.8.87 - - [29/Jan/2009:05:03:44 -0800] "GET /robots.txt HTTP/1.0" 404 275 "-" "Mozilla/5.0 (compatible; Yahoo! Slurp; http://help.yahoo.com/help/us/ysearch/slurp)" "www.wirama.com"
65.55.208.59 - - [29/Jan/2009:05:23:53 -0800] "GET /robots.txt HTTP/1.1" 404 275 "-" "msnbot/1.1 (+http://search.msn.com/msnbot.htm)" "wirama.com"
65.55.208.59 - - [29/Jan/2009:05:23:53 -0800] "GET /tmp/?S=D HTTP/1.1" 200 520 "-" "msnbot/1.1 (+http://search.msn.com/msnbot.htm)" "wirama.com"
65.55.208.60 - - [29/Jan/2009:05:50:51 -0800] "GET /logs/?D=D HTTP/1.1" 200 944 "-" "msnbot/1.1 (+http://search.msn.com/msnbot.htm)" "wirama.com"
65.55.208.48 - - [29/Jan/2009:05:57:16 -0800] "GET /robots.txt HTTP/1.1" 404 275 "-" "msnbot/1.1 (+http://search.msn.com/msnbot.htm)" "wirama.com"
65.55.208.48 - - [29/Jan/2009:05:57:16 -0800] "GET /_private/?D=D HTTP/1.1" 200 675 "-" "msnbot/1.1 (+http://search.msn.com/msnbot.htm)" "wirama.com"
65.55.208.60 - - [29/Jan/2009:06:00:32 -0800] "GET /tmp/?M=D HTTP/1.1" 200 520 "-" "msnbot/1.1 (+http://search.msn.com/msnbot.htm)" "wirama.com"
203.59.90.181 - - [29/Jan/2009:06:22:26 -0800] "GET /pr02.htm HTTP/1.1" 404 275 "http://blog.wired.com/gadgets/2008/02/rfid-reader-to.html" "Mozilla/5.0 (Windows; U; Windows NT 6.0; en-US; rv:1.8.1.20) Gecko/20081217 Firefox/2.0.0.20" "www.wirama.com"
203.59.90.181 - - [29/Jan/2009:06:22:27 -0800] "GET /favicon.ico HTTP/1.1" 404 275 "-" "Mozilla/5.0 (Windows; U; Windows NT 6.0; en-US; rv:1.8.1.20) Gecko/20081217 Firefox/2.0.0.20" "wirama.com"
203.59.90.181 - - [29/Jan/2009:06:22:33 -0800] "GET / HTTP/1.1" 200 916 "-" "Mozilla/5.0 (Windows; U; Windows NT 6.0; en-US; rv:1.8.1.20) Gecko/20081217 Firefox/2.0.0.20" "www.wirama.com"
75.18.209.183 - - [29/Jan/2009:06:37:53 -0800] "GET /favicon.ico HTTP/1.1" 404 275 "-" "Mozilla/4.0 (compatible; GoogleToolbar 4.0.1601.4978-big; Windows XP 5.1; MSIE 6.0.2900.2180)" "wirama.com"
75.18.209.183 - - [29/Jan/2009:06:37:54 -0800] "GET /favicon.gif HTTP/1.1" 404 275 "-" "Mozilla/4.0 (compatible; GoogleToolbar 4.0.1601.4978-big; Windows XP 5.1; MSIE 6.0.2900.2180)" "wirama.com"
65.55.208.61 - - [29/Jan/2009:07:18:56 -0800] "GET /robots.txt HTTP/1.1" 404 275 "-" "msnbot/1.1 (+http://search.msn.com/msnbot.htm)" "wirama.com"
65.55.208.61 - - [29/Jan/2009:07:18:56 -0800] "GET /tmp/?D=D HTTP/1.1" 200 520 "-" "msnbot/1.1 (+http://search.msn.com/msnbot.htm)" "wirama.com"
65.55.208.50 - - [29/Jan/2009:07:20:39 -0800] "GET /_private/?S=D HTTP/1.1" 200 675 "-" "msnbot/1.1 (+http://search.msn.com/msnbot.htm)" "wirama.com"
65.55.208.61 - - [29/Jan/2009:07:26:59 -0800] "GET /logs/?M=D HTTP/1.1" 200 944 "-" "msnbot/1.1 (+http://search.msn.com/msnbot.htm)" "wirama.com"
65.55.208.62 - - [29/Jan/2009:08:54:04 -0800] "GET /robots.txt HTTP/1.1" 404 275 "-" "msnbot/1.1 (+http://search.msn.com/msnbot.htm)" "wirama.com"
65.55.208.62 - - [29/Jan/2009:08:54:04 -0800] "GET /tmp/ HTTP/1.1" 200 520 "-" "msnbot/1.1 (+http://search.msn.com/msnbot.htm)" "wirama.com"
65.55.208.62 - - [29/Jan/2009:08:57:20 -0800] "GET /logs/?S=D HTTP/1.1" 200 944 "-" "msnbot/1.1 (+http://search.msn.com/msnbot.htm)" "wirama.com"
74.6.8.87 - - [29/Jan/2009:09:09:20 -0800] "GET /tmp/ HTTP/1.0" 200 504 "-" "Mozilla/5.0 (compatible; Yahoo! Slurp; http://help.yahoo.com/help/us/ysearch/slurp)" "www.wirama.com"
130.160.76.126 - - [29/Jan/2009:09:52:48 -0800] "GET / HTTP/1.1" 200 916 "http://www.rfidupdate.com/articles/index.php?id=1542" "Mozilla/5.0 (Windows; U; Windows NT 6.0; en-US) AppleWebKit/525.19 (KHTML, like Gecko) Chrome/1.0.154.43 Safari/525.19" "www.wirama.com"
130.160.76.126 - - [29/Jan/2009:09:52:48 -0800] "GET /favicon.ico HTTP/1.1" 404 275 "-" "Mozilla/5.0 (Windows; U; Windows NT 6.0; en-US) AppleWebKit/525.19 (KHTML, like Gecko) Chrome/1.0.154.43 Safari/525.19" "wirama.com"
65.55.208.51 - - [29/Jan/2009:10:10:20 -0800] "GET /robots.txt HTTP/1.1" 404 275 "-" "msnbot/1.1 (+http://search.msn.com/msnbot.htm)" "wirama.com"
65.55.208.51 - - [29/Jan/2009:10:10:21 -0800] "GET /logs/access.log HTTP/1.1" 200 424099 "-" "msnbot/1.1 (+http://search.msn.com/msnbot.htm)" "wirama.com"
141.161.250.42 - - [29/Jan/2009:10:19:51 -0800] "GET / HTTP/1.1" 200 916 "http://www.google.com/search?gbv=2&hl=en&safe=off&client=firefox-a&channel=s&rls=org.mozilla%3Aen-US%3Aofficial&q=Worama+&btnG=Search" "Mozilla/5.0 (Windows; U; Windows NT 5.1; en-US; rv:1.9.0.5) Gecko/2008120122 Firefox/3.0.5" "www.wirama.com"
66.134.42.186 - - [29/Jan/2009:10:56:14 -0800] "GET / HTTP/1.1" 200 916 "-" "Mozilla/5.0 (Windows; U; Windows NT 5.1; en-US; rv:1.9.0.5) Gecko/2008120122 Firefox/3.0.5" "www.wirama.com"
66.134.42.186 - - [29/Jan/2009:10:56:18 -0800] "GET /favicon.ico HTTP/1.1" 404 275 "-" "Mozilla/5.0 (Windows; U; Windows NT 5.1; en-US; rv:1.9.0.5) Gecko/2008120122 Firefox/3.0.5" "wirama.com"
66.134.42.186 - - [29/Jan/2009:10:56:21 -0800] "GET /favicon.ico HTTP/1.1" 404 275 "-" "Mozilla/5.0 (Windows; U; Windows NT 5.1; en-US; rv:1.9.0.5) Gecko/2008120122 Firefox/3.0.5" "wirama.com"
129.101.68.244 - - [29/Jan/2009:11:16:05 -0800] "GET /logs/access_090101.log HTTP/1.1" 200 7270 "http://www.google.com/search?q=Gecko%2F2008120122&ie=utf-8&oe=utf-8&aq=t&rls=org.mozilla:en-US:official&client=firefox-a" "Mozilla/5.0 (Windows; U; Windows NT 6.0; en-US; rv:1.9.0.5) Gecko/2008120122 Firefox/3.0.5" "www.wirama.com"
129.101.68.244 - - [29/Jan/2009:11:16:05 -0800] "GET /favicon.ico HTTP/1.1" 404 275 "-" "Mozilla/5.0 (Windows; U; Windows NT 6.0; en-US; rv:1.9.0.5) Gecko/2008120122 Firefox/3.0.5" "wirama.com"
129.101.68.244 - - [29/Jan/2009:11:16:08 -0800] "GET /favicon.ico HTTP/1.1" 404 275 "-" "Mozilla/5.0 (Windows; U; Windows NT 6.0; en-US; rv:1.9.0.5) Gecko/2008120122 Firefox/3.0.5" "wirama.com"
65.55.208.46 - - [29/Jan/2009:11:27:49 -0800] "GET /pr02.htm HTTP/1.1" 404 275 "-" "msnbot/1.1 (+http://search.msn.com/msnbot.htm)" "wirama.com"
65.55.208.47 - - [29/Jan/2009:11:30:15 -0800] "GET /_private/?D=A HTTP/1.1" 200 675 "-" "msnbot/1.1 (+http://search.msn.com/msnbot.htm)" "wirama.com"
208.80.194.38 - - [29/Jan/2009:11:49:48 -0800] "GET / HTTP/1.0" 200 900 "-" "Mozilla/4.0 (compatible; MSIE 7.0; Windows NT 5.1; EmbeddedWB 14.52 from: http://www.bsalsa.com/ EmbeddedWB 14.52; .NET CLR 1.1.4322)" "wirama.com"
65.55.208.53 - - [29/Jan/2009:11:54:34 -0800] "GET /robots.txt HTTP/1.1" 404 275 "-" "msnbot/1.1 (+http://search.msn.com/msnbot.htm)" "wirama.com"
65.55.208.53 - - [29/Jan/2009:11:54:34 -0800] "GET /_private/ HTTP/1.1" 200 675 "-" "msnbot/1.1 (+http://search.msn.com/msnbot.htm)" "wirama.com"
74.6.8.87 - - [29/Jan/2009:12:11:32 -0800] "GET /?N=D HTTP/1.0" 200 900 "-" "Mozilla/5.0 (compatible; Yahoo! Slurp; http://help.yahoo.com/help/us/ysearch/slurp)" "www.wirama.com"
69.159.232.148 - - [29/Jan/2009:13:24:42 -0800] "GET / HTTP/1.1" 200 916 "http://www.google.ca/search?client=firefox-a&rls=org.mozilla%3Afr%3Aofficial&channel=s&hl=fr&q=wirama&meta=&btnG=Recherche+Google" "Mozilla/5.0 (Windows; U; Windows NT 5.1; fr; rv:1.9.0.5) Gecko/2008120122 Firefox/3.0.5 (.NET CLR 3.5.30729)" "www.wirama.com"
69.159.232.148 - - [29/Jan/2009:13:27:38 -0800] "GET / HTTP/1.1" 200 916 "-" "Mozilla/5.0 (Windows; U; Windows NT 5.1; fr; rv:1.9.0.5) Gecko/2008120122 Firefox/3.0.5 (.NET CLR 3.5.30729)" "www.wirama.com"
69.159.232.148 - - [29/Jan/2009:13:27:39 -0800] "GET /favicon.ico HTTP/1.1" 404 275 "-" "Mozilla/5.0 (Windows; U; Windows NT 5.1; fr; rv:1.9.0.5) Gecko/2008120122 Firefox/3.0.5 (.NET CLR 3.5.30729)" "wirama.com"
69.159.232.148 - - [29/Jan/2009:13:27:42 -0800] "GET /favicon.ico HTTP/1.1" 404 275 "-" "Mozilla/5.0 (Windows; U; Windows NT 5.1; fr; rv:1.9.0.5) Gecko/2008120122 Firefox/3.0.5 (.NET CLR 3.5.30729)" "wirama.com"
74.6.8.87 - - [29/Jan/2009:14:56:50 -0800] "GET /robots.txt HTTP/1.0" 404 275 "-" "Mozilla/5.0 (compatible; Yahoo! Slurp; http://help.yahoo.com/help/us/ysearch/slurp)" "www.wirama.com"
74.6.8.87 - - [29/Jan/2009:14:57:18 -0800] "GET /tmp/?N=D HTTP/1.0" 200 504 "-" "Mozilla/5.0 (compatible; Yahoo! Slurp; http://help.yahoo.com/help/us/ysearch/slurp)" "www.wirama.com"
74.6.8.87 - - [29/Jan/2009:16:10:06 -0800] "GET /_private/?N=D HTTP/1.0" 200 659 "-" "Mozilla/5.0 (compatible; Yahoo! Slurp; http://help.yahoo.com/help/us/ysearch/slurp)" "www.wirama.com"
65.55.208.48 - - [29/Jan/2009:16:38:44 -0800] "GET /robots.txt HTTP/1.1" 404 275 "-" "msnbot/1.1 (+http://search.msn.com/msnbot.htm)" "wirama.com"
65.55.208.48 - - [29/Jan/2009:16:38:44 -0800] "GET /logs/?N=D HTTP/1.1" 200 944 "-" "msnbot/1.1 (+http://search.msn.com/msnbot.htm)" "wirama.com"
74.6.8.87 - - [29/Jan/2009:17:22:22 -0800] "GET /?M=D HTTP/1.0" 200 900 "-" "Mozilla/5.0 (compatible; Yahoo! Slurp; http://help.yahoo.com/help/us/ysearch/slurp)" "www.wirama.com"
74.6.8.87 - - [29/Jan/2009:17:30:35 -0800] "GET /_private/?D=D HTTP/1.0" 200 659 "-" "Mozilla/5.0 (compatible; Yahoo! Slurp; http://help.yahoo.com/help/us/ysearch/slurp)" "www.wirama.com"
65.55.208.48 - - [29/Jan/2009:17:49:51 -0800] "GET /tmp/?N=A HTTP/1.1" 200 520 "-" "msnbot/1.1 (+http://search.msn.com/msnbot.htm)" "wirama.com"
202.160.189.248 - - [29/Jan/2009:18:05:48 -0800] "GET /robots.txt HTTP/1.0" 404 275 "-" "Mozilla/5.0 (compatible; Yahoo! Slurp China; http://misc.yahoo.com.cn/help.html)" "www.wirama.com"
202.160.179.100 - - [29/Jan/2009:18:06:16 -0800] "GET / HTTP/1.0" 200 900 "-" "Mozilla/5.0 (compatible; Yahoo! Slurp China; http://misc.yahoo.com.cn/help.html)" "www.wirama.com"
75.35.208.146 - - [29/Jan/2009:18:57:49 -0800] "GET /favicon.ico HTTP/1.1" 404 275 "-" "Mozilla/4.0 (compatible; GoogleToolbar 4.0.1601.4978-big; Windows XP 5.1; MSIE 6.0.2900.2180)" "wirama.com"
75.35.208.146 - - [29/Jan/2009:18:57:50 -0800] "GET /favicon.gif HTTP/1.1" 404 275 "-" "Mozilla/4.0 (compatible; GoogleToolbar 4.0.1601.4978-big; Windows XP 5.1; MSIE 6.0.2900.2180)" "wirama.com"
66.235.124.32 - - [29/Jan/2009:19:17:15 -0800] "GET /robots.txt HTTP/1.1" 404 275 "-" "Mozilla/5.0 (compatible; Ask Jeeves/Teoma; +http://about.ask.com/en/docs/about/webmasters.shtml)" "www.wirama.com"
66.235.124.32 - - [29/Jan/2009:19:17:15 -0800] "GET /job_opportunities.htm HTTP/1.1" 404 275 "-" "Mozilla/5.0 (compatible; Ask Jeeves/Teoma; +http://about.ask.com/en/docs/about/webmasters.shtml)" "www.wirama.com"
208.80.194.42 - - [29/Jan/2009:19:22:37 -0800] "GET / HTTP/1.0" 200 900 "-" "Mozilla/4.0 (compatible; MSIE 7.0; Windows NT 5.1; Mozilla/4.0 (compatible; MSIE 6.0; Windows NT 5.1; SV1) ; .NET CLR 1.1.4322; InfoPath.1; .NET CLR 2.0.50727; .NET CLR 3.0.04506.30; MEGAUPLOAD 2.0)" "www.wirama.com"
74.6.8.87 - - [29/Jan/2009:19:35:57 -0800] "GET /pr02.htm HTTP/1.0" 404 275 "-" "Mozilla/5.0 (compatible; Yahoo! Slurp; http://help.yahoo.com/help/us/ysearch/slurp)" "www.wirama.com"
65.81.22.230 - - [29/Jan/2009:19:42:02 -0800] "GET /text/Wirama_Reader_white_paper.pdf HTTP/1.1" 404 275 "-" "Mozilla/4.0 (compatible; MSIE 7.0; Windows NT 6.0; SLCC1; .NET CLR 2.0.50727; Media Center PC 5.0; .NET CLR 3.0.04506)" "www.wirama.com"
65.81.22.230 - - [29/Jan/2009:19:42:09 -0800] "GET / HTTP/1.1" 200 916 "-" "Mozilla/4.0 (compatible; MSIE 7.0; Windows NT 6.0; SLCC1; .NET CLR 2.0.50727; Media Center PC 5.0; .NET CLR 3.0.04506)" "www.wirama.com"
65.81.22.230 - - [29/Jan/2009:19:42:12 -0800] "GET /favicon.ico HTTP/1.1" 404 275 "-" "Mozilla/4.0 (compatible; MSIE 7.0; Windows NT 6.0; SLCC1; .NET CLR 2.0.50727; Media Center PC 5.0; .NET CLR 3.0.04506)" "wirama.com"
65.81.22.230 - - [29/Jan/2009:19:42:12 -0800] "GET /favicon.ico HTTP/1.1" 404 275 "-" "Mozilla/4.0 (compatible; MSIE 7.0; Windows NT 6.0; SLCC1; .NET CLR 2.0.50727; Media Center PC 5.0; .NET CLR 3.0.04506)" "wirama.com"
65.81.22.230 - - [29/Jan/2009:19:42:18 -0800] "GET / HTTP/1.1" 200 916 "http://www.wirama.com/" "Mozilla/4.0 (compatible; MSIE 7.0; Windows NT 6.0; SLCC1; .NET CLR 2.0.50727; Media Center PC 5.0; .NET CLR 3.0.04506)" "www.wirama.com"
65.81.22.230 - - [29/Jan/2009:19:42:22 -0800] "GET /_private/ HTTP/1.1" 200 675 "http://www.wirama.com/" "Mozilla/4.0 (compatible; MSIE 7.0; Windows NT 6.0; SLCC1; .NET CLR 2.0.50727; Media Center PC 5.0; .NET CLR 3.0.04506)" "www.wirama.com"
65.81.22.230 - - [29/Jan/2009:19:42:25 -0800] "GET /_private/form_results.csv HTTP/1.1" 200 0 "http://www.wirama.com/_private/" "Mozilla/4.0 (compatible; MSIE 7.0; Windows NT 6.0; SLCC1; .NET CLR 2.0.50727; Media Center PC 5.0; .NET CLR 3.0.04506)" "www.wirama.com"
65.81.22.230 - - [29/Jan/2009:19:50:21 -0800] "GET /favicon.ico HTTP/1.1" 404 275 "-" "Mozilla/4.0 (compatible; MSIE 7.0; Windows NT 6.0; SLCC1; .NET CLR 2.0.50727; Media Center PC 5.0; .NET CLR 3.0.04506)" "wirama.com"
65.81.22.230 - - [29/Jan/2009:19:50:21 -0800] "GET / HTTP/1.1" 200 916 "http://www.rfidjournalevents.com/live2008/companyPopUpbce5.html?companyID=365" "Mozilla/4.0 (compatible; MSIE 7.0; Windows NT 6.0; SLCC1; .NET CLR 2.0.50727; Media Center PC 5.0; .NET CLR 3.0.04506)" "wirama.com"
65.81.22.230 - - [29/Jan/2009:19:50:46 -0800] "GET / HTTP/1.1" 200 916 "http://venturebeat.com/2007/02/28/wirama-wireless-rfid-co-raises-first-round-of-funding/" "Mozilla/4.0 (compatible; MSIE 7.0; Windows NT 6.0; SLCC1; .NET CLR 2.0.50727; Media Center PC 5.0; .NET CLR 3.0.04506)" "www.wirama.com"
65.81.22.230 - - [29/Jan/2009:19:50:49 -0800] "GET /tmp/ HTTP/1.1" 200 520 "http://www.wirama.com/" "Mozilla/4.0 (compatible; MSIE 7.0; Windows NT 6.0; SLCC1; .NET CLR 2.0.50727; Media Center PC 5.0; .NET CLR 3.0.04506)" "www.wirama.com"
65.81.22.230 - - [29/Jan/2009:19:50:51 -0800] "GET / HTTP/1.1" 200 916 "http://www.wirama.com/tmp/" "Mozilla/4.0 (compatible; MSIE 7.0; Windows NT 6.0; SLCC1; .NET CLR 2.0.50727; Media Center PC 5.0; .NET CLR 3.0.04506)" "www.wirama.com"
65.55.208.48 - - [29/Jan/2009:19:50:56 -0800] "GET /_private/?M=A HTTP/1.1" 200 675 "-" "msnbot/1.1 (+http://search.msn.com/msnbot.htm)" "wirama.com"
65.81.22.230 - - [29/Jan/2009:20:00:28 -0800] "GET / HTTP/1.1" 200 916 "http://www.tradevibes.com/company/profile/wirama" "Mozilla/4.0 (compatible; MSIE 7.0; Windows NT 6.0; SLCC1; .NET CLR 2.0.50727; Media Center PC 5.0; .NET CLR 3.0.04506)" "www.wirama.com"
65.81.22.230 - - [29/Jan/2009:20:08:46 -0800] "GET / HTTP/1.1" 200 916 "http://findarticles.com/p/articles/mi_m0EIN/is_2008_Feb_5/ai_n24247931" "Mozilla/4.0 (compatible; MSIE 7.0; Windows NT 6.0; SLCC1; .NET CLR 2.0.50727; Media Center PC 5.0; .NET CLR 3.0.04506)" "www.wirama.com"
65.55.208.60 - - [29/Jan/2009:20:11:51 -0800] "GET /robots.txt HTTP/1.1" 404 275 "-" "msnbot/1.1 (+http://search.msn.com/msnbot.htm)" "wirama.com"
65.55.208.60 - - [29/Jan/2009:20:11:51 -0800] "GET /_private/?N=D HTTP/1.1" 200 675 "-" "msnbot/1.1 (+http://search.msn.com/msnbot.htm)" "wirama.com"
66.249.65.71 - - [29/Jan/2009:20:30:13 -0800] "GET /robots.txt HTTP/1.1" 404 275 "-" "Mozilla/5.0 (compatible; Googlebot/2.1; +http://www.google.com/bot.html)" "www.wirama.com"
66.249.65.71 - - [29/Jan/2009:20:30:13 -0800] "GET /pr02.htm HTTP/1.1" 404 275 "-" "Mozilla/5.0 (compatible; Googlebot/2.1; +http://www.google.com/bot.html)" "www.wirama.com"
76.200.191.225 - - [29/Jan/2009:21:06:03 -0800] "GET / HTTP/1.1" 200 916 "-" "Mozilla/4.0 (compatible; MSIE 7.0; Windows NT 5.1; .NET CLR 1.1.4322)" "www.wirama.com"
76.200.191.225 - - [29/Jan/2009:21:06:03 -0800] "GET /favicon.ico HTTP/1.1" 404 275 "-" "Mozilla/4.0 (compatible; MSIE 7.0; Windows NT 5.1; .NET CLR 1.1.4322)" "wirama.com"
64.88.164.198 - - [29/Jan/2009:21:40:03 -0800] "GET /robots.txt HTTP/1.0" 404 275 "-" "SapphireWebCrawler/Nutch-1.0-dev (Sapphire Web Crawler using Nutch; http://boston.lti.cs.cmu.edu/crawler/; mhoy@cs.cmu.edu)" "www.wirama.com"
64.88.164.198 - - [29/Jan/2009:21:40:03 -0800] "GET /_private/ HTTP/1.0" 200 659 "-" "SapphireWebCrawler/Nutch-1.0-dev (Sapphire Web Crawler using Nutch; http://boston.lti.cs.cmu.edu/crawler/; mhoy@cs.cmu.edu)" "www.wirama.com"
77.88.27.25 - - [29/Jan/2009:21:58:30 -0800] "GET /robots.txt HTTP/1.1" 404 275 "-" "Yandex/1.01.001 (compatible; Win16; I)" "www.wirama.com"
77.88.27.25 - - [29/Jan/2009:21:58:30 -0800] "GET / HTTP/1.1" 200 916 "-" "Yandex/1.01.001 (compatible; Win16; I)" "www.wirama.com"
41.207.2.219 - - [29/Jan/2009:22:48:13 -0800] "GET / HTTP/1.1" 200 916 "-" "Mozilla/4.0 (compatible; MSIE 5.0; Windows NT; DigExt; DTS Agent" "www.wirama.com"
65.55.208.60 - - [29/Jan/2009:23:05:03 -0800] "GET /tmp/?M=A HTTP/1.1" 200 520 "-" "msnbot/1.1 (+http://search.msn.com/msnbot.htm)" "wirama.com"
64.124.85.92 - - [29/Jan/2009:23:28:19 -0800] "GET /robots.txt HTTP/1.1" 404 275 "-" "Mozilla/5.0 (compatible; BecomeBot/3.0; +http://www.become.com/site_owners.html)" "www.wirama.com"
64.124.85.92 - - [29/Jan/2009:23:28:38 -0800] "GET /tmp/ HTTP/1.1" 200 520 "-" "Mozilla/5.0 (compatible; BecomeBot/3.0; +http://www.become.com/site_owners.html)" "www.wirama.com"
65.55.208.60 - - [29/Jan/2009:23:57:36 -0800] "GET /tmp/?S=A HTTP/1.1" 200 520 "-" "msnbot/1.1 (+http://search.msn.com/msnbot.htm)" "wirama.com"
195.176.215.10 - - [30/Jan/2009:00:54:37 -0800] "GET /logs/access_090101.log HTTP/1.1" 200 7270 "http://www.google.ch/search?hl=de&q=GET+filetype%3Alog&btnG=Suche&meta=" "Mozilla/5.0 (X11; U; Linux x86_64; en-US; rv:1.9.0.5) Gecko/2008121623 Ubuntu/8.10 (intrepid) Firefox/3.0.5 FirePHP/0.2.1" "www.wirama.com"
195.176.215.10 - - [30/Jan/2009:00:54:37 -0800] "GET /favicon.ico HTTP/1.1" 404 275 "-" "Mozilla/5.0 (X11; U; Linux x86_64; en-US; rv:1.9.0.5) Gecko/2008121623 Ubuntu/8.10 (intrepid) Firefox/3.0.5 FirePHP/0.2.1" "wirama.com"
195.176.215.10 - - [30/Jan/2009:00:54:40 -0800] "GET /favicon.ico HTTP/1.1" 404 275 "-" "Mozilla/5.0 (X11; U; Linux x86_64; en-US; rv:1.9.0.5) Gecko/2008121623 Ubuntu/8.10 (intrepid) Firefox/3.0.5 FirePHP/0.2.1" "wirama.com"
74.6.8.87 - - [30/Jan/2009:01:04:50 -0800] "GET /pr02.htm HTTP/1.0" 404 275 "-" "Mozilla/5.0 (compatible; Yahoo! Slurp; http://help.yahoo.com/help/us/ysearch/slurp)" "www.wirama.com"
65.55.208.64 - - [30/Jan/2009:01:11:28 -0800] "GET /robots.txt HTTP/1.1" 404 275 "-" "msnbot/1.1 (+http://search.msn.com/msnbot.htm)" "wirama.com"
65.55.208.64 - - [30/Jan/2009:01:11:28 -0800] "GET /logs/ HTTP/1.1" 200 944 "-" "msnbot/1.1 (+http://search.msn.com/msnbot.htm)" "wirama.com"
67.188.119.134 - - [30/Jan/2009:01:28:49 -0800] "GET / HTTP/1.1" 200 916 "-" "Mozilla/5.0 (Macintosh; U; Intel Mac OS X 10.5; en-US; rv:1.9.0.5) Gecko/2008120121 Firefox/3.0.5" "wirama.com"
67.188.119.134 - - [30/Jan/2009:01:28:50 -0800] "GET /favicon.ico HTTP/1.1" 404 275 "-" "Mozilla/5.0 (Macintosh; U; Intel Mac OS X 10.5; en-US; rv:1.9.0.5) Gecko/2008120121 Firefox/3.0.5" "wirama.com"
67.188.119.134 - - [30/Jan/2009:01:28:53 -0800] "GET /favicon.ico HTTP/1.1" 404 275 "-" "Mozilla/5.0 (Macintosh; U; Intel Mac OS X 10.5; en-US; rv:1.9.0.5) Gecko/2008120121 Firefox/3.0.5" "wirama.com"
129.27.140.253 - - [30/Jan/2009:01:40:39 -0800] "GET / HTTP/1.1" 200 916 "-" "Mozilla/5.0 (X11; U; Linux x86_64; en-US; rv:1.8.1.19) Gecko/20081202 Iceweasel/2.0.0.19 (Debian-2.0.0.19-0etch1)" "www.wirama.com"
129.27.140.253 - - [30/Jan/2009:01:40:40 -0800] "GET /favicon.ico HTTP/1.1" 404 275 "-" "Mozilla/5.0 (X11; U; Linux x86_64; en-US; rv:1.8.1.19) Gecko/20081202 Iceweasel/2.0.0.19 (Debian-2.0.0.19-0etch1)" "wirama.com"
129.27.140.253 - - [30/Jan/2009:01:41:41 -0800] "GET / HTTP/1.1" 200 916 "http://venturebeat.com/2007/02/28/wirama-wireless-rfid-co-raises-first-round-of-funding/" "Mozilla/5.0 (X11; U; Linux x86_64; en-US; rv:1.8.1.19) Gecko/20081202 Iceweasel/2.0.0.19 (Debian-2.0.0.19-0etch1)" "www.wirama.com"
65.55.208.62 - - [30/Jan/2009:02:25:18 -0800] "GET /robots.txt HTTP/1.1" 404 275 "-" "msnbot/1.1 (+http://search.msn.com/msnbot.htm)" "wirama.com"
65.55.208.62 - - [30/Jan/2009:02:25:18 -0800] "GET /logs/?S=A HTTP/1.1" 200 944 "-" "msnbot/1.1 (+http://search.msn.com/msnbot.htm)" "wirama.com"
82.99.30.23 - - [30/Jan/2009:02:37:36 -0800] "GET /robots.txt HTTP/1.0" 404 275 "-" "Mozilla/4.0 (compatible; MSIE 6.0; Windows NT 5.1)" "www.wirama.com"
82.99.30.46 - - [30/Jan/2009:02:37:37 -0800] "GET /?N=D HTTP/1.0" 200 900 "-" "Mozilla/4.0 (compatible; MSIE 6.0; Windows NT 5.1)" "www.wirama.com"
82.99.30.71 - - [30/Jan/2009:03:12:32 -0800] "GET /?M=A HTTP/1.0" 200 900 "-" "Mozilla/4.0 (compatible; MSIE 6.0; Windows NT 5.1)" "www.wirama.com"
82.99.30.12 - - [30/Jan/2009:03:38:00 -0800] "GET /?S=A HTTP/1.0" 200 900 "-" "Mozilla/4.0 (compatible; MSIE 6.0; Windows NT 5.1)" "www.wirama.com"
65.55.208.61 - - [30/Jan/2009:03:45:27 -0800] "GET /robots.txt HTTP/1.1" 404 275 "-" "msnbot/1.1 (+http://search.msn.com/msnbot.htm)" "wirama.com"
65.55.208.61 - - [30/Jan/2009:03:45:27 -0800] "GET /logs/?D=A HTTP/1.1" 200 944 "-" "msnbot/1.1 (+http://search.msn.com/msnbot.htm)" "wirama.com"
82.99.30.44 - - [30/Jan/2009:04:09:54 -0800] "GET /?D=A HTTP/1.0" 200 900 "-" "Mozilla/4.0 (compatible; MSIE 6.0; Windows NT 5.1)" "www.wirama.com"
69.159.232.148 - - [30/Jan/2009:04:10:48 -0800] "GET / HTTP/1.1" 200 916 "http://www.google.ca/search?client=firefox-a&rls=org.mozilla%3Afr%3Aofficial&channel=s&hl=fr&q=wirama&meta=&btnG=Recherche+Google" "Mozilla/5.0 (Windows; U; Windows NT 5.1; fr; rv:1.9.0.5) Gecko/2008120122 Firefox/3.0.5 (.NET CLR 3.5.30729)" "www.wirama.com"
74.6.8.87 - - [30/Jan/2009:04:17:45 -0800] "GET / HTTP/1.0" 200 900 "-" "Mozilla/5.0 (compatible; Yahoo! Slurp; http://help.yahoo.com/help/us/ysearch/slurp)" "www.wirama.com"
82.99.30.13 - - [30/Jan/2009:04:30:10 -0800] "GET /_private/ HTTP/1.0" 200 659 "-" "Mozilla/4.0 (compatible; MSIE 6.0; Windows NT 5.1)" "www.wirama.com"
60.49.57.242 - - [30/Jan/2009:04:45:18 -0800] "GET / HTTP/1.1" 200 916 "http://www.google.com.my/search?hl=en&q=WIRAMA&meta=" "Mozilla/4.0 (compatible; MSIE 7.0; Windows NT 5.1; Mozilla/4.0 (compatible; MSIE 6.0; Windows NT 5.1; SV1) ; InfoPath.1; .NET CLR 2.0.50727)" "www.wirama.com"
60.49.57.242 - - [30/Jan/2009:04:45:22 -0800] "GET /favicon.ico HTTP/1.1" 404 275 "-" "Mozilla/4.0 (compatible; MSIE 7.0; Windows NT 5.1; Mozilla/4.0 (compatible; MSIE 6.0; Windows NT 5.1; SV1) ; InfoPath.1; .NET CLR 2.0.50727)" "wirama.com"
60.49.57.242 - - [30/Jan/2009:04:45:26 -0800] "GET /_private/ HTTP/1.1" 200 675 "http://www.wirama.com/" "Mozilla/4.0 (compatible; MSIE 7.0; Windows NT 5.1; Mozilla/4.0 (compatible; MSIE 6.0; Windows NT 5.1; SV1) ; InfoPath.1; .NET CLR 2.0.50727)" "www.wirama.com"
38.99.13.121 - - [30/Jan/2009:06:06:49 -0800] "GET /robots.txt HTTP/1.0" 404 275 "-" "Mozilla/5.0 (Twiceler-0.9 http://www.cuil.com/twiceler/robot.html)" "wirama.com"
65.55.208.50 - - [30/Jan/2009:06:59:15 -0800] "GET /robots.txt HTTP/1.1" 404 275 "-" "msnbot/1.1 (+http://search.msn.com/msnbot.htm)" "wirama.com"
65.55.208.50 - - [30/Jan/2009:06:59:15 -0800] "GET /_private/form_results.csv HTTP/1.1" 200 0 "-" "msnbot/1.1 (+http://search.msn.com/msnbot.htm)" "wirama.com"
65.55.208.61 - - [30/Jan/2009:07:11:53 -0800] "GET /logs/?M=A HTTP/1.1" 200 944 "-" "msnbot/1.1 (+http://search.msn.com/msnbot.htm)" "wirama.com"
144.212.95.8 - - [30/Jan/2009:07:34:54 -0800] "GET / HTTP/1.0" 200 900 "-" "Mozilla/4.0 (compatible; MSIE 6.0; Windows NT 5.1; SV1; .NET CLR 1.1.4322; .NET CLR 2.0.50727; InfoPath.2)" "wirama.com"
74.6.8.87 - - [30/Jan/2009:09:01:03 -0800] "GET /robots.txt HTTP/1.0" 404 275 "-" "Mozilla/5.0 (compatible; Yahoo! Slurp; http://help.yahoo.com/help/us/ysearch/slurp)" "www.wirama.com"
74.6.8.87 - - [30/Jan/2009:09:01:03 -0800] "GET / HTTP/1.0" 200 900 "-" "Mozilla/5.0 (compatible; Yahoo! Slurp; http://help.yahoo.com/help/us/ysearch/slurp)" "www.wirama.com"
65.55.208.50 - - [30/Jan/2009:09:20:27 -0800] "GET /tmp/?N=D HTTP/1.1" 200 520 "-" "msnbot/1.1 (+http://search.msn.com/msnbot.htm)" "wirama.com"
74.6.8.87 - - [30/Jan/2009:10:35:51 -0800] "GET /?D=A HTTP/1.0" 200 900 "-" "Mozilla/5.0 (compatible; Yahoo! Slurp; http://help.yahoo.com/help/us/ysearch/slurp)" "www.wirama.com"
91.205.124.18 - - [30/Jan/2009:10:41:29 -0800] "GET /robots.txt HTTP/1.1" 404 275 "-" "Yanga WorldSearch Bot v1.1/beta (http://www.yanga.co.uk/)" "www.wirama.com"
91.205.124.18 - - [30/Jan/2009:10:41:30 -0800] "GET / HTTP/1.1" 200 916 "-" "Yanga WorldSearch Bot v1.1/beta (http://www.yanga.co.uk/)" "www.wirama.com"
65.182.241.51 - - [30/Jan/2009:11:06:10 -0800] "GET / HTTP/1.1" 200 916 "http://www.google.com/search?hl=en&fkt=2453&fsdt=4077&q=wirama&aq=f&oq=&aqi=g10" "Mozilla/4.0 (compatible; MSIE 7.0; Windows NT 5.1; .NET CLR 1.1.4322; .NET CLR 2.0.50727; .NET CLR 3.0.04506.648; .NET CLR 3.5.21022)" "www.wirama.com"
65.182.241.51 - - [30/Jan/2009:11:06:11 -0800] "GET /favicon.ico HTTP/1.1" 404 275 "-" "Mozilla/4.0 (compatible; MSIE 7.0; Windows NT 5.1; .NET CLR 1.1.4322; .NET CLR 2.0.50727; .NET CLR 3.0.04506.648; .NET CLR 3.5.21022)" "wirama.com"
65.182.241.51 - - [30/Jan/2009:11:06:17 -0800] "GET / HTTP/1.1" 200 916 "http://www.wirama.com/" "Mozilla/4.0 (compatible; MSIE 7.0; Windows NT 5.1; .NET CLR 1.1.4322; .NET CLR 2.0.50727; .NET CLR 3.0.04506.648; .NET CLR 3.5.21022)" "www.wirama.com"
65.182.241.51 - - [30/Jan/2009:11:06:22 -0800] "GET /_private/ HTTP/1.1" 200 675 "http://www.wirama.com/" "Mozilla/4.0 (compatible; MSIE 7.0; Windows NT 5.1; .NET CLR 1.1.4322; .NET CLR 2.0.50727; .NET CLR 3.0.04506.648; .NET CLR 3.5.21022)" "www.wirama.com"
65.182.241.51 - - [30/Jan/2009:11:06:24 -0800] "GET /_private/form_results.csv HTTP/1.1" 200 0 "http://www.wirama.com/_private/" "Mozilla/4.0 (compatible; MSIE 7.0; Windows NT 5.1; .NET CLR 1.1.4322; .NET CLR 2.0.50727; .NET CLR 3.0.04506.648; .NET CLR 3.5.21022)" "www.wirama.com"
65.182.241.51 - - [30/Jan/2009:11:06:30 -0800] "OPTIONS /_private/ HTTP/1.1" 200 - "-" "Microsoft Office Protocol Discovery" "www.wirama.com"
65.182.241.51 - - [30/Jan/2009:11:06:30 -0800] "GET /_private/form_results.csv HTTP/1.1" 200 0 "-" "Mozilla/4.0 (compatible; MSIE 7.0; Windows NT 5.1; .NET CLR 1.1.4322; .NET CLR 2.0.50727; .NET CLR 3.0.04506.648; .NET CLR 3.5.21022; MSOffice 12)" "www.wirama.com"
65.182.241.51 - - [30/Jan/2009:11:06:30 -0800] "HEAD /_private/form_results.csv HTTP/1.1" 200 0 "-" "Microsoft Office Existence Discovery" "www.wirama.com"
65.182.241.51 - - [30/Jan/2009:11:06:36 -0800] "GET / HTTP/1.1" 200 916 "http://www.wirama.com/_private/" "Mozilla/4.0 (compatible; MSIE 7.0; Windows NT 5.1; .NET CLR 1.1.4322; .NET CLR 2.0.50727; .NET CLR 3.0.04506.648; .NET CLR 3.5.21022)" "www.wirama.com"
65.182.241.51 - - [30/Jan/2009:11:06:39 -0800] "GET /logs/ HTTP/1.1" 200 944 "http://www.wirama.com/" "Mozilla/4.0 (compatible; MSIE 7.0; Windows NT 5.1; .NET CLR 1.1.4322; .NET CLR 2.0.50727; .NET CLR 3.0.04506.648; .NET CLR 3.5.21022)" "www.wirama.com"
65.182.241.51 - - [30/Jan/2009:11:06:52 -0800] "GET / HTTP/1.1" 200 916 "http://www.rfidjournalevents.com/live2008/companyPopUpbce5.html?companyID=365" "Mozilla/4.0 (compatible; MSIE 7.0; Windows NT 5.1; .NET CLR 1.1.4322; .NET CLR 2.0.50727; .NET CLR 3.0.04506.648; .NET CLR 3.5.21022)" "wirama.com"
65.182.241.51 - - [30/Jan/2009:11:06:53 -0800] "GET /favicon.ico HTTP/1.1" 404 275 "-" "Mozilla/4.0 (compatible; MSIE 7.0; Windows NT 5.1; .NET CLR 1.1.4322; .NET CLR 2.0.50727; .NET CLR 3.0.04506.648; .NET CLR 3.5.21022)" "wirama.com"
65.182.241.51 - - [30/Jan/2009:11:06:59 -0800] "GET / HTTP/1.1" 200 916 "-" "Mozilla/4.0 (compatible; MSIE 7.0; Windows NT 5.1; .NET CLR 1.1.4322; .NET CLR 2.0.50727; .NET CLR 3.0.04506.648; .NET CLR 3.5.21022)" "www.wirama.com"
65.182.241.51 - - [30/Jan/2009:11:07:05 -0800] "GET /tmp/ HTTP/1.1" 200 520 "http://www.wirama.com/" "Mozilla/4.0 (compatible; MSIE 7.0; Windows NT 5.1; .NET CLR 1.1.4322; .NET CLR 2.0.50727; .NET CLR 3.0.04506.648; .NET CLR 3.5.21022)" "www.wirama.com"
65.182.241.51 - - [30/Jan/2009:11:07:08 -0800] "GET / HTTP/1.1" 200 916 "http://www.wirama.com/tmp/" "Mozilla/4.0 (compatible; MSIE 7.0; Windows NT 5.1; .NET CLR 1.1.4322; .NET CLR 2.0.50727; .NET CLR 3.0.04506.648; .NET CLR 3.5.21022)" "www.wirama.com"
150.70.84.43 - - [30/Jan/2009:11:28:43 -0800] "GET / HTTP/1.0" 200 900 "-" "Mozilla/4.0 (compatible; MSIE 6.0; Windows NT 5.1)" "www.wirama.com"
150.70.84.43 - - [30/Jan/2009:11:30:13 -0800] "GET /_private/ HTTP/1.0" 200 659 "-" "Mozilla/4.0 (compatible; MSIE 6.0; Windows NT 5.1)" "www.wirama.com"
150.70.84.43 - - [30/Jan/2009:11:32:17 -0800] "GET /logs/ HTTP/1.0" 200 928 "-" "Mozilla/4.0 (compatible; MSIE 6.0; Windows NT 5.1)" "www.wirama.com"
64.88.164.198 - - [30/Jan/2009:11:49:56 -0800] "GET /robots.txt HTTP/1.0" 404 275 "-" "SapphireWebCrawler/Nutch-1.0-dev (Sapphire Web Crawler using Nutch; http://boston.lti.cs.cmu.edu/crawler/; mhoy@cs.cmu.edu)" "www.wirama.com"
64.88.164.198 - - [30/Jan/2009:11:49:56 -0800] "GET /_private/form_results.csv HTTP/1.0" 200 0 "-" "SapphireWebCrawler/Nutch-1.0-dev (Sapphire Web Crawler using Nutch; http://boston.lti.cs.cmu.edu/crawler/; mhoy@cs.cmu.edu)" "www.wirama.com"
75.134.189.207 - - [30/Jan/2009:12:42:21 -0800] "GET /logs/access_090101.log HTTP/1.1" 200 7270 "http://www.google.com/search?q=Mozilla%2F5.0+%28Windows%3B+U%3B+Windows+NT+6.1%3B+en-US%3B+rv%3A1.9.0.5%29+Gecko%2F2008120122+Firefox%2F3.0.5+&ie=utf-8&oe=utf-8&aq=t&rls=org.mozilla:en-US:official&client=firefox-a" "Mozilla/5.0 (Windows; U; Windows NT 6.1; en-US; rv:1.9.0.5) Gecko/2008120122 Firefox/3.0.5" "www.wirama.com"
