82.44.75.216 - - [07/Jan/2009:12:38:26 -0800] "GET / HTTP/1.1" 200 916 "http://www.google.co.uk/search?q=wirama&ie=utf-8&oe=utf-8&aq=t&rls=org.mozilla:en-US:official&client=firefox-a" "Mozilla/5.0 (Macintosh; U; Intel Mac OS X 10.5; en-US; rv:1.9.0.5) Gecko/2008120121 Firefox/3.0.5" "www.wirama.com"
72.30.87.117 - - [07/Jan/2009:13:05:27 -0800] "GET /robots.txt HTTP/1.0" 404 275 "-" "Mozilla/5.0 (compatible; Yahoo! Slurp; http://help.yahoo.com/help/us/ysearch/slurp)" "www.wirama.com"
89.122.29.125 - - [07/Jan/2009:16:47:19 -0800] "GET / HTTP/1.1" 200 916 "-" "Java/1.6.0_04" "www.wirama.com"
89.122.29.125 - - [07/Jan/2009:16:47:19 -0800] "GET /?D=A HTTP/1.1" 200 916 "-" "Java/1.6.0_04" "www.wirama.com"
89.122.29.125 - - [07/Jan/2009:16:47:20 -0800] "GET /?M=A HTTP/1.1" 200 916 "-" "Java/1.6.0_04" "www.wirama.com"
89.122.29.125 - - [07/Jan/2009:16:47:20 -0800] "GET /?N=D HTTP/1.1" 200 916 "-" "Java/1.6.0_04" "www.wirama.com"
89.122.29.125 - - [07/Jan/2009:16:47:24 -0800] "GET /?S=A HTTP/1.1" 200 916 "-" "Java/1.6.0_04" "www.wirama.com"
213.151.11.163 - - [07/Jan/2009:19:42:37 -0800] "GET /logs/ HTTP/1.1" 200 944 "http://www.google.com.ua/search?hl=ru&q=%22index+of+logs%22+txt&start=10&sa=N" "Mozilla/5.0 (Windows; U; Windows NT 5.1; ru; rv:1.8.1.7) Gecko/20070914 Firefox/2.0.0.7 WebMoney Advisor" "www.wirama.com"
213.151.11.163 - - [07/Jan/2009:19:42:38 -0800] "GET /favicon.ico HTTP/1.1" 404 275 "-" "Mozilla/5.0 (Windows; U; Windows NT 5.1; ru; rv:1.8.1.7) Gecko/20070914 Firefox/2.0.0.7 WebMoney Advisor" "wirama.com"
213.151.11.163 - - [07/Jan/2009:19:42:41 -0800] "GET /favicon.ico HTTP/1.1" 404 275 "-" "Mozilla/5.0 (Windows; U; Windows NT 5.1; ru; rv:1.8.1.7) Gecko/20070914 Firefox/2.0.0.7 WebMoney Advisor" "wirama.com"
213.151.11.163 - - [07/Jan/2009:19:42:49 -0800] "GET /logs/access_081231.log HTTP/1.1" 200 303093 "http://www.wirama.com/logs/" "Mozilla/5.0 (Windows; U; Windows NT 5.1; ru; rv:1.8.1.7) Gecko/20070914 Firefox/2.0.0.7 WebMoney Advisor" "www.wirama.com"
72.30.87.117 - - [07/Jan/2009:20:53:25 -0800] "GET /robots.txt HTTP/1.0" 404 275 "-" "Mozilla/5.0 (compatible; Yahoo! Slurp; http://help.yahoo.com/help/us/ysearch/slurp)" "www.wirama.com"
72.232.200.2 - - [07/Jan/2009:21:21:34 -0800] "GET /tmp/ HTTP/1.1" 200 520 "-" "Mozilla/4.0 (compatible; MSIE 6.0; Windows NT 5.1; SV1)" "www.wirama.com"
72.232.200.2 - - [07/Jan/2009:21:21:35 -0800] "GET /tmp/?N=D HTTP/1.1" 200 520 "-" "Mozilla/4.0 (compatible; MSIE 6.0; Windows NT 5.1; SV1)" "www.wirama.com"
72.232.200.2 - - [07/Jan/2009:21:22:06 -0800] "GET /tmp/?M=A HTTP/1.1" 200 520 "-" "Mozilla/4.0 (compatible; MSIE 6.0; Windows NT 5.1; SV1)" "www.wirama.com"
72.232.200.2 - - [07/Jan/2009:21:23:26 -0800] "GET /tmp/?D=A HTTP/1.1" 200 520 "-" "Mozilla/4.0 (compatible; MSIE 6.0; Windows NT 5.1; SV1)" "www.wirama.com"
72.30.87.117 - - [07/Jan/2009:21:26:25 -0800] "GET /tmp/ HTTP/1.0" 200 504 "-" "Mozilla/5.0 (compatible; Yahoo! Slurp; http://help.yahoo.com/help/us/ysearch/slurp)" "www.wirama.com"
220.227.31.66 - - [07/Jan/2009:21:44:51 -0800] "GET / HTTP/1.1" 200 916 "http://www.tradevibes.com/company/profile/wirama?search=advanced" "Mozilla/5.0 (Windows; U; Windows NT 5.1; en-US; rv:1.9.0.5) Gecko/2008120122 Firefox/3.0.5" "www.wirama.com"
220.227.31.66 - - [07/Jan/2009:21:44:58 -0800] "GET /favicon.ico HTTP/1.1" 404 275 "-" "Mozilla/5.0 (Windows; U; Windows NT 5.1; en-US; rv:1.9.0.5) Gecko/2008120122 Firefox/3.0.5" "wirama.com"
220.227.31.66 - - [07/Jan/2009:21:45:02 -0800] "GET /favicon.ico HTTP/1.1" 404 275 "-" "Mozilla/5.0 (Windows; U; Windows NT 5.1; en-US; rv:1.9.0.5) Gecko/2008120122 Firefox/3.0.5" "wirama.com"
208.111.154.16 - - [07/Jan/2009:22:14:52 -0800] "GET /robots.txt HTTP/1.0" 404 275 "-" "Mozilla/5.0 (compatible; Charlotte/1.1; http://www.searchme.com/support/)" "www.wirama.com"
208.111.154.35 - - [07/Jan/2009:22:15:01 -0800] "GET / HTTP/1.1" 200 916 "-" "Mozilla/5.0 (compatible; Charlotte/1.1; http://www.searchme.com/support/)" "www.wirama.com"
66.249.65.71 - - [07/Jan/2009:22:39:33 -0800] "GET /robots.txt HTTP/1.1" 404 275 "-" "Mozilla/5.0 (compatible; Googlebot/2.1; +http://www.google.com/bot.html)" "www.wirama.com"
66.249.65.71 - - [07/Jan/2009:22:39:33 -0800] "GET / HTTP/1.1" 200 916 "-" "Mozilla/5.0 (compatible; Googlebot/2.1; +http://www.google.com/bot.html)" "www.wirama.com"
65.55.104.154 - - [07/Jan/2009:22:44:53 -0800] "GET /robots.txt HTTP/1.1" 404 275 "-" "msnbot/1.1 (+http://search.msn.com/msnbot.htm)" "www.wirama.com"
65.55.104.154 - - [07/Jan/2009:22:44:53 -0800] "GET / HTTP/1.1" 200 916 "-" "msnbot/1.1 (+http://search.msn.com/msnbot.htm)" "www.wirama.com"
203.209.252.67 - - [07/Jan/2009:23:17:42 -0800] "GET /robots.txt HTTP/1.0" 404 275 "-" "Mozilla/5.0 (compatible; Yahoo! Slurp China; http://misc.yahoo.com.cn/help.html)" "www.wirama.com"
202.160.179.100 - - [07/Jan/2009:23:18:07 -0800] "GET / HTTP/1.0" 200 900 "-" "Mozilla/5.0 (compatible; Yahoo! Slurp China; http://misc.yahoo.com.cn/help.html)" "www.wirama.com"
208.111.154.35 - - [08/Jan/2009:00:50:06 -0800] "GET / HTTP/1.1" 200 916 "-" "Mozilla/5.0 (compatible; Charlotte/1.1; http://www.searchme.com/support/)" "www.wirama.com"
72.30.87.117 - - [08/Jan/2009:02:50:27 -0800] "GET /robots.txt HTTP/1.0" 404 275 "-" "Mozilla/5.0 (compatible; Yahoo! Slurp; http://help.yahoo.com/help/us/ysearch/slurp)" "wirama.com"
75.216.56.197 - - [08/Jan/2009:02:51:23 -0800] "GET / HTTP/1.1" 200 916 "-" "Mozilla/5.0 (Macintosh; U; Intel Mac OS X 10_4_11; en) AppleWebKit/525.27.1 (KHTML, like Gecko) Version/3.2.1 Safari/525.27.1" "wirama.com"
75.216.56.197 - - [08/Jan/2009:02:51:24 -0800] "GET /favicon.ico HTTP/1.1" 404 275 "http://wirama.com/" "Mozilla/5.0 (Macintosh; U; Intel Mac OS X 10_4_11; en) AppleWebKit/525.27.1 (KHTML, like Gecko) Version/3.2.1 Safari/525.27.1" "wirama.com"
75.216.56.197 - - [08/Jan/2009:02:54:13 -0800] "GET / HTTP/1.1" 200 916 "-" "Mozilla/5.0 (Macintosh; U; Intel Mac OS X 10_4_11; en) AppleWebKit/525.27.1 (KHTML, like Gecko) Version/3.2.1 Safari/525.27.1" "wirama.com"
75.216.56.197 - - [08/Jan/2009:02:54:17 -0800] "GET /tmp/ HTTP/1.1" 200 520 "http://wirama.com/" "Mozilla/5.0 (Macintosh; U; Intel Mac OS X 10_4_11; en) AppleWebKit/525.27.1 (KHTML, like Gecko) Version/3.2.1 Safari/525.27.1" "wirama.com"
75.216.56.197 - - [08/Jan/2009:02:54:21 -0800] "GET /logs/ HTTP/1.1" 200 944 "http://wirama.com/" "Mozilla/5.0 (Macintosh; U; Intel Mac OS X 10_4_11; en) AppleWebKit/525.27.1 (KHTML, like Gecko) Version/3.2.1 Safari/525.27.1" "wirama.com"
75.216.56.197 - - [08/Jan/2009:02:54:33 -0800] "GET /logs/access_090101.log HTTP/1.1" 200 7270 "http://wirama.com/logs/" "Mozilla/5.0 (Macintosh; U; Intel Mac OS X 10_4_11; en) AppleWebKit/525.27.1 (KHTML, like Gecko) Version/3.2.1 Safari/525.27.1" "wirama.com"
75.216.56.197 - - [08/Jan/2009:02:54:57 -0800] "GET /logs/access.log HTTP/1.1" 200 106575 "http://wirama.com/logs/" "Mozilla/5.0 (Macintosh; U; Intel Mac OS X 10_4_11; en) AppleWebKit/525.27.1 (KHTML, like Gecko) Version/3.2.1 Safari/525.27.1" "wirama.com"
75.216.56.197 - - [08/Jan/2009:02:55:55 -0800] "GET /_private/ HTTP/1.1" 200 675 "http://wirama.com/" "Mozilla/5.0 (Macintosh; U; Intel Mac OS X 10_4_11; en) AppleWebKit/525.27.1 (KHTML, like Gecko) Version/3.2.1 Safari/525.27.1" "wirama.com"
75.216.56.197 - - [08/Jan/2009:02:55:59 -0800] "GET /_private/form_results.csv HTTP/1.1" 200 0 "http://wirama.com/_private/" "Mozilla/5.0 (Macintosh; U; Intel Mac OS X 10_4_11; en) AppleWebKit/525.27.1 (KHTML, like Gecko) Version/3.2.1 Safari/525.27.1" "wirama.com"
72.30.87.117 - - [08/Jan/2009:04:26:39 -0800] "GET /robots.txt HTTP/1.0" 404 275 "-" "Mozilla/5.0 (compatible; Yahoo! Slurp; http://help.yahoo.com/help/us/ysearch/slurp)" "www.wirama.com"
67.195.37.182 - - [08/Jan/2009:05:05:35 -0800] "GET /robots.txt HTTP/1.0" 404 275 "-" "Mozilla/5.0 (compatible; Yahoo! Slurp; http://help.yahoo.com/help/us/ysearch/slurp)" "www.wirama.com"
193.47.80.37 - - [08/Jan/2009:06:50:10 -0800] "GET /robots.txt HTTP/1.1" 404 275 "-" "Mozilla/5.0 (compatible; Exabot/3.0; +http://www.exabot.com/go/robot)" "www.wirama.com"
193.47.80.37 - - [08/Jan/2009:06:50:11 -0800] "GET / HTTP/1.1" 200 916 "-" "Mozilla/5.0 (compatible; Exabot/3.0; +http://www.exabot.com/go/robot)" "www.wirama.com"
72.30.87.117 - - [08/Jan/2009:08:20:57 -0800] "GET /?D=A HTTP/1.0" 200 900 "-" "Mozilla/5.0 (compatible; Yahoo! Slurp; http://help.yahoo.com/help/us/ysearch/slurp)" "www.wirama.com"
72.30.87.117 - - [08/Jan/2009:10:06:33 -0800] "GET /?N=D HTTP/1.0" 200 900 "-" "Mozilla/5.0 (compatible; Yahoo! Slurp; http://help.yahoo.com/help/us/ysearch/slurp)" "www.wirama.com"
72.30.87.117 - - [08/Jan/2009:10:43:39 -0800] "GET /pr02.htm HTTP/1.0" 404 275 "-" "Mozilla/5.0 (compatible; Yahoo! Slurp; http://help.yahoo.com/help/us/ysearch/slurp)" "www.wirama.com"
130.76.32.181 - - [08/Jan/2009:11:55:28 -0800] "GET / HTTP/1.1" 200 916 "-" "Mozilla/4.0 (compatible; MSIE 7.0; Windows NT 5.1; .NET CLR 1.1.4322; .NET CLR 2.0.50727; MS-RTC LM 8)" "www.wirama.com"
130.76.32.181 - - [08/Jan/2009:11:55:29 -0800] "GET /favicon.ico HTTP/1.1" 404 275 "-" "Mozilla/4.0 (compatible; MSIE 7.0; Windows NT 5.1; .NET CLR 1.1.4322; .NET CLR 2.0.50727; MS-RTC LM 8)" "wirama.com"
130.76.32.181 - - [08/Jan/2009:11:55:33 -0800] "GET / HTTP/1.1" 200 916 "http://www.wirama.com/" "Mozilla/4.0 (compatible; MSIE 7.0; Windows NT 5.1; .NET CLR 1.1.4322; .NET CLR 2.0.50727; MS-RTC LM 8)" "www.wirama.com"
130.76.32.181 - - [08/Jan/2009:11:55:35 -0800] "GET /_private/ HTTP/1.1" 200 675 "http://www.wirama.com/" "Mozilla/4.0 (compatible; MSIE 7.0; Windows NT 5.1; .NET CLR 1.1.4322; .NET CLR 2.0.50727; MS-RTC LM 8)" "www.wirama.com"
130.76.32.181 - - [08/Jan/2009:11:55:37 -0800] "GET /_private/form_results.csv HTTP/1.1" 200 0 "http://www.wirama.com/_private/" "Mozilla/4.0 (compatible; MSIE 7.0; Windows NT 5.1; .NET CLR 1.1.4322; .NET CLR 2.0.50727; MS-RTC LM 8)" "www.wirama.com"
130.76.32.181 - - [08/Jan/2009:11:55:43 -0800] "GET /_private/ HTTP/1.1" 200 675 "http://www.wirama.com/" "Mozilla/4.0 (compatible; MSIE 7.0; Windows NT 5.1; .NET CLR 1.1.4322; .NET CLR 2.0.50727; MS-RTC LM 8)" "www.wirama.com"
130.76.32.181 - - [08/Jan/2009:11:55:45 -0800] "GET /tmp/ HTTP/1.1" 200 520 "http://www.wirama.com/" "Mozilla/4.0 (compatible; MSIE 7.0; Windows NT 5.1; .NET CLR 1.1.4322; .NET CLR 2.0.50727; MS-RTC LM 8)" "www.wirama.com"
130.76.32.181 - - [08/Jan/2009:11:55:48 -0800] "GET /logs/ HTTP/1.1" 200 944 "http://www.wirama.com/" "Mozilla/4.0 (compatible; MSIE 7.0; Windows NT 5.1; .NET CLR 1.1.4322; .NET CLR 2.0.50727; MS-RTC LM 8)" "www.wirama.com"
130.76.32.181 - - [08/Jan/2009:11:55:51 -0800] "GET /logs/access.log HTTP/1.1" 200 110382 "http://www.wirama.com/logs/" "Mozilla/4.0 (compatible; MSIE 7.0; Windows NT 5.1; .NET CLR 1.1.4322; .NET CLR 2.0.50727; MS-RTC LM 8)" "www.wirama.com"
130.76.32.181 - - [08/Jan/2009:11:55:57 -0800] "GET / HTTP/1.1" 200 916 "http://www.wirama.com/" "Mozilla/4.0 (compatible; MSIE 7.0; Windows NT 5.1; .NET CLR 1.1.4322; .NET CLR 2.0.50727; MS-RTC LM 8)" "www.wirama.com"
121.254.193.161 - - [08/Jan/2009:11:56:06 -0800] "GET /robots.txt HTTP/1.1" 404 275 "-" "Mozilla/5.0 (compatible; MSIE or Firefox mutant; not on Windows server; +http://ws.daum.net/aboutWebSearch.html) Daumoa/2.0" "wirama.com"
121.254.193.161 - - [08/Jan/2009:11:56:07 -0800] "GET / HTTP/1.1" 200 916 "http://wirama.com/" "Mozilla/5.0 (compatible; MSIE or Firefox mutant; not on Windows server; +http://ws.daum.net/aboutWebSearch.html) Daumoa/2.0" "wirama.com"
66.196.90.214 - - [08/Jan/2009:12:18:55 -0800] "GET / HTTP/1.1" 200 916 "-" "Mozilla/5.0 (Windows; U; Windows NT 5.1; en-US) AppleWebKit/525.19 (KHTML, like Gecko) Chrome/1.0.154.36 Safari/525.19" "wirama.com"
66.196.90.214 - - [08/Jan/2009:12:18:55 -0800] "GET /favicon.ico HTTP/1.1" 404 275 "-" "Mozilla/5.0 (Windows; U; Windows NT 5.1; en-US) AppleWebKit/525.19 (KHTML, like Gecko) Chrome/1.0.154.36 Safari/525.19" "wirama.com"
66.196.90.214 - - [08/Jan/2009:12:19:02 -0800] "GET / HTTP/1.1" 200 916 "-" "Mozilla/5.0 (Windows; U; Windows NT 5.1; en-US) AppleWebKit/525.19 (KHTML, like Gecko) Chrome/1.0.154.36 Safari/525.19" "www.wirama.com"
66.196.90.214 - - [08/Jan/2009:12:19:02 -0800] "GET /favicon.ico HTTP/1.1" 404 275 "-" "Mozilla/5.0 (Windows; U; Windows NT 5.1; en-US) AppleWebKit/525.19 (KHTML, like Gecko) Chrome/1.0.154.36 Safari/525.19" "wirama.com"
66.196.90.214 - - [08/Jan/2009:12:19:21 -0800] "GET / HTTP/1.1" 200 916 "http://search.yahoo.com/search?p=wirama&fr=yfp-t-501&toggle=1&cop=mss&ei=UTF-8" "Mozilla/5.0 (Windows; U; Windows NT 5.1; en-US) AppleWebKit/525.19 (KHTML, like Gecko) Chrome/1.0.154.36 Safari/525.19" "www.wirama.com"
66.196.90.214 - - [08/Jan/2009:12:19:22 -0800] "GET /_private/ HTTP/1.1" 200 675 "http://www.wirama.com/" "Mozilla/5.0 (Windows; U; Windows NT 5.1; en-US) AppleWebKit/525.19 (KHTML, like Gecko) Chrome/1.0.154.36 Safari/525.19" "www.wirama.com"
66.196.90.214 - - [08/Jan/2009:12:19:25 -0800] "GET /logs/ HTTP/1.1" 200 944 "http://www.wirama.com/" "Mozilla/5.0 (Windows; U; Windows NT 5.1; en-US) AppleWebKit/525.19 (KHTML, like Gecko) Chrome/1.0.154.36 Safari/525.19" "www.wirama.com"
66.196.90.214 - - [08/Jan/2009:12:19:29 -0800] "GET /tmp/ HTTP/1.1" 200 520 "http://www.wirama.com/" "Mozilla/5.0 (Windows; U; Windows NT 5.1; en-US) AppleWebKit/525.19 (KHTML, like Gecko) Chrome/1.0.154.36 Safari/525.19" "www.wirama.com"
66.235.124.32 - - [08/Jan/2009:13:44:12 -0800] "GET /robots.txt HTTP/1.1" 404 275 "-" "Mozilla/5.0 (compatible; Ask Jeeves/Teoma; +http://about.ask.com/en/docs/about/webmasters.shtml)" "www.wirama.com"
66.235.124.32 - - [08/Jan/2009:13:44:12 -0800] "GET / HTTP/1.1" 200 916 "-" "Mozilla/5.0 (compatible; Ask Jeeves/Teoma; +http://about.ask.com/en/docs/about/webmasters.shtml)" "www.wirama.com"
99.173.30.78 - - [08/Jan/2009:15:36:58 -0800] "GET / HTTP/1.1" 200 916 "-" "Mozilla/4.0 (compatible; MSIE 7.0; Windows NT 5.1; .NET CLR 1.1.4322)" "www.wirama.com"
99.173.30.78 - - [08/Jan/2009:15:36:58 -0800] "GET /favicon.ico HTTP/1.1" 404 275 "-" "Mozilla/4.0 (compatible; MSIE 7.0; Windows NT 5.1; .NET CLR 1.1.4322)" "wirama.com"
65.55.208.58 - - [08/Jan/2009:16:24:15 -0800] "GET /robots.txt HTTP/1.1" 404 275 "-" "msnbot/1.1 (+http://search.msn.com/msnbot.htm)" "wirama.com"
65.55.208.58 - - [08/Jan/2009:16:24:20 -0800] "GET /text/Wirama_Reader_white_paper.pdf HTTP/1.1" 404 275 "-" "msnbot/1.1 (+http://search.msn.com/msnbot.htm)" "wirama.com"
208.80.194.37 - - [08/Jan/2009:17:23:07 -0800] "GET / HTTP/1.0" 200 900 "-" "Mozilla/4.0 (compatible; MSIE 6.0; Windows NT 5.1; {1B66860B-7831-0011-1BEB-5EB9DAEE65A1}; Embedded Web Browser from: http://bsalsa.com/; .NET CLR 1.1.4322; .NET CLR 2.0.50727; .NET CLR 3.0.04506.30)" "www.wirama.com"
208.36.144.8 - - [08/Jan/2009:18:46:24 -0800] "GET /robots.txt HTTP/1.0" 404 275 "-" "Mozilla/5.0 (Twiceler-0.9 http://www.cuil.com/twiceler/robot.html)" "www.wirama.com"
208.115.111.251 - - [08/Jan/2009:18:53:38 -0800] "GET /robots.txt HTTP/1.1" 404 275 "-" "Mozilla/5.0 (compatible; DotBot/1.1; http://www.dotnetdotcom.org/, crawler@dotnetdotcom.org)" "www.wirama.com"
208.115.111.251 - - [08/Jan/2009:21:04:36 -0800] "GET / HTTP/1.1" 200 916 "-" "Mozilla/5.0 (compatible; DotBot/1.1; http://www.dotnetdotcom.org/, crawler@dotnetdotcom.org)" "www.wirama.com"
208.115.111.251 - - [08/Jan/2009:21:04:40 -0800] "GET /. HTTP/1.1" 200 916 "-" "Mozilla/5.0 (compatible; DotBot/1.1; http://www.dotnetdotcom.org/, crawler@dotnetdotcom.org)" "www.wirama.com"
208.115.111.251 - - [08/Jan/2009:21:04:44 -0800] "GET /contents.htm HTTP/1.1" 404 275 "-" "Mozilla/5.0 (compatible; DotBot/1.1; http://www.dotnetdotcom.org/, crawler@dotnetdotcom.org)" "www.wirama.com"
208.115.111.251 - - [08/Jan/2009:21:04:49 -0800] "GET /index.html HTTP/1.1" 404 275 "-" "Mozilla/5.0 (compatible; DotBot/1.1; http://www.dotnetdotcom.org/, crawler@dotnetdotcom.org)" "www.wirama.com"
208.115.111.251 - - [08/Jan/2009:21:04:53 -0800] "GET /inquiries.htm HTTP/1.1" 404 275 "-" "Mozilla/5.0 (compatible; DotBot/1.1; http://www.dotnetdotcom.org/, crawler@dotnetdotcom.org)" "www.wirama.com"
208.115.111.251 - - [08/Jan/2009:21:04:57 -0800] "GET /jo01.htm HTTP/1.1" 404 275 "-" "Mozilla/5.0 (compatible; DotBot/1.1; http://www.dotnetdotcom.org/, crawler@dotnetdotcom.org)" "www.wirama.com"
208.115.111.251 - - [08/Jan/2009:21:05:01 -0800] "GET /jo02.htm HTTP/1.1" 404 275 "-" "Mozilla/5.0 (compatible; DotBot/1.1; http://www.dotnetdotcom.org/, crawler@dotnetdotcom.org)" "www.wirama.com"
208.115.111.251 - - [08/Jan/2009:21:05:07 -0800] "GET /job_opportunities.htm HTTP/1.1" 404 275 "-" "Mozilla/5.0 (compatible; DotBot/1.1; http://www.dotnetdotcom.org/, crawler@dotnetdotcom.org)" "www.wirama.com"
208.115.111.251 - - [08/Jan/2009:21:05:12 -0800] "GET /jobs.html HTTP/1.1" 404 275 "-" "Mozilla/5.0 (compatible; DotBot/1.1; http://www.dotnetdotcom.org/, crawler@dotnetdotcom.org)" "www.wirama.com"
74.6.17.180 - - [08/Jan/2009:21:14:22 -0800] "GET /robots.txt HTTP/1.0" 404 275 "-" "Mozilla/5.0 (compatible; Yahoo! Slurp; http://help.yahoo.com/help/us/ysearch/slurp)" "www.wirama.com"
65.55.208.45 - - [08/Jan/2009:22:48:50 -0800] "GET /robots.txt HTTP/1.1" 404 275 "-" "msnbot/1.1 (+http://search.msn.com/msnbot.htm)" "wirama.com"
65.55.208.45 - - [08/Jan/2009:22:49:00 -0800] "GET /job_opportunities.htm HTTP/1.1" 404 275 "-" "msnbot/1.1 (+http://search.msn.com/msnbot.htm)" "wirama.com"
208.115.111.251 - - [08/Jan/2009:22:55:42 -0800] "GET /robots.txt HTTP/1.1" 404 275 "-" "Mozilla/5.0 (compatible; DotBot/1.1; http://www.dotnetdotcom.org/, crawler@dotnetdotcom.org)" "www.wirama.com"
74.6.17.180 - - [08/Jan/2009:23:31:22 -0800] "GET /robots.txt HTTP/1.0" 404 275 "-" "Mozilla/5.0 (compatible; Yahoo! Slurp; http://help.yahoo.com/help/us/ysearch/slurp)" "www.wirama.com"
74.6.17.180 - - [09/Jan/2009:00:38:56 -0800] "GET /_private/?M=A HTTP/1.0" 200 659 "-" "Mozilla/5.0 (compatible; Yahoo! Slurp; http://help.yahoo.com/help/us/ysearch/slurp)" "www.wirama.com"
169.231.60.48 - - [09/Jan/2009:01:15:11 -0800] "GET / HTTP/1.1" 200 916 "http://www.google.com/search?client=safari&rls=en-us&q=wirama&ie=UTF-8&oe=UTF-8" "Mozilla/5.0 (Macintosh; U; Intel Mac OS X 10_5_4; en-us) AppleWebKit/525.18 (KHTML, like Gecko) Version/3.1.2 Safari/525.20.1" "www.wirama.com"
169.231.60.48 - - [09/Jan/2009:01:15:12 -0800] "GET /favicon.ico HTTP/1.1" 404 275 "http://www.wirama.com/" "Mozilla/5.0 (Macintosh; U; Intel Mac OS X 10_5_4; en-us) AppleWebKit/525.18 (KHTML, like Gecko) Version/3.1.2 Safari/525.20.1" "wirama.com"
169.231.60.48 - - [09/Jan/2009:01:15:14 -0800] "GET /_private/ HTTP/1.1" 200 675 "http://www.wirama.com/" "Mozilla/5.0 (Macintosh; U; Intel Mac OS X 10_5_4; en-us) AppleWebKit/525.18 (KHTML, like Gecko) Version/3.1.2 Safari/525.20.1" "www.wirama.com"
169.231.60.48 - - [09/Jan/2009:01:15:17 -0800] "GET /logs/ HTTP/1.1" 200 944 "http://www.wirama.com/" "Mozilla/5.0 (Macintosh; U; Intel Mac OS X 10_5_4; en-us) AppleWebKit/525.18 (KHTML, like Gecko) Version/3.1.2 Safari/525.20.1" "www.wirama.com"
208.115.111.251 - - [09/Jan/2009:01:31:55 -0800] "GET /news.htm HTTP/1.1" 404 275 "-" "Mozilla/5.0 (compatible; DotBot/1.1; http://www.dotnetdotcom.org/, crawler@dotnetdotcom.org)" "www.wirama.com"
208.115.111.251 - - [09/Jan/2009:01:32:00 -0800] "GET /pr01.htm HTTP/1.1" 404 275 "-" "Mozilla/5.0 (compatible; DotBot/1.1; http://www.dotnetdotcom.org/, crawler@dotnetdotcom.org)" "www.wirama.com"
208.115.111.251 - - [09/Jan/2009:01:32:05 -0800] "GET /pr02.htm HTTP/1.1" 404 275 "-" "Mozilla/5.0 (compatible; DotBot/1.1; http://www.dotnetdotcom.org/, crawler@dotnetdotcom.org)" "www.wirama.com"
66.249.65.71 - - [09/Jan/2009:01:59:03 -0800] "GET /robots.txt HTTP/1.1" 404 275 "-" "Mozilla/5.0 (compatible; Googlebot/2.1; +http://www.google.com/bot.html)" "www.wirama.com"
66.249.65.71 - - [09/Jan/2009:01:59:03 -0800] "GET /tmp/ HTTP/1.1" 200 520 "-" "Mozilla/5.0 (compatible; Googlebot/2.1; +http://www.google.com/bot.html)" "www.wirama.com"
66.249.65.71 - - [09/Jan/2009:01:59:33 -0800] "GET /logs/access_090101.log HTTP/1.1" 200 7270 "-" "Mozilla/5.0 (compatible; Googlebot/2.1; +http://www.google.com/bot.html)" "www.wirama.com"
92.105.185.131 - - [09/Jan/2009:04:05:01 -0800] "GET / HTTP/1.1" 200 916 "-" "Mozilla/4.0 (compatible; MSIE 6.0; Windows NT 5.1; SV1; .NET CLR 1.0.3705; .NET CLR 1.1.4322; Media Center PC 4.0; .NET CLR 2.0.50727)" "wirama.com"
74.6.17.180 - - [09/Jan/2009:04:44:16 -0800] "GET / HTTP/1.0" 200 900 "-" "Mozilla/5.0 (compatible; Yahoo! Slurp; http://help.yahoo.com/help/us/ysearch/slurp)" "www.wirama.com"
208.80.194.46 - - [09/Jan/2009:05:29:40 -0800] "GET / HTTP/1.0" 200 900 "-" "Mozilla/4.0 (compatible; MSIE 7.0; Windows NT 5.1; SYMPA; .NET CLR 2.0.50727)" "wirama.com"
74.6.17.180 - - [09/Jan/2009:06:13:18 -0800] "GET /?S=D HTTP/1.0" 200 900 "-" "Mozilla/5.0 (compatible; Yahoo! Slurp; http://help.yahoo.com/help/us/ysearch/slurp)" "www.wirama.com"
74.6.17.180 - - [09/Jan/2009:07:44:55 -0800] "GET /_private/?M=D HTTP/1.0" 200 659 "-" "Mozilla/5.0 (compatible; Yahoo! Slurp; http://help.yahoo.com/help/us/ysearch/slurp)" "www.wirama.com"
66.235.124.56 - - [09/Jan/2009:08:21:45 -0800] "GET /robots.txt HTTP/1.0" 404 275 "-" "Mozilla/5.0 (compatible; Ask Jeeves/Teoma; +http://about.ask.com/en/docs/about/webmasters.shtml)" "www.wirama.com"
66.235.124.56 - - [09/Jan/2009:08:21:45 -0800] "GET /logs/access_090101.log HTTP/1.0" 200 7270 "-" "Mozilla/5.0 (compatible; Ask Jeeves/Teoma; +http://about.ask.com/en/docs/about/webmasters.shtml)" "www.wirama.com"
38.99.13.121 - - [09/Jan/2009:10:16:39 -0800] "GET /robots.txt HTTP/1.0" 404 275 "-" "Mozilla/5.0 (Twiceler-0.9 http://www.cuil.com/twiceler/robot.html)" "wirama.com"
65.55.217.40 - - [09/Jan/2009:12:33:28 -0800] "GET /robots.txt HTTP/1.1" 404 275 "-" "msnbot-media/1.1 (+http://search.msn.com/msnbot.htm)" "www.wirama.com"
65.55.217.40 - - [09/Jan/2009:12:33:28 -0800] "GET /?N=D HTTP/1.1" 200 916 "-" "msnbot-media/1.1 (+http://search.msn.com/msnbot.htm)" "www.wirama.com"
74.6.17.180 - - [09/Jan/2009:12:44:02 -0800] "GET /robots.txt HTTP/1.0" 404 275 "-" "Mozilla/5.0 (compatible; Yahoo! Slurp; http://help.yahoo.com/help/us/ysearch/slurp)" "www.wirama.com"
74.6.17.180 - - [09/Jan/2009:12:44:05 -0800] "GET /logs/access_090101.log HTTP/1.0" 200 7270 "-" "Mozilla/5.0 (compatible; Yahoo! Slurp; http://help.yahoo.com/help/us/ysearch/slurp)" "www.wirama.com"
88.214.197.45 - - [09/Jan/2009:13:36:24 -0800] "GET /logs/access_090101.log HTTP/1.0" 200 7270 "-" "Mozilla/4.0 (compatible; MSIE 7.0; Windows NT 5.1; Maxthon; WebMoney Advisor; Embedded Web Browser from: http://bsalsa.com/)" "www.wirama.com"
88.214.197.45 - - [09/Jan/2009:13:36:25 -0800] "GET /favicon.ico HTTP/1.0" 404 275 "-" "Mozilla/4.0 (compatible; MSIE 7.0; Windows NT 5.1; Maxthon; WebMoney Advisor; Embedded Web Browser from: http://bsalsa.com/)" "wirama.com"
128.32.38.128 - - [09/Jan/2009:13:55:18 -0800] "GET / HTTP/1.1" 200 916 "http://www.google.com/search?hl=en&q=wirama" "Mozilla/4.0 (compatible; MSIE 7.0; Windows NT 5.1; .NET CLR 1.1.4322)" "www.wirama.com"
75.168.212.223 - - [09/Jan/2009:15:27:44 -0800] "GET / HTTP/1.1" 200 916 "-" "Mozilla/4.0 (compatible; MSIE 7.0; Windows NT 5.1; .NET CLR 1.1.4322; .NET CLR 2.0.50727; SPC 3.1 P1 Ta)" "www.wirama.com"
75.168.212.223 - - [09/Jan/2009:15:27:45 -0800] "GET /favicon.ico HTTP/1.1" 404 275 "-" "Mozilla/4.0 (compatible; MSIE 7.0; Windows NT 5.1; .NET CLR 1.1.4322; .NET CLR 2.0.50727; SPC 3.1 P1 Ta)" "wirama.com"
75.168.212.223 - - [09/Jan/2009:15:27:50 -0800] "GET / HTTP/1.1" 200 916 "http://www.wirama.com/" "Mozilla/4.0 (compatible; MSIE 7.0; Windows NT 5.1; .NET CLR 1.1.4322; .NET CLR 2.0.50727; SPC 3.1 P1 Ta)" "www.wirama.com"
75.168.212.223 - - [09/Jan/2009:15:29:27 -0800] "GET / HTTP/1.1" 200 916 "http://www.rfidjournal.com/article/articleview/3127/1/1/" "Mozilla/4.0 (compatible; MSIE 7.0; Windows NT 5.1; .NET CLR 1.1.4322; .NET CLR 2.0.50727; SPC 3.1 P1 Ta)" "www.wirama.com"
75.168.212.223 - - [09/Jan/2009:15:38:58 -0800] "GET / HTTP/1.1" 200 916 "-" "Mozilla/4.0 (compatible; MSIE 7.0; Windows NT 5.1; .NET CLR 1.1.4322; .NET CLR 2.0.50727; SPC 3.1 P1 Ta)" "www.wirama.com"
75.168.212.223 - - [09/Jan/2009:15:39:05 -0800] "GET /logs/ HTTP/1.1" 200 944 "http://www.wirama.com/" "Mozilla/4.0 (compatible; MSIE 7.0; Windows NT 5.1; .NET CLR 1.1.4322; .NET CLR 2.0.50727; SPC 3.1 P1 Ta)" "www.wirama.com"
75.168.212.223 - - [09/Jan/2009:15:39:09 -0800] "GET /logs/access.log HTTP/1.1" 200 124154 "http://www.wirama.com/logs/" "Mozilla/4.0 (compatible; MSIE 7.0; Windows NT 5.1; .NET CLR 1.1.4322; .NET CLR 2.0.50727; SPC 3.1 P1 Ta)" "www.wirama.com"
75.168.212.223 - - [09/Jan/2009:15:39:28 -0800] "GET /logs/access_081231.log HTTP/1.1" 200 303093 "http://www.wirama.com/logs/" "Mozilla/4.0 (compatible; MSIE 7.0; Windows NT 5.1; .NET CLR 1.1.4322; .NET CLR 2.0.50727; SPC 3.1 P1 Ta)" "www.wirama.com"
75.168.212.223 - - [09/Jan/2009:15:44:10 -0800] "GET / HTTP/1.1" 200 916 "http://www.zoominfo.com/Search/CompanyDetail.aspx?CompanyID=306430235&cs=QDSQ8Eb4o" "Mozilla/4.0 (compatible; MSIE 7.0; Windows NT 5.1; .NET CLR 1.1.4322; .NET CLR 2.0.50727; SPC 3.1 P1 Ta)" "www.wirama.com"
75.168.212.223 - - [09/Jan/2009:15:44:13 -0800] "GET / HTTP/1.1" 200 916 "http://www.wirama.com/" "Mozilla/4.0 (compatible; MSIE 7.0; Windows NT 5.1; .NET CLR 1.1.4322; .NET CLR 2.0.50727; SPC 3.1 P1 Ta)" "www.wirama.com"
75.168.212.223 - - [09/Jan/2009:15:44:18 -0800] "GET /tmp/ HTTP/1.1" 200 520 "http://www.wirama.com/" "Mozilla/4.0 (compatible; MSIE 7.0; Windows NT 5.1; .NET CLR 1.1.4322; .NET CLR 2.0.50727; SPC 3.1 P1 Ta)" "www.wirama.com"
75.168.212.223 - - [09/Jan/2009:15:44:20 -0800] "GET / HTTP/1.1" 200 916 "http://www.wirama.com/tmp/" "Mozilla/4.0 (compatible; MSIE 7.0; Windows NT 5.1; .NET CLR 1.1.4322; .NET CLR 2.0.50727; SPC 3.1 P1 Ta)" "www.wirama.com"
75.168.212.223 - - [09/Jan/2009:15:44:24 -0800] "GET /_private/ HTTP/1.1" 200 675 "http://www.wirama.com/" "Mozilla/4.0 (compatible; MSIE 7.0; Windows NT 5.1; .NET CLR 1.1.4322; .NET CLR 2.0.50727; SPC 3.1 P1 Ta)" "www.wirama.com"
75.168.212.223 - - [09/Jan/2009:15:44:26 -0800] "GET /_private/form_results.csv HTTP/1.1" 200 0 "http://www.wirama.com/_private/" "Mozilla/4.0 (compatible; MSIE 7.0; Windows NT 5.1; .NET CLR 1.1.4322; .NET CLR 2.0.50727; SPC 3.1 P1 Ta)" "www.wirama.com"
75.168.212.223 - - [09/Jan/2009:15:44:44 -0800] "OPTIONS /_private/ HTTP/1.1" 200 - "-" "Microsoft Office Protocol Discovery" "www.wirama.com"
75.168.212.223 - - [09/Jan/2009:15:44:45 -0800] "GET /_private/form_results.csv HTTP/1.1" 200 0 "-" "Mozilla/4.0 (compatible; MSIE 7.0; Windows NT 5.1; .NET CLR 1.1.4322; .NET CLR 2.0.50727; SPC 3.1 P1 Ta; MSOffice 12)" "www.wirama.com"
75.168.212.223 - - [09/Jan/2009:15:44:45 -0800] "HEAD /_private/form_results.csv HTTP/1.1" 200 0 "-" "Microsoft Office Existence Discovery" "www.wirama.com"
75.168.212.223 - - [09/Jan/2009:15:46:14 -0800] "GET /logs/ HTTP/1.1" 200 944 "http://www.wirama.com/" "Mozilla/4.0 (compatible; MSIE 7.0; Windows NT 5.1; .NET CLR 1.1.4322; .NET CLR 2.0.50727; SPC 3.1 P1 Ta)" "www.wirama.com"
75.168.212.223 - - [09/Jan/2009:15:57:23 -0800] "GET /logs/access_090101.log HTTP/1.1" 200 7270 "http://www.google.com/search?hl=en&rls=com.microsoft:en-us&q=%22Wirama%22+California&start=30&sa=N" "Mozilla/4.0 (compatible; MSIE 7.0; Windows NT 5.1; .NET CLR 1.1.4322; .NET CLR 2.0.50727; SPC 3.1 P1 Ta)" "www.wirama.com"
63.226.193.43 - - [09/Jan/2009:16:48:44 -0800] "GET / HTTP/1.1" 200 916 "http://www.crunchbase.com/company/wirama" "Mozilla/5.0 (Windows; U; Win 9x 4.90; en-US; rv:1.8.1.20) Gecko/20081217 Firefox/2.0.0.20" "www.wirama.com"
63.226.193.43 - - [09/Jan/2009:16:48:45 -0800] "GET /favicon.ico HTTP/1.1" 404 275 "-" "Mozilla/5.0 (Windows; U; Win 9x 4.90; en-US; rv:1.8.1.20) Gecko/20081217 Firefox/2.0.0.20" "wirama.com"
208.80.194.37 - - [09/Jan/2009:17:30:46 -0800] "GET / HTTP/1.0" 200 900 "-" "Mozilla/4.0 (compatible; MSIE 7.0; Windows NT 5.1; YPC 3.0.0; FunWebProducts; .NET CLR 1.1.4322; PeoplePal 3.0; yplus 4.0.00d)" "www.wirama.com"
128.111.56.14 - - [09/Jan/2009:17:31:51 -0800] "GET / HTTP/1.1" 200 916 "-" "Mozilla/5.0 (Macintosh; U; PPC Mac OS X 10_4_11; en) AppleWebKit/525.27.1 (KHTML, like Gecko) Version/3.2.1 Safari/525.27.1" "www.wirama.com"
128.111.56.14 - - [09/Jan/2009:17:31:51 -0800] "GET /favicon.ico HTTP/1.1" 404 275 "http://www.wirama.com/" "Mozilla/5.0 (Macintosh; U; PPC Mac OS X 10_4_11; en) AppleWebKit/525.27.1 (KHTML, like Gecko) Version/3.2.1 Safari/525.27.1" "wirama.com"
128.111.56.14 - - [09/Jan/2009:17:31:55 -0800] "GET / HTTP/1.1" 200 916 "http://www.wirama.com/" "Mozilla/5.0 (Macintosh; U; PPC Mac OS X 10_4_11; en) AppleWebKit/525.27.1 (KHTML, like Gecko) Version/3.2.1 Safari/525.27.1" "www.wirama.com"
128.111.56.14 - - [09/Jan/2009:17:31:57 -0800] "GET /_private/ HTTP/1.1" 200 675 "http://www.wirama.com/" "Mozilla/5.0 (Macintosh; U; PPC Mac OS X 10_4_11; en) AppleWebKit/525.27.1 (KHTML, like Gecko) Version/3.2.1 Safari/525.27.1" "www.wirama.com"
38.100.41.105 - - [09/Jan/2009:17:38:27 -0800] "GET / HTTP/1.1" 200 916 "-" "Mozilla/4.0 (compatible; MSIE 7.0; Windows NT 5.2)" "www.wirama.com"
38.100.41.105 - - [09/Jan/2009:17:39:16 -0800] "GET /logs/ HTTP/1.1" 200 944 "http://www.wirama.com/" "Mozilla/4.0 (compatible; MSIE 7.0; Windows NT 5.2)" "www.wirama.com"
38.100.41.105 - - [09/Jan/2009:17:39:19 -0800] "GET /_private/ HTTP/1.1" 200 675 "http://www.wirama.com/" "Mozilla/4.0 (compatible; MSIE 7.0; Windows NT 5.2)" "www.wirama.com"
38.100.41.105 - - [09/Jan/2009:17:39:19 -0800] "GET /tmp/ HTTP/1.1" 200 520 "http://www.wirama.com/" "Mozilla/4.0 (compatible; MSIE 7.0; Windows NT 5.2)" "www.wirama.com"
38.100.41.105 - - [09/Jan/2009:17:40:02 -0800] "GET /logs/access.log HTTP/1.1" 200 129439 "http://www.wirama.com/logs/" "Mozilla/4.0 (compatible; MSIE 7.0; Windows NT 5.2)" "www.wirama.com"
38.100.41.105 - - [09/Jan/2009:17:40:03 -0800] "GET /logs/access_090101.log HTTP/1.1" 200 7270 "http://www.wirama.com/logs/" "Mozilla/4.0 (compatible; MSIE 7.0; Windows NT 5.2)" "www.wirama.com"
38.100.41.105 - - [09/Jan/2009:17:40:06 -0800] "GET /_private/form_results.csv HTTP/1.1" 200 0 "http://www.wirama.com/_private/" "Mozilla/4.0 (compatible; MSIE 7.0; Windows NT 5.2)" "www.wirama.com"
38.100.41.105 - - [09/Jan/2009:17:40:09 -0800] "GET /logs/access_081231.log HTTP/1.1" 200 0 "http://www.wirama.com/logs/" "Mozilla/4.0 (compatible; MSIE 7.0; Windows NT 5.2)" "www.wirama.com"
89.122.29.126 - - [09/Jan/2009:18:17:28 -0800] "GET / HTTP/1.1" 200 916 "-" "Java/1.6.0_07" "www.wirama.com"
89.122.29.126 - - [09/Jan/2009:18:17:28 -0800] "GET /?D=A HTTP/1.1" 200 916 "-" "Java/1.6.0_07" "www.wirama.com"
89.122.29.126 - - [09/Jan/2009:18:17:29 -0800] "GET /?M=A HTTP/1.1" 200 916 "-" "Java/1.6.0_07" "www.wirama.com"
89.122.29.126 - - [09/Jan/2009:18:17:29 -0800] "GET /?N=D HTTP/1.1" 200 916 "-" "Java/1.6.0_07" "www.wirama.com"
89.122.29.126 - - [09/Jan/2009:18:17:29 -0800] "GET /?S=A HTTP/1.1" 200 916 "-" "Java/1.6.0_07" "www.wirama.com"
67.195.37.159 - - [09/Jan/2009:18:57:00 -0800] "GET /robots.txt HTTP/1.0" 404 275 "-" "Mozilla/5.0 (compatible; Yahoo! Slurp; http://help.yahoo.com/help/us/ysearch/slurp)" "wirama.com"
64.124.85.92 - - [09/Jan/2009:22:49:55 -0800] "GET /robots.txt HTTP/1.1" 404 275 "-" "Mozilla/5.0 (compatible; BecomeBot/3.0; +http://www.become.com/site_owners.html)" "www.wirama.com"
64.124.85.92 - - [09/Jan/2009:22:50:10 -0800] "GET / HTTP/1.1" 200 916 "-" "Mozilla/5.0 (compatible; BecomeBot/3.0; +http://www.become.com/site_owners.html)" "www.wirama.com"
65.55.208.59 - - [09/Jan/2009:23:56:29 -0800] "GET /robots.txt HTTP/1.1" 404 275 "-" "msnbot/1.1 (+http://search.msn.com/msnbot.htm)" "wirama.com"
65.55.208.59 - - [09/Jan/2009:23:56:29 -0800] "GET / HTTP/1.1" 200 916 "-" "msnbot/1.1 (+http://search.msn.com/msnbot.htm)" "wirama.com"
76.182.206.107 - - [10/Jan/2009:01:06:57 -0800] "GET /logs/access_090101.log HTTP/1.1" 200 7270 "http://www.google.com/search?hl=en&client=firefox-a&rls=org.mozilla%3Aen-US%3Aofficial&hs=b0Z&q=%22Mozilla%2F5.0+%28Windows%3B+U%3B+Windows+NT+6.0%3B+en-US%3B+rv%3A1.9.0.5%29+Gecko%2F2008120122+Firefox%2F3.0.5%22&btnG=Search" "Mozilla/5.0 (Windows; U; Windows NT 6.0; en-US; rv:1.9.0.5) Gecko/2008120122 Firefox/3.0.5" "www.wirama.com"
76.182.206.107 - - [10/Jan/2009:01:06:57 -0800] "GET /favicon.ico HTTP/1.1" 404 275 "-" "Mozilla/5.0 (Windows; U; Windows NT 6.0; en-US; rv:1.9.0.5) Gecko/2008120122 Firefox/3.0.5" "wirama.com"
72.36.94.73 - - [10/Jan/2009:01:07:59 -0800] "GET /robots.txt HTTP/1.1" 404 275 "-" "Jakarta Commons-HttpClient/3.0.1" "www.wirama.com"
72.36.94.73 - - [10/Jan/2009:01:11:04 -0800] "GET / HTTP/1.1" 200 916 "-" "Jakarta Commons-HttpClient/3.0.1" "www.wirama.com"
89.149.194.236 - - [10/Jan/2009:03:17:37 -0800] "GET /logs/access_090101.log HTTP/1.0" 200 7270 "http://www.google.com/search?hl=en&safe=off&client=firefox-a&rls=org.mozilla%3Aru%3Aofficial&hs=X4b&q=googlebot+Mozilla%2F5.0+%28Windows%3B+U%3B+Windows+NT+5.1%3B&btnG=Search" "Mozilla/5.0 (Windows; U; Windows NT 5.1; en-US; rv:1.9.0.1) Gecko/2008070208 Firefox/3.0.1" "www.wirama.com"
89.149.194.236 - - [10/Jan/2009:03:17:38 -0800] "GET /favicon.ico HTTP/1.0" 404 275 "-" "Mozilla/5.0 (Windows; U; Windows NT 5.1; en-US; rv:1.9.0.1) Gecko/2008070208 Firefox/3.0.1" "wirama.com"
89.149.194.236 - - [10/Jan/2009:03:17:41 -0800] "GET /favicon.ico HTTP/1.0" 404 275 "-" "Mozilla/5.0 (Windows; U; Windows NT 5.1; en-US; rv:1.9.0.1) Gecko/2008070208 Firefox/3.0.1" "wirama.com"
66.249.65.71 - - [10/Jan/2009:03:54:28 -0800] "GET /robots.txt HTTP/1.1" 404 275 "-" "Mozilla/5.0 (compatible; Googlebot/2.1; +http://www.google.com/bot.html)" "www.wirama.com"
66.249.65.71 - - [10/Jan/2009:03:54:29 -0800] "GET /logs/access_081231.log HTTP/1.1" 200 0 "-" "Mozilla/5.0 (compatible; Googlebot/2.1; +http://www.google.com/bot.html)" "www.wirama.com"
66.249.65.71 - - [10/Jan/2009:03:59:14 -0800] "GET /logs/ HTTP/1.1" 200 944 "-" "Mozilla/5.0 (compatible; Googlebot/2.1; +http://www.google.com/bot.html)" "www.wirama.com"
114.111.36.26 - - [10/Jan/2009:04:53:04 -0800] "GET /robots.txt HTTP/1.1" 404 275 "-" "Mozilla/4.0 (compatible; NaverBot/1.0; http://help.naver.com/customer_webtxt_02.jsp)" "www.wirama.com"
114.111.36.26 - - [10/Jan/2009:04:53:21 -0800] "GET / HTTP/1.1" 200 916 "-" "Mozilla/4.0 (compatible; NaverBot/1.0; http://help.naver.com/customer_webtxt_02.jsp)" "www.wirama.com"
208.80.194.34 - - [10/Jan/2009:05:33:07 -0800] "GET / HTTP/1.0" 200 900 "-" "Mozilla/4.0 (compatible; MSIE 7.0; Windows NT 5.1; .NET CLR 1.1.4322; .NET CLR 2.0.50727; Creative ZENcast v1.02.08)" "wirama.com"
74.6.18.245 - - [10/Jan/2009:05:51:47 -0800] "GET /robots.txt HTTP/1.0" 404 275 "-" "Mozilla/5.0 (compatible; Yahoo! Slurp; http://help.yahoo.com/help/us/ysearch/slurp)" "www.wirama.com"
74.6.18.245 - - [10/Jan/2009:05:52:07 -0800] "GET /tmp/?N=D HTTP/1.0" 200 504 "-" "Mozilla/5.0 (compatible; Yahoo! Slurp; http://help.yahoo.com/help/us/ysearch/slurp)" "www.wirama.com"
193.47.80.37 - - [10/Jan/2009:08:13:59 -0800] "GET /robots.txt HTTP/1.1" 404 275 "-" "Mozilla/5.0 (compatible; Exabot/3.0; +http://www.exabot.com/go/robot)" "www.wirama.com"
193.47.80.37 - - [10/Jan/2009:08:14:00 -0800] "GET /jo01.htm HTTP/1.1" 404 275 "-" "Mozilla/5.0 (compatible; Exabot/3.0; +http://www.exabot.com/go/robot)" "www.wirama.com"
72.30.65.60 - - [10/Jan/2009:08:23:14 -0800] "GET /robots.txt HTTP/1.0" 404 275 "-" "Mozilla/5.0 (compatible; Yahoo! Slurp; http://help.yahoo.com/help/us/ysearch/slurp)" "wirama.com"
83.77.39.191 - - [10/Jan/2009:08:54:03 -0800] "GET / HTTP/1.1" 200 916 "-" "Mozilla/4.0 (compatible; MSIE 7.0; Windows NT 5.1; GTB5)" "www.wirama.com"
83.77.39.191 - - [10/Jan/2009:08:54:04 -0800] "GET /favicon.ico HTTP/1.1" 404 275 "-" "Mozilla/4.0 (compatible; MSIE 7.0; Windows NT 5.1; GTB5)" "wirama.com"
32.172.13.83 - - [10/Jan/2009:12:17:33 -0800] "GET / HTTP/1.1" 200 916 "http://www.crunchbase.com/company/wirama" "Mozilla/5.0 (iPhone; U; CPU iPhone OS 2_2 like Mac OS X; en-us) AppleWebKit/525.18.1 (KHTML, like Gecko) Version/3.1.1 Mobile/5G77 Safari/525.20" "www.wirama.com"
24.6.229.59 - - [10/Jan/2009:13:56:53 -0800] "GET / HTTP/1.1" 200 916 "http://www.tecknowbasic.com/bio.htm" "Mozilla/5.0 (Macintosh; U; Intel Mac OS X 10.4; en-US; rv:1.9.0.5) Gecko/2008120121 Firefox/3.0.5" "www.wirama.com"
24.6.229.59 - - [10/Jan/2009:13:56:54 -0800] "GET /favicon.ico HTTP/1.1" 404 275 "-" "Mozilla/5.0 (Macintosh; U; Intel Mac OS X 10.4; en-US; rv:1.9.0.5) Gecko/2008120121 Firefox/3.0.5" "wirama.com"
24.6.229.59 - - [10/Jan/2009:14:00:31 -0800] "GET /favicon.ico HTTP/1.1" 404 275 "-" "Mozilla/5.0 (Macintosh; U; Intel Mac OS X 10.4; en-US; rv:1.9.0.5) Gecko/2008120121 Firefox/3.0.5" "wirama.com"
24.6.229.59 - - [10/Jan/2009:14:00:43 -0800] "GET /favicon.ico HTTP/1.1" 404 275 "-" "Mozilla/5.0 (Macintosh; U; Intel Mac OS X 10.4; en-US; rv:1.9.0.5) Gecko/2008120121 Firefox/3.0.5" "wirama.com"
207.241.229.90 - - [10/Jan/2009:14:00:45 -0800] "GET /robots.txt HTTP/1.1" 404 275 "-" "ia_archiver-web.archive.org" "www.wirama.com"
207.241.229.60 - - [10/Jan/2009:14:00:48 -0800] "GET /robots.txt HTTP/1.1" 404 275 "-" "ia_archiver-web.archive.org" "www.wirama.com"
207.241.228.219 - - [10/Jan/2009:14:00:58 -0800] "GET /robots.txt HTTP/1.1" 404 275 "-" "ia_archiver-web.archive.org" "www.wirama.com"
207.241.229.59 - - [10/Jan/2009:14:01:03 -0800] "GET /robots.txt HTTP/1.1" 404 275 "-" "ia_archiver-web.archive.org" "www.wirama.com"
207.241.228.221 - - [10/Jan/2009:14:01:04 -0800] "GET /robots.txt HTTP/1.1" 404 275 "-" "ia_archiver-web.archive.org" "www.wirama.com"
207.241.228.226 - - [10/Jan/2009:14:01:04 -0800] "GET /robots.txt HTTP/1.1" 404 275 "-" "ia_archiver-web.archive.org" "www.wirama.com"
207.241.228.237 - - [10/Jan/2009:14:01:04 -0800] "GET /robots.txt HTTP/1.1" 404 275 "-" "ia_archiver-web.archive.org" "www.wirama.com"
207.241.228.235 - - [10/Jan/2009:14:01:04 -0800] "GET /robots.txt HTTP/1.1" 404 275 "-" "ia_archiver-web.archive.org" "www.wirama.com"
207.241.228.232 - - [10/Jan/2009:14:01:04 -0800] "GET /robots.txt HTTP/1.1" 404 275 "-" "ia_archiver-web.archive.org" "www.wirama.com"
207.241.228.203 - - [10/Jan/2009:14:01:04 -0800] "GET /robots.txt HTTP/1.1" 404 275 "-" "ia_archiver-web.archive.org" "www.wirama.com"
207.241.228.231 - - [10/Jan/2009:14:01:04 -0800] "GET /robots.txt HTTP/1.1" 404 275 "-" "ia_archiver-web.archive.org" "www.wirama.com"
207.241.228.208 - - [10/Jan/2009:14:01:09 -0800] "GET /robots.txt HTTP/1.1" 404 275 "-" "ia_archiver-web.archive.org" "www.wirama.com"
72.30.65.60 - - [10/Jan/2009:15:02:39 -0800] "GET /robots.txt HTTP/1.0" 404 275 "-" "Mozilla/5.0 (compatible; Yahoo! Slurp; http://help.yahoo.com/help/us/ysearch/slurp)" "www.wirama.com"
72.30.65.60 - - [10/Jan/2009:15:19:44 -0800] "GET /text/?S=A HTTP/1.0" 404 275 "-" "Mozilla/5.0 (compatible; Yahoo! Slurp; http://help.yahoo.com/help/us/ysearch/slurp)" "www.wirama.com"
208.80.194.35 - - [10/Jan/2009:17:27:25 -0800] "GET / HTTP/1.0" 200 900 "-" "Mozilla/4.0 (compatible; MSIE 6.0; Windows NT 5.0; sbcydsl 3.12; .NET CLR 1.1.4322)" "www.wirama.com"
208.111.154.16 - - [10/Jan/2009:17:54:55 -0800] "GET /robots.txt HTTP/1.0" 404 275 "-" "Mozilla/5.0 (compatible; Charlotte/1.1; http://www.searchme.com/support/)" "www.wirama.com"
208.111.154.35 - - [10/Jan/2009:17:54:55 -0800] "GET / HTTP/1.1" 200 916 "-" "Mozilla/5.0 (compatible; Charlotte/1.1; http://www.searchme.com/support/)" "www.wirama.com"
72.30.65.60 - - [10/Jan/2009:19:24:54 -0800] "GET /robots.txt HTTP/1.0" 404 275 "-" "Mozilla/5.0 (compatible; Yahoo! Slurp; http://help.yahoo.com/help/us/ysearch/slurp)" "www.wirama.com"
66.235.124.32 - - [10/Jan/2009:20:18:42 -0800] "GET /robots.txt HTTP/1.1" 404 275 "-" "Mozilla/5.0 (compatible; Ask Jeeves/Teoma; +http://about.ask.com/en/docs/about/webmasters.shtml)" "www.wirama.com"
66.235.124.32 - - [10/Jan/2009:20:18:42 -0800] "GET / HTTP/1.1" 200 916 "-" "Mozilla/5.0 (compatible; Ask Jeeves/Teoma; +http://about.ask.com/en/docs/about/webmasters.shtml)" "www.wirama.com"
65.55.25.134 - - [10/Jan/2009:22:12:52 -0800] "GET /robots.txt HTTP/1.1" 404 275 "-" "msnbot/1.1 (+http://search.msn.com/msnbot.htm)" "www.wirama.com"
65.55.25.134 - - [10/Jan/2009:22:12:54 -0800] "GET /pr02.htm HTTP/1.1" 404 275 "-" "msnbot/1.1 (+http://search.msn.com/msnbot.htm)" "www.wirama.com"
72.30.65.60 - - [10/Jan/2009:22:15:30 -0800] "GET /?S=A HTTP/1.0" 200 900 "-" "Mozilla/5.0 (compatible; Yahoo! Slurp; http://help.yahoo.com/help/us/ysearch/slurp)" "www.wirama.com"
208.36.144.8 - - [10/Jan/2009:22:53:21 -0800] "GET /robots.txt HTTP/1.0" 404 275 "-" "Mozilla/5.0 (Twiceler-0.9 http://www.cuil.com/twiceler/robot.html)" "www.wirama.com"
67.195.37.114 - - [11/Jan/2009:02:57:39 -0800] "GET /robots.txt HTTP/1.0" 404 275 "-" "Mozilla/5.0 (compatible; Yahoo! Slurp; http://help.yahoo.com/help/us/ysearch/slurp)" "www.wirama.com"
72.30.65.60 - - [11/Jan/2009:03:16:52 -0800] "GET /logs/access_081231.log HTTP/1.0" 200 303093 "-" "Mozilla/5.0 (compatible; Yahoo! Slurp; http://help.yahoo.com/help/us/ysearch/slurp)" "www.wirama.com"
125.167.108.123 - - [11/Jan/2009:04:27:10 -0800] "GET / HTTP/1.1" 200 916 "http://www.google.co.id/search?hl=en&q=wirama&btnG=Search&meta=" "Mozilla/5.0 (Windows; U; Windows NT 5.1; en-US; rv:1.9.0.5) Gecko/2008120122 Firefox/3.0.5" "www.wirama.com"
66.235.124.32 - - [11/Jan/2009:05:00:05 -0800] "GET / HTTP/1.1" 200 916 "-" "Mozilla/5.0 (compatible; Ask Jeeves/Teoma; +http://about.ask.com/en/docs/about/webmasters.shtml)" "www.wirama.com"
208.111.154.35 - - [11/Jan/2009:05:08:00 -0800] "GET / HTTP/1.1" 200 916 "-" "Mozilla/5.0 (compatible; Charlotte/1.1; http://www.searchme.com/support/)" "www.wirama.com"
208.80.194.49 - - [11/Jan/2009:05:25:04 -0800] "GET / HTTP/1.0" 200 900 "-" "Mozilla/4.0 (compatible; MSIE 7.0; Windows NT 5.1; {42387FCF-C052-4829-8491-0858212BFE23}; (R1 1.1); .NET CLR 1.1.4322; .NET CLR 2.0.50727)" "wirama.com"
72.30.65.60 - - [11/Jan/2009:07:20:25 -0800] "GET /jo01.htm HTTP/1.0" 404 275 "-" "Mozilla/5.0 (compatible; Yahoo! Slurp; http://help.yahoo.com/help/us/ysearch/slurp)" "www.wirama.com"
85.0.238.82 - - [11/Jan/2009:07:25:26 -0800] "GET / HTTP/1.1" 200 916 "http://www.google.com/search?hl=de&rls=com.microsoft:de-ch:IE-Address&rlz=1I7ADBR_de&sa=X&oi=spell&resnum=0&ct=result&cd=1&q=www.wirama.com&spell=1" "Mozilla/4.0 (compatible; MSIE 7.0; Windows NT 5.1; GTB5)" "www.wirama.com"
85.0.238.82 - - [11/Jan/2009:07:25:28 -0800] "GET /favicon.ico HTTP/1.1" 404 275 "-" "Mozilla/4.0 (compatible; MSIE 7.0; Windows NT 5.1; GTB5)" "wirama.com"
85.0.238.82 - - [11/Jan/2009:07:25:33 -0800] "GET /tmp/ HTTP/1.1" 200 520 "http://www.wirama.com/" "Mozilla/4.0 (compatible; MSIE 7.0; Windows NT 5.1; GTB5)" "www.wirama.com"
85.0.238.82 - - [11/Jan/2009:07:25:34 -0800] "GET / HTTP/1.1" 200 916 "http://www.wirama.com/tmp/" "Mozilla/4.0 (compatible; MSIE 7.0; Windows NT 5.1; GTB5)" "www.wirama.com"
85.0.238.82 - - [11/Jan/2009:07:25:38 -0800] "GET /_private/ HTTP/1.1" 200 675 "http://www.wirama.com/" "Mozilla/4.0 (compatible; MSIE 7.0; Windows NT 5.1; GTB5)" "www.wirama.com"
85.0.238.82 - - [11/Jan/2009:07:25:39 -0800] "GET /_private/form_results.csv HTTP/1.1" 200 0 "http://www.wirama.com/_private/" "Mozilla/4.0 (compatible; MSIE 7.0; Windows NT 5.1; GTB5)" "www.wirama.com"
85.0.238.82 - - [11/Jan/2009:07:25:45 -0800] "GET /_private/form_results.csv HTTP/1.1" 200 0 "-" "Mozilla/4.0 (compatible; MSIE 7.0; Windows NT 5.1; GTB5)" "www.wirama.com"
85.0.238.82 - - [11/Jan/2009:07:25:58 -0800] "GET /logs/access_090101.log HTTP/1.1" 200 7270 "http://www.google.com/search?hl=de&rls=com.microsoft:de-ch:IE-Address&rlz=1I7ADBR_de&sa=X&oi=spell&resnum=0&ct=result&cd=1&q=www.wirama.com&spell=1" "Mozilla/4.0 (compatible; MSIE 7.0; Windows NT 5.1; GTB5)" "www.wirama.com"
208.80.194.52 - - [11/Jan/2009:08:16:16 -0800] "GET / HTTP/1.0" 200 900 "-" "Mozilla/4.0 (compatible; MSIE 6.0; Windows NT 5.1; SV1; FunWebProducts; YPC 3.2.0; .NET CLR 1.0.3705; .NET CLR 1.1.4322; Media Center PC 4.0; yplus 5.1.04b)" "www.wirama.com"
72.30.65.60 - - [11/Jan/2009:08:16:17 -0800] "GET /robots.txt HTTP/1.0" 404 275 "-" "Mozilla/5.0 (compatible; Yahoo! Slurp; http://help.yahoo.com/help/us/ysearch/slurp)" "wirama.com"
66.231.189.80 - - [11/Jan/2009:09:28:59 -0800] "GET /robots.txt HTTP/1.0" 404 275 "-" "Gigabot/3.0 (http://www.gigablast.com/spider.html)" "www.wirama.com"
66.231.189.80 - - [11/Jan/2009:09:29:00 -0800] "GET / HTTP/1.0" 200 900 "-" "Gigabot/3.0 (http://www.gigablast.com/spider.html)" "www.wirama.com"
66.249.65.71 - - [11/Jan/2009:10:06:25 -0800] "GET /robots.txt HTTP/1.1" 404 275 "-" "Googlebot-Image/1.0" "www.wirama.com"
66.249.65.71 - - [11/Jan/2009:10:06:25 -0800] "GET /images/Best_In_Show.JPG HTTP/1.1" 404 275 "-" "Googlebot-Image/1.0" "wirama.com"
72.30.65.60 - - [11/Jan/2009:13:00:34 -0800] "GET /?D=A HTTP/1.0" 200 900 "-" "Mozilla/5.0 (compatible; Yahoo! Slurp; http://help.yahoo.com/help/us/ysearch/slurp)" "www.wirama.com"
68.99.181.53 - - [11/Jan/2009:13:46:02 -0800] "GET / HTTP/1.1" 200 916 "http://www.crunchbase.com/company/wirama" "Mozilla/4.0 (compatible; MSIE 7.0; Windows NT 6.0; GTB5; SLCC1; .NET CLR 2.0.50727; Media Center PC 5.0; .NET CLR 3.0.04506)" "www.wirama.com"
68.99.181.53 - - [11/Jan/2009:13:46:02 -0800] "GET /favicon.ico HTTP/1.1" 404 275 "-" "Mozilla/4.0 (compatible; MSIE 7.0; Windows NT 6.0; GTB5; SLCC1; .NET CLR 2.0.50727; Media Center PC 5.0; .NET CLR 3.0.04506)" "wirama.com"
66.235.124.32 - - [11/Jan/2009:14:03:46 -0800] "GET /robots.txt HTTP/1.1" 404 275 "-" "Mozilla/5.0 (compatible; Ask Jeeves/Teoma; +http://about.ask.com/en/docs/about/webmasters.shtml)" "www.wirama.com"
66.235.124.32 - - [11/Jan/2009:14:03:46 -0800] "GET / HTTP/1.1" 200 916 "-" "Mozilla/5.0 (compatible; Ask Jeeves/Teoma; +http://about.ask.com/en/docs/about/webmasters.shtml)" "www.wirama.com"
72.30.65.60 - - [11/Jan/2009:14:33:25 -0800] "GET /_private/form_results.csv HTTP/1.0" 200 0 "-" "Mozilla/5.0 (compatible; Yahoo! Slurp; http://help.yahoo.com/help/us/ysearch/slurp)" "www.wirama.com"
77.88.27.25 - - [11/Jan/2009:16:26:49 -0800] "GET /robots.txt HTTP/1.1" 404 275 "-" "Yandex/1.01.001 (compatible; Win16; I)" "www.wirama.com"
77.88.27.25 - - [11/Jan/2009:16:26:49 -0800] "GET / HTTP/1.1" 200 916 "-" "Yandex/1.01.001 (compatible; Win16; I)" "www.wirama.com"
203.106.28.194 - - [11/Jan/2009:22:15:58 -0800] "GET / HTTP/1.0" 200 900 "http://www.tradevibes.com/company/profile/wirama" "Mozilla/4.0 (compatible; MSIE 6.0; Windows NT 5.0; .NET CLR 1.1.4322; .NET CLR 2.0.50727)" "www.wirama.com"
72.94.249.34 - - [12/Jan/2009:00:38:04 -0800] "GET / HTTP/1.1" 200 916 "-" "Mozilla/4.0 (compatible; MSIE 6.0; Windows NT 5.1; SV1; .NET CLR 1.1.4322)" "www.wirama.com"
72.30.65.60 - - [12/Jan/2009:02:56:12 -0800] "GET /robots.txt HTTP/1.0" 404 275 "-" "Mozilla/5.0 (compatible; Yahoo! Slurp; http://help.yahoo.com/help/us/ysearch/slurp)" "www.wirama.com"
72.30.65.60 - - [12/Jan/2009:02:56:12 -0800] "GET /files/series_A.pdf HTTP/1.0" 404 275 "-" "Mozilla/5.0 (compatible; Yahoo! Slurp; http://help.yahoo.com/help/us/ysearch/slurp)" "www.wirama.com"
74.6.17.171 - - [12/Jan/2009:04:49:36 -0800] "GET /robots.txt HTTP/1.0" 404 275 "-" "Mozilla/5.0 (compatible; Yahoo! Slurp; http://help.yahoo.com/help/us/ysearch/slurp)" "www.wirama.com"
74.6.17.171 - - [12/Jan/2009:04:49:50 -0800] "GET /?M=A HTTP/1.0" 200 900 "-" "Mozilla/5.0 (compatible; Yahoo! Slurp; http://help.yahoo.com/help/us/ysearch/slurp)" "www.wirama.com"
193.96.194.190 - - [12/Jan/2009:05:31:25 -0800] "GET / HTTP/1.1" 200 916 "http://www.google.de/search?hl=de&q=wirama.com&btnG=Google-Suche&meta=" "Mozilla/5.0 (Windows; U; Windows NT 5.1; de; rv:1.9) Gecko/2008052906 Firefox/3.0" "www.wirama.com"
193.96.194.190 - - [12/Jan/2009:05:31:26 -0800] "GET /favicon.ico HTTP/1.1" 404 275 "-" "Mozilla/5.0 (Windows; U; Windows NT 5.1; de; rv:1.9) Gecko/2008052906 Firefox/3.0" "wirama.com"
193.96.194.190 - - [12/Jan/2009:05:31:29 -0800] "GET /favicon.ico HTTP/1.1" 404 275 "-" "Mozilla/5.0 (Windows; U; Windows NT 5.1; de; rv:1.9) Gecko/2008052906 Firefox/3.0" "wirama.com"
193.96.194.190 - - [12/Jan/2009:05:31:44 -0800] "GET / HTTP/1.1" 200 916 "http://www.rfidjournalevents.com/live2008/companyPopUpbce5.html?companyID=365" "Mozilla/5.0 (Windows; U; Windows NT 5.1; de; rv:1.9) Gecko/2008052906 Firefox/3.0" "wirama.com"
193.96.194.190 - - [12/Jan/2009:05:31:44 -0800] "GET /favicon.ico HTTP/1.1" 404 275 "-" "Mozilla/5.0 (Windows; U; Windows NT 5.1; de; rv:1.9) Gecko/2008052906 Firefox/3.0" "wirama.com"
193.96.194.190 - - [12/Jan/2009:05:31:47 -0800] "GET /favicon.ico HTTP/1.1" 404 275 "-" "Mozilla/5.0 (Windows; U; Windows NT 5.1; de; rv:1.9) Gecko/2008052906 Firefox/3.0" "wirama.com"
208.80.194.53 - - [12/Jan/2009:05:43:38 -0800] "GET / HTTP/1.0" 200 900 "-" "Mozilla/4.0 (compatible; MSIE 7.0; Windows NT 5.1; Avant Browser; Avant Browser; .NET CLR 1.0.3705; .NET CLR 1.1.4322; Media Center PC 3.1; HbTools 4.7.3)" "wirama.com"
38.99.13.121 - - [12/Jan/2009:06:13:48 -0800] "GET /robots.txt HTTP/1.0" 404 275 "-" "Mozilla/5.0 (Twiceler-0.9 http://www.cuil.com/twiceler/robot.html)" "wirama.com"
208.111.154.16 - - [12/Jan/2009:06:19:05 -0800] "GET /robots.txt HTTP/1.0" 404 275 "-" "Mozilla/5.0 (compatible; Charlotte/1.1; http://www.searchme.com/support/)" "www.wirama.com"
208.111.154.35 - - [12/Jan/2009:06:19:05 -0800] "GET / HTTP/1.1" 200 916 "-" "Mozilla/5.0 (compatible; Charlotte/1.1; http://www.searchme.com/support/)" "www.wirama.com"
68.218.125.23 - - [12/Jan/2009:06:30:51 -0800] "GET /pr02.htm HTTP/1.1" 404 275 "-" "Mozilla/5.0 (Windows; U; Windows NT 5.0; en-US; rv:1.9.0.5) Gecko/2008120122 Firefox/3.0.5" "www.wirama.com"
68.218.125.23 - - [12/Jan/2009:06:30:54 -0800] "GET /favicon.ico HTTP/1.1" 404 275 "-" "Mozilla/5.0 (Windows; U; Windows NT 5.0; en-US; rv:1.9.0.5) Gecko/2008120122 Firefox/3.0.5" "wirama.com"
64.124.85.92 - - [12/Jan/2009:06:53:08 -0800] "GET /robots.txt HTTP/1.1" 404 275 "-" "Mozilla/5.0 (compatible; BecomeBot/3.0; +http://www.become.com/site_owners.html)" "wirama.com"
