66.90.118.101 - - [21/Jan/2009:05:28:25 -0800] "GET /logs/?D=D HTTP/1.1" 200 944 "-" "Mozilla/5.0 (compatible; WebDataCentreBot/1.0; +http://WebDataCentre.com/)" "wirama.com"
66.90.118.101 - - [21/Jan/2009:05:28:25 -0800] "GET /tmp/?N=A HTTP/1.1" 200 520 "-" "Mozilla/5.0 (compatible; WebDataCentreBot/1.0; +http://WebDataCentre.com/)" "wirama.com"
66.90.118.101 - - [21/Jan/2009:05:28:27 -0800] "GET /tmp/?M=D HTTP/1.1" 200 520 "-" "Mozilla/5.0 (compatible; WebDataCentreBot/1.0; +http://WebDataCentre.com/)" "wirama.com"
66.90.118.101 - - [21/Jan/2009:05:28:27 -0800] "GET /tmp/?S=D HTTP/1.1" 200 520 "-" "Mozilla/5.0 (compatible; WebDataCentreBot/1.0; +http://WebDataCentre.com/)" "wirama.com"
66.90.118.101 - - [21/Jan/2009:05:28:28 -0800] "GET /tmp/?D=D HTTP/1.1" 200 520 "-" "Mozilla/5.0 (compatible; WebDataCentreBot/1.0; +http://WebDataCentre.com/)" "wirama.com"
62.219.127.23 - - [21/Jan/2009:06:33:19 -0800] "GET /pr02.htm HTTP/1.1" 404 275 "-" "Mozilla/4.0 (compatible; MSIE 7.0; Windows NT 5.1; GTB5; .NET CLR 1.1.4322; .NET CLR 2.0.50727; InfoPath.2; .NET CLR 3.0.04506.648; .NET CLR 3.5.21022)" "www.wirama.com"
62.219.127.23 - - [21/Jan/2009:06:33:22 -0800] "GET /favicon.ico HTTP/1.1" 404 275 "-" "Mozilla/4.0 (compatible; MSIE 7.0; Windows NT 5.1; GTB5; .NET CLR 1.1.4322; .NET CLR 2.0.50727; InfoPath.2; .NET CLR 3.0.04506.648; .NET CLR 3.5.21022)" "wirama.com"
66.122.197.10 - - [21/Jan/2009:08:11:45 -0800] "GET / HTTP/1.1" 200 916 "-" "Mozilla/4.0 (compatible; MSIE 6.0; Windows NT 5.1; SV1; .NET CLR 1.1.4322)" "www.wirama.com"
66.122.197.10 - - [21/Jan/2009:08:11:56 -0800] "GET /_private/ HTTP/1.1" 200 675 "http://www.wirama.com" "Mozilla/4.0 (compatible; MSIE 6.0; Windows NT 5.1; SV1; .NET CLR 1.1.4322)" "www.wirama.com"
66.122.197.10 - - [21/Jan/2009:08:11:59 -0800] "GET / HTTP/1.1" 200 916 "http://www.wirama.com/_private/" "Mozilla/4.0 (compatible; MSIE 6.0; Windows NT 5.1; SV1; .NET CLR 1.1.4322)" "www.wirama.com"
66.122.197.10 - - [21/Jan/2009:08:12:01 -0800] "GET /logs/ HTTP/1.1" 200 944 "http://www.wirama.com/" "Mozilla/4.0 (compatible; MSIE 6.0; Windows NT 5.1; SV1; .NET CLR 1.1.4322)" "www.wirama.com"
99.129.50.74 - - [21/Jan/2009:09:18:10 -0800] "GET / HTTP/1.1" 200 916 "http://www.google.com/search?hl=en&q=Wirama&aq=f&oq=" "Mozilla/4.0 (compatible; MSIE 7.0; Windows NT 5.1; .NET CLR 1.1.4322; .NET CLR 2.0.50727)" "www.wirama.com"
99.129.50.74 - - [21/Jan/2009:09:18:10 -0800] "GET /favicon.ico HTTP/1.1" 404 275 "-" "Mozilla/4.0 (compatible; MSIE 7.0; Windows NT 5.1; .NET CLR 1.1.4322; .NET CLR 2.0.50727)" "wirama.com"
99.129.50.74 - - [21/Jan/2009:09:18:39 -0800] "GET /favicon.ico HTTP/1.1" 404 275 "-" "Mozilla/4.0 (compatible; MSIE 7.0; Windows NT 5.1; .NET CLR 1.1.4322; .NET CLR 2.0.50727)" "wirama.com"
99.129.50.74 - - [21/Jan/2009:09:18:39 -0800] "GET / HTTP/1.1" 200 916 "http://www.rfidjournalevents.com/live2008/companyPopUpbce5.html?companyID=365" "Mozilla/4.0 (compatible; MSIE 7.0; Windows NT 5.1; .NET CLR 1.1.4322; .NET CLR 2.0.50727)" "wirama.com"
99.129.50.74 - - [21/Jan/2009:09:18:43 -0800] "GET / HTTP/1.1" 200 916 "http://wirama.com/" "Mozilla/4.0 (compatible; MSIE 7.0; Windows NT 5.1; .NET CLR 1.1.4322; .NET CLR 2.0.50727)" "wirama.com"
74.6.17.189 - - [21/Jan/2009:09:56:17 -0800] "GET /robots.txt HTTP/1.0" 404 275 "-" "Mozilla/5.0 (compatible; Yahoo! Slurp; http://help.yahoo.com/help/us/ysearch/slurp)" "www.wirama.com"
207.225.37.160 - - [21/Jan/2009:09:56:49 -0800] "GET / HTTP/1.1" 200 916 "-" "Mozilla/4.0 (compatible; MSIE 7.0; Windows NT 5.1; GTB5; .NET CLR 1.1.4322)" "www.wirama.com"
207.225.37.160 - - [21/Jan/2009:09:56:49 -0800] "GET /favicon.ico HTTP/1.1" 404 275 "-" "Mozilla/4.0 (compatible; MSIE 7.0; Windows NT 5.1; GTB5; .NET CLR 1.1.4322)" "wirama.com"
207.225.37.160 - - [21/Jan/2009:09:56:50 -0800] "GET /favicon.ico HTTP/1.1" 404 275 "-" "Mozilla/5.0 (compatible; Google Desktop)" "wirama.com"
74.6.17.189 - - [21/Jan/2009:09:56:55 -0800] "GET /pr02.htm HTTP/1.0" 404 275 "-" "Mozilla/5.0 (compatible; Yahoo! Slurp; http://help.yahoo.com/help/us/ysearch/slurp)" "www.wirama.com"
65.55.232.11 - - [21/Jan/2009:10:01:08 -0800] "GET /robots.txt HTTP/1.1" 404 275 "-" "msnbot/1.1 (+http://search.msn.com/msnbot.htm)" "www.wirama.com"
65.55.232.11 - - [21/Jan/2009:10:01:08 -0800] "GET / HTTP/1.1" 200 916 "-" "msnbot/1.1 (+http://search.msn.com/msnbot.htm)" "www.wirama.com"
96.253.113.214 - - [21/Jan/2009:10:08:37 -0800] "GET / HTTP/1.1" 200 916 "http://www.google.com/search?q=wirama&ie=utf-8&oe=utf-8&aq=t&rls=org.mozilla:en-US:official&client=firefox-a" "Mozilla/5.0 (Windows; U; Windows NT 5.1; en-US; rv:1.9.0.5) Gecko/2008120122 Firefox/3.0.5" "www.wirama.com"
193.47.80.37 - - [21/Jan/2009:11:11:39 -0800] "GET /robots.txt HTTP/1.1" 404 275 "-" "Mozilla/5.0 (compatible; Exabot/3.0; +http://www.exabot.com/go/robot)" "www.wirama.com"
193.47.80.37 - - [21/Jan/2009:11:11:39 -0800] "GET /news.htm HTTP/1.1" 404 275 "-" "Mozilla/5.0 (compatible; Exabot/3.0; +http://www.exabot.com/go/robot)" "www.wirama.com"
66.235.124.32 - - [21/Jan/2009:11:24:30 -0800] "GET /robots.txt HTTP/1.1" 404 275 "-" "Mozilla/5.0 (compatible; Ask Jeeves/Teoma; +http://about.ask.com/en/docs/about/webmasters.shtml)" "www.wirama.com"
66.235.124.32 - - [21/Jan/2009:11:24:30 -0800] "GET / HTTP/1.1" 200 916 "-" "Mozilla/5.0 (compatible; Ask Jeeves/Teoma; +http://about.ask.com/en/docs/about/webmasters.shtml)" "www.wirama.com"
74.6.17.189 - - [21/Jan/2009:12:26:59 -0800] "GET /?M=D HTTP/1.0" 200 900 "-" "Mozilla/5.0 (compatible; Yahoo! Slurp; http://help.yahoo.com/help/us/ysearch/slurp)" "www.wirama.com"
70.25.18.171 - - [21/Jan/2009:13:25:00 -0800] "HEAD / HTTP/1.1" 200 0 "-" "Xenu Link Sleuth 1.2j" "www.wirama.com"
208.80.194.52 - - [21/Jan/2009:14:49:04 -0800] "GET / HTTP/1.0" 200 900 "-" "Mozilla/4.0 (compatible; MSIE 6.0; AOL 7.0; Windows NT 5.1; .NET CLR 1.0.3705)" "wirama.com"
24.61.156.24 - - [21/Jan/2009:15:07:36 -0800] "GET / HTTP/1.1" 200 916 "-" "Mozilla/4.0 (compatible ; MSIE 6.0; Windows NT 5.1)" "www.wirama.com"
24.61.156.24 - - [21/Jan/2009:15:07:36 -0800] "GET /pr02.htm HTTP/1.1" 404 275 "-" "Mozilla/4.0 (compatible ; MSIE 6.0; Windows NT 5.1)" "www.wirama.com"
74.6.17.189 - - [21/Jan/2009:15:52:54 -0800] "GET /robots.txt HTTP/1.0" 404 275 "-" "Mozilla/5.0 (compatible; Yahoo! Slurp; http://help.yahoo.com/help/us/ysearch/slurp)" "www.wirama.com"
74.6.17.189 - - [21/Jan/2009:15:53:30 -0800] "GET /pr02.htm HTTP/1.0" 404 275 "-" "Mozilla/5.0 (compatible; Yahoo! Slurp; http://help.yahoo.com/help/us/ysearch/slurp)" "www.wirama.com"
74.6.17.189 - - [21/Jan/2009:16:20:11 -0800] "GET /robots.txt HTTP/1.0" 404 275 "-" "Mozilla/5.0 (compatible; Yahoo! Slurp; http://help.yahoo.com/help/us/ysearch/slurp)" "wirama.com"
74.6.17.189 - - [21/Jan/2009:16:20:23 -0800] "GET /jo02.htm HTTP/1.0" 404 275 "-" "Mozilla/5.0 (compatible; Yahoo! Slurp; http://help.yahoo.com/help/us/ysearch/slurp)" "wirama.com"
208.36.144.8 - - [21/Jan/2009:16:27:06 -0800] "GET /robots.txt HTTP/1.0" 404 275 "-" "Mozilla/5.0 (Twiceler-0.9 http://www.cuil.com/twiceler/robot.html)" "www.wirama.com"
65.55.208.52 - - [21/Jan/2009:19:31:17 -0800] "GET /robots.txt HTTP/1.1" 404 275 "-" "msnbot/1.1 (+http://search.msn.com/msnbot.htm)" "wirama.com"
65.55.208.52 - - [21/Jan/2009:19:31:17 -0800] "GET /_private/ HTTP/1.1" 200 675 "-" "msnbot/1.1 (+http://search.msn.com/msnbot.htm)" "wirama.com"
74.6.17.189 - - [21/Jan/2009:19:37:25 -0800] "GET /pr02.htm HTTP/1.0" 404 275 "-" "Mozilla/5.0 (compatible; Yahoo! Slurp; http://help.yahoo.com/help/us/ysearch/slurp)" "www.wirama.com"
74.6.17.189 - - [21/Jan/2009:20:14:05 -0800] "GET /logs/ HTTP/1.0" 200 928 "-" "Mozilla/5.0 (compatible; Yahoo! Slurp; http://help.yahoo.com/help/us/ysearch/slurp)" "www.wirama.com"
65.55.208.61 - - [21/Jan/2009:21:17:49 -0800] "GET /robots.txt HTTP/1.1" 404 275 "-" "msnbot/1.1 (+http://search.msn.com/msnbot.htm)" "wirama.com"
65.55.208.61 - - [21/Jan/2009:21:17:51 -0800] "GET /tmp/ HTTP/1.1" 200 520 "-" "msnbot/1.1 (+http://search.msn.com/msnbot.htm)" "wirama.com"
66.249.72.168 - - [22/Jan/2009:00:26:18 -0800] "GET /robots.txt HTTP/1.1" 404 275 "-" "Mozilla/5.0 (compatible; Googlebot/2.1; +http://www.google.com/bot.html)" "www.wirama.com"
66.249.72.168 - - [22/Jan/2009:00:26:18 -0800] "GET / HTTP/1.1" 200 916 "-" "Mozilla/5.0 (compatible; Googlebot/2.1; +http://www.google.com/bot.html)" "www.wirama.com"
208.80.194.120 - - [22/Jan/2009:01:00:25 -0800] "GET / HTTP/1.0" 200 900 "-" "Mozilla/4.0 (compatible; MSIE 6.0; Windows NT 5.1; YPC 3.2.0; (R1 1.5; yplus 5.3.04b); .NET CLR 1.0.3705)" "www.wirama.com"
74.6.17.189 - - [22/Jan/2009:01:04:31 -0800] "GET / HTTP/1.0" 200 900 "-" "Mozilla/5.0 (compatible; Yahoo! Slurp; http://help.yahoo.com/help/us/ysearch/slurp)" "www.wirama.com"
66.235.124.32 - - [22/Jan/2009:02:27:46 -0800] "GET /robots.txt HTTP/1.1" 404 275 "-" "Mozilla/5.0 (compatible; Ask Jeeves/Teoma; +http://about.ask.com/en/docs/about/webmasters.shtml)" "www.wirama.com"
66.235.124.32 - - [22/Jan/2009:02:27:46 -0800] "GET / HTTP/1.1" 200 916 "-" "Mozilla/5.0 (compatible; Ask Jeeves/Teoma; +http://about.ask.com/en/docs/about/webmasters.shtml)" "www.wirama.com"
66.249.65.71 - - [22/Jan/2009:02:59:53 -0800] "GET /robots.txt HTTP/1.1" 404 275 "-" "Mozilla/5.0 (compatible; Googlebot/2.1; +http://www.google.com/bot.html)" "www.wirama.com"
66.249.65.71 - - [22/Jan/2009:02:59:53 -0800] "GET / HTTP/1.1" 200 916 "-" "Mozilla/5.0 (compatible; Googlebot/2.1; +http://www.google.com/bot.html)" "www.wirama.com"
125.167.177.104 - - [22/Jan/2009:03:40:35 -0800] "GET / HTTP/1.1" 200 916 "http://www.google.co.id/search?hl=id&q=wirama&btnG=Telusuri+dengan+Google&meta=&aq=f&oq=" "Mozilla/5.0 (Windows; U; Windows NT 5.1; en-US; rv:1.8.1.11) Gecko/20071127 Firefox/2.0.0.11" "www.wirama.com"
125.167.177.104 - - [22/Jan/2009:03:49:11 -0800] "GET / HTTP/1.1" 200 916 "http://www.google.co.id/search?hl=id&q=wirama&btnG=Telusuri+dengan+Google&meta=&aq=f&oq=" "Mozilla/5.0 (Windows; U; Windows NT 5.1; en-US; rv:1.8.1.11) Gecko/20071127 Firefox/2.0.0.11" "www.wirama.com"
88.183.32.77 - - [22/Jan/2009:04:09:18 -0800] "GET /favicon.ico HTTP/1.1" 404 275 "-" "Mozilla/4.0 (compatible; GoogleToolbar 5.0.2124.6042; Windows XP 5.1; MSIE 7.0.5730.13)" "wirama.com"
88.183.32.77 - - [22/Jan/2009:04:09:18 -0800] "GET /favicon.gif HTTP/1.1" 404 275 "-" "Mozilla/4.0 (compatible; GoogleToolbar 5.0.2124.6042; Windows XP 5.1; MSIE 7.0.5730.13)" "wirama.com"
66.235.124.32 - - [22/Jan/2009:04:51:57 -0800] "GET / HTTP/1.1" 200 916 "-" "Mozilla/5.0 (compatible; Ask Jeeves/Teoma; +http://about.ask.com/en/docs/about/webmasters.shtml)" "www.wirama.com"
208.111.154.15 - - [22/Jan/2009:05:11:42 -0800] "GET /robots.txt HTTP/1.0" 404 275 "-" "Mozilla/5.0 (compatible; Charlotte/1.1; http://www.searchme.com/support/)" "www.wirama.com"
38.99.13.121 - - [22/Jan/2009:05:13:46 -0800] "GET /robots.txt HTTP/1.0" 404 275 "-" "Mozilla/5.0 (Twiceler-0.9 http://www.cuil.com/twiceler/robot.html)" "wirama.com"
91.121.153.195 - - [22/Jan/2009:05:43:50 -0800] "GET / HTTP/1.1" 200 916 "http://www.diana-teknologia.com [xerka@diana-tek.com]" "Xerka WebBot v1.0.0 [Transporte]" "www.wirama.com"
91.121.153.195 - - [22/Jan/2009:05:43:51 -0800] "GET / HTTP/1.1" 200 916 "http://www.diana-teknologia.com [xerka@diana-tek.com]" "Xerka WebBot v1.0.0 [Transporte]" "www.wirama.com"
91.121.153.195 - - [22/Jan/2009:05:43:52 -0800] "GET /pr02.htm HTTP/1.1" 404 275 "http://www.diana-teknologia.com [xerka@diana-tek.com]" "Xerka WebBot v1.0.0 [Transporte]" "www.wirama.com"
91.121.153.195 - - [22/Jan/2009:05:43:52 -0800] "GET /pr02.htm HTTP/1.1" 404 275 "http://www.diana-teknologia.com [xerka@diana-tek.com]" "Xerka WebBot v1.0.0 [Transporte]" "www.wirama.com"
65.55.208.48 - - [22/Jan/2009:07:56:45 -0800] "GET /robots.txt HTTP/1.1" 404 275 "-" "msnbot/1.1 (+http://search.msn.com/msnbot.htm)" "wirama.com"
65.55.208.48 - - [22/Jan/2009:07:56:45 -0800] "GET /tmp/?N=D HTTP/1.1" 200 520 "-" "msnbot/1.1 (+http://search.msn.com/msnbot.htm)" "wirama.com"
192.203.187.55 - - [22/Jan/2009:08:52:17 -0800] "GET / HTTP/1.1" 200 916 "-" "Mozilla/5.0 (Windows; U; Windows NT 5.1; en-US) AppleWebKit/525.19 (KHTML, like Gecko) Chrome/1.0.154.43 Safari/525.19" "www.wirama.com"
192.203.187.55 - - [22/Jan/2009:08:52:17 -0800] "GET /favicon.ico HTTP/1.1" 404 275 "-" "Mozilla/5.0 (Windows; U; Windows NT 5.1; en-US) AppleWebKit/525.19 (KHTML, like Gecko) Chrome/1.0.154.43 Safari/525.19" "wirama.com"
75.144.164.81 - - [22/Jan/2009:09:10:27 -0800] "GET / HTTP/1.1" 200 916 "-" "Mozilla/5.0 (Windows; U; Windows NT 6.0; en-US; rv:1.9.0.5) Gecko/2008120122 Firefox/3.0.5" "www.wirama.com"
75.144.164.81 - - [22/Jan/2009:09:10:27 -0800] "GET /favicon.ico HTTP/1.1" 404 275 "-" "Mozilla/5.0 (compatible; Google Desktop)" "wirama.com"
75.144.164.81 - - [22/Jan/2009:09:10:28 -0800] "GET /favicon.ico HTTP/1.1" 404 275 "-" "Mozilla/5.0 (Windows; U; Windows NT 6.0; en-US; rv:1.9.0.5) Gecko/2008120122 Firefox/3.0.5" "wirama.com"
75.144.164.81 - - [22/Jan/2009:09:10:31 -0800] "GET /favicon.ico HTTP/1.1" 404 275 "-" "Mozilla/5.0 (Windows; U; Windows NT 6.0; en-US; rv:1.9.0.5) Gecko/2008120122 Firefox/3.0.5" "wirama.com"
75.144.164.81 - - [22/Jan/2009:09:10:42 -0800] "GET / HTTP/1.1" 200 916 "-" "Mozilla/5.0 (Windows; U; Windows NT 6.0; en-US; rv:1.9.0.5) Gecko/2008120122 Firefox/3.0.5" "www.wirama.com"
75.144.164.81 - - [22/Jan/2009:09:10:59 -0800] "GET / HTTP/1.1" 200 916 "-" "Mozilla/5.0 (Windows; U; Windows NT 6.0; en-US; rv:1.9.0.5) Gecko/2008120122 Firefox/3.0.5" "www.wirama.com"
75.144.164.81 - - [22/Jan/2009:09:11:07 -0800] "GET / HTTP/1.1" 200 916 "http://www.wirama.com/" "Mozilla/5.0 (Windows; U; Windows NT 6.0; en-US; rv:1.9.0.5) Gecko/2008120122 Firefox/3.0.5" "www.wirama.com"
75.144.164.81 - - [22/Jan/2009:09:11:09 -0800] "GET /_private/ HTTP/1.1" 200 675 "http://www.wirama.com/" "Mozilla/5.0 (Windows; U; Windows NT 6.0; en-US; rv:1.9.0.5) Gecko/2008120122 Firefox/3.0.5" "www.wirama.com"
75.144.164.81 - - [22/Jan/2009:09:11:17 -0800] "GET /_private/form_results.csv HTTP/1.1" 200 0 "http://www.wirama.com/_private/" "Mozilla/5.0 (Windows; U; Windows NT 6.0; en-US; rv:1.9.0.5) Gecko/2008120122 Firefox/3.0.5" "www.wirama.com"
75.144.164.81 - - [22/Jan/2009:09:17:10 -0800] "GET / HTTP/1.1" 200 916 "http://venturebeat.com/2007/02/28/wirama-wireless-rfid-co-raises-first-round-of-funding/" "Mozilla/5.0 (Windows; U; Windows NT 6.0; en-US; rv:1.9.0.5) Gecko/2008120122 Firefox/3.0.5" "www.wirama.com"
75.144.164.81 - - [22/Jan/2009:09:17:58 -0800] "GET /files/series_A.pdf HTTP/1.1" 404 275 "http://venturebeat.com/2007/02/28/wirama-wireless-rfid-co-raises-first-round-of-funding/" "Mozilla/5.0 (Windows; U; Windows NT 6.0; en-US; rv:1.9.0.5) Gecko/2008120122 Firefox/3.0.5" "www.wirama.com"
75.144.164.81 - - [22/Jan/2009:09:54:27 -0800] "GET / HTTP/1.1" 200 916 "http://www.rfidsolutionsonline.com/article.mvc/Passive-RFID-Reader-Wirama-Demonstrates-World-0001?VNETCOOKIE=NO" "Mozilla/5.0 (Windows; U; Windows NT 6.0; en-US; rv:1.9.0.5) Gecko/2008120122 Firefox/3.0.5" "www.wirama.com"
75.144.164.81 - - [22/Jan/2009:09:54:31 -0800] "GET / HTTP/1.1" 200 916 "http://www.wirama.com/" "Mozilla/5.0 (Windows; U; Windows NT 6.0; en-US; rv:1.9.0.5) Gecko/2008120122 Firefox/3.0.5" "www.wirama.com"
75.144.164.81 - - [22/Jan/2009:09:54:35 -0800] "GET /_private/ HTTP/1.1" 200 675 "http://www.wirama.com/" "Mozilla/5.0 (Windows; U; Windows NT 6.0; en-US; rv:1.9.0.5) Gecko/2008120122 Firefox/3.0.5" "www.wirama.com"
75.144.164.81 - - [22/Jan/2009:09:54:37 -0800] "GET / HTTP/1.1" 200 916 "http://www.wirama.com/_private/" "Mozilla/5.0 (Windows; U; Windows NT 6.0; en-US; rv:1.9.0.5) Gecko/2008120122 Firefox/3.0.5" "www.wirama.com"
75.144.164.81 - - [22/Jan/2009:09:54:42 -0800] "GET /logs/ HTTP/1.1" 200 944 "http://www.wirama.com/" "Mozilla/5.0 (Windows; U; Windows NT 6.0; en-US; rv:1.9.0.5) Gecko/2008120122 Firefox/3.0.5" "www.wirama.com"
75.144.164.81 - - [22/Jan/2009:09:54:42 -0800] "GET /logs/ HTTP/1.1" 200 944 "http://www.wirama.com/" "Mozilla/5.0 (Windows; U; Windows NT 6.0; en-US; rv:1.9.0.5) Gecko/2008120122 Firefox/3.0.5" "www.wirama.com"
75.144.164.81 - - [22/Jan/2009:09:54:46 -0800] "GET /logs/access_081231.log HTTP/1.1" 200 303093 "http://www.wirama.com/logs/" "Mozilla/5.0 (Windows; U; Windows NT 6.0; en-US; rv:1.9.0.5) Gecko/2008120122 Firefox/3.0.5" "www.wirama.com"
75.144.164.81 - - [22/Jan/2009:09:55:11 -0800] "GET /logs/access_090101.log HTTP/1.1" 200 7270 "http://www.wirama.com/logs/" "Mozilla/5.0 (Windows; U; Windows NT 6.0; en-US; rv:1.9.0.5) Gecko/2008120122 Firefox/3.0.5" "www.wirama.com"
75.144.164.81 - - [22/Jan/2009:09:55:34 -0800] "GET /logs/access.log HTTP/1.1" 200 316133 "http://www.wirama.com/logs/" "Mozilla/5.0 (Windows; U; Windows NT 6.0; en-US; rv:1.9.0.5) Gecko/2008120122 Firefox/3.0.5" "www.wirama.com"
203.209.252.67 - - [22/Jan/2009:10:11:13 -0800] "GET /robots.txt HTTP/1.0" 404 275 "-" "Mozilla/5.0 (compatible; Yahoo! Slurp China; http://misc.yahoo.com.cn/help.html)" "www.wirama.com"
202.160.179.100 - - [22/Jan/2009:10:11:15 -0800] "GET / HTTP/1.0" 200 900 "-" "Mozilla/5.0 (compatible; Yahoo! Slurp China; http://misc.yahoo.com.cn/help.html)" "www.wirama.com"
78.140.138.39 - - [22/Jan/2009:10:45:35 -0800] "GET / HTTP/1.1" 200 916 "-" "Mozilla/5.0 (Windows; U; Windows NT 5.1; en-US; rv:1.9.0.5) Gecko/2008120122 Firefox/3.0.5" "www.wirama.com"
65.55.208.46 - - [22/Jan/2009:11:42:21 -0800] "GET /robots.txt HTTP/1.1" 404 275 "-" "msnbot/1.1 (+http://search.msn.com/msnbot.htm)" "wirama.com"
65.55.208.46 - - [22/Jan/2009:11:42:21 -0800] "GET /_private/?D=A HTTP/1.1" 200 675 "-" "msnbot/1.1 (+http://search.msn.com/msnbot.htm)" "wirama.com"
65.55.208.60 - - [22/Jan/2009:11:43:52 -0800] "GET /robots.txt HTTP/1.1" 404 275 "-" "msnbot/1.1 (+http://search.msn.com/msnbot.htm)" "wirama.com"
65.55.208.60 - - [22/Jan/2009:11:43:53 -0800] "GET /tmp/?D=A HTTP/1.1" 200 520 "-" "msnbot/1.1 (+http://search.msn.com/msnbot.htm)" "wirama.com"
65.55.208.59 - - [22/Jan/2009:12:25:43 -0800] "GET /robots.txt HTTP/1.1" 404 275 "-" "msnbot/1.1 (+http://search.msn.com/msnbot.htm)" "wirama.com"
65.55.208.59 - - [22/Jan/2009:12:25:44 -0800] "GET /_private/?N=D HTTP/1.1" 200 675 "-" "msnbot/1.1 (+http://search.msn.com/msnbot.htm)" "wirama.com"
65.55.208.50 - - [22/Jan/2009:12:59:50 -0800] "GET /robots.txt HTTP/1.1" 404 275 "-" "msnbot/1.1 (+http://search.msn.com/msnbot.htm)" "wirama.com"
65.55.208.50 - - [22/Jan/2009:12:59:51 -0800] "GET /logs/access.log HTTP/1.1" 200 317800 "-" "msnbot/1.1 (+http://search.msn.com/msnbot.htm)" "wirama.com"
65.55.208.48 - - [22/Jan/2009:13:38:31 -0800] "GET /_private/?S=A HTTP/1.1" 200 675 "-" "msnbot/1.1 (+http://search.msn.com/msnbot.htm)" "wirama.com"
72.14.193.65 - - [22/Jan/2009:13:53:53 -0800] "GET / HTTP/1.1" 200 916 "-" "Mozilla/5.0 (Windows; U; Windows NT 6.0; it; rv:1.9.0.5) Gecko/2008120122 Firefox/3.0.5,gzip(gfe) (via translate.google.com)" "www.wirama.com"
65.55.208.63 - - [22/Jan/2009:14:34:23 -0800] "GET /robots.txt HTTP/1.1" 404 275 "-" "msnbot/1.1 (+http://search.msn.com/msnbot.htm)" "wirama.com"
65.55.208.63 - - [22/Jan/2009:14:34:27 -0800] "GET /logs/ HTTP/1.1" 200 944 "-" "msnbot/1.1 (+http://search.msn.com/msnbot.htm)" "wirama.com"
65.55.208.47 - - [22/Jan/2009:14:46:24 -0800] "GET /robots.txt HTTP/1.1" 404 275 "-" "msnbot/1.1 (+http://search.msn.com/msnbot.htm)" "wirama.com"
65.55.208.47 - - [22/Jan/2009:14:46:25 -0800] "GET /logs/?N=D HTTP/1.1" 200 944 "-" "msnbot/1.1 (+http://search.msn.com/msnbot.htm)" "wirama.com"
65.55.208.47 - - [22/Jan/2009:15:06:01 -0800] "GET /_private/?M=A HTTP/1.1" 200 675 "-" "msnbot/1.1 (+http://search.msn.com/msnbot.htm)" "wirama.com"
208.80.194.48 - - [22/Jan/2009:15:13:32 -0800] "GET / HTTP/1.0" 200 900 "-" "Mozilla/4.0 (compatible; MSIE 6.0; Windows NT 5.0; .NET CLR 1.0.3705; .NET CLR 1.1.4322; .NET CLR 2.0.50727; InfoPath.1)" "www.wirama.com"
208.111.154.16 - - [22/Jan/2009:15:42:49 -0800] "GET / HTTP/1.1" 200 916 "-" "Mozilla/5.0 (compatible; Charlotte/1.1; http://www.searchme.com/support/)" "www.wirama.com"
99.172.146.243 - - [22/Jan/2009:16:52:31 -0800] "GET / HTTP/1.1" 200 916 "-" "Mozilla/5.0 (Windows; U; Windows NT 5.1; en-US; rv:1.9.0.5) Gecko/2008120122 Firefox/3.0.5" "www.wirama.com"
24.5.193.71 - - [22/Jan/2009:18:15:56 -0800] "GET / HTTP/1.1" 200 916 "-" "Mozilla/5.0 (Windows; U; Windows NT 6.0; en-US; rv:1.8.1.20) Gecko/20081217 Firefox/2.0.0.20" "www.wirama.com"
24.5.193.71 - - [22/Jan/2009:18:15:57 -0800] "GET /favicon.ico HTTP/1.1" 404 275 "-" "Mozilla/5.0 (Windows; U; Windows NT 6.0; en-US; rv:1.8.1.20) Gecko/20081217 Firefox/2.0.0.20" "wirama.com"
65.55.208.58 - - [22/Jan/2009:18:21:31 -0800] "GET /robots.txt HTTP/1.1" 404 275 "-" "msnbot/1.1 (+http://search.msn.com/msnbot.htm)" "wirama.com"
65.55.208.58 - - [22/Jan/2009:18:21:31 -0800] "GET /tmp/?S=A HTTP/1.1" 200 520 "-" "msnbot/1.1 (+http://search.msn.com/msnbot.htm)" "wirama.com"
193.47.80.37 - - [22/Jan/2009:18:35:24 -0800] "GET /robots.txt HTTP/1.1" 404 275 "-" "Mozilla/5.0 (compatible; Exabot/3.0; +http://www.exabot.com/go/robot)" "www.wirama.com"
193.47.80.37 - - [22/Jan/2009:18:35:24 -0800] "GET / HTTP/1.1" 200 916 "-" "Mozilla/5.0 (compatible; Exabot/3.0; +http://www.exabot.com/go/robot)" "www.wirama.com"
65.55.208.60 - - [22/Jan/2009:19:33:59 -0800] "GET /logs/?M=A HTTP/1.1" 200 944 "-" "msnbot/1.1 (+http://search.msn.com/msnbot.htm)" "wirama.com"
64.88.164.198 - - [22/Jan/2009:21:15:57 -0800] "GET /robots.txt HTTP/1.0" 404 275 "-" "SapphireWebCrawler/Nutch-1.0-dev (Sapphire Web Crawler using Nutch; http://boston.lti.cs.cmu.edu/crawler/; mhoy@cs.cmu.edu)" "www.wirama.com"
64.88.164.198 - - [22/Jan/2009:21:15:57 -0800] "GET / HTTP/1.0" 200 900 "-" "SapphireWebCrawler/Nutch-1.0-dev (Sapphire Web Crawler using Nutch; http://boston.lti.cs.cmu.edu/crawler/; mhoy@cs.cmu.edu)" "www.wirama.com"
65.55.208.59 - - [22/Jan/2009:21:23:49 -0800] "GET /robots.txt HTTP/1.1" 404 275 "-" "msnbot/1.1 (+http://search.msn.com/msnbot.htm)" "wirama.com"
65.55.208.59 - - [22/Jan/2009:21:23:49 -0800] "GET /tmp/?M=A HTTP/1.1" 200 520 "-" "msnbot/1.1 (+http://search.msn.com/msnbot.htm)" "wirama.com"
66.249.65.71 - - [22/Jan/2009:21:50:24 -0800] "GET /robots.txt HTTP/1.1" 404 275 "-" "Googlebot-Image/1.0" "www.wirama.com"
66.249.65.71 - - [22/Jan/2009:21:50:24 -0800] "GET /_derived/home_cmp_ice010_vbtn.gif HTTP/1.1" 404 275 "-" "Googlebot-Image/1.0" "wirama.com"
24.130.9.213 - - [22/Jan/2009:21:52:58 -0800] "GET / HTTP/1.1" 200 916 "http://www.google.com/search?hl=en&q=wirama" "Mozilla/4.0 (compatible; MSIE 7.0; Windows NT 5.1; .NET CLR 1.1.4322; InfoPath.1; MS-RTC LM 8; .NET CLR 2.0.50727)" "www.wirama.com"
24.130.9.213 - - [22/Jan/2009:21:52:58 -0800] "GET /favicon.ico HTTP/1.1" 404 275 "-" "Mozilla/4.0 (compatible; MSIE 7.0; Windows NT 5.1; .NET CLR 1.1.4322; InfoPath.1; MS-RTC LM 8; .NET CLR 2.0.50727)" "wirama.com"
65.55.230.157 - - [23/Jan/2009:03:48:25 -0800] "GET /robots.txt HTTP/1.1" 404 275 "-" "msnbot-media/1.1 (+http://search.msn.com/msnbot.htm)" "wirama.com"
65.55.230.157 - - [23/Jan/2009:03:48:26 -0800] "GET /logs/access.log HTTP/1.1" 200 322405 "-" "msnbot-media/1.1 (+http://search.msn.com/msnbot.htm)" "wirama.com"
149.77.166.168 - - [23/Jan/2009:04:54:35 -0800] "GET /pr01.htm HTTP/1.1" 404 275 "http://cache.zoominfo.com/CachedPage/CachedPageMain.aspx?archive_id=0&page_id=-1941194757&page_url=%2f%2fwww.wirama.com%2fpr01.htm&page_last_updated=8%2f19%2f2008+4%3a09%3a06+PM&firstName=Kannan&lastName=Ramchandran" "Mozilla/5.0 (Windows; U; Windows NT 5.1; en-US; rv:1.8.1.6) Gecko/20070725 Firefox/2.0.0.6" "www.wirama.com"
149.77.166.168 - - [23/Jan/2009:04:54:36 -0800] "GET /favicon.ico HTTP/1.1" 404 275 "-" "Mozilla/5.0 (Windows; U; Windows NT 5.1; en-US; rv:1.8.1.6) Gecko/20070725 Firefox/2.0.0.6" "wirama.com"
149.77.166.168 - - [23/Jan/2009:04:54:43 -0800] "GET /pr01.htm HTTP/1.1" 404 275 "http://www.zoominfo.com/Search/ReferencesView.aspx?PersonID=306737527&lastName=Ramchandran&firstName=Kannan&searchSource=page&page=2" "Mozilla/5.0 (Windows; U; Windows NT 5.1; en-US; rv:1.8.1.6) Gecko/20070725 Firefox/2.0.0.6" "www.wirama.com"
149.77.166.168 - - [23/Jan/2009:04:57:00 -0800] "GET / HTTP/1.1" 200 916 "http://www.linksv.com/lsvDev/lsv/frmRedirect.aspx?go=http://www.wirama.com" "Mozilla/5.0 (Windows; U; Windows NT 5.1; en-US; rv:1.8.1.6) Gecko/20070725 Firefox/2.0.0.6" "www.wirama.com"
149.77.166.168 - - [23/Jan/2009:04:57:09 -0800] "GET / HTTP/1.1" 200 916 "http://www.wirama.com/" "Mozilla/5.0 (Windows; U; Windows NT 5.1; en-US; rv:1.8.1.6) Gecko/20070725 Firefox/2.0.0.6" "www.wirama.com"
149.77.166.168 - - [23/Jan/2009:04:57:12 -0800] "GET /_private/ HTTP/1.1" 200 675 "http://www.wirama.com/" "Mozilla/5.0 (Windows; U; Windows NT 5.1; en-US; rv:1.8.1.6) Gecko/20070725 Firefox/2.0.0.6" "www.wirama.com"
149.77.166.168 - - [23/Jan/2009:04:57:15 -0800] "GET /_private/form_results.csv HTTP/1.1" 200 0 "http://www.wirama.com/_private/" "Mozilla/5.0 (Windows; U; Windows NT 5.1; en-US; rv:1.8.1.6) Gecko/20070725 Firefox/2.0.0.6" "www.wirama.com"
149.77.166.168 - - [23/Jan/2009:05:01:50 -0800] "GET / HTTP/1.1" 200 916 "http://www.rfidupdate.com/articles/index.php?id=1542" "Mozilla/5.0 (Windows; U; Windows NT 5.1; en-US; rv:1.8.1.6) Gecko/20070725 Firefox/2.0.0.6" "www.wirama.com"
149.77.166.168 - - [23/Jan/2009:05:02:31 -0800] "GET /pr01.htm HTTP/1.1" 404 275 "http://www.zoominfo.com/Search/ReferencesView.aspx?PersonID=306737527&lastName=Ramchandran&firstName=Kannan&searchSource=page&page=2" "Mozilla/5.0 (Windows; U; Windows NT 5.1; en-US; rv:1.8.1.6) Gecko/20070725 Firefox/2.0.0.6" "www.wirama.com"
208.111.154.15 - - [23/Jan/2009:07:24:24 -0800] "GET /robots.txt HTTP/1.0" 404 275 "-" "Mozilla/5.0 (compatible; Charlotte/1.1; http://www.searchme.com/support/)" "www.wirama.com"
66.249.65.71 - - [23/Jan/2009:08:54:37 -0800] "GET /logs/access_081231.log HTTP/1.1" 200 0 "-" "Mozilla/5.0 (compatible; Googlebot/2.1; +http://www.google.com/bot.html)" "www.wirama.com"
66.249.65.71 - - [23/Jan/2009:08:54:39 -0800] "GET /logs/access.log HTTP/1.1" 200 325506 "-" "Mozilla/5.0 (compatible; Googlebot/2.1; +http://www.google.com/bot.html)" "www.wirama.com"
65.55.208.59 - - [23/Jan/2009:09:04:06 -0800] "GET /logs/?D=A HTTP/1.1" 200 944 "-" "msnbot/1.1 (+http://search.msn.com/msnbot.htm)" "wirama.com"
65.55.208.59 - - [23/Jan/2009:09:04:06 -0800] "GET /?D=D HTTP/1.1" 200 916 "-" "msnbot/1.1 (+http://search.msn.com/msnbot.htm)" "wirama.com"
195.113.214.204 - - [23/Jan/2009:09:25:06 -0800] "GET /robots.txt HTTP/1.0" 404 275 "-" "Jyxobot/1" "www.wirama.com"
195.113.214.204 - - [23/Jan/2009:09:25:16 -0800] "GET /pr02.htm HTTP/1.0" 404 275 "-" "Jyxobot/1" "www.wirama.com"
74.6.17.189 - - [23/Jan/2009:09:48:12 -0800] "GET /robots.txt HTTP/1.0" 404 275 "-" "Mozilla/5.0 (compatible; Yahoo! Slurp; http://help.yahoo.com/help/us/ysearch/slurp)" "www.wirama.com"
66.92.85.82 - - [23/Jan/2009:13:19:22 -0800] "GET / HTTP/1.1" 200 916 "http://www.google.com/search?q=wirama+&ie=utf-8&oe=utf-8&aq=t&rls=org.mozilla:en-US:official&client=firefox-a" "Mozilla/5.0 (Windows; U; Windows NT 5.1; en-US; rv:1.9.0.5) Gecko/2008120122 Firefox/3.0.5" "www.wirama.com"
66.92.85.82 - - [23/Jan/2009:13:19:25 -0800] "GET /favicon.ico HTTP/1.1" 404 275 "-" "Mozilla/5.0 (Windows; U; Windows NT 5.1; en-US; rv:1.9.0.5) Gecko/2008120122 Firefox/3.0.5" "wirama.com"
66.92.85.82 - - [23/Jan/2009:13:19:25 -0800] "GET /_private/ HTTP/1.1" 200 675 "http://www.wirama.com/" "Mozilla/5.0 (Windows; U; Windows NT 5.1; en-US; rv:1.9.0.5) Gecko/2008120122 Firefox/3.0.5" "www.wirama.com"
66.92.85.82 - - [23/Jan/2009:13:19:25 -0800] "GET /favicon.ico HTTP/1.1" 404 275 "-" "Mozilla/5.0 (Windows; U; Windows NT 5.1; en-US; rv:1.9.0.5) Gecko/2008120122 Firefox/3.0.5" "wirama.com"
66.92.85.82 - - [23/Jan/2009:13:19:28 -0800] "GET /favicon.ico HTTP/1.1" 404 275 "-" "Mozilla/5.0 (Windows; U; Windows NT 5.1; en-US; rv:1.9.0.5) Gecko/2008120122 Firefox/3.0.5" "wirama.com"
66.92.85.82 - - [23/Jan/2009:13:19:28 -0800] "GET /favicon.ico HTTP/1.1" 404 275 "-" "Mozilla/5.0 (Windows; U; Windows NT 5.1; en-US; rv:1.9.0.5) Gecko/2008120122 Firefox/3.0.5" "wirama.com"
205.232.188.194 - - [23/Jan/2009:13:57:57 -0800] "GET / HTTP/1.1" 200 916 "http://www.google.com/search?q=wirama&ie=utf-8&oe=utf-8&aq=t&rls=org.mozilla:en-US:official&client=firefox-a" "Mozilla/5.0 (Windows; U; Windows NT 5.1; en-US; rv:1.9.0.3) Gecko/2008092417 Firefox/3.0.3" "www.wirama.com"
208.115.111.251 - - [23/Jan/2009:14:35:42 -0800] "GET /robots.txt HTTP/1.1" 404 275 "-" "Mozilla/5.0 (compatible; DotBot/1.1; http://www.dotnetdotcom.org/, crawler@dotnetdotcom.org)" "www.wirama.com"
74.6.17.189 - - [23/Jan/2009:14:39:59 -0800] "GET /tmp/?N=A HTTP/1.0" 200 504 "-" "Mozilla/5.0 (compatible; Yahoo! Slurp; http://help.yahoo.com/help/us/ysearch/slurp)" "www.wirama.com"
65.182.241.51 - - [23/Jan/2009:15:09:30 -0800] "GET / HTTP/1.1" 200 916 "http://www.rfidjournalevents.com/live2008/companyPopUpbce5.html?companyID=365" "Mozilla/4.0 (compatible; MSIE 7.0; Windows NT 5.1; .NET CLR 1.1.4322; .NET CLR 2.0.50727; .NET CLR 3.0.04506.30; .NET CLR 3.0.04506.648; .NET CLR 3.5.21022; MS-RTC LM 8)" "wirama.com"
65.182.241.51 - - [23/Jan/2009:15:09:32 -0800] "GET /favicon.ico HTTP/1.1" 404 275 "-" "Mozilla/4.0 (compatible; MSIE 7.0; Windows NT 5.1; .NET CLR 1.1.4322; .NET CLR 2.0.50727; .NET CLR 3.0.04506.30; .NET CLR 3.0.04506.648; .NET CLR 3.5.21022; MS-RTC LM 8)" "wirama.com"
65.182.241.51 - - [23/Jan/2009:15:09:53 -0800] "GET / HTTP/1.1" 200 916 "http://www.google.com/search?hl=en&fkt=1125&fsdt=2500&q=WIRAMA&aq=f&oq=" "Mozilla/4.0 (compatible; MSIE 7.0; Windows NT 5.1; .NET CLR 1.1.4322; .NET CLR 2.0.50727; .NET CLR 3.0.04506.30; .NET CLR 3.0.04506.648; .NET CLR 3.5.21022; MS-RTC LM 8)" "www.wirama.com"
65.182.241.51 - - [23/Jan/2009:15:09:53 -0800] "GET /favicon.ico HTTP/1.1" 404 275 "-" "Mozilla/4.0 (compatible; MSIE 7.0; Windows NT 5.1; .NET CLR 1.1.4322; .NET CLR 2.0.50727; .NET CLR 3.0.04506.30; .NET CLR 3.0.04506.648; .NET CLR 3.5.21022; MS-RTC LM 8)" "wirama.com"
65.182.241.51 - - [23/Jan/2009:15:09:55 -0800] "GET /logs/ HTTP/1.1" 200 944 "http://www.wirama.com/" "Mozilla/4.0 (compatible; MSIE 7.0; Windows NT 5.1; .NET CLR 1.1.4322; .NET CLR 2.0.50727; .NET CLR 3.0.04506.30; .NET CLR 3.0.04506.648; .NET CLR 3.5.21022; MS-RTC LM 8)" "www.wirama.com"
150.70.84.43 - - [23/Jan/2009:15:11:26 -0800] "GET /logs/ HTTP/1.0" 200 928 "-" "Mozilla/4.0 (compatible; MSIE 6.0; Windows NT 5.1)" "www.wirama.com"
150.70.84.43 - - [23/Jan/2009:15:11:31 -0800] "GET / HTTP/1.0" 200 900 "-" "Mozilla/4.0 (compatible; MSIE 6.0; Windows NT 5.1)" "wirama.com"
66.235.124.32 - - [23/Jan/2009:15:44:16 -0800] "GET /robots.txt HTTP/1.1" 404 275 "-" "Mozilla/5.0 (compatible; Ask Jeeves/Teoma; +http://about.ask.com/en/docs/about/webmasters.shtml)" "www.wirama.com"
66.235.124.32 - - [23/Jan/2009:15:44:16 -0800] "GET / HTTP/1.1" 200 916 "-" "Mozilla/5.0 (compatible; Ask Jeeves/Teoma; +http://about.ask.com/en/docs/about/webmasters.shtml)" "www.wirama.com"
208.115.111.251 - - [23/Jan/2009:16:54:49 -0800] "GET /robots.txt HTTP/1.1" 404 275 "-" "Mozilla/5.0 (compatible; DotBot/1.1; http://www.dotnetdotcom.org/, crawler@dotnetdotcom.org)" "www.wirama.com"
208.115.111.251 - - [23/Jan/2009:17:36:55 -0800] "GET / HTTP/1.1" 200 916 "-" "Mozilla/5.0 (compatible; DotBot/1.1; http://www.dotnetdotcom.org/, crawler@dotnetdotcom.org)" "www.wirama.com"
208.115.111.251 - - [23/Jan/2009:17:37:00 -0800] "GET /contents.htm HTTP/1.1" 404 275 "-" "Mozilla/5.0 (compatible; DotBot/1.1; http://www.dotnetdotcom.org/, crawler@dotnetdotcom.org)" "www.wirama.com"
208.115.111.251 - - [23/Jan/2009:17:37:04 -0800] "GET /index.html HTTP/1.1" 404 275 "-" "Mozilla/5.0 (compatible; DotBot/1.1; http://www.dotnetdotcom.org/, crawler@dotnetdotcom.org)" "www.wirama.com"
208.115.111.251 - - [23/Jan/2009:17:37:08 -0800] "GET /inquiries.htm HTTP/1.1" 404 275 "-" "Mozilla/5.0 (compatible; DotBot/1.1; http://www.dotnetdotcom.org/, crawler@dotnetdotcom.org)" "www.wirama.com"
208.115.111.251 - - [23/Jan/2009:17:37:13 -0800] "GET /jo01.htm HTTP/1.1" 404 275 "-" "Mozilla/5.0 (compatible; DotBot/1.1; http://www.dotnetdotcom.org/, crawler@dotnetdotcom.org)" "www.wirama.com"
208.115.111.251 - - [23/Jan/2009:17:37:17 -0800] "GET /jo02.htm HTTP/1.1" 404 275 "-" "Mozilla/5.0 (compatible; DotBot/1.1; http://www.dotnetdotcom.org/, crawler@dotnetdotcom.org)" "www.wirama.com"
208.115.111.251 - - [23/Jan/2009:17:37:22 -0800] "GET /job_opportunities.htm HTTP/1.1" 404 275 "-" "Mozilla/5.0 (compatible; DotBot/1.1; http://www.dotnetdotcom.org/, crawler@dotnetdotcom.org)" "www.wirama.com"
208.115.111.251 - - [23/Jan/2009:17:37:27 -0800] "GET /jobs.html HTTP/1.1" 404 275 "-" "Mozilla/5.0 (compatible; DotBot/1.1; http://www.dotnetdotcom.org/, crawler@dotnetdotcom.org)" "www.wirama.com"
74.6.17.189 - - [23/Jan/2009:18:41:23 -0800] "GET /?M=A HTTP/1.0" 200 900 "-" "Mozilla/5.0 (compatible; Yahoo! Slurp; http://help.yahoo.com/help/us/ysearch/slurp)" "www.wirama.com"
64.124.85.92 - - [23/Jan/2009:19:10:44 -0800] "GET /robots.txt HTTP/1.1" 404 275 "-" "Mozilla/5.0 (compatible; BecomeBot/3.0; +http://www.become.com/site_owners.html)" "wirama.com"
64.124.85.92 - - [23/Jan/2009:19:20:27 -0800] "GET /tmp/?S=D HTTP/1.1" 200 520 "-" "Mozilla/5.0 (compatible; BecomeBot/3.0; +http://www.become.com/site_owners.html)" "wirama.com"
208.115.111.251 - - [23/Jan/2009:20:34:44 -0800] "GET /news.htm HTTP/1.1" 404 275 "-" "Mozilla/5.0 (compatible; DotBot/1.1; http://www.dotnetdotcom.org/, crawler@dotnetdotcom.org)" "www.wirama.com"
208.115.111.251 - - [23/Jan/2009:20:34:49 -0800] "GET /pr01.htm HTTP/1.1" 404 275 "-" "Mozilla/5.0 (compatible; DotBot/1.1; http://www.dotnetdotcom.org/, crawler@dotnetdotcom.org)" "www.wirama.com"
208.115.111.251 - - [23/Jan/2009:20:34:55 -0800] "GET /pr02.htm HTTP/1.1" 404 275 "-" "Mozilla/5.0 (compatible; DotBot/1.1; http://www.dotnetdotcom.org/, crawler@dotnetdotcom.org)" "www.wirama.com"
208.36.144.8 - - [23/Jan/2009:20:52:39 -0800] "GET /robots.txt HTTP/1.0" 404 275 "-" "Mozilla/5.0 (Twiceler-0.9 http://www.cuil.com/twiceler/robot.html)" "www.wirama.com"
208.80.194.34 - - [23/Jan/2009:20:55:02 -0800] "GET / HTTP/1.0" 200 900 "-" "Mozilla/4.0 (compatible; MSIE 6.0; Windows NT 5.1; iebar; SV1; .NET CLR 1.0.3705; .NET CLR 1.1.4322)" "www.wirama.com"
67.195.37.155 - - [23/Jan/2009:21:39:16 -0800] "GET /robots.txt HTTP/1.0" 404 275 "-" "Mozilla/5.0 (compatible; Yahoo! Slurp; http://help.yahoo.com/help/us/ysearch/slurp)" "www.wirama.com"
67.195.37.155 - - [23/Jan/2009:21:40:47 -0800] "GET / HTTP/1.0" 200 900 "-" "Mozilla/5.0 (compatible; Yahoo! Slurp/3.0; http://help.yahoo.com/help/us/ysearch/slurp)" "www.wirama.com"
67.195.37.155 - - [23/Jan/2009:22:11:17 -0800] "GET /?S=A HTTP/1.0" 200 900 "-" "Mozilla/5.0 (compatible; Yahoo! Slurp/3.0; http://help.yahoo.com/help/us/ysearch/slurp)" "www.wirama.com"
193.47.80.37 - - [23/Jan/2009:23:02:57 -0800] "GET /robots.txt HTTP/1.1" 404 275 "-" "Mozilla/5.0 (compatible; Exabot/3.0; +http://www.exabot.com/go/robot)" "wirama.com"
193.47.80.37 - - [23/Jan/2009:23:02:58 -0800] "GET / HTTP/1.1" 200 916 "-" "Mozilla/5.0 (compatible; Exabot/3.0; +http://www.exabot.com/go/robot)" "wirama.com"
67.195.37.158 - - [24/Jan/2009:01:06:57 -0800] "GET /robots.txt HTTP/1.0" 404 275 "-" "Mozilla/5.0 (compatible; Yahoo! Slurp; http://help.yahoo.com/help/us/ysearch/slurp)" "www.wirama.com"
64.88.164.198 - - [24/Jan/2009:02:00:59 -0800] "GET /robots.txt HTTP/1.0" 404 275 "-" "SapphireWebCrawler/Nutch-1.0-dev (Sapphire Web Crawler using Nutch; http://boston.lti.cs.cmu.edu/crawler/; mhoy@cs.cmu.edu)" "www.wirama.com"
64.88.164.198 - - [24/Jan/2009:02:00:59 -0800] "GET /tmp/ HTTP/1.0" 200 504 "-" "SapphireWebCrawler/Nutch-1.0-dev (Sapphire Web Crawler using Nutch; http://boston.lti.cs.cmu.edu/crawler/; mhoy@cs.cmu.edu)" "www.wirama.com"
74.125.74.86 - - [24/Jan/2009:05:50:35 -0800] "GET / HTTP/1.1" 200 916 "http://translate.google.co.id/translate?hl=id&sl=en&u=http://www.wirama.com/&sa=X&oi=translate&resnum=1&ct=result&prev=/search%3Fq%3Dwirama%26hl%3Did%26sa%3DG" "Mozilla/4.0 (compatible; MSIE 6.0; Windows NT 5.1; SV1; .NET CLR 2.0.50727),gzip(gfe) (via translate.google.com)" "www.wirama.com"
61.5.92.99 - - [24/Jan/2009:05:50:52 -0800] "GET / HTTP/1.1" 200 916 "http://translate.google.co.id/translate_n?hl=id&sl=en&u=http://www.wirama.com/&prev=/search%3Fq%3Dwirama%26hl%3Did%26sa%3DG" "Mozilla/4.0 (compatible; MSIE 6.0; Windows NT 5.1; SV1; .NET CLR 2.0.50727)" "www.wirama.com"
74.125.74.86 - - [24/Jan/2009:05:51:06 -0800] "GET / HTTP/1.1" 200 916 "http://64.233.189.101/translate_c?hl=id&sl=en&u=http://www.wirama.com/&prev=/search%3Fq%3Dwirama%26hl%3Did%26sa%3DG&usg=ALkJrhgScSkHdSHSlIhg2_denhoKJMJgeA" "Mozilla/4.0 (compatible; MSIE 6.0; Windows NT 5.1; SV1; .NET CLR 2.0.50727),gzip(gfe) (via translate.google.com)" "www.wirama.com"
65.55.232.10 - - [24/Jan/2009:07:12:48 -0800] "GET /robots.txt HTTP/1.1" 404 275 "-" "msnbot/1.1 (+http://search.msn.com/msnbot.htm)" "www.wirama.com"
65.55.232.10 - - [24/Jan/2009:07:12:50 -0800] "GET /pr02.htm HTTP/1.1" 404 275 "-" "msnbot/1.1 (+http://search.msn.com/msnbot.htm)" "www.wirama.com"
38.99.13.121 - - [24/Jan/2009:09:08:16 -0800] "GET /robots.txt HTTP/1.0" 404 275 "-" "Mozilla/5.0 (Twiceler-0.9 http://www.cuil.com/twiceler/robot.html)" "wirama.com"
66.249.65.71 - - [24/Jan/2009:10:41:18 -0800] "GET /robots.txt HTTP/1.1" 404 275 "-" "Mozilla/5.0 (compatible; Googlebot/2.1; +http://www.google.com/bot.html)" "www.wirama.com"
66.249.65.71 - - [24/Jan/2009:10:41:18 -0800] "GET /logs/ HTTP/1.1" 200 944 "-" "Mozilla/5.0 (compatible; Googlebot/2.1; +http://www.google.com/bot.html)" "www.wirama.com"
195.229.235.40 - - [24/Jan/2009:10:47:17 -0800] "POST /mommool/zoojyduk.pl HTTP/1.1" 404 275 "http://www.wirama.com/gigomoumouf/myho.shtml" "Mozilla/4.0 (compatible; MSIE 6.0; Windows NT 5.1; SV1)" "www.wirama.com"
65.55.208.48 - - [24/Jan/2009:11:41:51 -0800] "GET /robots.txt HTTP/1.1" 404 275 "-" "msnbot/1.1 (+http://search.msn.com/msnbot.htm)" "wirama.com"
65.55.208.48 - - [24/Jan/2009:11:41:51 -0800] "GET /_private/?D=D HTTP/1.1" 200 675 "-" "msnbot/1.1 (+http://search.msn.com/msnbot.htm)" "wirama.com"
74.6.17.189 - - [24/Jan/2009:12:08:05 -0800] "GET /robots.txt HTTP/1.0" 404 275 "-" "Mozilla/5.0 (compatible; Yahoo! Slurp; http://help.yahoo.com/help/us/ysearch/slurp)" "www.wirama.com"
74.6.17.189 - - [24/Jan/2009:12:08:34 -0800] "GET /logs/?M=A HTTP/1.0" 200 928 "-" "Mozilla/5.0 (compatible; Yahoo! Slurp; http://help.yahoo.com/help/us/ysearch/slurp)" "www.wirama.com"
74.6.17.189 - - [24/Jan/2009:12:13:22 -0800] "GET /logs/?M=D HTTP/1.0" 200 928 "-" "Mozilla/5.0 (compatible; Yahoo! Slurp; http://help.yahoo.com/help/us/ysearch/slurp)" "www.wirama.com"
114.111.36.26 - - [24/Jan/2009:13:27:11 -0800] "GET /robots.txt HTTP/1.1" 404 275 "-" "Mozilla/4.0 (compatible; NaverBot/1.0; http://help.naver.com/customer_webtxt_02.jsp)" "www.wirama.com"
114.111.36.26 - - [24/Jan/2009:13:27:26 -0800] "GET / HTTP/1.1" 200 916 "-" "Mozilla/4.0 (compatible; NaverBot/1.0; http://help.naver.com/customer_webtxt_02.jsp)" "www.wirama.com"
74.6.17.189 - - [24/Jan/2009:13:35:58 -0800] "GET /robots.txt HTTP/1.0" 404 275 "-" "Mozilla/5.0 (compatible; Yahoo! Slurp; http://help.yahoo.com/help/us/ysearch/slurp)" "wirama.com"
74.6.17.189 - - [24/Jan/2009:13:36:16 -0800] "GET / HTTP/1.0" 200 900 "-" "Mozilla/5.0 (compatible; Yahoo! Slurp; http://help.yahoo.com/help/us/ysearch/slurp)" "wirama.com"
65.55.208.60 - - [24/Jan/2009:13:41:34 -0800] "GET /robots.txt HTTP/1.1" 404 275 "-" "msnbot/1.1 (+http://search.msn.com/msnbot.htm)" "wirama.com"
65.55.208.60 - - [24/Jan/2009:13:41:34 -0800] "GET /_private/?N=A HTTP/1.1" 200 675 "-" "msnbot/1.1 (+http://search.msn.com/msnbot.htm)" "wirama.com"
74.6.17.189 - - [24/Jan/2009:13:44:26 -0800] "GET /?N=D HTTP/1.0" 200 900 "-" "Mozilla/5.0 (compatible; Yahoo! Slurp; http://help.yahoo.com/help/us/ysearch/slurp)" "wirama.com"
74.6.17.189 - - [24/Jan/2009:15:18:06 -0800] "GET /logs/?S=A HTTP/1.0" 200 928 "-" "Mozilla/5.0 (compatible; Yahoo! Slurp; http://help.yahoo.com/help/us/ysearch/slurp)" "www.wirama.com"
65.55.208.60 - - [24/Jan/2009:15:34:07 -0800] "GET /logs/?D=D HTTP/1.1" 200 944 "-" "msnbot/1.1 (+http://search.msn.com/msnbot.htm)" "wirama.com"
65.55.208.47 - - [24/Jan/2009:16:52:38 -0800] "GET /robots.txt HTTP/1.1" 404 275 "-" "msnbot/1.1 (+http://search.msn.com/msnbot.htm)" "wirama.com"
65.55.208.47 - - [24/Jan/2009:16:52:38 -0800] "GET /logs/?N=A HTTP/1.1" 200 944 "-" "msnbot/1.1 (+http://search.msn.com/msnbot.htm)" "wirama.com"
65.55.208.50 - - [24/Jan/2009:17:02:52 -0800] "GET /robots.txt HTTP/1.1" 404 275 "-" "msnbot/1.1 (+http://search.msn.com/msnbot.htm)" "wirama.com"
65.55.208.50 - - [24/Jan/2009:17:02:52 -0800] "GET /_private/?M=D HTTP/1.1" 200 675 "-" "msnbot/1.1 (+http://search.msn.com/msnbot.htm)" "wirama.com"
208.80.194.35 - - [24/Jan/2009:17:24:21 -0800] "GET / HTTP/1.0" 200 900 "-" "Mozilla/4.0 (compatible; MSIE 6.0; Windows NT 5.1; {C4524109-CC5E-6B24-9734-09E256C653BB}; InfoPath.1)" "www.wirama.com"
74.6.17.189 - - [24/Jan/2009:17:58:20 -0800] "GET / HTTP/1.0" 200 900 "-" "Mozilla/5.0 (compatible; Yahoo! Slurp; http://help.yahoo.com/help/us/ysearch/slurp)" "www.wirama.com"
74.6.17.189 - - [24/Jan/2009:17:59:58 -0800] "GET /_private/?S=D HTTP/1.0" 200 659 "-" "Mozilla/5.0 (compatible; Yahoo! Slurp; http://help.yahoo.com/help/us/ysearch/slurp)" "www.wirama.com"
74.6.17.189 - - [24/Jan/2009:18:16:26 -0800] "GET /?N=D HTTP/1.0" 200 900 "-" "Mozilla/5.0 (compatible; Yahoo! Slurp; http://help.yahoo.com/help/us/ysearch/slurp)" "www.wirama.com"
74.6.17.189 - - [24/Jan/2009:18:25:10 -0800] "GET /logs/ HTTP/1.0" 200 928 "-" "Mozilla/5.0 (compatible; Yahoo! Slurp; http://help.yahoo.com/help/us/ysearch/slurp)" "wirama.com"
74.6.17.189 - - [24/Jan/2009:19:06:16 -0800] "GET /?D=A HTTP/1.0" 200 900 "-" "Mozilla/5.0 (compatible; Yahoo! Slurp; http://help.yahoo.com/help/us/ysearch/slurp)" "www.wirama.com"
65.55.208.53 - - [24/Jan/2009:19:24:20 -0800] "GET /robots.txt HTTP/1.1" 404 275 "-" "msnbot/1.1 (+http://search.msn.com/msnbot.htm)" "wirama.com"
65.55.208.53 - - [24/Jan/2009:19:24:20 -0800] "GET /_private/ HTTP/1.1" 200 675 "-" "msnbot/1.1 (+http://search.msn.com/msnbot.htm)" "wirama.com"
74.6.17.189 - - [24/Jan/2009:19:27:15 -0800] "GET /_private/ HTTP/1.0" 200 659 "-" "Mozilla/5.0 (compatible; Yahoo! Slurp; http://help.yahoo.com/help/us/ysearch/slurp)" "www.wirama.com"
65.55.208.61 - - [24/Jan/2009:19:47:42 -0800] "GET /robots.txt HTTP/1.1" 404 275 "-" "msnbot/1.1 (+http://search.msn.com/msnbot.htm)" "wirama.com"
65.55.208.61 - - [24/Jan/2009:19:47:42 -0800] "GET /logs/?M=D HTTP/1.1" 200 944 "-" "msnbot/1.1 (+http://search.msn.com/msnbot.htm)" "wirama.com"
74.6.17.189 - - [24/Jan/2009:20:00:20 -0800] "GET /_private/?M=A HTTP/1.0" 200 659 "-" "Mozilla/5.0 (compatible; Yahoo! Slurp; http://help.yahoo.com/help/us/ysearch/slurp)" "www.wirama.com"
65.55.208.59 - - [24/Jan/2009:20:13:20 -0800] "GET /robots.txt HTTP/1.1" 404 275 "-" "msnbot/1.1 (+http://search.msn.com/msnbot.htm)" "wirama.com"
65.55.208.59 - - [24/Jan/2009:20:13:20 -0800] "GET /tmp/?S=D HTTP/1.1" 200 520 "-" "msnbot/1.1 (+http://search.msn.com/msnbot.htm)" "wirama.com"
65.55.208.61 - - [24/Jan/2009:20:14:04 -0800] "GET /tmp/?D=D HTTP/1.1" 200 520 "-" "msnbot/1.1 (+http://search.msn.com/msnbot.htm)" "wirama.com"
65.55.230.156 - - [24/Jan/2009:20:28:30 -0800] "GET /robots.txt HTTP/1.1" 404 275 "-" "msnbot-media/1.1 (+http://search.msn.com/msnbot.htm)" "wirama.com"
65.55.230.156 - - [24/Jan/2009:20:28:30 -0800] "GET /logs/?N=A HTTP/1.1" 200 944 "-" "msnbot-media/1.1 (+http://search.msn.com/msnbot.htm)" "wirama.com"
65.55.208.48 - - [24/Jan/2009:20:58:47 -0800] "GET /tmp/?N=A HTTP/1.1" 200 520 "-" "msnbot/1.1 (+http://search.msn.com/msnbot.htm)" "wirama.com"
65.55.208.60 - - [24/Jan/2009:21:20:48 -0800] "GET /robots.txt HTTP/1.1" 404 275 "-" "msnbot/1.1 (+http://search.msn.com/msnbot.htm)" "wirama.com"
65.55.208.60 - - [24/Jan/2009:21:20:48 -0800] "GET /tmp/?M=D HTTP/1.1" 200 520 "-" "msnbot/1.1 (+http://search.msn.com/msnbot.htm)" "wirama.com"
65.55.208.50 - - [24/Jan/2009:22:01:12 -0800] "GET /robots.txt HTTP/1.1" 404 275 "-" "msnbot/1.1 (+http://search.msn.com/msnbot.htm)" "wirama.com"
65.55.208.50 - - [24/Jan/2009:22:01:12 -0800] "GET /_private/?S=D HTTP/1.1" 200 675 "-" "msnbot/1.1 (+http://search.msn.com/msnbot.htm)" "wirama.com"
65.55.208.62 - - [24/Jan/2009:22:27:43 -0800] "GET /robots.txt HTTP/1.1" 404 275 "-" "msnbot/1.1 (+http://search.msn.com/msnbot.htm)" "wirama.com"
65.55.208.62 - - [24/Jan/2009:22:27:43 -0800] "GET /tmp/ HTTP/1.1" 200 520 "-" "msnbot/1.1 (+http://search.msn.com/msnbot.htm)" "wirama.com"
74.6.17.189 - - [24/Jan/2009:22:28:50 -0800] "GET /robots.txt HTTP/1.0" 404 275 "-" "Mozilla/5.0 (compatible; Yahoo! Slurp; http://help.yahoo.com/help/us/ysearch/slurp)" "www.wirama.com"
74.6.17.189 - - [24/Jan/2009:22:29:19 -0800] "GET /_private/?N=A HTTP/1.0" 200 659 "-" "Mozilla/5.0 (compatible; Yahoo! Slurp; http://help.yahoo.com/help/us/ysearch/slurp)" "www.wirama.com"
74.6.17.189 - - [24/Jan/2009:22:34:53 -0800] "GET /robots.txt HTTP/1.0" 404 275 "-" "Mozilla/5.0 (compatible; Yahoo! Slurp; http://help.yahoo.com/help/us/ysearch/slurp)" "wirama.com"
65.55.208.62 - - [24/Jan/2009:22:48:56 -0800] "GET /logs/?S=D HTTP/1.1" 200 944 "-" "msnbot/1.1 (+http://search.msn.com/msnbot.htm)" "wirama.com"
74.6.8.87 - - [25/Jan/2009:00:04:43 -0800] "GET /robots.txt HTTP/1.0" 404 275 "-" "Mozilla/5.0 (compatible; Yahoo! Slurp; http://help.yahoo.com/help/us/ysearch/slurp)" "www.wirama.com"
65.55.230.156 - - [25/Jan/2009:00:46:47 -0800] "GET /_private/?D=D HTTP/1.1" 200 675 "-" "msnbot-media/1.1 (+http://search.msn.com/msnbot.htm)" "wirama.com"
65.55.208.48 - - [25/Jan/2009:01:25:47 -0800] "GET /robots.txt HTTP/1.1" 404 275 "-" "msnbot/1.1 (+http://search.msn.com/msnbot.htm)" "wirama.com"
65.55.208.48 - - [25/Jan/2009:01:25:47 -0800] "GET /logs/?N=D HTTP/1.1" 200 944 "-" "msnbot/1.1 (+http://search.msn.com/msnbot.htm)" "wirama.com"
65.55.230.158 - - [25/Jan/2009:01:29:05 -0800] "GET /robots.txt HTTP/1.1" 404 275 "-" "msnbot-media/1.1 (+http://search.msn.com/msnbot.htm)" "wirama.com"
65.55.230.158 - - [25/Jan/2009:01:29:05 -0800] "GET /logs/?S=D HTTP/1.1" 200 944 "-" "msnbot-media/1.1 (+http://search.msn.com/msnbot.htm)" "wirama.com"
65.55.208.48 - - [25/Jan/2009:01:51:41 -0800] "GET /_private/?M=A HTTP/1.1" 200 675 "-" "msnbot/1.1 (+http://search.msn.com/msnbot.htm)" "wirama.com"
65.55.208.51 - - [25/Jan/2009:01:59:47 -0800] "GET /robots.txt HTTP/1.1" 404 275 "-" "msnbot/1.1 (+http://search.msn.com/msnbot.htm)" "wirama.com"
65.55.208.51 - - [25/Jan/2009:01:59:48 -0800] "GET /logs/access.log HTTP/1.1" 200 346026 "-" "msnbot/1.1 (+http://search.msn.com/msnbot.htm)" "wirama.com"
38.103.17.185 - - [25/Jan/2009:02:21:06 -0800] "GET /robots.txt HTTP/1.1" 404 275 "-" "-" "wirama.com"
38.103.17.185 - - [25/Jan/2009:02:21:07 -0800] "GET / HTTP/1.1" 200 916 "-" "CyberPatrol SiteCat Webbot (http://www.cyberpatrol.com/cyberpatrolcrawler.asp)" "wirama.com"
38.103.17.185 - - [25/Jan/2009:02:21:08 -0800] "GET /_private HTTP/1.1" 301 90 "-" "CyberPatrol SiteCat Webbot (http://www.cyberpatrol.com/cyberpatrolcrawler.asp)" "wirama.com"
38.103.17.185 - - [25/Jan/2009:02:21:08 -0800] "GET /_private/ HTTP/1.1" 200 675 "-" "CyberPatrol SiteCat Webbot (http://www.cyberpatrol.com/cyberpatrolcrawler.asp)" "wirama.com"
38.103.17.185 - - [25/Jan/2009:02:21:09 -0800] "GET /_private/form_results.csv HTTP/1.1" 200 0 "-" "CyberPatrol SiteCat Webbot (http://www.cyberpatrol.com/cyberpatrolcrawler.asp)" "wirama.com"
38.103.17.185 - - [25/Jan/2009:02:21:10 -0800] "GET /logs HTTP/1.1" 301 86 "-" "CyberPatrol SiteCat Webbot (http://www.cyberpatrol.com/cyberpatrolcrawler.asp)" "wirama.com"
38.103.17.185 - - [25/Jan/2009:02:21:10 -0800] "GET /logs/ HTTP/1.1" 200 944 "-" "CyberPatrol SiteCat Webbot (http://www.cyberpatrol.com/cyberpatrolcrawler.asp)" "wirama.com"
38.103.17.185 - - [25/Jan/2009:02:21:11 -0800] "GET /logs/access.log HTTP/1.1" 200 347150 "-" "CyberPatrol SiteCat Webbot (http://www.cyberpatrol.com/cyberpatrolcrawler.asp)" "wirama.com"
89.107.225.100 - - [25/Jan/2009:03:11:52 -0800] "GET /robots.txt HTTP/1.0" 404 275 "-" "Busiversebot/v1.0 (http://www.busiverse.com/bot.php)" "www.wirama.com"
89.107.225.100 - - [25/Jan/2009:03:11:53 -0800] "GET / HTTP/1.0" 200 900 "-" "Busiversebot/v1.0 (http://www.busiverse.com/bot.php)" "www.wirama.com"
65.55.208.47 - - [25/Jan/2009:03:29:05 -0800] "GET /robots.txt HTTP/1.1" 404 275 "-" "msnbot/1.1 (+http://search.msn.com/msnbot.htm)" "wirama.com"
65.55.208.47 - - [25/Jan/2009:03:29:05 -0800] "GET /_private/?D=A HTTP/1.1" 200 675 "-" "msnbot/1.1 (+http://search.msn.com/msnbot.htm)" "wirama.com"
195.113.214.204 - - [25/Jan/2009:03:50:20 -0800] "GET /robots.txt HTTP/1.0" 404 275 "-" "Jyxobot/1" "www.wirama.com"
195.113.214.204 - - [25/Jan/2009:03:50:31 -0800] "GET /pr02.htm HTTP/1.0" 404 275 "-" "Jyxobot/1" "www.wirama.com"
65.55.230.156 - - [25/Jan/2009:04:22:57 -0800] "GET /tmp/?N=A HTTP/1.1" 200 520 "-" "msnbot-media/1.1 (+http://search.msn.com/msnbot.htm)" "wirama.com"
64.124.85.92 - - [25/Jan/2009:05:28:29 -0800] "GET /robots.txt HTTP/1.1" 404 275 "-" "Mozilla/5.0 (compatible; BecomeBot/3.0; +http://www.become.com/site_owners.html)" "www.wirama.com"
65.55.230.156 - - [25/Jan/2009:06:05:40 -0800] "GET /_private/?M=D HTTP/1.1" 200 675 "-" "msnbot-media/1.1 (+http://search.msn.com/msnbot.htm)" "wirama.com"
74.6.8.87 - - [25/Jan/2009:06:21:39 -0800] "GET /robots.txt HTTP/1.0" 404 275 "-" "Mozilla/5.0 (compatible; Yahoo! Slurp; http://help.yahoo.com/help/us/ysearch/slurp)" "www.wirama.com"
74.6.8.87 - - [25/Jan/2009:06:22:45 -0800] "GET /logs/ HTTP/1.0" 200 928 "-" "Mozilla/5.0 (compatible; Yahoo! Slurp; http://help.yahoo.com/help/us/ysearch/slurp)" "www.wirama.com"
65.55.208.60 - - [25/Jan/2009:07:08:50 -0800] "GET /_private/?N=D HTTP/1.1" 200 675 "-" "msnbot/1.1 (+http://search.msn.com/msnbot.htm)" "wirama.com"
