66.235.124.32 - - [31/Dec/2008:17:05:41 -0800] "GET /robots.txt HTTP/1.1" 404 275 "-" "Mozilla/5.0 (compatible; Ask Jeeves/Teoma; +http://about.ask.com/en/docs/about/webmasters.shtml)" "www.wirama.com"
66.235.124.32 - - [31/Dec/2008:17:05:41 -0800] "GET / HTTP/1.1" 200 916 "-" "Mozilla/5.0 (compatible; Ask Jeeves/Teoma; +http://about.ask.com/en/docs/about/webmasters.shtml)" "www.wirama.com"
208.111.154.16 - - [31/Dec/2008:18:37:10 -0800] "GET /robots.txt HTTP/1.0" 404 275 "-" "Mozilla/5.0 (compatible; Charlotte/1.1; http://www.searchme.com/support/)" "www.wirama.com"
208.111.154.35 - - [31/Dec/2008:18:37:14 -0800] "GET / HTTP/1.1" 200 916 "-" "Mozilla/5.0 (compatible; Charlotte/1.1; http://www.searchme.com/support/)" "www.wirama.com"
58.7.131.146 - - [31/Dec/2008:19:28:32 -0800] "GET / HTTP/1.1" 200 916 "http://www.google.com/custom?hl=en&client=pub-8841587004683803&channel=0848251348&cof=FORID:1%3BGL:1%3BLBGC:336699%3BLC:%230000ce%3BVLC:%23663399%3BGFNT:%230000ce%3BGIMP:%230000ce%3BDIV:%23336699%3B&oe=ISO-8859-1&sa=X&oi=spell&resnum=0&ct=result&cd=1&q=wirama&spell=1" "Mozilla/5.0 (Windows; U; Windows NT 5.1; en-GB; rv:1.9.0.5) Gecko/2008120122 Firefox/3.0.5" "www.wirama.com"
208.80.194.53 - - [31/Dec/2008:20:45:32 -0800] "GET / HTTP/1.0" 200 900 "-" "Mozilla/4.0 (compatible; MSIE 7.0; Windows NT 5.1; .NET CLR 1.0.3705; .NET CLR 1.1.4322; Media Center PC 4.0; IEMB3; InfoPath.1; IEMB3)" "www.wirama.com"
98.206.76.158 - - [31/Dec/2008:21:48:13 -0800] "GET /contents.htm HTTP/1.1" 404 275 "-" "Mozilla/4.0 (compatible; MSIE 6.0; Windows NT 5.1; SV1)" "www.wirama.com"
38.99.13.121 - - [31/Dec/2008:23:03:02 -0800] "GET /robots.txt HTTP/1.0" 404 275 "-" "Mozilla/5.0 (Twiceler-0.9 http://www.cuil.com/twiceler/robot.html)" "wirama.com"
74.6.17.169 - - [01/Jan/2009:00:17:53 -0800] "GET /robots.txt HTTP/1.0" 404 275 "-" "Mozilla/5.0 (compatible; Yahoo! Slurp; http://help.yahoo.com/help/us/ysearch/slurp)" "www.wirama.com"
208.80.194.37 - - [01/Jan/2009:01:52:45 -0800] "GET / HTTP/1.0" 200 900 "-" "Mozilla/4.0 (compatible; MSIE 6.0; Windows NT 5.1; SV1; .NET CLR 1.1.4322; .NET CLR 2.0.50727; .NET CLR 3.0.04506.30; MSN 9.0;MSN 9.1; MSNbMSNI; MSNmen-us; MSNcIA)" "wirama.com"
64.124.85.92 - - [01/Jan/2009:01:52:49 -0800] "GET /robots.txt HTTP/1.1" 404 275 "-" "Mozilla/5.0 (compatible; BecomeBot/3.0; +http://www.become.com/site_owners.html)" "wirama.com"
64.124.85.92 - - [01/Jan/2009:01:53:09 -0800] "GET / HTTP/1.1" 200 916 "-" "Mozilla/5.0 (compatible; BecomeBot/3.0; +http://www.become.com/site_owners.html)" "wirama.com"
208.111.154.35 - - [01/Jan/2009:09:25:19 -0800] "GET / HTTP/1.1" 200 916 "-" "Mozilla/5.0 (compatible; Charlotte/1.1; http://www.searchme.com/support/)" "www.wirama.com"
67.195.37.182 - - [01/Jan/2009:10:37:12 -0800] "GET /robots.txt HTTP/1.0" 404 275 "-" "Mozilla/5.0 (compatible; Yahoo! Slurp; http://help.yahoo.com/help/us/ysearch/slurp)" "www.wirama.com"
74.6.17.169 - - [01/Jan/2009:10:38:09 -0800] "GET /robots.txt HTTP/1.0" 404 275 "-" "Mozilla/5.0 (compatible; Yahoo! Slurp; http://help.yahoo.com/help/us/ysearch/slurp)" "www.wirama.com"
86.145.148.158 - - [01/Jan/2009:15:32:46 -0800] "GET / HTTP/1.1" 200 916 "-" "User-Agent: Mozilla/4.0 (compatible; MSIE 7.0; Windows NT 6.0; FunWebProducts; SLCC1; .NET CLR 2.0.50727; Media Center PC 5.0; .NET CLR 3.0.04506)" "www.wirama.com"
189.46.97.122 - - [01/Jan/2009:16:02:42 -0800] "GET / HTTP/1.1" 200 916 "http://www.vator.tv/pitch/show/Wirama-Wirama" "Mozilla/5.0 (Windows; U; Windows NT 5.1; pt-BR; rv:1.9.0.5) Gecko/2008120122 Firefox/3.0.5" "www.wirama.com"
189.46.97.122 - - [01/Jan/2009:16:02:43 -0800] "GET /favicon.ico HTTP/1.1" 404 275 "-" "Mozilla/5.0 (Windows; U; Windows NT 5.1; pt-BR; rv:1.9.0.5) Gecko/2008120122 Firefox/3.0.5" "wirama.com"
189.46.97.122 - - [01/Jan/2009:16:02:46 -0800] "GET /favicon.ico HTTP/1.1" 404 275 "-" "Mozilla/5.0 (Windows; U; Windows NT 5.1; pt-BR; rv:1.9.0.5) Gecko/2008120122 Firefox/3.0.5" "wirama.com"
66.249.72.242 - - [01/Jan/2009:16:36:52 -0800] "GET /robots.txt HTTP/1.1" 404 275 "-" "Mozilla/5.0 (compatible; Googlebot/2.1; +http://www.google.com/bot.html)" "www.wirama.com"
66.249.72.242 - - [01/Jan/2009:16:36:52 -0800] "GET /logs/ HTTP/1.1" 200 944 "-" "Mozilla/5.0 (compatible; Googlebot/2.1; +http://www.google.com/bot.html)" "www.wirama.com"
66.90.118.101 - - [01/Jan/2009:17:18:07 -0800] "GET / HTTP/1.1" 200 916 "-" "Mozilla/5.0 (compatible; WebDataCentreBot/1.0; +http://WebDataCentre.com/)" "wirama.com"
66.90.118.101 - - [01/Jan/2009:17:18:11 -0800] "GET /?N=D HTTP/1.1" 200 916 "-" "Mozilla/5.0 (compatible; WebDataCentreBot/1.0; +http://WebDataCentre.com/)" "wirama.com"
66.90.118.101 - - [01/Jan/2009:17:18:12 -0800] "GET /?M=A HTTP/1.1" 200 916 "-" "Mozilla/5.0 (compatible; WebDataCentreBot/1.0; +http://WebDataCentre.com/)" "wirama.com"
66.90.118.101 - - [01/Jan/2009:17:18:13 -0800] "GET /?S=A HTTP/1.1" 200 916 "-" "Mozilla/5.0 (compatible; WebDataCentreBot/1.0; +http://WebDataCentre.com/)" "wirama.com"
66.90.118.101 - - [01/Jan/2009:17:18:14 -0800] "GET /?D=A HTTP/1.1" 200 916 "-" "Mozilla/5.0 (compatible; WebDataCentreBot/1.0; +http://WebDataCentre.com/)" "wirama.com"
66.90.118.101 - - [01/Jan/2009:17:18:14 -0800] "GET /_private/ HTTP/1.1" 200 675 "-" "Mozilla/5.0 (compatible; WebDataCentreBot/1.0; +http://WebDataCentre.com/)" "wirama.com"
66.90.118.101 - - [01/Jan/2009:17:18:16 -0800] "GET /logs/ HTTP/1.1" 200 944 "-" "Mozilla/5.0 (compatible; WebDataCentreBot/1.0; +http://WebDataCentre.com/)" "wirama.com"
66.90.118.101 - - [01/Jan/2009:17:18:17 -0800] "GET /tmp/ HTTP/1.1" 200 520 "-" "Mozilla/5.0 (compatible; WebDataCentreBot/1.0; +http://WebDataCentre.com/)" "wirama.com"
66.90.118.101 - - [01/Jan/2009:17:18:17 -0800] "GET /?N=A HTTP/1.1" 200 916 "-" "Mozilla/5.0 (compatible; WebDataCentreBot/1.0; +http://WebDataCentre.com/)" "wirama.com"
66.90.118.101 - - [01/Jan/2009:17:18:20 -0800] "GET /?M=D HTTP/1.1" 200 916 "-" "Mozilla/5.0 (compatible; WebDataCentreBot/1.0; +http://WebDataCentre.com/)" "wirama.com"
66.90.118.101 - - [01/Jan/2009:17:18:23 -0800] "GET /?S=D HTTP/1.1" 200 916 "-" "Mozilla/5.0 (compatible; WebDataCentreBot/1.0; +http://WebDataCentre.com/)" "wirama.com"
66.90.118.101 - - [01/Jan/2009:17:18:24 -0800] "GET /?D=D HTTP/1.1" 200 916 "-" "Mozilla/5.0 (compatible; WebDataCentreBot/1.0; +http://WebDataCentre.com/)" "wirama.com"
66.90.118.101 - - [01/Jan/2009:17:18:26 -0800] "GET /_private/?N=D HTTP/1.1" 200 675 "-" "Mozilla/5.0 (compatible; WebDataCentreBot/1.0; +http://WebDataCentre.com/)" "wirama.com"
66.90.118.101 - - [01/Jan/2009:17:18:27 -0800] "GET /_private/?M=A HTTP/1.1" 200 675 "-" "Mozilla/5.0 (compatible; WebDataCentreBot/1.0; +http://WebDataCentre.com/)" "wirama.com"
66.90.118.101 - - [01/Jan/2009:17:18:28 -0800] "GET /_private/?S=A HTTP/1.1" 200 675 "-" "Mozilla/5.0 (compatible; WebDataCentreBot/1.0; +http://WebDataCentre.com/)" "wirama.com"
66.90.118.101 - - [01/Jan/2009:17:18:30 -0800] "GET /_private/?D=A HTTP/1.1" 200 675 "-" "Mozilla/5.0 (compatible; WebDataCentreBot/1.0; +http://WebDataCentre.com/)" "wirama.com"
66.90.118.101 - - [01/Jan/2009:17:18:30 -0800] "GET /logs/?N=D HTTP/1.1" 200 944 "-" "Mozilla/5.0 (compatible; WebDataCentreBot/1.0; +http://WebDataCentre.com/)" "wirama.com"
66.90.118.101 - - [01/Jan/2009:17:18:32 -0800] "GET /logs/?M=A HTTP/1.1" 200 944 "-" "Mozilla/5.0 (compatible; WebDataCentreBot/1.0; +http://WebDataCentre.com/)" "wirama.com"
66.90.118.101 - - [01/Jan/2009:17:18:33 -0800] "GET /logs/?S=A HTTP/1.1" 200 944 "-" "Mozilla/5.0 (compatible; WebDataCentreBot/1.0; +http://WebDataCentre.com/)" "wirama.com"
66.90.118.101 - - [01/Jan/2009:17:18:34 -0800] "GET /logs/?D=A HTTP/1.1" 200 944 "-" "Mozilla/5.0 (compatible; WebDataCentreBot/1.0; +http://WebDataCentre.com/)" "wirama.com"
66.90.118.101 - - [01/Jan/2009:17:18:36 -0800] "GET /tmp/?N=D HTTP/1.1" 200 520 "-" "Mozilla/5.0 (compatible; WebDataCentreBot/1.0; +http://WebDataCentre.com/)" "wirama.com"
66.90.118.101 - - [01/Jan/2009:17:18:37 -0800] "GET /tmp/?M=A HTTP/1.1" 200 520 "-" "Mozilla/5.0 (compatible; WebDataCentreBot/1.0; +http://WebDataCentre.com/)" "wirama.com"
66.90.118.101 - - [01/Jan/2009:17:18:37 -0800] "GET /tmp/?S=A HTTP/1.1" 200 520 "-" "Mozilla/5.0 (compatible; WebDataCentreBot/1.0; +http://WebDataCentre.com/)" "wirama.com"
66.90.118.101 - - [01/Jan/2009:17:18:38 -0800] "GET /tmp/?D=A HTTP/1.1" 200 520 "-" "Mozilla/5.0 (compatible; WebDataCentreBot/1.0; +http://WebDataCentre.com/)" "wirama.com"
66.90.118.101 - - [01/Jan/2009:17:18:40 -0800] "GET /_private/?N=A HTTP/1.1" 200 675 "-" "Mozilla/5.0 (compatible; WebDataCentreBot/1.0; +http://WebDataCentre.com/)" "wirama.com"
66.90.118.101 - - [01/Jan/2009:17:18:40 -0800] "GET /_private/?M=D HTTP/1.1" 200 675 "-" "Mozilla/5.0 (compatible; WebDataCentreBot/1.0; +http://WebDataCentre.com/)" "wirama.com"
66.90.118.101 - - [01/Jan/2009:17:18:41 -0800] "GET /_private/?S=D HTTP/1.1" 200 675 "-" "Mozilla/5.0 (compatible; WebDataCentreBot/1.0; +http://WebDataCentre.com/)" "wirama.com"
66.90.118.101 - - [01/Jan/2009:17:18:41 -0800] "GET /_private/?D=D HTTP/1.1" 200 675 "-" "Mozilla/5.0 (compatible; WebDataCentreBot/1.0; +http://WebDataCentre.com/)" "wirama.com"
66.90.118.101 - - [01/Jan/2009:17:18:41 -0800] "GET /logs/?N=A HTTP/1.1" 200 944 "-" "Mozilla/5.0 (compatible; WebDataCentreBot/1.0; +http://WebDataCentre.com/)" "wirama.com"
66.90.118.101 - - [01/Jan/2009:17:18:43 -0800] "GET /logs/?M=D HTTP/1.1" 200 944 "-" "Mozilla/5.0 (compatible; WebDataCentreBot/1.0; +http://WebDataCentre.com/)" "wirama.com"
66.90.118.101 - - [01/Jan/2009:17:18:43 -0800] "GET /logs/?S=D HTTP/1.1" 200 944 "-" "Mozilla/5.0 (compatible; WebDataCentreBot/1.0; +http://WebDataCentre.com/)" "wirama.com"
66.90.118.101 - - [01/Jan/2009:17:18:46 -0800] "GET /logs/?D=D HTTP/1.1" 200 944 "-" "Mozilla/5.0 (compatible; WebDataCentreBot/1.0; +http://WebDataCentre.com/)" "wirama.com"
66.90.118.101 - - [01/Jan/2009:17:18:47 -0800] "GET /tmp/?N=A HTTP/1.1" 200 520 "-" "Mozilla/5.0 (compatible; WebDataCentreBot/1.0; +http://WebDataCentre.com/)" "wirama.com"
66.90.118.101 - - [01/Jan/2009:17:18:49 -0800] "GET /tmp/?M=D HTTP/1.1" 200 520 "-" "Mozilla/5.0 (compatible; WebDataCentreBot/1.0; +http://WebDataCentre.com/)" "wirama.com"
66.90.118.101 - - [01/Jan/2009:17:18:49 -0800] "GET /tmp/?S=D HTTP/1.1" 200 520 "-" "Mozilla/5.0 (compatible; WebDataCentreBot/1.0; +http://WebDataCentre.com/)" "wirama.com"
66.90.118.101 - - [01/Jan/2009:17:18:50 -0800] "GET /tmp/?D=D HTTP/1.1" 200 520 "-" "Mozilla/5.0 (compatible; WebDataCentreBot/1.0; +http://WebDataCentre.com/)" "wirama.com"
66.249.72.145 - - [01/Jan/2009:18:50:25 -0800] "GET /logs/access_081231.log HTTP/1.1" 200 303093 "-" "Mozilla/5.0 (compatible; Googlebot/2.1; +http://www.google.com/bot.html)" "www.wirama.com"
66.249.72.145 - - [01/Jan/2009:19:17:14 -0800] "GET /logs/access_090101.log HTTP/1.1" 200 7270 "-" "Mozilla/5.0 (compatible; Googlebot/2.1; +http://www.google.com/bot.html)" "www.wirama.com"
74.6.17.169 - - [01/Jan/2009:20:07:29 -0800] "GET /robots.txt HTTP/1.0" 404 275 "-" "Mozilla/5.0 (compatible; Yahoo! Slurp; http://help.yahoo.com/help/us/ysearch/slurp)" "www.wirama.com"
74.6.17.169 - - [01/Jan/2009:20:08:37 -0800] "GET /contents.htm HTTP/1.0" 404 275 "-" "Mozilla/5.0 (compatible; Yahoo! Slurp; http://help.yahoo.com/help/us/ysearch/slurp)" "www.wirama.com"
98.243.168.207 - - [01/Jan/2009:20:14:51 -0800] "GET / HTTP/1.1" 200 916 "http://www.google.com/search?q=wirama&ie=utf-8&oe=utf-8&aq=t&rls=org.mozilla:en-US:official&client=firefox-a" "Mozilla/5.0 (Windows; U; Windows NT 6.0; en-US; rv:1.9.0.5) Gecko/2008120122 Firefox/3.0.5" "www.wirama.com"
98.243.168.207 - - [01/Jan/2009:20:15:37 -0800] "GET / HTTP/1.1" 200 916 "http://www.google.com/search?q=wirama&ie=utf-8&oe=utf-8&aq=t&rls=org.mozilla:en-US:official&client=firefox-a" "Mozilla/5.0 (Windows; U; Windows NT 6.0; en-US; rv:1.9.0.5) Gecko/2008120122 Firefox/3.0.5" "www.wirama.com"
98.243.168.207 - - [01/Jan/2009:20:16:12 -0800] "GET / HTTP/1.1" 200 916 "http://www.google.com/search?q=wirama&ie=utf-8&oe=utf-8&aq=t&rls=org.mozilla:en-US:official&client=firefox-a" "Mozilla/5.0 (Windows; U; Windows NT 6.0; en-US; rv:1.9.0.5) Gecko/2008120122 Firefox/3.0.5" "www.wirama.com"
65.55.37.172 - - [01/Jan/2009:20:22:51 -0800] "GET /robots.txt HTTP/1.1" 404 275 "-" "msnbot-media/1.1 (+http://search.msn.com/msnbot.htm)" "www.wirama.com"
65.55.37.172 - - [01/Jan/2009:20:22:51 -0800] "GET /pr01.htm HTTP/1.1" 404 275 "-" "msnbot-media/1.1 (+http://search.msn.com/msnbot.htm)" "www.wirama.com"
65.55.208.50 - - [01/Jan/2009:21:57:09 -0800] "GET /robots.txt HTTP/1.1" 404 275 "-" "msnbot/1.1 (+http://search.msn.com/msnbot.htm)" "www.wirama.com"
65.55.208.50 - - [01/Jan/2009:21:57:09 -0800] "GET /files/series_A.pdf HTTP/1.1" 404 275 "-" "msnbot/1.1 (+http://search.msn.com/msnbot.htm)" "www.wirama.com"
69.107.59.83 - - [01/Jan/2009:22:07:25 -0800] "GET / HTTP/1.1" 200 916 "http://www.eecs.berkeley.edu/IPRO/startup.html" "Mozilla/5.0 (Windows; U; Windows NT 5.1; en-US; rv:1.9.0.5) Gecko/2008120122 Firefox/3.0.5" "www.wirama.com"
69.107.59.83 - - [01/Jan/2009:22:07:25 -0800] "GET /favicon.ico HTTP/1.1" 404 275 "-" "Mozilla/5.0 (Windows; U; Windows NT 5.1; en-US; rv:1.9.0.5) Gecko/2008120122 Firefox/3.0.5" "wirama.com"
69.107.59.83 - - [01/Jan/2009:22:07:28 -0800] "GET /favicon.ico HTTP/1.1" 404 275 "-" "Mozilla/5.0 (Windows; U; Windows NT 5.1; en-US; rv:1.9.0.5) Gecko/2008120122 Firefox/3.0.5" "wirama.com"
69.107.59.83 - - [01/Jan/2009:22:07:29 -0800] "GET / HTTP/1.1" 200 916 "http://www.eecs.berkeley.edu/IPRO/startup.html" "Mozilla/5.0 (Windows; U; Windows NT 5.1; en-US; rv:1.9.0.5) Gecko/2008120122 Firefox/3.0.5" "www.wirama.com"
208.111.154.16 - - [02/Jan/2009:01:03:00 -0800] "GET /robots.txt HTTP/1.0" 404 275 "-" "Mozilla/5.0 (compatible; Charlotte/1.1; http://www.searchme.com/support/)" "www.wirama.com"
208.111.154.35 - - [02/Jan/2009:01:03:17 -0800] "GET / HTTP/1.1" 200 916 "-" "Mozilla/5.0 (compatible; Charlotte/1.1; http://www.searchme.com/support/)" "www.wirama.com"
74.6.17.169 - - [02/Jan/2009:03:11:53 -0800] "GET / HTTP/1.0" 200 900 "-" "Mozilla/5.0 (compatible; Yahoo! Slurp; http://help.yahoo.com/help/us/ysearch/slurp)" "www.wirama.com"
65.55.208.44 - - [02/Jan/2009:04:49:31 -0800] "GET /robots.txt HTTP/1.1" 404 275 "-" "msnbot/1.1 (+http://search.msn.com/msnbot.htm)" "wirama.com"
65.55.208.44 - - [02/Jan/2009:04:49:31 -0800] "GET /jo02.htm HTTP/1.1" 404 275 "-" "msnbot/1.1 (+http://search.msn.com/msnbot.htm)" "wirama.com"
65.55.109.234 - - [02/Jan/2009:04:53:09 -0800] "GET /jo02.htm HTTP/1.0" 404 275 "http://search.live.com/results.aspx?q=design" "Mozilla/4.0 (compatible; MSIE 6.0; Windows NT 5.2; SV1; .NET CLR 1.1.4322)" "wirama.com"
194.39.141.10 - - [02/Jan/2009:04:53:17 -0800] "GET /jo01.htm HTTP/1.1" 404 275 "http://images.google.com/imgres?imgurl=http://www.wirama.com/images/logo.gif&imgrefurl=http://www.wirama.com/jo01.htm&usg=___w5nKv59JMBPH3NPZ19KbhAq2o0=&h=126&w=195&sz=3&hl=fi&start=6&um=1&tbnid=kllzWsyR1HD44M:&tbnh=67&tbnw=104&prev=/images%3Fq%3Dwirama%26um%3D1%26hl%3Dfi%26lr%3D%26rls%3Dcom.microsoft:*" "Mozilla/4.0 (compatible; MSIE 8.0; Windows NT 5.1; Trident/4.0; .NET CLR 2.0.50727; .NET CLR 1.1.4322; .NET CLR 3.0.04506.30; .NET CLR 3.0.04506.648; InfoPath.1)" "www.wirama.com"
194.39.141.10 - - [02/Jan/2009:04:53:19 -0800] "GET /images/logo.gif HTTP/1.1" 404 275 "http://images.google.com/imgres?imgurl=http://www.wirama.com/images/logo.gif&imgrefurl=http://www.wirama.com/jo01.htm&h=126&w=195&sz=3&tbnid=kllzWsyR1HD44M:&tbnh=67&tbnw=104&hl=fi&um=1&prev=/images%3Fq%3Dwirama%26um%3D1%26hl%3Dfi%26lr%3D%26rls%3Dcom.microsoft:*&frame=small" "Mozilla/4.0 (compatible; MSIE 8.0; Windows NT 5.1; Trident/4.0; .NET CLR 2.0.50727; .NET CLR 1.1.4322; .NET CLR 3.0.04506.30; .NET CLR 3.0.04506.648; InfoPath.1)" "wirama.com"
194.39.141.10 - - [02/Jan/2009:04:53:24 -0800] "GET /images/logo.gif HTTP/1.1" 404 275 "http://images.google.com/imgres?imgurl=http://www.wirama.com/images/logo.gif&imgrefurl=http://www.wirama.com/jo01.htm&h=126&w=195&sz=3&tbnid=kllzWsyR1HD44M:&tbnh=67&tbnw=104&hl=fi&um=1&prev=/images%3Fq%3Dwirama%26um%3D1%26hl%3Dfi%26lr%3D%26rls%3Dcom.microsoft:*&frame=small" "Mozilla/4.0 (compatible; MSIE 8.0; Windows NT 5.1; Trident/4.0; .NET CLR 2.0.50727; .NET CLR 1.1.4322; .NET CLR 3.0.04506.30; .NET CLR 3.0.04506.648; InfoPath.1)" "wirama.com"
194.39.141.10 - - [02/Jan/2009:04:53:36 -0800] "GET /jo01.htm HTTP/1.1" 404 275 "http://images.google.com/imgres?imgurl=http://www.wirama.com/images/logo.gif&imgrefurl=http://www.wirama.com/jo01.htm&h=126&w=195&sz=3&tbnid=kllzWsyR1HD44M:&tbnh=67&tbnw=104&hl=fi&um=1&prev=/images%3Fq%3Dwirama%26um%3D1%26hl%3Dfi%26lr%3D%26rls%3Dcom.microsoft:*&frame=small" "Mozilla/4.0 (compatible; MSIE 8.0; Windows NT 5.1; Trident/4.0; .NET CLR 2.0.50727; .NET CLR 1.1.4322; .NET CLR 3.0.04506.30; .NET CLR 3.0.04506.648; InfoPath.1)" "www.wirama.com"
194.39.141.10 - - [02/Jan/2009:04:53:38 -0800] "GET /jo01.htm HTTP/1.1" 404 275 "http://images.google.com/imgres?imgurl=http://www.wirama.com/images/logo.gif&imgrefurl=http://www.wirama.com/jo01.htm&usg=___w5nKv59JMBPH3NPZ19KbhAq2o0=&h=126&w=195&sz=3&hl=fi&start=6&um=1&tbnid=kllzWsyR1HD44M:&tbnh=67&tbnw=104&prev=/images%3Fq%3Dwirama%26um%3D1%26hl%3Dfi%26lr%3D%26rls%3Dcom.microsoft:*" "Mozilla/4.0 (compatible; MSIE 8.0; Windows NT 5.1; Trident/4.0; .NET CLR 2.0.50727; .NET CLR 1.1.4322; .NET CLR 3.0.04506.30; .NET CLR 3.0.04506.648; InfoPath.1)" "www.wirama.com"
194.39.141.10 - - [02/Jan/2009:04:54:21 -0800] "GET /images/smallnew.gif HTTP/1.1" 404 275 "http://www.mediamob.co.kr/infoland/frmView.aspx?list=blog&id=207830&page=1" "Mozilla/4.0 (compatible; MSIE 8.0; Windows NT 5.1; Trident/4.0; .NET CLR 2.0.50727; .NET CLR 1.1.4322; .NET CLR 3.0.04506.30; .NET CLR 3.0.04506.648; InfoPath.1)" "wirama.com"
194.39.141.10 - - [02/Jan/2009:04:54:21 -0800] "GET /images/Best_In_Show.JPG HTTP/1.1" 404 275 "http://www.mediamob.co.kr/infoland/frmView.aspx?list=blog&id=207830&page=1" "Mozilla/4.0 (compatible; MSIE 8.0; Windows NT 5.1; Trident/4.0; .NET CLR 2.0.50727; .NET CLR 1.1.4322; .NET CLR 3.0.04506.30; .NET CLR 3.0.04506.648; InfoPath.1)" "wirama.com"
194.39.141.10 - - [02/Jan/2009:04:54:21 -0800] "GET /images/LIVE_08_120x240.gif HTTP/1.1" 404 275 "http://www.mediamob.co.kr/infoland/frmView.aspx?list=blog&id=207830&page=1" "Mozilla/4.0 (compatible; MSIE 8.0; Windows NT 5.1; Trident/4.0; .NET CLR 2.0.50727; .NET CLR 1.1.4322; .NET CLR 3.0.04506.30; .NET CLR 3.0.04506.648; InfoPath.1)" "wirama.com"
194.39.141.10 - - [02/Jan/2009:04:54:21 -0800] "GET /images/logo.gif HTTP/1.1" 404 275 "http://www.mediamob.co.kr/infoland/frmView.aspx?list=blog&id=207830&page=1" "Mozilla/4.0 (compatible; MSIE 8.0; Windows NT 5.1; Trident/4.0; .NET CLR 2.0.50727; .NET CLR 1.1.4322; .NET CLR 3.0.04506.30; .NET CLR 3.0.04506.648; InfoPath.1)" "wirama.com"
194.39.141.10 - - [02/Jan/2009:04:54:54 -0800] "GET / HTTP/1.1" 200 916 "-" "Mozilla/4.0 (compatible; MSIE 8.0; Windows NT 5.1; Trident/4.0; .NET CLR 2.0.50727; .NET CLR 1.1.4322; .NET CLR 3.0.04506.30; .NET CLR 3.0.04506.648; InfoPath.1)" "www.wirama.com"
194.39.141.10 - - [02/Jan/2009:04:55:01 -0800] "GET /_private/ HTTP/1.1" 200 675 "http://www.wirama.com/" "Mozilla/4.0 (compatible; MSIE 8.0; Windows NT 5.1; Trident/4.0; .NET CLR 2.0.50727; .NET CLR 1.1.4322; .NET CLR 3.0.04506.30; .NET CLR 3.0.04506.648; InfoPath.1)" "www.wirama.com"
194.39.141.10 - - [02/Jan/2009:04:55:04 -0800] "GET /_private/form_results.csv HTTP/1.1" 200 0 "http://www.wirama.com/_private/" "Mozilla/4.0 (compatible; MSIE 8.0; Windows NT 5.1; Trident/4.0; .NET CLR 2.0.50727; .NET CLR 1.1.4322; .NET CLR 3.0.04506.30; .NET CLR 3.0.04506.648; InfoPath.1)" "www.wirama.com"
194.39.141.10 - - [02/Jan/2009:04:55:10 -0800] "GET /logs/ HTTP/1.1" 200 944 "http://www.wirama.com/" "Mozilla/4.0 (compatible; MSIE 8.0; Windows NT 5.1; Trident/4.0; .NET CLR 2.0.50727; .NET CLR 1.1.4322; .NET CLR 3.0.04506.30; .NET CLR 3.0.04506.648; InfoPath.1)" "www.wirama.com"
194.39.141.10 - - [02/Jan/2009:04:55:15 -0800] "GET /tmp/ HTTP/1.1" 200 520 "http://www.wirama.com/" "Mozilla/4.0 (compatible; MSIE 8.0; Windows NT 5.1; Trident/4.0; .NET CLR 2.0.50727; .NET CLR 1.1.4322; .NET CLR 3.0.04506.30; .NET CLR 3.0.04506.648; InfoPath.1)" "www.wirama.com"
194.39.141.10 - - [02/Jan/2009:04:55:25 -0800] "GET /images/smallnew.gif HTTP/1.1" 404 275 "http://www.mediamob.co.kr/infoland/frmView.aspx?list=blog&id=207830&page=1" "Mozilla/4.0 (compatible; MSIE 8.0; Windows NT 5.1; Trident/4.0; .NET CLR 2.0.50727; .NET CLR 1.1.4322; .NET CLR 3.0.04506.30; .NET CLR 3.0.04506.648; InfoPath.1)" "wirama.com"
194.39.141.10 - - [02/Jan/2009:04:55:25 -0800] "GET /images/LIVE_08_120x240.gif HTTP/1.1" 404 275 "http://www.mediamob.co.kr/infoland/frmView.aspx?list=blog&id=207830&page=1" "Mozilla/4.0 (compatible; MSIE 8.0; Windows NT 5.1; Trident/4.0; .NET CLR 2.0.50727; .NET CLR 1.1.4322; .NET CLR 3.0.04506.30; .NET CLR 3.0.04506.648; InfoPath.1)" "wirama.com"
194.39.141.10 - - [02/Jan/2009:04:55:25 -0800] "GET /images/Best_In_Show.JPG HTTP/1.1" 404 275 "http://www.mediamob.co.kr/infoland/frmView.aspx?list=blog&id=207830&page=1" "Mozilla/4.0 (compatible; MSIE 8.0; Windows NT 5.1; Trident/4.0; .NET CLR 2.0.50727; .NET CLR 1.1.4322; .NET CLR 3.0.04506.30; .NET CLR 3.0.04506.648; InfoPath.1)" "wirama.com"
194.39.141.10 - - [02/Jan/2009:04:55:25 -0800] "GET /images/logo.gif HTTP/1.1" 404 275 "http://www.mediamob.co.kr/infoland/frmView.aspx?list=blog&id=207830&page=1" "Mozilla/4.0 (compatible; MSIE 8.0; Windows NT 5.1; Trident/4.0; .NET CLR 2.0.50727; .NET CLR 1.1.4322; .NET CLR 3.0.04506.30; .NET CLR 3.0.04506.648; InfoPath.1)" "wirama.com"
194.39.141.10 - - [02/Jan/2009:04:55:25 -0800] "GET /images/smallnew.gif HTTP/1.1" 404 275 "http://www.mediamob.co.kr/infoland/frmView.aspx?list=blog&id=207830&page=1" "Mozilla/4.0 (compatible; MSIE 8.0; Windows NT 5.1; Trident/4.0; .NET CLR 2.0.50727; .NET CLR 1.1.4322; .NET CLR 3.0.04506.30; .NET CLR 3.0.04506.648; InfoPath.1)" "wirama.com"
194.39.141.10 - - [02/Jan/2009:04:55:25 -0800] "GET /images/Best_In_Show.JPG HTTP/1.1" 404 275 "http://www.mediamob.co.kr/infoland/frmView.aspx?list=blog&id=207830&page=1" "Mozilla/4.0 (compatible; MSIE 8.0; Windows NT 5.1; Trident/4.0; .NET CLR 2.0.50727; .NET CLR 1.1.4322; .NET CLR 3.0.04506.30; .NET CLR 3.0.04506.648; InfoPath.1)" "wirama.com"
194.39.141.10 - - [02/Jan/2009:04:55:25 -0800] "GET /images/LIVE_08_120x240.gif HTTP/1.1" 404 275 "http://www.mediamob.co.kr/infoland/frmView.aspx?list=blog&id=207830&page=1" "Mozilla/4.0 (compatible; MSIE 8.0; Windows NT 5.1; Trident/4.0; .NET CLR 2.0.50727; .NET CLR 1.1.4322; .NET CLR 3.0.04506.30; .NET CLR 3.0.04506.648; InfoPath.1)" "wirama.com"
194.39.141.10 - - [02/Jan/2009:04:55:25 -0800] "GET /images/logo.gif HTTP/1.1" 404 275 "http://www.mediamob.co.kr/infoland/frmView.aspx?list=blog&id=207830&page=1" "Mozilla/4.0 (compatible; MSIE 8.0; Windows NT 5.1; Trident/4.0; .NET CLR 2.0.50727; .NET CLR 1.1.4322; .NET CLR 3.0.04506.30; .NET CLR 3.0.04506.648; InfoPath.1)" "wirama.com"
74.6.17.169 - - [02/Jan/2009:05:21:39 -0800] "GET /robots.txt HTTP/1.0" 404 275 "-" "Mozilla/5.0 (compatible; Yahoo! Slurp; http://help.yahoo.com/help/us/ysearch/slurp)" "www.wirama.com"
74.6.17.169 - - [02/Jan/2009:05:21:50 -0800] "GET /logs/ HTTP/1.0" 200 928 "-" "Mozilla/5.0 (compatible; Yahoo! Slurp; http://help.yahoo.com/help/us/ysearch/slurp)" "www.wirama.com"
208.80.194.54 - - [02/Jan/2009:06:52:33 -0800] "GET / HTTP/1.0" 200 900 "-" "Mozilla/4.0 (compatible; MSIE 7.0; Windows NT 5.1; FunWebProducts; .NET CLR 1.0.3705; .NET CLR 1.1.4322; Media Center PC 4.0; .NET CLR 2.0.50727; .NET CLR 3.0.04506.30; SpamBlockerUtility 4.8.4)" "www.wirama.com"
74.6.17.169 - - [02/Jan/2009:06:57:00 -0800] "GET /text/?N=A HTTP/1.0" 404 275 "-" "Mozilla/5.0 (compatible; Yahoo! Slurp; http://help.yahoo.com/help/us/ysearch/slurp)" "www.wirama.com"
114.111.36.26 - - [02/Jan/2009:10:13:14 -0800] "GET /robots.txt HTTP/1.1" 404 275 "-" "Mozilla/4.0 (compatible; NaverBot/1.0; http://help.naver.com/customer_webtxt_02.jsp)" "www.wirama.com"
114.111.36.26 - - [02/Jan/2009:10:13:29 -0800] "GET / HTTP/1.1" 200 916 "-" "Mozilla/4.0 (compatible; NaverBot/1.0; http://help.naver.com/customer_webtxt_02.jsp)" "www.wirama.com"
74.6.22.177 - - [02/Jan/2009:10:15:06 -0800] "GET /robots.txt HTTP/1.0" 404 275 "-" "Mozilla/5.0 (compatible; Yahoo! Slurp; http://help.yahoo.com/help/us/ysearch/slurp)" "www.wirama.com"
208.111.154.35 - - [02/Jan/2009:11:40:44 -0800] "GET / HTTP/1.1" 200 916 "-" "Mozilla/5.0 (compatible; Charlotte/1.1; http://www.searchme.com/support/)" "www.wirama.com"
208.36.144.8 - - [02/Jan/2009:12:02:53 -0800] "GET /robots.txt HTTP/1.0" 404 275 "-" "Mozilla/5.0 (Twiceler-0.9 http://www.cuil.com/twiceler/robot.html)" "www.wirama.com"
193.47.80.37 - - [02/Jan/2009:14:03:41 -0800] "GET /robots.txt HTTP/1.1" 404 275 "-" "Mozilla/5.0 (compatible; Exabot/3.0; +http://www.exabot.com/go/robot)" "wirama.com"
193.47.80.37 - - [02/Jan/2009:14:03:42 -0800] "GET / HTTP/1.1" 200 916 "-" "Mozilla/5.0 (compatible; Exabot/3.0; +http://www.exabot.com/go/robot)" "wirama.com"
63.64.74.224 - - [02/Jan/2009:14:29:57 -0800] "GET / HTTP/1.1" 200 916 "http://www.google.com/search?q=WIRAMA&ie=utf-8&oe=utf-8&aq=t&rls=org.mozilla:en-US:official&client=firefox-a" "Mozilla/5.0 (Windows; U; Windows NT 5.1; en-US; rv:1.9.0.5) Gecko/2008120122 Firefox/3.0.5" "www.wirama.com"
63.64.74.224 - - [02/Jan/2009:14:30:12 -0800] "GET / HTTP/1.1" 200 916 "http://www.rfidjournalevents.com/live2008/companyPopUpbce5.html?companyID=365" "Mozilla/5.0 (Windows; U; Windows NT 5.1; en-US; rv:1.9.0.5) Gecko/2008120122 Firefox/3.0.5" "wirama.com"
63.64.74.224 - - [02/Jan/2009:14:30:13 -0800] "GET /favicon.ico HTTP/1.1" 404 275 "-" "Mozilla/5.0 (Windows; U; Windows NT 5.1; en-US; rv:1.9.0.5) Gecko/2008120122 Firefox/3.0.5" "wirama.com"
63.64.74.224 - - [02/Jan/2009:14:30:52 -0800] "GET / HTTP/1.1" 200 916 "-" "Mozilla/5.0 (Windows; U; Windows NT 5.1; en-US; rv:1.9.0.5) Gecko/2008120122 Firefox/3.0.5" "wirama.com"
63.64.74.224 - - [02/Jan/2009:14:30:54 -0800] "GET / HTTP/1.1" 200 916 "http://wirama.com/" "Mozilla/5.0 (Windows; U; Windows NT 5.1; en-US; rv:1.9.0.5) Gecko/2008120122 Firefox/3.0.5" "wirama.com"
63.64.74.224 - - [02/Jan/2009:14:30:59 -0800] "GET /_private/ HTTP/1.1" 200 675 "http://wirama.com/" "Mozilla/5.0 (Windows; U; Windows NT 5.1; en-US; rv:1.9.0.5) Gecko/2008120122 Firefox/3.0.5" "wirama.com"
63.64.74.224 - - [02/Jan/2009:14:31:03 -0800] "GET /logs/ HTTP/1.1" 200 944 "http://wirama.com/" "Mozilla/5.0 (Windows; U; Windows NT 5.1; en-US; rv:1.9.0.5) Gecko/2008120122 Firefox/3.0.5" "wirama.com"
63.64.74.224 - - [02/Jan/2009:14:31:08 -0800] "GET /tmp/ HTTP/1.1" 200 520 "http://wirama.com/" "Mozilla/5.0 (Windows; U; Windows NT 5.1; en-US; rv:1.9.0.5) Gecko/2008120122 Firefox/3.0.5" "wirama.com"
63.64.74.224 - - [02/Jan/2009:14:34:54 -0800] "GET / HTTP/1.1" 200 916 "http://investing.businessweek.com/research/stocks/private/snapshot.asp?privcapId=32832468" "Mozilla/5.0 (Windows; U; Windows NT 5.1; en-US; rv:1.9.0.5) Gecko/2008120122 Firefox/3.0.5" "www.wirama.com"
63.64.74.224 - - [02/Jan/2009:14:34:54 -0800] "GET /favicon.ico HTTP/1.1" 404 275 "-" "Mozilla/5.0 (Windows; U; Windows NT 5.1; en-US; rv:1.9.0.5) Gecko/2008120122 Firefox/3.0.5" "wirama.com"
74.6.22.177 - - [02/Jan/2009:20:11:00 -0800] "GET /_private/ HTTP/1.0" 200 659 "-" "Mozilla/5.0 (compatible; Yahoo! Slurp; http://help.yahoo.com/help/us/ysearch/slurp)" "www.wirama.com"
195.113.214.204 - - [02/Jan/2009:20:51:57 -0800] "GET /robots.txt HTTP/1.0" 404 275 "-" "Jyxobot/1" "www.wirama.com"
195.113.214.204 - - [02/Jan/2009:20:52:07 -0800] "GET /pr02.htm HTTP/1.0" 404 275 "-" "Jyxobot/1" "www.wirama.com"
74.6.22.177 - - [02/Jan/2009:20:56:43 -0800] "GET /pr02.htm HTTP/1.0" 404 275 "-" "Mozilla/5.0 (compatible; Yahoo! Slurp; http://help.yahoo.com/help/us/ysearch/slurp)" "www.wirama.com"
38.99.13.121 - - [02/Jan/2009:23:01:59 -0800] "GET /robots.txt HTTP/1.0" 404 275 "-" "Mozilla/5.0 (Twiceler-0.9 http://www.cuil.com/twiceler/robot.html)" "wirama.com"
64.69.46.80 - - [03/Jan/2009:00:00:12 -0800] "GET / HTTP/1.1" 200 916 "-" "Mozilla/5.0 (compatible; Googlebot/2.1; http://www.google.com/bot.html)" "www.wirama.com"
72.36.115.86 - - [03/Jan/2009:03:31:49 -0800] "GET /robots.txt HTTP/1.1" 404 275 "-" "CazoodleBot/0.0.2 (http://www.cazoodle.com/contact.php; cbot@cazoodle.com)" "www.wirama.com"
208.111.154.16 - - [03/Jan/2009:04:18:56 -0800] "GET /robots.txt HTTP/1.0" 404 275 "-" "Mozilla/5.0 (compatible; Charlotte/1.1; http://www.searchme.com/support/)" "www.wirama.com"
208.111.154.35 - - [03/Jan/2009:04:18:56 -0800] "GET / HTTP/1.1" 200 916 "-" "Mozilla/5.0 (compatible; Charlotte/1.1; http://www.searchme.com/support/)" "www.wirama.com"
74.6.22.177 - - [03/Jan/2009:04:50:48 -0800] "GET /robots.txt HTTP/1.0" 404 275 "-" "Mozilla/5.0 (compatible; Yahoo! Slurp; http://help.yahoo.com/help/us/ysearch/slurp)" "www.wirama.com"
65.55.37.172 - - [03/Jan/2009:05:09:31 -0800] "GET /robots.txt HTTP/1.1" 404 275 "-" "msnbot-media/1.1 (+http://search.msn.com/msnbot.htm)" "www.wirama.com"
65.55.37.172 - - [03/Jan/2009:05:09:31 -0800] "GET /job_opportunities.htm HTTP/1.1" 404 275 "-" "msnbot-media/1.1 (+http://search.msn.com/msnbot.htm)" "www.wirama.com"
203.209.252.67 - - [03/Jan/2009:06:21:42 -0800] "GET /robots.txt HTTP/1.0" 404 275 "-" "Mozilla/5.0 (compatible; Yahoo! Slurp China; http://misc.yahoo.com.cn/help.html)" "www.wirama.com"
202.160.179.100 - - [03/Jan/2009:06:21:45 -0800] "GET / HTTP/1.0" 200 900 "-" "Mozilla/5.0 (compatible; Yahoo! Slurp China; http://misc.yahoo.com.cn/help.html)" "www.wirama.com"
208.80.194.56 - - [03/Jan/2009:07:12:00 -0800] "GET / HTTP/1.0" 200 900 "-" "Mozilla/4.0 (compatible; MSIE 7.0; Windows NT 5.1; MSOCD; Q312461; Sgrunt|V109|17|S393679331|dial; snprtz|S04023852283276; .NET CLR 1.1.4322)" "www.wirama.com"
208.80.194.50 - - [03/Jan/2009:09:53:16 -0800] "GET / HTTP/1.0" 200 900 "-" "Mozilla/4.0 (compatible; MSIE 6.0; Windows NT 5.1; {B0C4157A-CC90-3849-1ACF-60491EF86A96}; (R1 1.5); .NET CLR 1.1.4322; .NET CLR 2.0.50727; .NET CLR 3.0.04506.30)" "wirama.com"
67.195.37.182 - - [03/Jan/2009:12:08:20 -0800] "GET /robots.txt HTTP/1.0" 404 275 "-" "Mozilla/5.0 (compatible; Yahoo! Slurp; http://help.yahoo.com/help/us/ysearch/slurp)" "www.wirama.com"
208.111.154.35 - - [03/Jan/2009:13:47:08 -0800] "GET / HTTP/1.1" 200 916 "-" "Mozilla/5.0 (compatible; Charlotte/1.1; http://www.searchme.com/support/)" "www.wirama.com"
128.107.248.220 - - [03/Jan/2009:13:51:44 -0800] "GET / HTTP/1.1" 200 916 "-" "Mozilla/4.0 (compatible; MSIE 6.0; Windows NT 5.1; SV1; GTB5; .NET CLR 1.1.4322; .NET CLR 2.0.50727; .NET CLR 3.0.04506.648; .NET CLR 3.5.21022)" "www.wirama.com"
128.107.248.220 - - [03/Jan/2009:13:51:50 -0800] "GET /_private/ HTTP/1.1" 200 675 "http://www.wirama.com/" "Mozilla/4.0 (compatible; MSIE 6.0; Windows NT 5.1; SV1; GTB5; .NET CLR 1.1.4322; .NET CLR 2.0.50727; .NET CLR 3.0.04506.648; .NET CLR 3.5.21022)" "www.wirama.com"
128.107.248.220 - - [03/Jan/2009:13:51:57 -0800] "GET /logs/ HTTP/1.1" 200 944 "http://www.wirama.com/" "Mozilla/4.0 (compatible; MSIE 6.0; Windows NT 5.1; SV1; GTB5; .NET CLR 1.1.4322; .NET CLR 2.0.50727; .NET CLR 3.0.04506.648; .NET CLR 3.5.21022)" "www.wirama.com"
128.107.248.220 - - [03/Jan/2009:13:52:00 -0800] "GET /logs/access.log HTTP/1.1" 200 31292 "http://www.wirama.com/logs/" "Mozilla/4.0 (compatible; MSIE 6.0; Windows NT 5.1; SV1; GTB5; .NET CLR 1.1.4322; .NET CLR 2.0.50727; .NET CLR 3.0.04506.648; .NET CLR 3.5.21022)" "www.wirama.com"
128.107.248.220 - - [03/Jan/2009:13:52:09 -0800] "GET / HTTP/1.1" 200 916 "-" "Mozilla/4.0 (compatible; MSIE 6.0; Windows NT 5.1; SV1; GTB5; .NET CLR 1.1.4322; .NET CLR 2.0.50727; .NET CLR 3.0.04506.648; .NET CLR 3.5.21022)" "www.wirama.com"
128.107.248.220 - - [03/Jan/2009:13:52:12 -0800] "GET /tmp/ HTTP/1.1" 200 520 "http://www.wirama.com/" "Mozilla/4.0 (compatible; MSIE 6.0; Windows NT 5.1; SV1; GTB5; .NET CLR 1.1.4322; .NET CLR 2.0.50727; .NET CLR 3.0.04506.648; .NET CLR 3.5.21022)" "www.wirama.com"
193.47.80.37 - - [03/Jan/2009:14:06:59 -0800] "GET /robots.txt HTTP/1.1" 404 275 "-" "Mozilla/5.0 (compatible; Exabot/3.0; +http://www.exabot.com/go/robot)" "www.wirama.com"
193.47.80.37 - - [03/Jan/2009:14:06:59 -0800] "GET / HTTP/1.1" 200 916 "-" "Mozilla/5.0 (compatible; Exabot/3.0; +http://www.exabot.com/go/robot)" "www.wirama.com"
74.6.22.177 - - [03/Jan/2009:14:27:02 -0800] "GET /robots.txt HTTP/1.0" 404 275 "-" "Mozilla/5.0 (compatible; Yahoo! Slurp; http://help.yahoo.com/help/us/ysearch/slurp)" "www.wirama.com"
64.124.85.92 - - [03/Jan/2009:15:17:19 -0800] "GET /robots.txt HTTP/1.1" 404 275 "-" "Mozilla/5.0 (compatible; BecomeBot/3.0; +http://www.become.com/site_owners.html)" "www.wirama.com"
217.169.46.98 - - [03/Jan/2009:15:26:43 -0800] "GET /contents.htm HTTP/1.1" 404 275 "-" "Mozilla/4.0" "www.wirama.com"
62.215.220.140 - - [03/Jan/2009:15:26:44 -0800] "GET /contents.htm HTTP/1.1" 404 275 "-" "Mozilla/4.0 (compatible; MSIE 6.0; Windows NT 5.1; SV1)" "www.wirama.com"
66.249.66.141 - - [03/Jan/2009:15:28:52 -0800] "GET /robots.txt HTTP/1.1" 404 275 "-" "Mozilla/5.0 (compatible; Googlebot/2.1; +http://www.google.com/bot.html)" "www.wirama.com"
66.249.66.141 - - [03/Jan/2009:15:28:52 -0800] "GET / HTTP/1.1" 200 916 "-" "Mozilla/5.0 (compatible; Googlebot/2.1; +http://www.google.com/bot.html)" "www.wirama.com"
75.72.94.92 - - [03/Jan/2009:16:31:56 -0800] "HEAD /pr02.htm HTTP/1.1" 404 0 "-" "" "www.wirama.com"
75.72.94.92 - - [03/Jan/2009:16:31:57 -0800] "GET /pr02.htm HTTP/1.0" 404 275 "-" "Acesse Agent" "www.wirama.com"
208.80.194.36 - - [03/Jan/2009:17:49:45 -0800] "GET / HTTP/1.0" 200 900 "-" "Mozilla/4.0 (compatible; MSIE 6.0; Windows NT 5.1; SV1; LocalNet; FunWebProducts; (R1 1.5))" "wirama.com"
67.81.116.114 - - [03/Jan/2009:20:04:11 -0800] "GET /favicon.ico HTTP/1.1" 404 275 "-" "Mozilla/4.0 (compatible; MSIE 7.0; Windows NT 5.1; .NET CLR 1.0.3705; .NET CLR 1.1.4322; Media Center PC 4.0)" "wirama.com"
67.81.116.114 - - [03/Jan/2009:20:04:11 -0800] "GET / HTTP/1.1" 200 916 "http://www.ezinfofind.com/Wirama-Inc-Raises-1-Million-in-Venture-Capital-Financing.asp" "Mozilla/4.0 (compatible; MSIE 7.0; Windows NT 5.1; .NET CLR 1.0.3705; .NET CLR 1.1.4322; Media Center PC 4.0)" "www.wirama.com"
67.81.116.114 - - [03/Jan/2009:20:04:33 -0800] "GET /logs/ HTTP/1.1" 200 944 "http://www.wirama.com/" "Mozilla/4.0 (compatible; MSIE 7.0; Windows NT 5.1; .NET CLR 1.0.3705; .NET CLR 1.1.4322; Media Center PC 4.0)" "www.wirama.com"
67.81.116.114 - - [03/Jan/2009:20:04:49 -0800] "GET /logs/access_081231.log HTTP/1.1" 200 303093 "http://www.wirama.com/logs/" "Mozilla/4.0 (compatible; MSIE 7.0; Windows NT 5.1; .NET CLR 1.0.3705; .NET CLR 1.1.4322; Media Center PC 4.0)" "www.wirama.com"
74.6.22.177 - - [03/Jan/2009:20:06:26 -0800] "GET /logs/?N=A HTTP/1.0" 200 928 "-" "Mozilla/5.0 (compatible; Yahoo! Slurp; http://help.yahoo.com/help/us/ysearch/slurp)" "www.wirama.com"
74.6.22.177 - - [03/Jan/2009:21:29:33 -0800] "GET /_private/?N=D HTTP/1.0" 200 659 "-" "Mozilla/5.0 (compatible; Yahoo! Slurp; http://help.yahoo.com/help/us/ysearch/slurp)" "www.wirama.com"
74.6.22.177 - - [03/Jan/2009:21:33:04 -0800] "GET /_private/?N=A HTTP/1.0" 200 659 "-" "Mozilla/5.0 (compatible; Yahoo! Slurp; http://help.yahoo.com/help/us/ysearch/slurp)" "www.wirama.com"
208.80.194.50 - - [03/Jan/2009:21:34:25 -0800] "GET / HTTP/1.0" 200 900 "-" "Mozilla/4.0 (compatible; MSIE 6.0; Windows NT 5.1; SV1; LN; .NET CLR 1.1.4322; InfoPath.1)" "www.wirama.com"
128.107.248.220 - - [03/Jan/2009:22:12:55 -0800] "GET / HTTP/1.1" 200 916 "-" "Mozilla/4.0 (compatible; MSIE 6.0; Windows NT 5.1; SV1; .NET CLR 1.1.4322; .NET CLR 2.0.50727; MS-RTC LM 8)" "www.wirama.com"
128.107.248.220 - - [03/Jan/2009:22:13:20 -0800] "GET / HTTP/1.1" 200 916 "http://www.wirama.com/" "Mozilla/4.0 (compatible; MSIE 6.0; Windows NT 5.1; SV1; .NET CLR 1.1.4322; .NET CLR 2.0.50727; MS-RTC LM 8)" "www.wirama.com"
74.6.22.177 - - [04/Jan/2009:01:35:08 -0800] "GET /robots.txt HTTP/1.0" 404 275 "-" "Mozilla/5.0 (compatible; Yahoo! Slurp; http://help.yahoo.com/help/us/ysearch/slurp)" "www.wirama.com"
208.111.154.35 - - [04/Jan/2009:02:40:07 -0800] "GET / HTTP/1.1" 200 916 "-" "Mozilla/5.0 (compatible; Charlotte/1.1; http://www.searchme.com/support/)" "www.wirama.com"
74.6.22.177 - - [04/Jan/2009:03:29:52 -0800] "GET / HTTP/1.0" 200 900 "-" "Mozilla/5.0 (compatible; Yahoo! Slurp; http://help.yahoo.com/help/us/ysearch/slurp)" "www.wirama.com"
212.95.54.42 - - [04/Jan/2009:04:54:20 -0800] "GET / HTTP/1.0" 200 900 "http://WIRAMA.com/" "Mozilla/4.0 (compatible; MSIE 6.0; Windows 98; Win 9x 4.90)" "wirama.com"
66.232.111.94 - - [04/Jan/2009:06:28:55 -0800] "GET / HTTP/1.1" 200 916 "http://www.keywordspy.com/keyword-research/wirama.com" "Mozilla/4.0 (compatible; MSIE 7.0; Windows NT 5.1; Alexa Toolbar)" "wirama.com"
66.232.111.94 - - [04/Jan/2009:06:28:55 -0800] "GET / HTTP/1.1" 200 916 "http://www.keywordspy.com/keyword-research/wirama.com" "Mozilla/4.0 (compatible; MSIE 7.0; Windows NT 5.1; Alexa Toolbar)" "wirama.com"
66.232.111.94 - - [04/Jan/2009:06:28:55 -0800] "GET / HTTP/1.1" 200 916 "http://www.keywordspy.com/keyword-research/wirama.com" "Mozilla/4.0 (compatible; MSIE 7.0; Windows NT 5.1; Alexa Toolbar)" "wirama.com"
193.47.80.37 - - [04/Jan/2009:09:37:06 -0800] "GET /inquiries.htm HTTP/1.1" 404 275 "-" "Mozilla/5.0 (compatible; Exabot/3.0; +http://www.exabot.com/go/robot)" "www.wirama.com"
208.36.144.8 - - [04/Jan/2009:14:34:29 -0800] "GET /robots.txt HTTP/1.0" 404 275 "-" "Mozilla/5.0 (Twiceler-0.9 http://www.cuil.com/twiceler/robot.html)" "www.wirama.com"
67.131.229.55 - - [04/Jan/2009:14:44:32 -0800] "GET / HTTP/1.1" 200 916 "-" "Mozilla/5.0 (Windows; U; Windows NT 6.0; en-US; rv:1.9.0.5) Gecko/2008120122 Firefox/3.0.5" "wirama.com"
67.131.229.55 - - [04/Jan/2009:14:44:32 -0800] "GET /favicon.ico HTTP/1.1" 404 275 "-" "Mozilla/5.0 (Windows; U; Windows NT 6.0; en-US; rv:1.9.0.5) Gecko/2008120122 Firefox/3.0.5" "wirama.com"
67.131.229.55 - - [04/Jan/2009:14:44:36 -0800] "GET /favicon.ico HTTP/1.1" 404 275 "-" "Mozilla/5.0 (Windows; U; Windows NT 6.0; en-US; rv:1.9.0.5) Gecko/2008120122 Firefox/3.0.5" "wirama.com"
67.131.229.55 - - [04/Jan/2009:14:45:02 -0800] "GET /logs/ HTTP/1.1" 200 944 "http://wirama.com/" "Mozilla/5.0 (Windows; U; Windows NT 6.0; en-US; rv:1.9.0.5) Gecko/2008120122 Firefox/3.0.5" "wirama.com"
67.131.229.55 - - [04/Jan/2009:14:45:25 -0800] "GET / HTTP/1.1" 200 916 "http://www.google.com/search?q=wirama&ie=utf-8&oe=utf-8&aq=t&rls=org.mozilla:en-US:official&client=firefox-a" "Mozilla/5.0 (Windows; U; Windows NT 6.0; en-US; rv:1.9.0.5) Gecko/2008120122 Firefox/3.0.5" "www.wirama.com"
67.131.229.55 - - [04/Jan/2009:14:46:03 -0800] "GET / HTTP/1.1" 200 916 "http://www.google.com/search?q=wirama&ie=utf-8&oe=utf-8&aq=t&rls=org.mozilla:en-US:official&client=firefox-a" "Mozilla/5.0 (Windows; U; Windows NT 6.0; en-US; rv:1.9.0.5) Gecko/2008120122 Firefox/3.0.5" "www.wirama.com"
67.131.229.55 - - [04/Jan/2009:14:46:03 -0800] "GET /favicon.ico HTTP/1.1" 404 275 "-" "Mozilla/5.0 (Windows; U; Windows NT 6.0; en-US; rv:1.9.0.5) Gecko/2008120122 Firefox/3.0.5" "wirama.com"
67.131.229.55 - - [04/Jan/2009:14:46:06 -0800] "GET /favicon.ico HTTP/1.1" 404 275 "-" "Mozilla/5.0 (Windows; U; Windows NT 6.0; en-US; rv:1.9.0.5) Gecko/2008120122 Firefox/3.0.5" "wirama.com"
208.111.154.16 - - [04/Jan/2009:14:54:42 -0800] "GET /robots.txt HTTP/1.0" 404 275 "-" "Mozilla/5.0 (compatible; Charlotte/1.1; http://www.searchme.com/support/)" "www.wirama.com"
208.111.154.35 - - [04/Jan/2009:14:54:49 -0800] "GET / HTTP/1.1" 200 916 "-" "Mozilla/5.0 (compatible; Charlotte/1.1; http://www.searchme.com/support/)" "www.wirama.com"
74.6.22.177 - - [04/Jan/2009:15:56:30 -0800] "GET /robots.txt HTTP/1.0" 404 275 "-" "Mozilla/5.0 (compatible; Yahoo! Slurp; http://help.yahoo.com/help/us/ysearch/slurp)" "wirama.com"
66.249.66.132 - - [04/Jan/2009:16:13:00 -0800] "GET /robots.txt HTTP/1.1" 404 275 "-" "Mozilla/5.0 (compatible; Googlebot/2.1; +http://www.google.com/bot.html)" "www.wirama.com"
66.249.66.132 - - [04/Jan/2009:16:13:00 -0800] "GET /logs/access.log HTTP/1.1" 200 39948 "-" "Mozilla/5.0 (compatible; Googlebot/2.1; +http://www.google.com/bot.html)" "www.wirama.com"
66.249.66.132 - - [04/Jan/2009:16:13:00 -0800] "GET /tmp/ HTTP/1.1" 200 520 "-" "Mozilla/5.0 (compatible; Googlebot/2.1; +http://www.google.com/bot.html)" "www.wirama.com"
20.134.32.21 - - [04/Jan/2009:17:14:21 -0800] "GET / HTTP/1.1" 200 916 "http://www.google.com/search?num=30&hl=en&safe=off&q=wirama&btnG=Search" "Mozilla/5.0 (Windows; U; Windows NT 5.1; en-US; rv:1.8.1.13) Gecko/20080311 Firefox/2.0.0.13" "www.wirama.com"
74.6.22.177 - - [04/Jan/2009:21:04:37 -0800] "GET /robots.txt HTTP/1.0" 404 275 "-" "Mozilla/5.0 (compatible; Yahoo! Slurp; http://help.yahoo.com/help/us/ysearch/slurp)" "www.wirama.com"
74.6.22.177 - - [04/Jan/2009:21:05:11 -0800] "GET /text/?S=D HTTP/1.0" 404 275 "-" "Mozilla/5.0 (compatible; Yahoo! Slurp; http://help.yahoo.com/help/us/ysearch/slurp)" "www.wirama.com"
74.6.22.177 - - [04/Jan/2009:22:54:10 -0800] "GET /job_opportunities.htm HTTP/1.0" 404 275 "-" "Mozilla/5.0 (compatible; Yahoo! Slurp; http://help.yahoo.com/help/us/ysearch/slurp)" "wirama.com"
38.99.13.121 - - [05/Jan/2009:01:01:58 -0800] "GET /robots.txt HTTP/1.0" 404 275 "-" "Mozilla/5.0 (Twiceler-0.9 http://www.cuil.com/twiceler/robot.html)" "wirama.com"
12.31.22.12 - - [05/Jan/2009:03:45:31 -0800] "GET / HTTP/1.0" 200 900 "http://www.rfidjournal.com/article/articleview/4156/2/1/" "Mozilla/4.0 (compatible; MSIE 6.0; Windows NT 5.1; SV1; .NET CLR 1.1.4322; .NET CLR 2.0.50727; .NET CLR 3.0.04506.30; .NET CLR 3.0.04506.648; .NET CLR 3.5.21022)" "www.wirama.com"
164.61.216.35 - - [05/Jan/2009:04:34:21 -0800] "GET / HTTP/1.1" 200 916 "http://www.google.com/search?hl=de&ie=ISO-8859-1&oe=UTF-8&safe=off&q=Wirama" "Mozilla/4.0 (compatible; MSIE 6.0; Windows NT 5.1; SV1; .NET CLR 2.0.50727; .NET CLR 1.1.4322)" "www.wirama.com"
164.61.216.35 - - [05/Jan/2009:04:34:22 -0800] "GET / HTTP/1.1" 200 916 "http://www.wirama.com/" "Mozilla/4.0 (compatible; MSIE 6.0; Windows NT 5.1; SV1; .NET CLR 2.0.50727; .NET CLR 1.1.4322)" "www.wirama.com"
65.55.208.53 - - [05/Jan/2009:06:56:24 -0800] "GET /robots.txt HTTP/1.1" 404 275 "-" "msnbot/1.1 (+http://search.msn.com/msnbot.htm)" "wirama.com"
65.55.208.53 - - [05/Jan/2009:06:56:24 -0800] "GET /jo03.htm HTTP/1.1" 404 275 "-" "msnbot/1.1 (+http://search.msn.com/msnbot.htm)" "wirama.com"
74.6.22.177 - - [05/Jan/2009:07:33:09 -0800] "GET /robots.txt HTTP/1.0" 404 275 "-" "Mozilla/5.0 (compatible; Yahoo! Slurp; http://help.yahoo.com/help/us/ysearch/slurp)" "www.wirama.com"
193.47.80.37 - - [05/Jan/2009:07:53:47 -0800] "GET /robots.txt HTTP/1.1" 404 275 "-" "Mozilla/5.0 (compatible; Exabot/3.0; +http://www.exabot.com/go/robot)" "www.wirama.com"
193.47.80.37 - - [05/Jan/2009:07:53:47 -0800] "GET / HTTP/1.1" 200 916 "-" "Mozilla/5.0 (compatible; Exabot/3.0; +http://www.exabot.com/go/robot)" "www.wirama.com"
66.92.85.82 - - [05/Jan/2009:08:14:13 -0800] "GET / HTTP/1.1" 200 916 "http://www.google.com/search?q=wirama&ie=utf-8&oe=utf-8&aq=t&rls=org.mozilla:en-US:official&client=firefox-a" "Mozilla/5.0 (Windows; U; Windows NT 5.1; en-US; rv:1.9.0.5) Gecko/2008120122 Firefox/3.0.5" "www.wirama.com"
66.92.85.82 - - [05/Jan/2009:08:14:16 -0800] "GET / HTTP/1.1" 200 916 "http://www.google.com/search?q=wirama&ie=utf-8&oe=utf-8&aq=t&rls=org.mozilla:en-US:official&client=firefox-a" "Mozilla/5.0 (Windows; U; Windows NT 5.1; en-US; rv:1.9.0.5) Gecko/2008120122 Firefox/3.0.5" "www.wirama.com"
66.92.85.82 - - [05/Jan/2009:08:14:17 -0800] "GET /favicon.ico HTTP/1.1" 404 275 "-" "Mozilla/5.0 (Windows; U; Windows NT 5.1; en-US; rv:1.9.0.5) Gecko/2008120122 Firefox/3.0.5" "wirama.com"
66.92.85.82 - - [05/Jan/2009:08:14:20 -0800] "GET / HTTP/1.1" 200 916 "http://www.wirama.com/" "Mozilla/5.0 (Windows; U; Windows NT 5.1; en-US; rv:1.9.0.5) Gecko/2008120122 Firefox/3.0.5" "www.wirama.com"
66.92.85.82 - - [05/Jan/2009:08:14:20 -0800] "GET /favicon.ico HTTP/1.1" 404 275 "-" "Mozilla/5.0 (Windows; U; Windows NT 5.1; en-US; rv:1.9.0.5) Gecko/2008120122 Firefox/3.0.5" "wirama.com"
66.92.85.82 - - [05/Jan/2009:08:14:22 -0800] "GET / HTTP/1.1" 200 916 "-" "Mozilla/5.0 (Windows; U; Windows NT 5.1; en-US; rv:1.9.0.5) Gecko/2008120122 Firefox/3.0.5" "www.wirama.com"
66.92.85.82 - - [05/Jan/2009:08:14:22 -0800] "GET /favicon.ico HTTP/1.1" 404 275 "-" "Mozilla/5.0 (Windows; U; Windows NT 5.1; en-US; rv:1.9.0.5) Gecko/2008120122 Firefox/3.0.5" "wirama.com"
208.111.154.35 - - [05/Jan/2009:08:22:06 -0800] "GET / HTTP/1.1" 200 916 "-" "Mozilla/5.0 (compatible; Charlotte/1.1; http://www.searchme.com/support/)" "www.wirama.com"
128.32.38.128 - - [05/Jan/2009:09:47:43 -0800] "GET / HTTP/1.1" 200 916 "http://www.google.com/search?hl=en&q=wirama" "Mozilla/4.0 (compatible; MSIE 7.0; Windows NT 5.1; .NET CLR 1.1.4322)" "www.wirama.com"
128.32.38.128 - - [05/Jan/2009:09:47:44 -0800] "GET /favicon.ico HTTP/1.1" 404 275 "-" "Mozilla/4.0 (compatible; MSIE 7.0; Windows NT 5.1; .NET CLR 1.1.4322)" "wirama.com"
128.32.38.128 - - [05/Jan/2009:09:47:46 -0800] "GET /_private/ HTTP/1.1" 200 675 "http://www.wirama.com/" "Mozilla/4.0 (compatible; MSIE 7.0; Windows NT 5.1; .NET CLR 1.1.4322)" "www.wirama.com"
128.32.38.128 - - [05/Jan/2009:09:47:49 -0800] "GET /_private/form_results.csv HTTP/1.1" 200 0 "http://www.wirama.com/_private/" "Mozilla/4.0 (compatible; MSIE 7.0; Windows NT 5.1; .NET CLR 1.1.4322)" "www.wirama.com"
128.32.38.128 - - [05/Jan/2009:09:47:54 -0800] "GET /logs/ HTTP/1.1" 200 944 "http://www.wirama.com/" "Mozilla/4.0 (compatible; MSIE 7.0; Windows NT 5.1; .NET CLR 1.1.4322)" "www.wirama.com"
128.32.38.128 - - [05/Jan/2009:09:47:56 -0800] "GET /logs/access.log HTTP/1.1" 200 45773 "http://www.wirama.com/logs/" "Mozilla/4.0 (compatible; MSIE 7.0; Windows NT 5.1; .NET CLR 1.1.4322)" "www.wirama.com"
128.32.38.128 - - [05/Jan/2009:09:48:03 -0800] "GET /tmp/ HTTP/1.1" 200 520 "http://www.wirama.com/" "Mozilla/4.0 (compatible; MSIE 7.0; Windows NT 5.1; .NET CLR 1.1.4322)" "www.wirama.com"
128.32.38.128 - - [05/Jan/2009:09:50:18 -0800] "GET / HTTP/1.1" 200 916 "http://www.google.com/search?hl=en&client=news&q=wirama&start=0&sa=N" "Mozilla/4.0 (compatible; MSIE 7.0; Windows NT 5.1; .NET CLR 1.1.4322)" "www.wirama.com"
128.32.38.128 - - [05/Jan/2009:09:50:40 -0800] "GET / HTTP/1.1" 200 916 "http://www.google.com/search?hl=en&client=news&q=wirama&start=0&sa=N" "Mozilla/4.0 (compatible; MSIE 7.0; Windows NT 5.1; .NET CLR 1.1.4322)" "www.wirama.com"
128.32.38.128 - - [05/Jan/2009:09:50:51 -0800] "GET / HTTP/1.1" 200 916 "http://www.google.com/search?hl=en&client=news&q=wirama&start=0&sa=N" "Mozilla/4.0 (compatible; MSIE 7.0; Windows NT 5.1; .NET CLR 1.1.4322)" "www.wirama.com"
128.32.38.128 - - [05/Jan/2009:09:51:17 -0800] "GET /_private/ HTTP/1.1" 200 675 "http://www.wirama.com/" "Mozilla/4.0 (compatible; MSIE 7.0; Windows NT 5.1; .NET CLR 1.1.4322)" "www.wirama.com"
128.32.38.128 - - [05/Jan/2009:09:51:19 -0800] "GET /logs/ HTTP/1.1" 200 944 "http://www.wirama.com/" "Mozilla/4.0 (compatible; MSIE 7.0; Windows NT 5.1; .NET CLR 1.1.4322)" "www.wirama.com"
128.32.38.128 - - [05/Jan/2009:09:51:21 -0800] "GET /tmp/ HTTP/1.1" 200 520 "http://www.wirama.com/" "Mozilla/4.0 (compatible; MSIE 7.0; Windows NT 5.1; .NET CLR 1.1.4322)" "www.wirama.com"
128.32.38.128 - - [05/Jan/2009:09:51:23 -0800] "GET /_private/ HTTP/1.1" 200 675 "http://www.wirama.com/" "Mozilla/4.0 (compatible; MSIE 7.0; Windows NT 5.1; .NET CLR 1.1.4322)" "www.wirama.com"
128.32.38.128 - - [05/Jan/2009:09:51:24 -0800] "GET /_private/form_results.csv HTTP/1.1" 200 0 "http://www.wirama.com/_private/" "Mozilla/4.0 (compatible; MSIE 7.0; Windows NT 5.1; .NET CLR 1.1.4322)" "www.wirama.com"
128.32.38.128 - - [05/Jan/2009:09:51:28 -0800] "GET /_private/form_results.csv HTTP/1.1" 200 0 "-" "Mozilla/4.0 (compatible; MSIE 7.0; Windows NT 5.1; .NET CLR 1.1.4322)" "www.wirama.com"
128.32.38.128 - - [05/Jan/2009:09:51:28 -0800] "OPTIONS /_private/ HTTP/1.1" 200 - "-" "Microsoft Office Protocol Discovery" "www.wirama.com"
128.32.38.128 - - [05/Jan/2009:09:51:49 -0800] "GET / HTTP/1.1" 200 916 "http://www.google.com/search?hl=en&q=wirama" "Mozilla/4.0 (compatible; MSIE 7.0; Windows NT 5.1; .NET CLR 1.1.4322)" "www.wirama.com"
71.232.4.140 - - [05/Jan/2009:09:55:02 -0800] "GET / HTTP/1.1" 200 916 "-" "Mozilla/4.0 (compatible; MSIE 7.0; Windows NT 5.1; MathPlayer 2.10d; .NET CLR 1.1.4322; .NET CLR 2.0.50727; InfoPath.1)" "www.wirama.com"
71.232.4.140 - - [05/Jan/2009:09:55:03 -0800] "GET /favicon.ico HTTP/1.1" 404 275 "-" "Mozilla/4.0 (compatible; MSIE 7.0; Windows NT 5.1; MathPlayer 2.10d; .NET CLR 1.1.4322; .NET CLR 2.0.50727; InfoPath.1)" "wirama.com"
71.232.4.140 - - [05/Jan/2009:09:55:07 -0800] "GET /tmp/ HTTP/1.1" 200 520 "http://www.wirama.com/" "Mozilla/4.0 (compatible; MSIE 7.0; Windows NT 5.1; MathPlayer 2.10d; .NET CLR 1.1.4322; .NET CLR 2.0.50727; InfoPath.1)" "www.wirama.com"
71.232.4.140 - - [05/Jan/2009:09:55:10 -0800] "GET /logs/ HTTP/1.1" 200 944 "http://www.wirama.com/" "Mozilla/4.0 (compatible; MSIE 7.0; Windows NT 5.1; MathPlayer 2.10d; .NET CLR 1.1.4322; .NET CLR 2.0.50727; InfoPath.1)" "www.wirama.com"
71.232.4.140 - - [05/Jan/2009:09:55:13 -0800] "GET /logs/access_090101.log HTTP/1.1" 200 7270 "http://www.wirama.com/logs/" "Mozilla/4.0 (compatible; MSIE 7.0; Windows NT 5.1; MathPlayer 2.10d; .NET CLR 1.1.4322; .NET CLR 2.0.50727; InfoPath.1)" "www.wirama.com"
71.232.4.140 - - [05/Jan/2009:09:55:21 -0800] "GET / HTTP/1.1" 200 916 "-" "Mozilla/4.0 (compatible; MSIE 7.0; Windows NT 5.1; MathPlayer 2.10d; .NET CLR 1.1.4322; .NET CLR 2.0.50727; InfoPath.1)" "www.wirama.com"
