208.80.194.46 - - [25/Jan/2009:07:46:50 -0800] "GET / HTTP/1.0" 200 900 "-" "Mozilla/4.0 (compatible; MSIE 7.0; Windows NT 5.1; FunWebProducts; .NET CLR 1.0.3705; .NET CLR 1.1.4322; Media Center PC 4.0; .NET CLR 2.0.50727; IEMB3; SpamBlockerUtility 4.8.4; IEMB3; yplus 5.6.04b)" "wirama.com"
65.55.208.60 - - [25/Jan/2009:10:12:23 -0800] "GET /tmp/?M=A HTTP/1.1" 200 520 "-" "msnbot/1.1 (+http://search.msn.com/msnbot.htm)" "wirama.com"
77.31.228.27 - - [25/Jan/2009:10:37:23 -0800] "GET / HTTP/1.0" 200 900 "-" "Mozilla/4.0 (compatible; MSIE 5.00; Windows 98)" "www.wirama.com"
65.55.208.61 - - [25/Jan/2009:11:09:42 -0800] "GET /robots.txt HTTP/1.1" 404 275 "-" "msnbot/1.1 (+http://search.msn.com/msnbot.htm)" "wirama.com"
65.55.208.61 - - [25/Jan/2009:11:09:42 -0800] "GET /tmp/?D=A HTTP/1.1" 200 520 "-" "msnbot/1.1 (+http://search.msn.com/msnbot.htm)" "wirama.com"
66.235.124.32 - - [25/Jan/2009:11:32:01 -0800] "GET /robots.txt HTTP/1.1" 404 275 "-" "Mozilla/5.0 (compatible; Ask Jeeves/Teoma; +http://about.ask.com/en/docs/about/webmasters.shtml)" "www.wirama.com"
66.235.124.32 - - [25/Jan/2009:11:32:01 -0800] "GET /pr02.htm HTTP/1.1" 404 275 "-" "Mozilla/5.0 (compatible; Ask Jeeves/Teoma; +http://about.ask.com/en/docs/about/webmasters.shtml)" "www.wirama.com"
65.55.230.156 - - [25/Jan/2009:12:07:47 -0800] "GET /_private/?S=D HTTP/1.1" 200 675 "-" "msnbot-media/1.1 (+http://search.msn.com/msnbot.htm)" "wirama.com"
203.188.235.14 - - [25/Jan/2009:12:08:22 -0800] "GET / HTTP/1.0" 200 900 "http://www.google.com/search?hl=en&q=wirama&btnG=Search" "Mozilla/5.0 (Windows; U; Windows NT 5.1; en-US; rv:1.9.0.5) Gecko/2008120122 Firefox/3.0.5" "www.wirama.com"
74.6.8.87 - - [25/Jan/2009:13:26:01 -0800] "GET / HTTP/1.0" 200 900 "-" "Mozilla/5.0 (compatible; Yahoo! Slurp; http://help.yahoo.com/help/us/ysearch/slurp)" "www.wirama.com"
71.141.133.187 - - [25/Jan/2009:13:28:38 -0800] "GET / HTTP/1.1" 200 916 "http://www.google.com/search?hl=en&q=wirama&btnG=Google+Search&aq=f&oq=wiram" "Mozilla/5.0 (Windows; U; Windows NT 5.1; en-US; rv:1.9.0.5) Gecko/2008120122 Firefox/3.0.5" "www.wirama.com"
71.141.133.187 - - [25/Jan/2009:13:28:38 -0800] "GET /favicon.ico HTTP/1.1" 404 275 "-" "Mozilla/5.0 (Windows; U; Windows NT 5.1; en-US; rv:1.9.0.5) Gecko/2008120122 Firefox/3.0.5" "wirama.com"
71.141.133.187 - - [25/Jan/2009:13:28:41 -0800] "GET /_private/ HTTP/1.1" 200 675 "http://www.wirama.com/" "Mozilla/5.0 (Windows; U; Windows NT 5.1; en-US; rv:1.9.0.5) Gecko/2008120122 Firefox/3.0.5" "www.wirama.com"
71.141.133.187 - - [25/Jan/2009:13:28:41 -0800] "GET /favicon.ico HTTP/1.1" 404 275 "-" "Mozilla/5.0 (Windows; U; Windows NT 5.1; en-US; rv:1.9.0.5) Gecko/2008120122 Firefox/3.0.5" "wirama.com"
71.141.133.187 - - [25/Jan/2009:13:28:42 -0800] "GET /favicon.ico HTTP/1.1" 404 275 "-" "Mozilla/5.0 (Windows; U; Windows NT 5.1; en-US; rv:1.9.0.5) Gecko/2008120122 Firefox/3.0.5" "wirama.com"
71.141.133.187 - - [25/Jan/2009:13:28:42 -0800] "GET /_private/form_results.csv HTTP/1.1" 200 0 "http://www.wirama.com/_private/" "Mozilla/5.0 (Windows; U; Windows NT 5.1; en-US; rv:1.9.0.5) Gecko/2008120122 Firefox/3.0.5" "www.wirama.com"
71.141.133.187 - - [25/Jan/2009:13:32:56 -0800] "GET / HTTP/1.1" 200 916 "http://www.tecknowbasic.com/bio.htm" "Mozilla/5.0 (Windows; U; Windows NT 5.1; en-US; rv:1.9.0.5) Gecko/2008120122 Firefox/3.0.5" "www.wirama.com"
71.141.133.187 - - [25/Jan/2009:13:32:58 -0800] "GET /logs/ HTTP/1.1" 200 944 "http://www.wirama.com/" "Mozilla/5.0 (Windows; U; Windows NT 5.1; en-US; rv:1.9.0.5) Gecko/2008120122 Firefox/3.0.5" "www.wirama.com"
71.141.133.187 - - [25/Jan/2009:13:33:04 -0800] "GET /logs/access.log HTTP/1.1" 200 353113 "http://www.wirama.com/logs/" "Mozilla/5.0 (Windows; U; Windows NT 5.1; en-US; rv:1.9.0.5) Gecko/2008120122 Firefox/3.0.5" "www.wirama.com"
71.141.133.187 - - [25/Jan/2009:13:33:10 -0800] "GET /tmp/ HTTP/1.1" 200 520 "http://www.wirama.com/" "Mozilla/5.0 (Windows; U; Windows NT 5.1; en-US; rv:1.9.0.5) Gecko/2008120122 Firefox/3.0.5" "www.wirama.com"
65.55.208.60 - - [25/Jan/2009:13:52:25 -0800] "GET /tmp/?S=A HTTP/1.1" 200 520 "-" "msnbot/1.1 (+http://search.msn.com/msnbot.htm)" "wirama.com"
74.6.8.87 - - [25/Jan/2009:14:23:25 -0800] "GET /robots.txt HTTP/1.0" 404 275 "-" "Mozilla/5.0 (compatible; Yahoo! Slurp; http://help.yahoo.com/help/us/ysearch/slurp)" "www.wirama.com"
71.141.133.187 - - [25/Jan/2009:14:32:22 -0800] "GET / HTTP/1.1" 200 916 "http://www.linkedin.com/profile?viewProfile=&key=9745225&authToken=691t&authType=NAME_SEARCH&locale=en_US&srchindex=4&goback=%2Epsr_*1_ben+wild_*1_*1_*1_*1_*1_*1_*1_*1_Y_us_94709_*1_*1_*2_*2_*2_Y_Y_*1_Relevance" "Mozilla/5.0 (Windows; U; Windows NT 5.1; en-US; rv:1.9.0.5) Gecko/2008120122 Firefox/3.0.5" "www.wirama.com"
65.55.208.64 - - [25/Jan/2009:15:15:29 -0800] "GET /robots.txt HTTP/1.1" 404 275 "-" "msnbot/1.1 (+http://search.msn.com/msnbot.htm)" "wirama.com"
65.55.208.64 - - [25/Jan/2009:15:15:29 -0800] "GET /logs/ HTTP/1.1" 200 944 "-" "msnbot/1.1 (+http://search.msn.com/msnbot.htm)" "wirama.com"
65.55.208.61 - - [25/Jan/2009:15:32:49 -0800] "GET /logs/?M=A HTTP/1.1" 200 944 "-" "msnbot/1.1 (+http://search.msn.com/msnbot.htm)" "wirama.com"
65.55.208.61 - - [25/Jan/2009:16:40:37 -0800] "GET /logs/?D=A HTTP/1.1" 200 944 "-" "msnbot/1.1 (+http://search.msn.com/msnbot.htm)" "wirama.com"
208.80.194.120 - - [25/Jan/2009:17:59:54 -0800] "GET / HTTP/1.0" 200 900 "-" "Mozilla/4.0 (compatible; MSIE 6.0; Windows NT 5.1; SV1; .NET CLR 1.1.4322; .NET CLR 1.0.3705; ZangoToolbar 4.8.2)" "www.wirama.com"
74.6.8.87 - - [25/Jan/2009:18:15:36 -0800] "GET /text/ HTTP/1.0" 404 275 "-" "Mozilla/5.0 (compatible; Yahoo! Slurp; http://help.yahoo.com/help/us/ysearch/slurp)" "www.wirama.com"
65.55.208.62 - - [25/Jan/2009:18:28:32 -0800] "GET /logs/?S=A HTTP/1.1" 200 944 "-" "msnbot/1.1 (+http://search.msn.com/msnbot.htm)" "wirama.com"
205.203.136.136 - - [25/Jan/2009:19:07:48 -0800] "GET / HTTP/1.1" 200 916 "-" "-" "www.wirama.com"
193.47.80.37 - - [25/Jan/2009:23:59:01 -0800] "GET /robots.txt HTTP/1.1" 404 275 "-" "Mozilla/5.0 (compatible; Exabot/3.0; +http://www.exabot.com/go/robot)" "wirama.com"
193.47.80.37 - - [25/Jan/2009:23:59:01 -0800] "GET / HTTP/1.1" 200 916 "-" "Mozilla/5.0 (compatible; Exabot/3.0; +http://www.exabot.com/go/robot)" "wirama.com"
74.6.8.87 - - [26/Jan/2009:00:12:08 -0800] "GET /job_opportunities.htm HTTP/1.0" 404 275 "-" "Mozilla/5.0 (compatible; Yahoo! Slurp; http://help.yahoo.com/help/us/ysearch/slurp)" "www.wirama.com"
65.55.208.50 - - [26/Jan/2009:01:09:17 -0800] "GET /robots.txt HTTP/1.1" 404 275 "-" "msnbot/1.1 (+http://search.msn.com/msnbot.htm)" "wirama.com"
65.55.208.50 - - [26/Jan/2009:01:09:17 -0800] "GET /tmp/?N=D HTTP/1.1" 200 520 "-" "msnbot/1.1 (+http://search.msn.com/msnbot.htm)" "wirama.com"
202.221.192.37 - - [26/Jan/2009:01:45:34 -0800] "GET / HTTP/1.1" 200 916 "http://www.rfidupdate.com/articles/index.php?id=1542" "Mozilla/5.0 (Windows; U; Windows NT 5.1; en-US) AppleWebKit/525.19 (KHTML, like Gecko) Chrome/1.0.154.43 Safari/525.19" "www.wirama.com"
202.221.192.37 - - [26/Jan/2009:01:45:35 -0800] "GET /favicon.ico HTTP/1.1" 404 275 "-" "Mozilla/5.0 (Windows; U; Windows NT 5.1; en-US) AppleWebKit/525.19 (KHTML, like Gecko) Chrome/1.0.154.43 Safari/525.19" "wirama.com"
202.221.192.37 - - [26/Jan/2009:01:45:41 -0800] "GET / HTTP/1.1" 200 916 "http://www.wirama.com/" "Mozilla/5.0 (Windows; U; Windows NT 5.1; en-US) AppleWebKit/525.19 (KHTML, like Gecko) Chrome/1.0.154.43 Safari/525.19" "www.wirama.com"
202.221.192.37 - - [26/Jan/2009:01:45:45 -0800] "GET /_private/ HTTP/1.1" 200 675 "http://www.wirama.com/" "Mozilla/5.0 (Windows; U; Windows NT 5.1; en-US) AppleWebKit/525.19 (KHTML, like Gecko) Chrome/1.0.154.43 Safari/525.19" "www.wirama.com"
202.221.192.37 - - [26/Jan/2009:01:45:47 -0800] "GET / HTTP/1.1" 200 916 "http://www.wirama.com/_private/" "Mozilla/5.0 (Windows; U; Windows NT 5.1; en-US) AppleWebKit/525.19 (KHTML, like Gecko) Chrome/1.0.154.43 Safari/525.19" "www.wirama.com"
202.221.192.37 - - [26/Jan/2009:01:45:57 -0800] "GET /tmp/ HTTP/1.1" 200 520 "http://www.wirama.com/" "Mozilla/5.0 (Windows; U; Windows NT 5.1; en-US) AppleWebKit/525.19 (KHTML, like Gecko) Chrome/1.0.154.43 Safari/525.19" "www.wirama.com"
202.221.192.37 - - [26/Jan/2009:01:45:59 -0800] "GET / HTTP/1.1" 200 916 "http://www.wirama.com/tmp/" "Mozilla/5.0 (Windows; U; Windows NT 5.1; en-US) AppleWebKit/525.19 (KHTML, like Gecko) Chrome/1.0.154.43 Safari/525.19" "www.wirama.com"
202.221.192.37 - - [26/Jan/2009:01:46:01 -0800] "GET /logs/ HTTP/1.1" 200 944 "http://www.wirama.com/" "Mozilla/5.0 (Windows; U; Windows NT 5.1; en-US) AppleWebKit/525.19 (KHTML, like Gecko) Chrome/1.0.154.43 Safari/525.19" "www.wirama.com"
202.221.192.37 - - [26/Jan/2009:01:46:16 -0800] "GET /pr02.htm HTTP/1.1" 404 275 "http://www.rfidupdate.com/articles/index.php?id=1542" "Mozilla/5.0 (Windows; U; Windows NT 5.1; en-US) AppleWebKit/525.19 (KHTML, like Gecko) Chrome/1.0.154.43 Safari/525.19" "www.wirama.com"
67.195.37.114 - - [26/Jan/2009:02:54:23 -0800] "GET /robots.txt HTTP/1.0" 404 275 "-" "Mozilla/5.0 (compatible; Yahoo! Slurp; http://help.yahoo.com/help/us/ysearch/slurp)" "www.wirama.com"
208.111.154.15 - - [26/Jan/2009:03:40:23 -0800] "GET /robots.txt HTTP/1.0" 404 275 "-" "Mozilla/5.0 (compatible; Charlotte/1.1; http://www.searchme.com/support/)" "www.wirama.com"
208.111.154.16 - - [26/Jan/2009:03:40:26 -0800] "GET / HTTP/1.1" 200 916 "-" "Mozilla/5.0 (compatible; Charlotte/1.1; http://www.searchme.com/support/)" "www.wirama.com"
65.98.103.11 - - [26/Jan/2009:04:01:01 -0800] "GET /contents.htm HTTP/1.0" 404 275 "http://www.wirama.com/contents.htm" "Mozilla/4.0 (compatible; MSIE 6.0; Windows 98; Win 9x 4.90)" "www.wirama.com"
88.198.54.120 - - [26/Jan/2009:04:03:31 -0800] "GET /tmp/ HTTP/1.1" 200 520 "-" "Mozilla/4.0 (compatible; MSIE 6.0; Windows NT 5.1; SV1)" "www.wirama.com"
88.198.54.120 - - [26/Jan/2009:04:03:31 -0800] "GET /tmp/?N=D HTTP/1.1" 200 520 "-" "Mozilla/4.0 (compatible; MSIE 6.0; Windows NT 5.1; SV1)" "www.wirama.com"
88.198.54.120 - - [26/Jan/2009:04:03:31 -0800] "GET /tmp/?M=A HTTP/1.1" 200 520 "-" "Mozilla/4.0 (compatible; MSIE 6.0; Windows NT 5.1; SV1)" "www.wirama.com"
88.198.54.120 - - [26/Jan/2009:04:03:31 -0800] "GET /tmp/?S=A HTTP/1.1" 200 520 "-" "Mozilla/4.0 (compatible; MSIE 6.0; Windows NT 5.1; SV1)" "www.wirama.com"
88.198.54.120 - - [26/Jan/2009:04:03:32 -0800] "GET /tmp/?D=A HTTP/1.1" 200 520 "-" "Mozilla/4.0 (compatible; MSIE 6.0; Windows NT 5.1; SV1)" "www.wirama.com"
86.96.227.89 - - [26/Jan/2009:04:58:21 -0800] "GET / HTTP/1.1" 200 916 "http://venturebeat.com/2007/02/28/wirama-wireless-rfid-co-raises-first-round-of-funding/" "Mozilla/4.0 (compatible; MSIE 7.0; Windows NT 5.1; InfoPath.2; .NET CLR 2.0.50727; .NET CLR 1.1.4322; .NET CLR 3.0.04506.648; .NET CLR 3.5.21022)" "www.wirama.com"
86.96.227.89 - - [26/Jan/2009:04:58:23 -0800] "GET /favicon.ico HTTP/1.1" 404 275 "-" "Mozilla/4.0 (compatible; MSIE 7.0; Windows NT 5.1; InfoPath.2; .NET CLR 2.0.50727; .NET CLR 1.1.4322; .NET CLR 3.0.04506.648; .NET CLR 3.5.21022)" "wirama.com"
86.96.227.89 - - [26/Jan/2009:04:58:35 -0800] "GET /_private/ HTTP/1.1" 200 675 "http://www.wirama.com/" "Mozilla/4.0 (compatible; MSIE 7.0; Windows NT 5.1; InfoPath.2; .NET CLR 2.0.50727; .NET CLR 1.1.4322; .NET CLR 3.0.04506.648; .NET CLR 3.5.21022)" "www.wirama.com"
86.96.227.89 - - [26/Jan/2009:04:58:39 -0800] "GET /_private/form_results.csv HTTP/1.1" 200 0 "http://www.wirama.com/_private/" "Mozilla/4.0 (compatible; MSIE 7.0; Windows NT 5.1; InfoPath.2; .NET CLR 2.0.50727; .NET CLR 1.1.4322; .NET CLR 3.0.04506.648; .NET CLR 3.5.21022)" "www.wirama.com"
86.96.227.89 - - [26/Jan/2009:04:58:49 -0800] "OPTIONS /_private/ HTTP/1.1" 200 - "-" "Microsoft Office Protocol Discovery" "www.wirama.com"
86.96.227.89 - - [26/Jan/2009:04:58:53 -0800] "HEAD /_private/form_results.csv HTTP/1.1" 200 0 "-" "Microsoft Office Existence Discovery" "www.wirama.com"
202.160.189.248 - - [26/Jan/2009:05:42:07 -0800] "GET /robots.txt HTTP/1.0" 404 275 "-" "Mozilla/5.0 (compatible; Yahoo! Slurp China; http://misc.yahoo.com.cn/help.html)" "www.wirama.com"
202.160.179.100 - - [26/Jan/2009:05:42:28 -0800] "GET / HTTP/1.0" 200 900 "-" "Mozilla/5.0 (compatible; Yahoo! Slurp China; http://misc.yahoo.com.cn/help.html)" "www.wirama.com"
64.32.224.241 - - [26/Jan/2009:07:46:00 -0800] "GET / HTTP/1.1" 200 916 "-" "Mozilla/5.0 (Windows; U; Windows NT 5.1; en-US; rv:1.9.0.5) Gecko/2008120122 Firefox/3.0.5" "www.wirama.com"
64.32.224.241 - - [26/Jan/2009:07:46:00 -0800] "GET /favicon.ico HTTP/1.1" 404 275 "-" "Mozilla/5.0 (Windows; U; Windows NT 5.1; en-US; rv:1.9.0.5) Gecko/2008120122 Firefox/3.0.5" "wirama.com"
64.32.224.241 - - [26/Jan/2009:07:46:03 -0800] "GET /favicon.ico HTTP/1.1" 404 275 "-" "Mozilla/5.0 (Windows; U; Windows NT 5.1; en-US; rv:1.9.0.5) Gecko/2008120122 Firefox/3.0.5" "wirama.com"
64.32.224.241 - - [26/Jan/2009:07:46:04 -0800] "GET / HTTP/1.1" 200 916 "http://www.wirama.com/" "Mozilla/5.0 (Windows; U; Windows NT 5.1; en-US; rv:1.9.0.5) Gecko/2008120122 Firefox/3.0.5" "www.wirama.com"
208.80.194.36 - - [26/Jan/2009:08:12:57 -0800] "GET / HTTP/1.0" 200 900 "-" "Mozilla/4.0 (compatible; MSIE 6.0; Windows NT 5.1; SV1; FunWebProducts; SIMBAR={4B7939B3-8D92-48b3-9EC3-3184BE0CD914}; .NET CLR 1.1.4322; HbTools 4.8.4)" "wirama.com"
65.168.203.3 - - [26/Jan/2009:08:43:27 -0800] "GET / HTTP/1.1" 200 916 "-" "Mozilla/5.0 (Windows; U; Windows NT 5.1; en-US; rv:1.9.0.5) Gecko/2008120122 Firefox/3.0.5" "www.wirama.com"
65.168.203.3 - - [26/Jan/2009:08:43:27 -0800] "GET /favicon.ico HTTP/1.1" 404 275 "-" "Mozilla/5.0 (Windows; U; Windows NT 5.1; en-US; rv:1.9.0.5) Gecko/2008120122 Firefox/3.0.5" "wirama.com"
65.168.203.3 - - [26/Jan/2009:08:43:30 -0800] "GET /_private/ HTTP/1.1" 200 675 "http://www.wirama.com/" "Mozilla/5.0 (Windows; U; Windows NT 5.1; en-US; rv:1.9.0.5) Gecko/2008120122 Firefox/3.0.5" "www.wirama.com"
65.168.203.3 - - [26/Jan/2009:08:43:30 -0800] "GET /favicon.ico HTTP/1.1" 404 275 "-" "Mozilla/5.0 (Windows; U; Windows NT 5.1; en-US; rv:1.9.0.5) Gecko/2008120122 Firefox/3.0.5" "wirama.com"
65.168.203.3 - - [26/Jan/2009:08:43:33 -0800] "GET /logs/ HTTP/1.1" 200 944 "http://www.wirama.com/" "Mozilla/5.0 (Windows; U; Windows NT 5.1; en-US; rv:1.9.0.5) Gecko/2008120122 Firefox/3.0.5" "www.wirama.com"
65.168.203.3 - - [26/Jan/2009:08:43:35 -0800] "GET /tmp/ HTTP/1.1" 200 520 "http://www.wirama.com/" "Mozilla/5.0 (Windows; U; Windows NT 5.1; en-US; rv:1.9.0.5) Gecko/2008120122 Firefox/3.0.5" "www.wirama.com"
65.168.203.3 - - [26/Jan/2009:08:43:40 -0800] "GET / HTTP/1.1" 200 916 "http://www.google.com/search?q=wirama&ie=utf-8&oe=utf-8&aq=t&rls=org.mozilla:en-US:official&client=firefox-a" "Mozilla/5.0 (Windows; U; Windows NT 5.1; en-US; rv:1.9.0.5) Gecko/2008120122 Firefox/3.0.5" "www.wirama.com"
65.168.203.3 - - [26/Jan/2009:08:44:19 -0800] "GET / HTTP/1.1" 200 916 "http://www.google.com/search?q=wirama&ie=utf-8&oe=utf-8&aq=t&rls=org.mozilla:en-US:official&client=firefox-a" "Mozilla/5.0 (Windows; U; Windows NT 5.1; en-US; rv:1.9.0.5) Gecko/2008120122 Firefox/3.0.5" "www.wirama.com"
78.101.226.194 - - [26/Jan/2009:09:07:57 -0800] "GET / HTTP/1.1" 200 916 "http://search.yahoo.com/search?fr=yff3u&p=wirama" "Mozilla/5.0 (Windows; U; Windows NT 6.0; en-US; rv:1.9.0.4) Gecko/2008102920 YFF3 Firefox/3.0.4" "www.wirama.com"
78.101.226.194 - - [26/Jan/2009:09:07:58 -0800] "GET /favicon.ico HTTP/1.1" 404 275 "-" "Mozilla/5.0 (Windows; U; Windows NT 6.0; en-US; rv:1.9.0.4) Gecko/2008102920 YFF3 Firefox/3.0.4" "wirama.com"
78.101.226.194 - - [26/Jan/2009:09:08:01 -0800] "GET /favicon.ico HTTP/1.1" 404 275 "-" "Mozilla/5.0 (Windows; U; Windows NT 6.0; en-US; rv:1.9.0.4) Gecko/2008102920 YFF3 Firefox/3.0.4" "wirama.com"
128.32.32.27 - - [26/Jan/2009:09:53:17 -0800] "GET / HTTP/1.1" 200 916 "-" "Mozilla/4.0 (compatible; MSIE 6.0; Windows NT 5.1; SV1)" "www.wirama.com"
121.254.193.164 - - [26/Jan/2009:09:54:11 -0800] "GET /robots.txt HTTP/1.1" 404 275 "-" "Mozilla/5.0 (compatible; MSIE or Firefox mutant; not on Windows server; +http://ws.daum.net/aboutWebSearch.html) Daumoa/2.0" "wirama.com"
121.254.193.164 - - [26/Jan/2009:09:54:12 -0800] "GET / HTTP/1.1" 200 916 "http://wirama.com/" "Mozilla/5.0 (compatible; MSIE or Firefox mutant; not on Windows server; +http://ws.daum.net/aboutWebSearch.html) Daumoa/2.0" "wirama.com"
128.32.32.27 - - [26/Jan/2009:09:54:42 -0800] "GET /logs/access_090101.log HTTP/1.1" 200 7270 "http://www.google.com/search?source=ig&hl=en&rlz=1G1GGLQ_ENUS311&q=wirama.com&aq=f" "Mozilla/4.0 (compatible; MSIE 6.0; Windows NT 5.1; SV1)" "www.wirama.com"
128.32.32.27 - - [26/Jan/2009:09:54:47 -0800] "GET / HTTP/1.1" 200 916 "http://www.google.com/search?source=ig&hl=en&rlz=1G1GGLQ_ENUS311&q=wirama.com&aq=f" "Mozilla/4.0 (compatible; MSIE 6.0; Windows NT 5.1; SV1)" "www.wirama.com"
128.32.32.27 - - [26/Jan/2009:09:54:49 -0800] "GET / HTTP/1.1" 200 916 "http://www.wirama.com/" "Mozilla/4.0 (compatible; MSIE 6.0; Windows NT 5.1; SV1)" "www.wirama.com"
98.234.70.45 - - [26/Jan/2009:11:36:27 -0800] "GET / HTTP/1.1" 200 916 "-" "Mozilla/4.0 (compatible; MSIE 7.0; Windows NT 5.1; .NET CLR 1.1.4322; .NET CLR 2.0.50727)" "www.wirama.com"
98.234.70.45 - - [26/Jan/2009:11:36:28 -0800] "GET /favicon.ico HTTP/1.1" 404 275 "-" "Mozilla/4.0 (compatible; MSIE 7.0; Windows NT 5.1; .NET CLR 1.1.4322; .NET CLR 2.0.50727)" "wirama.com"
66.249.65.71 - - [26/Jan/2009:11:49:31 -0800] "GET /robots.txt HTTP/1.1" 404 275 "-" "Mozilla/5.0 (compatible; Googlebot/2.1; +http://www.google.com/bot.html)" "www.wirama.com"
66.249.65.71 - - [26/Jan/2009:11:49:31 -0800] "GET / HTTP/1.1" 200 916 "-" "Mozilla/5.0 (compatible; Googlebot/2.1; +http://www.google.com/bot.html)" "www.wirama.com"
88.131.106.14 - - [26/Jan/2009:12:01:38 -0800] "GET /robots.txt HTTP/1.0" 404 275 "-" "Speedy Spider (http://www.entireweb.com/about/search_tech/speedy_spider/)" "www.wirama.com"
88.131.106.14 - - [26/Jan/2009:12:01:39 -0800] "GET / HTTP/1.0" 200 900 "-" "Speedy Spider (http://www.entireweb.com/about/search_tech/speedy_spider/)" "www.wirama.com"
66.235.124.32 - - [26/Jan/2009:13:21:42 -0800] "GET /robots.txt HTTP/1.1" 404 275 "-" "Mozilla/5.0 (compatible; Ask Jeeves/Teoma; +http://about.ask.com/en/docs/about/webmasters.shtml)" "www.wirama.com"
66.235.124.32 - - [26/Jan/2009:13:21:42 -0800] "GET / HTTP/1.1" 200 916 "-" "Mozilla/5.0 (compatible; Ask Jeeves/Teoma; +http://about.ask.com/en/docs/about/webmasters.shtml)" "www.wirama.com"
74.208.8.48 - - [26/Jan/2009:13:56:44 -0800] "GET / HTTP/1.1" 200 916 "-" "Mozilla/4.0 (compatible; MSIE 6.0; Windows NT 5.1)" "wirama.com"
64.206.116.42 - - [26/Jan/2009:14:00:01 -0800] "GET / HTTP/1.1" 200 916 "-" "Mozilla/5.0 (Windows; U; Windows NT 5.1; en-US) AppleWebKit/525.19 (KHTML, like Gecko) Chrome/1.0.154.43 Safari/525.19" "wirama.com"
64.206.116.42 - - [26/Jan/2009:14:00:01 -0800] "GET /favicon.ico HTTP/1.1" 404 275 "-" "Mozilla/5.0 (Windows; U; Windows NT 5.1; en-US) AppleWebKit/525.19 (KHTML, like Gecko) Chrome/1.0.154.43 Safari/525.19" "wirama.com"
64.206.116.42 - - [26/Jan/2009:14:00:11 -0800] "GET / HTTP/1.1" 200 916 "-" "Mozilla/5.0 (Windows; U; Windows NT 5.1; en-US) AppleWebKit/525.19 (KHTML, like Gecko) Chrome/1.0.154.43 Safari/525.19" "www.wirama.com"
64.206.116.42 - - [26/Jan/2009:14:00:11 -0800] "GET /favicon.ico HTTP/1.1" 404 275 "-" "Mozilla/5.0 (Windows; U; Windows NT 5.1; en-US) AppleWebKit/525.19 (KHTML, like Gecko) Chrome/1.0.154.43 Safari/525.19" "wirama.com"
64.206.116.42 - - [26/Jan/2009:14:00:15 -0800] "GET / HTTP/1.1" 200 916 "http://www.wirama.com/" "Mozilla/5.0 (Windows; U; Windows NT 5.1; en-US) AppleWebKit/525.19 (KHTML, like Gecko) Chrome/1.0.154.43 Safari/525.19" "www.wirama.com"
64.206.116.42 - - [26/Jan/2009:14:00:18 -0800] "GET /_private/ HTTP/1.1" 200 675 "http://www.wirama.com/" "Mozilla/5.0 (Windows; U; Windows NT 5.1; en-US) AppleWebKit/525.19 (KHTML, like Gecko) Chrome/1.0.154.43 Safari/525.19" "www.wirama.com"
64.206.116.42 - - [26/Jan/2009:14:00:19 -0800] "GET /_private/form_results.csv HTTP/1.1" 200 0 "http://www.wirama.com/_private/" "Mozilla/5.0 (Windows; U; Windows NT 5.1; en-US) AppleWebKit/525.19 (KHTML, like Gecko) Chrome/1.0.154.43 Safari/525.19" "www.wirama.com"
70.45.0.179 - - [26/Jan/2009:14:25:28 -0800] "GET /logs/access_090101.log HTTP/1.1" 200 7270 "http://www.google.com/search?q=www.worama.com&rls=com.microsoft:en-us&ie=UTF-8&oe=UTF-8&startIndex=&startPage=1" "Mozilla/4.0 (compatible; MSIE 7.0; Windows NT 5.1; .NET CLR 1.0.3705; .NET CLR 1.1.4322; Media Center PC 4.0; InfoPath.2; .NET CLR 2.0.50727)" "www.wirama.com"
67.195.37.155 - - [26/Jan/2009:15:05:24 -0800] "GET /robots.txt HTTP/1.0" 404 275 "-" "Mozilla/5.0 (compatible; Yahoo! Slurp; http://help.yahoo.com/help/us/ysearch/slurp)" "www.wirama.com"
71.208.32.231 - - [26/Jan/2009:15:39:00 -0800] "GET / HTTP/1.1" 200 916 "http://venturebeat.com/2007/02/28/wirama-wireless-rfid-co-raises-first-round-of-funding/" "Mozilla/5.0 (Macintosh; U; PPC Mac OS X 10_4_11; en) AppleWebKit/525.27.1 (KHTML, like Gecko) Version/3.2.1 Safari/525.27.1" "www.wirama.com"
71.208.32.231 - - [26/Jan/2009:15:39:01 -0800] "GET /favicon.ico HTTP/1.1" 404 275 "http://www.wirama.com/" "Mozilla/5.0 (Macintosh; U; PPC Mac OS X 10_4_11; en) AppleWebKit/525.27.1 (KHTML, like Gecko) Version/3.2.1 Safari/525.27.1" "wirama.com"
71.208.32.231 - - [26/Jan/2009:15:39:24 -0800] "GET / HTTP/1.1" 200 916 "-" "Mozilla/5.0 (Macintosh; U; PPC Mac OS X 10_4_11; en) AppleWebKit/525.27.1 (KHTML, like Gecko) Version/3.2.1 Safari/525.27.1" "www.wirama.com"
128.32.38.128 - - [26/Jan/2009:16:50:18 -0800] "GET /favicon.ico HTTP/1.1" 404 275 "-" "Mozilla/4.0 (compatible; MSIE 7.0; Windows NT 5.1; .NET CLR 1.1.4322)" "wirama.com"
128.32.38.128 - - [26/Jan/2009:16:50:18 -0800] "GET / HTTP/1.1" 200 916 "http://www.tecknowbasic.com/bio.htm" "Mozilla/4.0 (compatible; MSIE 7.0; Windows NT 5.1; .NET CLR 1.1.4322)" "www.wirama.com"
192.25.142.225 - - [26/Jan/2009:17:00:00 -0800] "GET / HTTP/1.1" 200 916 "http://www.rfidupdate.com/articles/index.php?id=1542" "Mozilla/5.0 (X11; U; Linux i686 (x86_64); en-US; rv:1.8.0.7) Gecko/20060909 Firefox/1.5.0.7" "www.wirama.com"
192.25.142.225 - - [26/Jan/2009:17:00:01 -0800] "GET /favicon.ico HTTP/1.1" 404 275 "-" "Mozilla/5.0 (X11; U; Linux i686 (x86_64); en-US; rv:1.8.0.7) Gecko/20060909 Firefox/1.5.0.7" "wirama.com"
192.25.142.225 - - [26/Jan/2009:17:00:05 -0800] "GET /logs/ HTTP/1.1" 200 944 "http://www.wirama.com/" "Mozilla/5.0 (X11; U; Linux i686 (x86_64); en-US; rv:1.8.0.7) Gecko/20060909 Firefox/1.5.0.7" "www.wirama.com"
192.25.142.225 - - [26/Jan/2009:17:00:07 -0800] "GET /logs/access_081231.log HTTP/1.1" 200 303093 "http://www.wirama.com/logs/" "Mozilla/5.0 (X11; U; Linux i686 (x86_64); en-US; rv:1.8.0.7) Gecko/20060909 Firefox/1.5.0.7" "www.wirama.com"
192.25.142.225 - - [26/Jan/2009:17:00:17 -0800] "GET /_private/ HTTP/1.1" 200 675 "http://www.wirama.com/" "Mozilla/5.0 (X11; U; Linux i686 (x86_64); en-US; rv:1.8.0.7) Gecko/20060909 Firefox/1.5.0.7" "www.wirama.com"
192.25.142.225 - - [26/Jan/2009:17:00:36 -0800] "GET / HTTP/1.1" 200 916 "http://www.google.com/search?q=Wirama&start=0&ie=utf-8&oe=utf-8&client=firefox-a&rls=org.mozilla:en-US:official" "Mozilla/5.0 (X11; U; Linux i686 (x86_64); en-US; rv:1.8.0.7) Gecko/20060909 Firefox/1.5.0.7" "www.wirama.com"
192.25.142.225 - - [26/Jan/2009:17:01:43 -0800] "GET / HTTP/1.1" 200 916 "http://www.google.com/search?q=Wirama&start=0&ie=utf-8&oe=utf-8&client=firefox-a&rls=org.mozilla:en-US:official" "Mozilla/5.0 (X11; U; Linux i686 (x86_64); en-US; rv:1.8.0.7) Gecko/20060909 Firefox/1.5.0.7" "www.wirama.com"
192.25.142.225 - - [26/Jan/2009:17:02:13 -0800] "GET / HTTP/1.1" 200 916 "http://venturebeat.com/2007/02/28/wirama-wireless-rfid-co-raises-first-round-of-funding/" "Mozilla/5.0 (X11; U; Linux i686 (x86_64); en-US; rv:1.8.0.7) Gecko/20060909 Firefox/1.5.0.7" "www.wirama.com"
192.25.142.225 - - [26/Jan/2009:17:02:18 -0800] "GET /files/series_A.pdf HTTP/1.1" 404 275 "http://venturebeat.com/2007/02/28/wirama-wireless-rfid-co-raises-first-round-of-funding/" "Mozilla/5.0 (X11; U; Linux i686 (x86_64); en-US; rv:1.8.0.7) Gecko/20060909 Firefox/1.5.0.7" "www.wirama.com"
192.25.142.225 - - [26/Jan/2009:17:03:41 -0800] "GET / HTTP/1.1" 200 916 "http://www.tradevibes.com/company/profile/wirama" "Mozilla/5.0 (X11; U; Linux i686 (x86_64); en-US; rv:1.8.0.7) Gecko/20060909 Firefox/1.5.0.7" "www.wirama.com"
192.25.142.225 - - [26/Jan/2009:17:09:30 -0800] "GET /files/series_A.pdf HTTP/1.1" 404 275 "-" "Mozilla/5.0 (X11; U; Linux i686 (x86_64); en-US; rv:1.8.0.7) Gecko/20060909 Firefox/1.5.0.7" "www.wirama.com"
192.25.142.225 - - [26/Jan/2009:17:11:44 -0800] "GET / HTTP/1.1" 200 916 "http://investing.businessweek.com/research/stocks/private/snapshot.asp?privcapId=32832468" "Mozilla/5.0 (X11; U; Linux i686 (x86_64); en-US; rv:1.8.0.7) Gecko/20060909 Firefox/1.5.0.7" "www.wirama.com"
192.25.142.225 - - [26/Jan/2009:17:11:47 -0800] "GET /tmp/ HTTP/1.1" 200 520 "http://www.wirama.com/" "Mozilla/5.0 (X11; U; Linux i686 (x86_64); en-US; rv:1.8.0.7) Gecko/20060909 Firefox/1.5.0.7" "www.wirama.com"
192.25.142.225 - - [26/Jan/2009:17:11:48 -0800] "GET / HTTP/1.1" 200 916 "http://www.wirama.com/tmp/" "Mozilla/5.0 (X11; U; Linux i686 (x86_64); en-US; rv:1.8.0.7) Gecko/20060909 Firefox/1.5.0.7" "www.wirama.com"
88.80.205.219 - - [26/Jan/2009:17:19:54 -0800] "GET / HTTP/1.1" 200 916 "-" "Mozilla/4.0 (compatible; MSIE 7.0; Windows NT 6.0; WOW64; SLCC1; .NET CLR 2.0.50727; .NET CLR 3.0.04506)" "wirama.com"
208.80.194.45 - - [26/Jan/2009:18:49:00 -0800] "GET / HTTP/1.0" 200 900 "-" "Mozilla/4.0 (compatible; MSIE 6.0; Windows NT 5.0; EMC IS 55; .NET CLR 1.0.3705; .NET CLR 1.1.4322; InfoPath.1)" "www.wirama.com"
65.55.208.60 - - [26/Jan/2009:18:53:48 -0800] "GET /robots.txt HTTP/1.1" 404 275 "-" "msnbot/1.1 (+http://search.msn.com/msnbot.htm)" "wirama.com"
65.55.208.60 - - [26/Jan/2009:18:53:48 -0800] "GET /_private/?N=A HTTP/1.1" 200 675 "-" "msnbot/1.1 (+http://search.msn.com/msnbot.htm)" "wirama.com"
208.36.144.8 - - [26/Jan/2009:18:55:09 -0800] "GET /robots.txt HTTP/1.0" 404 275 "-" "Mozilla/5.0 (Twiceler-0.9 http://www.cuil.com/twiceler/robot.html)" "www.wirama.com"
216.243.130.106 - - [26/Jan/2009:20:41:44 -0800] "GET / HTTP/1.1" 200 916 "-" "Mozilla/4.0 (compatible; MSIE 6.0; Windows NT 5.1; SV1; .NET CLR 2.0.50727; .NET CLR 1.1.4322)" "www.wirama.com"
216.243.130.106 - - [26/Jan/2009:20:41:49 -0800] "GET / HTTP/1.1" 200 916 "http://www.wirama.com/" "Mozilla/4.0 (compatible; MSIE 6.0; Windows NT 5.1; SV1; .NET CLR 2.0.50727; .NET CLR 1.1.4322)" "www.wirama.com"
216.243.130.106 - - [26/Jan/2009:20:42:42 -0800] "GET /files/series_A.pdf HTTP/1.1" 404 275 "http://venturebeat.com/2007/02/28/wirama-wireless-rfid-co-raises-first-round-of-funding/" "Mozilla/4.0 (compatible; MSIE 6.0; Windows NT 5.1; SV1; .NET CLR 2.0.50727; .NET CLR 1.1.4322)" "www.wirama.com"
74.6.8.87 - - [26/Jan/2009:20:47:58 -0800] "GET /robots.txt HTTP/1.0" 404 275 "-" "Mozilla/5.0 (compatible; Yahoo! Slurp; http://help.yahoo.com/help/us/ysearch/slurp)" "www.wirama.com"
74.6.8.87 - - [26/Jan/2009:20:48:18 -0800] "GET /logs/ HTTP/1.0" 200 928 "-" "Mozilla/5.0 (compatible; Yahoo! Slurp; http://help.yahoo.com/help/us/ysearch/slurp)" "www.wirama.com"
202.185.66.6 - - [26/Jan/2009:21:14:32 -0800] "GET / HTTP/1.0" 200 900 "http://www.google.com.my/search?hl=ms&q=wirama&btnG=Carian+Google&meta=&aq=f&oq=" "Mozilla/4.0 (compatible; MSIE 7.0; Windows NT 5.1; InfoPath.1; .NET CLR 2.0.50727; .NET CLR 1.1.4322)" "www.wirama.com"
202.185.66.6 - - [26/Jan/2009:21:14:34 -0800] "GET /favicon.ico HTTP/1.0" 404 275 "-" "Mozilla/4.0 (compatible; MSIE 7.0; Windows NT 5.1; InfoPath.1; .NET CLR 2.0.50727; .NET CLR 1.1.4322)" "wirama.com"
65.55.208.47 - - [26/Jan/2009:21:19:08 -0800] "GET /robots.txt HTTP/1.1" 404 275 "-" "msnbot/1.1 (+http://search.msn.com/msnbot.htm)" "wirama.com"
65.55.208.47 - - [26/Jan/2009:21:19:08 -0800] "GET /logs/?N=A HTTP/1.1" 200 944 "-" "msnbot/1.1 (+http://search.msn.com/msnbot.htm)" "wirama.com"
208.111.154.16 - - [26/Jan/2009:22:14:54 -0800] "GET / HTTP/1.1" 200 916 "-" "Mozilla/5.0 (compatible; Charlotte/1.1; http://www.searchme.com/support/)" "www.wirama.com"
65.55.208.59 - - [27/Jan/2009:01:01:36 -0800] "GET /robots.txt HTTP/1.1" 404 275 "-" "msnbot/1.1 (+http://search.msn.com/msnbot.htm)" "wirama.com"
65.55.208.59 - - [27/Jan/2009:01:01:36 -0800] "GET /tmp/?S=D HTTP/1.1" 200 520 "-" "msnbot/1.1 (+http://search.msn.com/msnbot.htm)" "wirama.com"
65.55.208.50 - - [27/Jan/2009:02:22:53 -0800] "GET /robots.txt HTTP/1.1" 404 275 "-" "msnbot/1.1 (+http://search.msn.com/msnbot.htm)" "wirama.com"
65.55.208.50 - - [27/Jan/2009:02:22:53 -0800] "GET /_private/?M=D HTTP/1.1" 200 675 "-" "msnbot/1.1 (+http://search.msn.com/msnbot.htm)" "wirama.com"
65.55.208.62 - - [27/Jan/2009:02:26:23 -0800] "GET /robots.txt HTTP/1.1" 404 275 "-" "msnbot/1.1 (+http://search.msn.com/msnbot.htm)" "wirama.com"
65.55.208.62 - - [27/Jan/2009:02:26:23 -0800] "GET /tmp/ HTTP/1.1" 200 520 "-" "msnbot/1.1 (+http://search.msn.com/msnbot.htm)" "wirama.com"
65.55.208.62 - - [27/Jan/2009:02:37:49 -0800] "GET /logs/?S=D HTTP/1.1" 200 944 "-" "msnbot/1.1 (+http://search.msn.com/msnbot.htm)" "wirama.com"
65.55.208.60 - - [27/Jan/2009:02:44:10 -0800] "GET /logs/?D=D HTTP/1.1" 200 944 "-" "msnbot/1.1 (+http://search.msn.com/msnbot.htm)" "wirama.com"
65.55.25.134 - - [27/Jan/2009:02:57:03 -0800] "GET /robots.txt HTTP/1.1" 404 275 "-" "msnbot/1.1 (+http://search.msn.com/msnbot.htm)" "www.wirama.com"
65.55.25.134 - - [27/Jan/2009:02:57:03 -0800] "GET / HTTP/1.1" 200 916 "-" "msnbot/1.1 (+http://search.msn.com/msnbot.htm)" "www.wirama.com"
65.55.208.60 - - [27/Jan/2009:02:58:24 -0800] "GET /tmp/?M=D HTTP/1.1" 200 520 "-" "msnbot/1.1 (+http://search.msn.com/msnbot.htm)" "wirama.com"
74.6.8.87 - - [27/Jan/2009:03:22:29 -0800] "GET /robots.txt HTTP/1.0" 404 275 "-" "Mozilla/5.0 (compatible; Yahoo! Slurp; http://help.yahoo.com/help/us/ysearch/slurp)" "wirama.com"
74.6.8.87 - - [27/Jan/2009:03:23:46 -0800] "GET /?M=A HTTP/1.0" 200 900 "-" "Mozilla/5.0 (compatible; Yahoo! Slurp; http://help.yahoo.com/help/us/ysearch/slurp)" "wirama.com"
65.55.208.50 - - [27/Jan/2009:03:43:04 -0800] "GET /_private/?S=D HTTP/1.1" 200 675 "-" "msnbot/1.1 (+http://search.msn.com/msnbot.htm)" "wirama.com"
65.55.208.61 - - [27/Jan/2009:04:34:49 -0800] "GET /robots.txt HTTP/1.1" 404 275 "-" "msnbot/1.1 (+http://search.msn.com/msnbot.htm)" "wirama.com"
65.55.208.61 - - [27/Jan/2009:04:34:49 -0800] "GET /logs/?M=D HTTP/1.1" 200 944 "-" "msnbot/1.1 (+http://search.msn.com/msnbot.htm)" "wirama.com"
66.235.124.32 - - [27/Jan/2009:04:38:13 -0800] "GET /robots.txt HTTP/1.1" 404 275 "-" "Mozilla/5.0 (compatible; Ask Jeeves/Teoma; +http://about.ask.com/en/docs/about/webmasters.shtml)" "www.wirama.com"
66.235.124.32 - - [27/Jan/2009:04:38:13 -0800] "GET / HTTP/1.1" 200 916 "-" "Mozilla/5.0 (compatible; Ask Jeeves/Teoma; +http://about.ask.com/en/docs/about/webmasters.shtml)" "www.wirama.com"
65.55.208.61 - - [27/Jan/2009:04:48:07 -0800] "GET /tmp/?D=D HTTP/1.1" 200 520 "-" "msnbot/1.1 (+http://search.msn.com/msnbot.htm)" "wirama.com"
65.55.208.48 - - [27/Jan/2009:05:28:17 -0800] "GET /robots.txt HTTP/1.1" 404 275 "-" "msnbot/1.1 (+http://search.msn.com/msnbot.htm)" "wirama.com"
65.55.208.48 - - [27/Jan/2009:05:28:18 -0800] "GET /tmp/?N=A HTTP/1.1" 200 520 "-" "msnbot/1.1 (+http://search.msn.com/msnbot.htm)" "wirama.com"
74.6.8.87 - - [27/Jan/2009:05:31:05 -0800] "GET /?S=A HTTP/1.0" 200 900 "-" "Mozilla/5.0 (compatible; Yahoo! Slurp; http://help.yahoo.com/help/us/ysearch/slurp)" "wirama.com"
74.6.8.87 - - [27/Jan/2009:05:31:25 -0800] "GET /robots.txt HTTP/1.0" 404 275 "-" "Mozilla/5.0 (compatible; Yahoo! Slurp; http://help.yahoo.com/help/us/ysearch/slurp)" "www.wirama.com"
74.6.8.87 - - [27/Jan/2009:05:31:51 -0800] "GET /?S=A HTTP/1.0" 200 900 "-" "Mozilla/5.0 (compatible; Yahoo! Slurp; http://help.yahoo.com/help/us/ysearch/slurp)" "www.wirama.com"
74.6.8.87 - - [27/Jan/2009:05:46:26 -0800] "GET /tmp/ HTTP/1.0" 200 504 "-" "Mozilla/5.0 (compatible; Yahoo! Slurp; http://help.yahoo.com/help/us/ysearch/slurp)" "wirama.com"
65.55.208.47 - - [27/Jan/2009:05:58:56 -0800] "GET /_private/?D=A HTTP/1.1" 200 675 "-" "msnbot/1.1 (+http://search.msn.com/msnbot.htm)" "wirama.com"
65.55.208.51 - - [27/Jan/2009:06:22:28 -0800] "GET /robots.txt HTTP/1.1" 404 275 "-" "msnbot/1.1 (+http://search.msn.com/msnbot.htm)" "wirama.com"
65.55.208.51 - - [27/Jan/2009:06:22:28 -0800] "GET /logs/access.log HTTP/1.1" 200 381873 "-" "msnbot/1.1 (+http://search.msn.com/msnbot.htm)" "wirama.com"
38.99.13.121 - - [27/Jan/2009:06:35:48 -0800] "GET /robots.txt HTTP/1.0" 404 275 "-" "Mozilla/5.0 (Twiceler-0.9 http://www.cuil.com/twiceler/robot.html)" "wirama.com"
64.32.224.241 - - [27/Jan/2009:07:14:57 -0800] "GET / HTTP/1.1" 200 916 "-" "Mozilla/5.0 (Windows; U; Windows NT 5.1; en-US; rv:1.9.0.5) Gecko/2008120122 Firefox/3.0.5" "wirama.com"
64.32.224.241 - - [27/Jan/2009:07:14:57 -0800] "GET /favicon.ico HTTP/1.1" 404 275 "-" "Mozilla/5.0 (Windows; U; Windows NT 5.1; en-US; rv:1.9.0.5) Gecko/2008120122 Firefox/3.0.5" "wirama.com"
64.32.224.241 - - [27/Jan/2009:07:15:01 -0800] "GET /favicon.ico HTTP/1.1" 404 275 "-" "Mozilla/5.0 (Windows; U; Windows NT 5.1; en-US; rv:1.9.0.5) Gecko/2008120122 Firefox/3.0.5" "wirama.com"
74.6.8.87 - - [27/Jan/2009:07:19:12 -0800] "GET /_private/form_results.csv HTTP/1.0" 200 0 "-" "Mozilla/5.0 (compatible; Yahoo! Slurp; http://help.yahoo.com/help/us/ysearch/slurp)" "www.wirama.com"
65.55.208.53 - - [27/Jan/2009:07:31:30 -0800] "GET /robots.txt HTTP/1.1" 404 275 "-" "msnbot/1.1 (+http://search.msn.com/msnbot.htm)" "wirama.com"
65.55.208.53 - - [27/Jan/2009:07:31:30 -0800] "GET /_private/ HTTP/1.1" 200 675 "-" "msnbot/1.1 (+http://search.msn.com/msnbot.htm)" "wirama.com"
66.231.189.80 - - [27/Jan/2009:08:04:45 -0800] "GET /robots.txt HTTP/1.0" 404 275 "-" "Gigabot/3.0 (http://www.gigablast.com/spider.html)" "www.wirama.com"
66.231.189.80 - - [27/Jan/2009:08:04:46 -0800] "GET / HTTP/1.0" 200 900 "-" "Gigabot/3.0 (http://www.gigablast.com/spider.html)" "www.wirama.com"
208.80.194.37 - - [27/Jan/2009:09:34:54 -0800] "GET / HTTP/1.0" 200 900 "-" "Mozilla/4.0 (compatible; MSIE 6.0; Windows NT 5.1; SV1; .NET CLR 1.0.3705; .NET CLR 1.1.4322; Media Center PC 4.0; ZangoToolbar 4.8.2; yplus 5.1.02b)" "wirama.com"
65.55.208.60 - - [27/Jan/2009:10:06:16 -0800] "GET /_private/?N=D HTTP/1.1" 200 675 "-" "msnbot/1.1 (+http://search.msn.com/msnbot.htm)" "wirama.com"
65.55.208.48 - - [27/Jan/2009:10:18:45 -0800] "GET /logs/?N=D HTTP/1.1" 200 944 "-" "msnbot/1.1 (+http://search.msn.com/msnbot.htm)" "wirama.com"
65.55.208.48 - - [27/Jan/2009:11:04:23 -0800] "GET /_private/?M=A HTTP/1.1" 200 675 "-" "msnbot/1.1 (+http://search.msn.com/msnbot.htm)" "wirama.com"
84.176.61.139 - - [27/Jan/2009:11:34:03 -0800] "GET / HTTP/1.1" 200 916 "http://www.google.de/search?hl=de&q=wirama&btnG=Suche&meta=" "Mozilla/5.0 (Windows; U; Windows NT 5.1; de; rv:1.9.0.5) Gecko/2008120122 Firefox/3.0.5" "www.wirama.com"
74.6.8.87 - - [27/Jan/2009:13:10:22 -0800] "GET /tmp/?S=D HTTP/1.0" 200 504 "-" "Mozilla/5.0 (compatible; Yahoo! Slurp; http://help.yahoo.com/help/us/ysearch/slurp)" "www.wirama.com"
65.55.208.60 - - [27/Jan/2009:13:43:21 -0800] "GET /tmp/?M=A HTTP/1.1" 200 520 "-" "msnbot/1.1 (+http://search.msn.com/msnbot.htm)" "wirama.com"
38.108.180.102 - - [27/Jan/2009:13:58:06 -0800] "GET /robots.txt HTTP/1.1" 404 275 "-" "Mozilla/5.0 (compatible; ScoutJet; +http://www.scoutjet.com/)" "wirama.com"
38.108.180.102 - - [27/Jan/2009:13:58:07 -0800] "GET / HTTP/1.1" 200 916 "-" "Mozilla/5.0 (compatible; ScoutJet; +http://www.scoutjet.com/)" "wirama.com"
38.108.180.102 - - [27/Jan/2009:13:58:07 -0800] "GET /favicon.ico HTTP/1.1" 404 275 "-" "Mozilla/5.0 (compatible; ScoutJet; +http://www.scoutjet.com/)" "wirama.com"
64.32.224.241 - - [27/Jan/2009:14:56:58 -0800] "GET / HTTP/1.1" 200 916 "-" "Mozilla/5.0 (Windows; U; Windows NT 5.1; en-US; rv:1.9.0.5) Gecko/2008120122 Firefox/3.0.5" "wirama.com"
69.113.127.78 - - [27/Jan/2009:14:57:05 -0800] "GET / HTTP/1.1" 200 916 "-" "Mozilla/5.0 (Macintosh; U; PPC Mac OS X 10_4_11; en) AppleWebKit/525.27.1 (KHTML, like Gecko) Version/3.2.1 Safari/525.27.1" "www.wirama.com"
69.113.127.78 - - [27/Jan/2009:14:57:05 -0800] "GET /favicon.ico HTTP/1.1" 404 275 "http://www.wirama.com/" "Mozilla/5.0 (Macintosh; U; PPC Mac OS X 10_4_11; en) AppleWebKit/525.27.1 (KHTML, like Gecko) Version/3.2.1 Safari/525.27.1" "wirama.com"
65.55.208.61 - - [27/Jan/2009:15:26:55 -0800] "GET /robots.txt HTTP/1.1" 404 275 "-" "msnbot/1.1 (+http://search.msn.com/msnbot.htm)" "wirama.com"
65.55.208.61 - - [27/Jan/2009:15:26:55 -0800] "GET /tmp/?D=A HTTP/1.1" 200 520 "-" "msnbot/1.1 (+http://search.msn.com/msnbot.htm)" "wirama.com"
71.130.68.4 - - [27/Jan/2009:16:17:38 -0800] "GET / HTTP/1.1" 200 916 "http://www.unstrung.com/document.asp?doc_id=118918" "Mozilla/4.0 (compatible; MSIE 6.0; Windows NT 5.1; SV1; MS-RTC LM 8)" "www.wirama.com"
71.130.68.4 - - [27/Jan/2009:16:17:43 -0800] "GET / HTTP/1.1" 200 916 "http://www.unstrung.com/document.asp?doc_id=118918" "Mozilla/4.0 (compatible; MSIE 6.0; Windows NT 5.1; SV1; MS-RTC LM 8)" "www.wirama.com"
71.130.68.4 - - [27/Jan/2009:16:17:45 -0800] "GET / HTTP/1.1" 200 916 "http://www.unstrung.com/document.asp?doc_id=118918" "Mozilla/4.0 (compatible; MSIE 6.0; Windows NT 5.1; SV1; MS-RTC LM 8)" "www.wirama.com"
71.130.68.4 - - [27/Jan/2009:16:17:47 -0800] "GET / HTTP/1.1" 200 916 "http://www.wirama.com/" "Mozilla/4.0 (compatible; MSIE 6.0; Windows NT 5.1; SV1; MS-RTC LM 8)" "www.wirama.com"
71.130.68.4 - - [27/Jan/2009:16:17:49 -0800] "GET /_private/ HTTP/1.1" 200 675 "http://www.wirama.com/" "Mozilla/4.0 (compatible; MSIE 6.0; Windows NT 5.1; SV1; MS-RTC LM 8)" "www.wirama.com"
71.130.68.4 - - [27/Jan/2009:16:17:51 -0800] "GET / HTTP/1.1" 200 916 "http://www.wirama.com/_private/" "Mozilla/4.0 (compatible; MSIE 6.0; Windows NT 5.1; SV1; MS-RTC LM 8)" "www.wirama.com"
71.130.68.4 - - [27/Jan/2009:16:17:53 -0800] "GET /logs/ HTTP/1.1" 200 944 "http://www.wirama.com/" "Mozilla/4.0 (compatible; MSIE 6.0; Windows NT 5.1; SV1; MS-RTC LM 8)" "www.wirama.com"
71.130.68.4 - - [27/Jan/2009:16:17:55 -0800] "GET /logs/access.log HTTP/1.1" 200 387770 "http://www.wirama.com/logs/" "Mozilla/4.0 (compatible; MSIE 6.0; Windows NT 5.1; SV1; MS-RTC LM 8)" "www.wirama.com"
71.130.68.4 - - [27/Jan/2009:16:18:17 -0800] "GET / HTTP/1.1" 200 916 "-" "Mozilla/4.0 (compatible; MSIE 6.0; Windows NT 5.1; SV1; MS-RTC LM 8)" "www.wirama.com"
67.195.37.155 - - [27/Jan/2009:16:42:23 -0800] "GET /robots.txt HTTP/1.0" 404 275 "-" "Mozilla/5.0 (compatible; Yahoo! Slurp; http://help.yahoo.com/help/us/ysearch/slurp)" "www.wirama.com"
67.195.37.155 - - [27/Jan/2009:16:43:57 -0800] "GET /tmp/ HTTP/1.0" 200 504 "-" "Mozilla/5.0 (compatible; Yahoo! Slurp; http://help.yahoo.com/help/us/ysearch/slurp)" "www.wirama.com"
76.200.176.130 - - [27/Jan/2009:17:25:52 -0800] "GET / HTTP/1.1" 200 916 "http://venturebeat.com/2007/02/28/wirama-wireless-rfid-co-raises-first-round-of-funding/" "Mozilla/5.0 (Windows; U; Windows NT 6.0; en-US; rv:1.9.0.5) Gecko/2008120122 Firefox/3.0.5" "www.wirama.com"
76.200.176.130 - - [27/Jan/2009:17:25:53 -0800] "GET /favicon.ico HTTP/1.1" 404 275 "-" "Mozilla/5.0 (Windows; U; Windows NT 6.0; en-US; rv:1.9.0.5) Gecko/2008120122 Firefox/3.0.5" "wirama.com"
76.200.176.130 - - [27/Jan/2009:17:25:56 -0800] "GET /favicon.ico HTTP/1.1" 404 275 "-" "Mozilla/5.0 (Windows; U; Windows NT 6.0; en-US; rv:1.9.0.5) Gecko/2008120122 Firefox/3.0.5" "wirama.com"
76.200.176.130 - - [27/Jan/2009:17:25:56 -0800] "GET /logs/ HTTP/1.1" 200 944 "http://www.wirama.com/" "Mozilla/5.0 (Windows; U; Windows NT 6.0; en-US; rv:1.9.0.5) Gecko/2008120122 Firefox/3.0.5" "www.wirama.com"
76.200.176.130 - - [27/Jan/2009:17:26:00 -0800] "GET /logs/access.log HTTP/1.1" 200 389385 "http://www.wirama.com/logs/" "Mozilla/5.0 (Windows; U; Windows NT 6.0; en-US; rv:1.9.0.5) Gecko/2008120122 Firefox/3.0.5" "www.wirama.com"
76.200.176.130 - - [27/Jan/2009:17:26:27 -0800] "GET /tmp/ HTTP/1.1" 200 520 "http://www.wirama.com/" "Mozilla/5.0 (Windows; U; Windows NT 6.0; en-US; rv:1.9.0.5) Gecko/2008120122 Firefox/3.0.5" "www.wirama.com"
76.200.176.130 - - [27/Jan/2009:17:26:31 -0800] "GET /_private/ HTTP/1.1" 200 675 "http://www.wirama.com/" "Mozilla/5.0 (Windows; U; Windows NT 6.0; en-US; rv:1.9.0.5) Gecko/2008120122 Firefox/3.0.5" "www.wirama.com"
76.200.176.130 - - [27/Jan/2009:17:26:36 -0800] "GET /_private/form_results.csv HTTP/1.1" 200 0 "http://www.wirama.com/_private/" "Mozilla/5.0 (Windows; U; Windows NT 6.0; en-US; rv:1.9.0.5) Gecko/2008120122 Firefox/3.0.5" "www.wirama.com"
74.6.8.87 - - [27/Jan/2009:17:35:57 -0800] "GET /robots.txt HTTP/1.0" 404 275 "-" "Mozilla/5.0 (compatible; Yahoo! Slurp; http://help.yahoo.com/help/us/ysearch/slurp)" "www.wirama.com"
74.6.8.87 - - [27/Jan/2009:17:36:06 -0800] "GET /_private/?D=A HTTP/1.0" 200 659 "-" "Mozilla/5.0 (compatible; Yahoo! Slurp; http://help.yahoo.com/help/us/ysearch/slurp)" "www.wirama.com"
74.6.8.87 - - [27/Jan/2009:17:43:36 -0800] "GET /text/?D=D HTTP/1.0" 404 275 "-" "Mozilla/5.0 (compatible; Yahoo! Slurp; http://help.yahoo.com/help/us/ysearch/slurp)" "www.wirama.com"
65.55.208.60 - - [27/Jan/2009:18:16:31 -0800] "GET /robots.txt HTTP/1.1" 404 275 "-" "msnbot/1.1 (+http://search.msn.com/msnbot.htm)" "wirama.com"
65.55.208.60 - - [27/Jan/2009:18:16:34 -0800] "GET /tmp/?S=A HTTP/1.1" 200 520 "-" "msnbot/1.1 (+http://search.msn.com/msnbot.htm)" "wirama.com"
74.6.8.87 - - [27/Jan/2009:18:30:13 -0800] "GET /pr02.htm HTTP/1.0" 404 275 "-" "Mozilla/5.0 (compatible; Yahoo! Slurp; http://help.yahoo.com/help/us/ysearch/slurp)" "www.wirama.com"
65.55.208.64 - - [27/Jan/2009:18:34:57 -0800] "GET /robots.txt HTTP/1.1" 404 275 "-" "msnbot/1.1 (+http://search.msn.com/msnbot.htm)" "wirama.com"
65.55.208.64 - - [27/Jan/2009:18:34:58 -0800] "GET /logs/ HTTP/1.1" 200 944 "-" "msnbot/1.1 (+http://search.msn.com/msnbot.htm)" "wirama.com"
74.6.8.87 - - [27/Jan/2009:19:23:06 -0800] "GET /text/?M=A HTTP/1.0" 404 275 "-" "Mozilla/5.0 (compatible; Yahoo! Slurp; http://help.yahoo.com/help/us/ysearch/slurp)" "www.wirama.com"
208.80.194.46 - - [27/Jan/2009:19:29:32 -0800] "GET / HTTP/1.0" 200 900 "-" "Mozilla/4.0 (compatible; MSIE 6.0; Windows NT 5.1; SV1; FunWebProducts; FunWebProducts-MyWay; .NET CLR 1.0.3705; .NET CLR 1.1.4322; Media Center PC 4.0)" "www.wirama.com"
114.111.36.26 - - [27/Jan/2009:19:54:05 -0800] "GET /robots.txt HTTP/1.1" 404 275 "-" "Mozilla/4.0 (compatible; NaverBot/1.0; http://help.naver.com/customer_webtxt_02.jsp)" "www.wirama.com"
114.111.36.26 - - [27/Jan/2009:19:54:23 -0800] "GET / HTTP/1.1" 200 916 "-" "Mozilla/4.0 (compatible; NaverBot/1.0; http://help.naver.com/customer_webtxt_02.jsp)" "www.wirama.com"
65.55.208.62 - - [27/Jan/2009:21:27:14 -0800] "GET /robots.txt HTTP/1.1" 404 275 "-" "msnbot/1.1 (+http://search.msn.com/msnbot.htm)" "wirama.com"
65.55.208.62 - - [27/Jan/2009:21:27:14 -0800] "GET /logs/?S=A HTTP/1.1" 200 944 "-" "msnbot/1.1 (+http://search.msn.com/msnbot.htm)" "wirama.com"
74.6.8.87 - - [27/Jan/2009:21:36:45 -0800] "GET /_private/?S=A HTTP/1.0" 200 659 "-" "Mozilla/5.0 (compatible; Yahoo! Slurp; http://help.yahoo.com/help/us/ysearch/slurp)" "www.wirama.com"
74.6.8.87 - - [27/Jan/2009:21:58:50 -0800] "GET /pr01.htm HTTP/1.0" 404 275 "-" "Mozilla/5.0 (compatible; Yahoo! Slurp; http://help.yahoo.com/help/us/ysearch/slurp)" "www.wirama.com"
65.55.208.61 - - [27/Jan/2009:22:22:38 -0800] "GET /logs/?D=A HTTP/1.1" 200 944 "-" "msnbot/1.1 (+http://search.msn.com/msnbot.htm)" "wirama.com"
208.36.144.8 - - [27/Jan/2009:22:28:12 -0800] "GET /jobs.html HTTP/1.0" 404 275 "-" "Mozilla/5.0 (Twiceler-0.9 http://www.cuil.com/twiceler/robot.html)" "www.wirama.com"
65.55.208.61 - - [28/Jan/2009:00:06:01 -0800] "GET /logs/?M=A HTTP/1.1" 200 944 "-" "msnbot/1.1 (+http://search.msn.com/msnbot.htm)" "wirama.com"
74.6.8.87 - - [28/Jan/2009:01:56:45 -0800] "GET /robots.txt HTTP/1.0" 404 275 "-" "Mozilla/5.0 (compatible; Yahoo! Slurp; http://help.yahoo.com/help/us/ysearch/slurp)" "wirama.com"
195.23.141.174 - - [28/Jan/2009:02:15:52 -0800] "GET / HTTP/1.1" 200 916 "http://www.google.pt/search?hl=pt-PT&rlz=1G1GGLQ_ENPT299&q=Wirama&btnG=Pesquisar&meta=" "Mozilla/5.0 (Windows; U; Windows NT 5.1; pt-PT; rv:1.9.0.1) Gecko/2008070208 Firefox/3.0.1" "www.wirama.com"
195.23.141.174 - - [28/Jan/2009:02:15:53 -0800] "GET /favicon.ico HTTP/1.1" 404 275 "-" "Mozilla/5.0 (Windows; U; Windows NT 5.1; pt-PT; rv:1.9.0.1) Gecko/2008070208 Firefox/3.0.1" "wirama.com"
195.23.141.174 - - [28/Jan/2009:02:15:57 -0800] "GET /favicon.ico HTTP/1.1" 404 275 "-" "Mozilla/5.0 (Windows; U; Windows NT 5.1; pt-PT; rv:1.9.0.1) Gecko/2008070208 Firefox/3.0.1" "wirama.com"
195.23.141.174 - - [28/Jan/2009:02:17:07 -0800] "GET /tmp/ HTTP/1.1" 200 520 "http://www.wirama.com/" "Mozilla/5.0 (Windows; U; Windows NT 5.1; pt-PT; rv:1.9.0.1) Gecko/2008070208 Firefox/3.0.1" "www.wirama.com"
64.13.130.66 - - [28/Jan/2009:02:24:41 -0800] "GET /robots.txt HTTP/1.1" 404 275 "-" "SpokeSpider/1.0 (http://support.spoke.com/webspider/) Mozilla/5.0 (not really)" "www.wirama.com"
64.13.130.66 - - [28/Jan/2009:02:24:41 -0800] "GET / HTTP/1.1" 200 916 "-" "SpokeSpider/1.0 (http://support.spoke.com/webspider/) Mozilla/5.0 (not really)" "www.wirama.com"
65.55.208.50 - - [28/Jan/2009:04:15:55 -0800] "GET /robots.txt HTTP/1.1" 404 275 "-" "msnbot/1.1 (+http://search.msn.com/msnbot.htm)" "wirama.com"
65.55.208.50 - - [28/Jan/2009:04:15:55 -0800] "GET /tmp/?N=D HTTP/1.1" 200 520 "-" "msnbot/1.1 (+http://search.msn.com/msnbot.htm)" "wirama.com"
67.195.37.99 - - [28/Jan/2009:04:28:28 -0800] "GET /robots.txt HTTP/1.0" 404 275 "-" "Mozilla/5.0 (compatible; Yahoo! Slurp; http://help.yahoo.com/help/us/ysearch/slurp)" "www.wirama.com"
66.249.65.71 - - [28/Jan/2009:07:22:27 -0800] "GET /robots.txt HTTP/1.1" 404 275 "-" "Mozilla/5.0 (compatible; Googlebot/2.1; +http://www.google.com/bot.html)" "www.wirama.com"
66.249.65.71 - - [28/Jan/2009:07:22:28 -0800] "GET /pr02.htm HTTP/1.1" 404 275 "-" "Mozilla/5.0 (compatible; Googlebot/2.1; +http://www.google.com/bot.html)" "www.wirama.com"
74.6.8.87 - - [28/Jan/2009:07:34:57 -0800] "GET /robots.txt HTTP/1.0" 404 275 "-" "Mozilla/5.0 (compatible; Yahoo! Slurp; http://help.yahoo.com/help/us/ysearch/slurp)" "www.wirama.com"
74.6.8.87 - - [28/Jan/2009:07:35:28 -0800] "GET / HTTP/1.0" 200 900 "-" "Mozilla/5.0 (compatible; Yahoo! Slurp; http://help.yahoo.com/help/us/ysearch/slurp)" "www.wirama.com"
64.124.85.92 - - [28/Jan/2009:08:25:18 -0800] "GET /robots.txt HTTP/1.1" 404 275 "-" "Mozilla/5.0 (compatible; BecomeBot/3.0; +http://www.become.com/site_owners.html)" "wirama.com"
222.165.255.83 - - [28/Jan/2009:08:31:32 -0800] "GET / HTTP/1.0" 200 900 "http://www.google.co.id/search?q=wirama&ie=utf-8&oe=utf-8&aq=t&rls=org.mozilla:en-US:official&client=firefox-a" "Mozilla/5.0 (Windows; U; Windows NT 6.0; en-US; rv:1.9.0.5) Gecko/2008120122 Firefox/3.0.5" "www.wirama.com"
222.165.255.83 - - [28/Jan/2009:08:32:21 -0800] "GET / HTTP/1.0" 200 900 "-" "Mozilla/5.0 (Windows; U; Windows NT 6.0; en-US; rv:1.9.0.5) Gecko/2008120122 Firefox/3.0.5" "www.wirama.com"
222.165.255.83 - - [28/Jan/2009:08:32:23 -0800] "GET /favicon.ico HTTP/1.0" 404 275 "-" "Mozilla/5.0 (Windows; U; Windows NT 6.0; en-US; rv:1.9.0.5) Gecko/2008120122 Firefox/3.0.5" "wirama.com"
74.6.8.87 - - [28/Jan/2009:09:46:49 -0800] "GET /?M=A HTTP/1.0" 200 900 "-" "Mozilla/5.0 (compatible; Yahoo! Slurp; http://help.yahoo.com/help/us/ysearch/slurp)" "www.wirama.com"
208.80.194.46 - - [28/Jan/2009:10:33:36 -0800] "GET / HTTP/1.0" 200 900 "-" "Mozilla/4.0 (compatible; MSIE 6.0; Windows NT 5.1; Rogers Hi-Speed Internet; FunWebProducts-MyWay; SV1; .NET CLR 1.1.4322)" "wirama.com"
64.32.224.241 - - [28/Jan/2009:11:29:43 -0800] "GET / HTTP/1.1" 200 916 "-" "Mozilla/5.0 (Windows; U; Windows NT 5.1; en-US; rv:1.9.0.5) Gecko/2008120122 Firefox/3.0.5" "wirama.com"
64.32.224.241 - - [28/Jan/2009:11:29:44 -0800] "GET /favicon.ico HTTP/1.1" 404 275 "-" "Mozilla/5.0 (Windows; U; Windows NT 5.1; en-US; rv:1.9.0.5) Gecko/2008120122 Firefox/3.0.5" "wirama.com"
64.32.224.241 - - [28/Jan/2009:11:29:47 -0800] "GET /favicon.ico HTTP/1.1" 404 275 "-" "Mozilla/5.0 (Windows; U; Windows NT 5.1; en-US; rv:1.9.0.5) Gecko/2008120122 Firefox/3.0.5" "wirama.com"
69.159.232.148 - - [28/Jan/2009:12:11:09 -0800] "GET / HTTP/1.1" 200 916 "http://www.google.ca/search?client=firefox-a&rls=org.mozilla%3Afr%3Aofficial&channel=s&hl=fr&q=wirama&meta=&btnG=Recherche+Google" "Mozilla/5.0 (Windows; U; Windows NT 5.1; fr; rv:1.9.0.5) Gecko/2008120122 Firefox/3.0.5 (.NET CLR 3.5.30729)" "www.wirama.com"
69.159.232.148 - - [28/Jan/2009:12:11:36 -0800] "GET / HTTP/1.1" 200 916 "-" "Mozilla/5.0 (Windows; U; Windows NT 5.1; fr; rv:1.9.0.5) Gecko/2008120122 Firefox/3.0.5 (.NET CLR 3.5.30729)" "www.wirama.com"
69.159.232.148 - - [28/Jan/2009:12:11:37 -0800] "GET /favicon.ico HTTP/1.1" 404 275 "-" "Mozilla/5.0 (Windows; U; Windows NT 5.1; fr; rv:1.9.0.5) Gecko/2008120122 Firefox/3.0.5 (.NET CLR 3.5.30729)" "wirama.com"
69.159.232.148 - - [28/Jan/2009:12:11:40 -0800] "GET /favicon.ico HTTP/1.1" 404 275 "-" "Mozilla/5.0 (Windows; U; Windows NT 5.1; fr; rv:1.9.0.5) Gecko/2008120122 Firefox/3.0.5 (.NET CLR 3.5.30729)" "wirama.com"
69.159.232.148 - - [28/Jan/2009:12:11:41 -0800] "GET / HTTP/1.1" 200 916 "http://www.wirama.com/" "Mozilla/5.0 (Windows; U; Windows NT 5.1; fr; rv:1.9.0.5) Gecko/2008120122 Firefox/3.0.5 (.NET CLR 3.5.30729)" "www.wirama.com"
69.159.232.148 - - [28/Jan/2009:12:11:43 -0800] "GET /logs/ HTTP/1.1" 200 944 "http://www.wirama.com/" "Mozilla/5.0 (Windows; U; Windows NT 5.1; fr; rv:1.9.0.5) Gecko/2008120122 Firefox/3.0.5 (.NET CLR 3.5.30729)" "www.wirama.com"
