65.55.208.59 - - [11/Feb/2009:23:33:19 -0800] "GET /tmp/?S=D HTTP/1.1" 200 520 "-" "msnbot/1.1 (+http://search.msn.com/msnbot.htm)" "wirama.com"
74.6.22.157 - - [12/Feb/2009:00:54:50 -0800] "GET /_private/?M=A HTTP/1.0" 200 659 "-" "Mozilla/5.0 (compatible; Yahoo! Slurp; http://help.yahoo.com/help/us/ysearch/slurp)" "www.wirama.com"
65.55.208.50 - - [12/Feb/2009:01:09:49 -0800] "GET /robots.txt HTTP/1.1" 404 275 "-" "msnbot/1.1 (+http://search.msn.com/msnbot.htm)" "wirama.com"
65.55.208.50 - - [12/Feb/2009:01:09:50 -0800] "GET /_private/?M=D HTTP/1.1" 200 675 "-" "msnbot/1.1 (+http://search.msn.com/msnbot.htm)" "wirama.com"
65.55.106.164 - - [12/Feb/2009:01:14:19 -0800] "GET /robots.txt HTTP/1.1" 404 275 "-" "msnbot/2.0b (+http://search.msn.com/msnbot.htm)" "wirama.com"
65.55.106.164 - - [12/Feb/2009:01:23:50 -0800] "GET / HTTP/1.0" 200 900 "-" "msnbot/2.0b" "wirama.com"
65.55.208.50 - - [12/Feb/2009:01:39:21 -0800] "GET /_private/?S=D HTTP/1.1" 200 675 "-" "msnbot/1.1 (+http://search.msn.com/msnbot.htm)" "wirama.com"
91.205.124.18 - - [12/Feb/2009:02:20:20 -0800] "GET /robots.txt HTTP/1.1" 404 275 "-" "Yanga WorldSearch Bot v1.1/beta (http://www.yanga.co.uk/)" "www.wirama.com"
91.205.124.18 - - [12/Feb/2009:02:20:21 -0800] "GET /?N=D HTTP/1.1" 200 916 "-" "Yanga WorldSearch Bot v1.1/beta (http://www.yanga.co.uk/)" "www.wirama.com"
76.67.72.190 - - [12/Feb/2009:02:21:02 -0800] "GET /logs/access_090101.log HTTP/1.1" 200 7270 "http://www.google.ca/search?hl=en&q=++msnbot-media%2F1.1+%28%2Bhttp%3A%2F%2Fsearch.msn.com%2Fmsnbot.htm%29&btnG=Google+Search&meta=" "Mozilla/4.0 (compatible; MSIE 6.0; Windows NT 5.1; SV1; .NET CLR 1.1.4322)" "www.wirama.com"
91.205.124.18 - - [12/Feb/2009:02:21:43 -0800] "GET /?M=A HTTP/1.1" 200 916 "-" "Yanga WorldSearch Bot v1.1/beta (http://www.yanga.co.uk/)" "www.wirama.com"
91.205.124.18 - - [12/Feb/2009:02:23:06 -0800] "GET /?S=A HTTP/1.1" 200 916 "-" "Yanga WorldSearch Bot v1.1/beta (http://www.yanga.co.uk/)" "www.wirama.com"
125.162.120.104 - - [12/Feb/2009:02:23:47 -0800] "GET / HTTP/1.1" 200 916 "-" "Mozilla/5.0 (Windows; U; Windows NT 5.1; en-US; rv:1.9.0.6) Gecko/2009011913 Firefox/3.0.6" "www.wirama.com"
125.162.120.104 - - [12/Feb/2009:02:23:55 -0800] "GET /favicon.ico HTTP/1.1" 404 275 "-" "Mozilla/5.0 (Windows; U; Windows NT 5.1; en-US; rv:1.9.0.6) Gecko/2009011913 Firefox/3.0.6" "wirama.com"
125.162.120.104 - - [12/Feb/2009:02:24:00 -0800] "GET /favicon.ico HTTP/1.1" 404 275 "-" "Mozilla/5.0 (Windows; U; Windows NT 5.1; en-US; rv:1.9.0.6) Gecko/2009011913 Firefox/3.0.6" "wirama.com"
91.205.124.18 - - [12/Feb/2009:02:24:30 -0800] "GET /?D=A HTTP/1.1" 200 916 "-" "Yanga WorldSearch Bot v1.1/beta (http://www.yanga.co.uk/)" "www.wirama.com"
91.205.124.18 - - [12/Feb/2009:02:25:55 -0800] "GET /_private/ HTTP/1.1" 200 675 "-" "Yanga WorldSearch Bot v1.1/beta (http://www.yanga.co.uk/)" "www.wirama.com"
91.205.124.18 - - [12/Feb/2009:02:27:17 -0800] "GET /logs/ HTTP/1.1" 200 1087 "-" "Yanga WorldSearch Bot v1.1/beta (http://www.yanga.co.uk/)" "www.wirama.com"
91.205.124.18 - - [12/Feb/2009:02:28:38 -0800] "GET /tmp/ HTTP/1.1" 200 520 "-" "Yanga WorldSearch Bot v1.1/beta (http://www.yanga.co.uk/)" "www.wirama.com"
65.55.106.164 - - [12/Feb/2009:02:54:02 -0800] "GET /robots.txt HTTP/1.1" 404 275 "-" "msnbot/2.0b (+http://search.msn.com/msnbot.htm)" "wirama.com"
65.55.208.60 - - [12/Feb/2009:02:59:11 -0800] "GET /robots.txt HTTP/1.1" 404 275 "-" "msnbot/1.1 (+http://search.msn.com/msnbot.htm)" "wirama.com"
65.55.208.60 - - [12/Feb/2009:02:59:11 -0800] "GET /tmp/?M=A HTTP/1.1" 200 520 "-" "msnbot/1.1 (+http://search.msn.com/msnbot.htm)" "wirama.com"
65.55.106.164 - - [12/Feb/2009:03:00:50 -0800] "GET / HTTP/1.0" 200 900 "-" "msnbot/2.0b" "wirama.com"
75.101.177.83 - - [12/Feb/2009:04:27:07 -0800] "GET /robots.txt HTTP/1.0" 404 275 "-" "Nokia6680/1.0 (4.04.07) SymbianOS/8.0 Series60/2.6 Profile/MIDP-2.0 Configuration/CLDC-1.1 (botmobi find.mobi/bot.html find@mtld.mobi)" "www.wirama.com"
75.101.177.83 - - [12/Feb/2009:04:27:07 -0800] "GET / HTTP/1.0" 200 900 "-" "Nokia6680/1.0 (4.04.07) SymbianOS/8.0 Series60/2.6 Profile/MIDP-2.0 Configuration/CLDC-1.1 (botmobi find.mobi/bot.html find@mtld.mobi)" "www.wirama.com"
75.101.177.83 - - [12/Feb/2009:04:27:08 -0800] "GET /favicon.ico HTTP/1.0" 404 275 "-" "Nokia6680/1.0 (4.04.07) SymbianOS/8.0 Series60/2.6 Profile/MIDP-2.0 Configuration/CLDC-1.1 (botmobi find.mobi/bot.html find@mtld.mobi)" "wirama.com"
75.101.177.83 - - [12/Feb/2009:04:27:18 -0800] "GET /m/ HTTP/1.0" 404 275 "-" "Nokia6680/1.0 (4.04.07) SymbianOS/8.0 Series60/2.6 Profile/MIDP-2.0 Configuration/CLDC-1.1 (botmobi find.mobi/bot.html find@mtld.mobi)" "www.wirama.com"
75.101.177.83 - - [12/Feb/2009:04:27:20 -0800] "GET /wap/ HTTP/1.0" 404 275 "-" "Nokia6680/1.0 (4.04.07) SymbianOS/8.0 Series60/2.6 Profile/MIDP-2.0 Configuration/CLDC-1.1 (botmobi find.mobi/bot.html find@mtld.mobi)" "www.wirama.com"
75.101.177.83 - - [12/Feb/2009:04:27:22 -0800] "GET /pda/ HTTP/1.0" 404 275 "-" "Nokia6680/1.0 (4.04.07) SymbianOS/8.0 Series60/2.6 Profile/MIDP-2.0 Configuration/CLDC-1.1 (botmobi find.mobi/bot.html find@mtld.mobi)" "www.wirama.com"
65.55.106.131 - - [12/Feb/2009:04:31:25 -0800] "GET /robots.txt HTTP/1.1" 404 275 "-" "msnbot/2.0b (+http://search.msn.com/msnbot.htm)" "wirama.com"
65.55.106.131 - - [12/Feb/2009:04:42:20 -0800] "GET /?M=A HTTP/1.0" 200 900 "-" "msnbot/2.0b" "wirama.com"
66.235.124.104 - - [12/Feb/2009:04:43:44 -0800] "GET /robots.txt HTTP/1.1" 404 275 "-" "Mozilla/5.0 (compatible; Ask Jeeves/Teoma; +http://about.ask.com/en/docs/about/webmasters.shtml)" "www.wirama.com"
66.235.124.104 - - [12/Feb/2009:04:43:44 -0800] "GET / HTTP/1.1" 200 916 "-" "Mozilla/5.0 (compatible; Ask Jeeves/Teoma; +http://about.ask.com/en/docs/about/webmasters.shtml)" "www.wirama.com"
208.80.194.40 - - [12/Feb/2009:05:00:30 -0800] "GET / HTTP/1.0" 200 900 "-" "Mozilla/4.0 (compatible; MSIE 6.0; Windows NT 5.1; SV1; Maxthon; MEGAUPLOAD 1.0; .NET CLR 1.1.4322; FDM)" "wirama.com"
114.111.36.26 - - [12/Feb/2009:05:07:37 -0800] "GET /robots.txt HTTP/1.1" 404 275 "-" "Mozilla/4.0 (compatible; NaverBot/1.0; http://help.naver.com/customer_webtxt_02.jsp)" "www.wirama.com"
88.131.106.14 - - [12/Feb/2009:05:07:45 -0800] "GET /robots.txt HTTP/1.0" 404 275 "-" "Speedy Spider (http://www.entireweb.com/about/search_tech/speedy_spider/)" "www.wirama.com"
88.131.106.14 - - [12/Feb/2009:05:07:46 -0800] "GET / HTTP/1.0" 200 900 "-" "Speedy Spider (http://www.entireweb.com/about/search_tech/speedy_spider/)" "www.wirama.com"
114.111.36.26 - - [12/Feb/2009:05:07:51 -0800] "GET / HTTP/1.1" 200 916 "-" "Mozilla/4.0 (compatible; NaverBot/1.0; http://help.naver.com/customer_webtxt_02.jsp)" "www.wirama.com"
88.131.106.14 - - [12/Feb/2009:05:25:16 -0800] "GET /news.htm HTTP/1.0" 404 275 "-" "Speedy Spider (http://www.entireweb.com/about/search_tech/speedy_spider/)" "www.wirama.com"
74.6.22.157 - - [12/Feb/2009:06:57:20 -0800] "GET /robots.txt HTTP/1.0" 404 275 "-" "Mozilla/5.0 (compatible; Yahoo! Slurp; http://help.yahoo.com/help/us/ysearch/slurp)" "www.wirama.com"
74.6.22.157 - - [12/Feb/2009:07:24:47 -0800] "GET /?S=D HTTP/1.0" 200 900 "-" "Mozilla/5.0 (compatible; Yahoo! Slurp; http://help.yahoo.com/help/us/ysearch/slurp)" "www.wirama.com"
65.168.203.3 - - [12/Feb/2009:07:32:56 -0800] "GET /logs/access_090201.log HTTP/1.1" 200 475690 "http://search.yahoo.com/search?p=wirama&fr=yfp-t-501&toggle=1&cop=mss&ei=UTF-8" "Mozilla/4.0 (compatible; MSIE 6.0; Windows NT 5.1; SV1; GTB5; .NET CLR 2.0.50727; InfoPath.1; .NET CLR 3.0.04506.30; .NET CLR 3.0.04506.648; .NET CLR 1.1.4322)" "www.wirama.com"
65.168.203.3 - - [12/Feb/2009:07:33:08 -0800] "GET / HTTP/1.1" 200 916 "http://search.yahoo.com/search?p=wirama&fr=yfp-t-501&toggle=1&cop=mss&ei=UTF-8" "Mozilla/4.0 (compatible; MSIE 6.0; Windows NT 5.1; SV1; GTB5; .NET CLR 2.0.50727; InfoPath.1; .NET CLR 3.0.04506.30; .NET CLR 3.0.04506.648; .NET CLR 1.1.4322)" "www.wirama.com"
65.168.203.3 - - [12/Feb/2009:07:33:34 -0800] "GET / HTTP/1.1" 200 916 "http://search.yahoo.com/search?p=wirama&fr=yfp-t-501&toggle=1&cop=mss&ei=UTF-8" "Mozilla/4.0 (compatible; MSIE 6.0; Windows NT 5.1; SV1; GTB5; .NET CLR 2.0.50727; InfoPath.1; .NET CLR 3.0.04506.30; .NET CLR 3.0.04506.648; .NET CLR 1.1.4322)" "www.wirama.com"
65.168.203.3 - - [12/Feb/2009:07:33:36 -0800] "GET /_private/ HTTP/1.1" 200 675 "http://www.wirama.com/" "Mozilla/4.0 (compatible; MSIE 6.0; Windows NT 5.1; SV1; GTB5; .NET CLR 2.0.50727; InfoPath.1; .NET CLR 3.0.04506.30; .NET CLR 3.0.04506.648; .NET CLR 1.1.4322)" "www.wirama.com"
65.168.203.3 - - [12/Feb/2009:07:33:37 -0800] "GET / HTTP/1.1" 200 916 "http://www.wirama.com/_private/" "Mozilla/4.0 (compatible; MSIE 6.0; Windows NT 5.1; SV1; GTB5; .NET CLR 2.0.50727; InfoPath.1; .NET CLR 3.0.04506.30; .NET CLR 3.0.04506.648; .NET CLR 1.1.4322)" "www.wirama.com"
208.36.144.8 - - [12/Feb/2009:07:51:48 -0800] "GET /robots.txt HTTP/1.0" 404 275 "-" "Mozilla/5.0 (Twiceler-0.9 http://www.cuil.com/twiceler/robot.html)" "www.wirama.com"
66.163.172.44 - - [12/Feb/2009:08:45:30 -0800] "GET /robots.txt HTTP/1.1" 404 275 "-" "del.icio.us-thumbnails/1.0 Mozilla/5.0 (compatible; Konqueror/3.4; FreeBSD) KHTML/3.4.2 (like Gecko)" "www.wirama.com"
66.163.172.44 - - [12/Feb/2009:08:45:31 -0800] "GET / HTTP/1.1" 200 916 "-" "Mozilla/5.0 (compatible; del.icio.us-thumbnails/1.0; FreeBSD) KHTML/4.3.2 (like Gecko)" "www.wirama.com"
65.55.104.10 - - [12/Feb/2009:08:54:34 -0800] "GET /robots.txt HTTP/1.1" 404 275 "-" "msnbot/1.1 (+http://search.msn.com/msnbot.htm)" "www.wirama.com"
65.55.104.10 - - [12/Feb/2009:08:54:36 -0800] "GET / HTTP/1.1" 200 916 "-" "msnbot/1.1 (+http://search.msn.com/msnbot.htm)" "www.wirama.com"
65.55.208.60 - - [12/Feb/2009:10:09:47 -0800] "GET /_private/?N=D HTTP/1.1" 200 675 "-" "msnbot/1.1 (+http://search.msn.com/msnbot.htm)" "wirama.com"
202.160.178.118 - - [12/Feb/2009:10:52:57 -0800] "GET /robots.txt HTTP/1.0" 404 275 "-" "Mozilla/5.0 (compatible; Yahoo! Slurp China; http://misc.yahoo.com.cn/help.html)" "www.wirama.com"
202.160.179.100 - - [12/Feb/2009:10:53:25 -0800] "GET / HTTP/1.0" 200 900 "-" "Mozilla/5.0 (compatible; Yahoo! Slurp China; http://misc.yahoo.com.cn/help.html)" "www.wirama.com"
65.55.208.61 - - [12/Feb/2009:10:57:26 -0800] "GET /robots.txt HTTP/1.1" 404 275 "-" "msnbot/1.1 (+http://search.msn.com/msnbot.htm)" "wirama.com"
65.55.208.61 - - [12/Feb/2009:10:57:26 -0800] "GET /tmp/?D=D HTTP/1.1" 200 520 "-" "msnbot/1.1 (+http://search.msn.com/msnbot.htm)" "wirama.com"
65.55.208.61 - - [12/Feb/2009:11:02:16 -0800] "GET /logs/?M=D HTTP/1.0" 200 1071 "-" "msnbot/1.1 (+http://search.msn.com/msnbot.htm)" "wirama.com"
65.55.208.60 - - [12/Feb/2009:12:20:42 -0800] "GET /tmp/?S=A HTTP/1.1" 200 520 "-" "msnbot/1.1 (+http://search.msn.com/msnbot.htm)" "wirama.com"
65.55.208.48 - - [12/Feb/2009:12:48:39 -0800] "GET /robots.txt HTTP/1.1" 404 275 "-" "msnbot/1.1 (+http://search.msn.com/msnbot.htm)" "wirama.com"
65.55.208.48 - - [12/Feb/2009:12:48:39 -0800] "GET /logs/?N=D HTTP/1.1" 200 1087 "-" "msnbot/1.1 (+http://search.msn.com/msnbot.htm)" "wirama.com"
65.55.217.39 - - [12/Feb/2009:13:06:51 -0800] "GET /robots.txt HTTP/1.1" 404 275 "-" "msnbot-media/1.1 (+http://search.msn.com/msnbot.htm)" "www.wirama.com"
65.55.217.39 - - [12/Feb/2009:13:06:51 -0800] "GET / HTTP/1.1" 200 916 "-" "msnbot-media/1.1 (+http://search.msn.com/msnbot.htm)" "www.wirama.com"
189.104.247.72 - - [12/Feb/2009:13:14:06 -0800] "GET /pr02.htm HTTP/1.1" 404 275 "http://blog.wired.com/gadgets/2008/02/index.html" "Mozilla/5.0 (Windows; U; Windows NT 5.1; pt-BR; rv:1.9.0.6) Gecko/2009011913 Firefox/3.0.6" "www.wirama.com"
189.104.247.72 - - [12/Feb/2009:13:14:07 -0800] "GET /favicon.ico HTTP/1.1" 404 275 "-" "Mozilla/5.0 (Windows; U; Windows NT 5.1; pt-BR; rv:1.9.0.6) Gecko/2009011913 Firefox/3.0.6" "wirama.com"
189.104.247.72 - - [12/Feb/2009:13:14:10 -0800] "GET /favicon.ico HTTP/1.1" 404 275 "-" "Mozilla/5.0 (Windows; U; Windows NT 5.1; pt-BR; rv:1.9.0.6) Gecko/2009011913 Firefox/3.0.6" "wirama.com"
65.55.208.62 - - [12/Feb/2009:13:57:58 -0800] "GET /robots.txt HTTP/1.1" 404 275 "-" "msnbot/1.1 (+http://search.msn.com/msnbot.htm)" "wirama.com"
65.55.208.62 - - [12/Feb/2009:13:57:58 -0800] "GET /tmp/ HTTP/1.1" 200 520 "-" "msnbot/1.1 (+http://search.msn.com/msnbot.htm)" "wirama.com"
171.69.146.81 - - [12/Feb/2009:14:33:13 -0800] "GET / HTTP/1.1" 200 916 "http://www.google.com/search?q=wirama&ie=utf-8&oe=utf-8&aq=t&rls=org.mozilla:en-US:official&client=firefox-a" "Mozilla/5.0 (Windows; U; Windows NT 5.1; en-US; rv:1.9.0.5) Gecko/2008120122 Firefox/3.0.5" "www.wirama.com"
77.88.27.25 - - [12/Feb/2009:14:50:47 -0800] "GET /robots.txt HTTP/1.1" 404 275 "-" "Yandex/1.01.001 (compatible; Win16; I)" "www.wirama.com"
77.88.27.25 - - [12/Feb/2009:14:50:47 -0800] "GET / HTTP/1.1" 200 916 "-" "Yandex/1.01.001 (compatible; Win16; I)" "www.wirama.com"
74.6.22.157 - - [12/Feb/2009:14:53:11 -0800] "GET /text/?N=D HTTP/1.0" 404 275 "-" "Mozilla/5.0 (compatible; Yahoo! Slurp; http://help.yahoo.com/help/us/ysearch/slurp)" "www.wirama.com"
65.55.208.50 - - [12/Feb/2009:15:00:07 -0800] "GET /tmp/?N=D HTTP/1.1" 200 520 "-" "msnbot/1.1 (+http://search.msn.com/msnbot.htm)" "wirama.com"
65.55.106.167 - - [12/Feb/2009:15:02:43 -0800] "GET /robots.txt HTTP/1.1" 404 275 "-" "msnbot/2.0b (+http://search.msn.com/msnbot.htm)" "wirama.com"
65.55.106.167 - - [12/Feb/2009:15:09:20 -0800] "GET /?S=A HTTP/1.0" 200 900 "-" "msnbot/2.0b" "wirama.com"
68.6.74.29 - - [12/Feb/2009:15:48:25 -0800] "GET / HTTP/1.1" 200 916 "-" "Mozilla/5.0 (Macintosh; U; PPC Mac OS X 10_4_11; en) AppleWebKit/525.27.1 (KHTML, like Gecko) Version/3.2.1 Safari/525.27.1" "www.wirama.com"
68.6.74.29 - - [12/Feb/2009:15:48:25 -0800] "GET /favicon.ico HTTP/1.1" 404 275 "http://www.wirama.com/" "Mozilla/5.0 (Macintosh; U; PPC Mac OS X 10_4_11; en) AppleWebKit/525.27.1 (KHTML, like Gecko) Version/3.2.1 Safari/525.27.1" "wirama.com"
68.6.74.29 - - [12/Feb/2009:15:48:31 -0800] "GET / HTTP/1.1" 200 916 "http://www.wirama.com/" "Mozilla/5.0 (Macintosh; U; PPC Mac OS X 10_4_11; en) AppleWebKit/525.27.1 (KHTML, like Gecko) Version/3.2.1 Safari/525.27.1" "www.wirama.com"
68.6.74.29 - - [12/Feb/2009:15:48:34 -0800] "GET /_private/ HTTP/1.1" 200 675 "http://www.wirama.com/" "Mozilla/5.0 (Macintosh; U; PPC Mac OS X 10_4_11; en) AppleWebKit/525.27.1 (KHTML, like Gecko) Version/3.2.1 Safari/525.27.1" "www.wirama.com"
65.55.208.62 - - [12/Feb/2009:15:48:48 -0800] "GET /logs/?S=D HTTP/1.1" 200 1087 "-" "msnbot/1.1 (+http://search.msn.com/msnbot.htm)" "wirama.com"
66.249.65.71 - - [12/Feb/2009:16:26:49 -0800] "GET /robots.txt HTTP/1.1" 404 275 "-" "Mozilla/5.0 (compatible; Googlebot/2.1; +http://www.google.com/bot.html)" "www.wirama.com"
66.249.65.71 - - [12/Feb/2009:16:26:49 -0800] "GET /pr02.htm HTTP/1.1" 404 275 "-" "Mozilla/5.0 (compatible; Googlebot/2.1; +http://www.google.com/bot.html)" "www.wirama.com"
208.80.194.56 - - [12/Feb/2009:16:52:15 -0800] "GET / HTTP/1.0" 200 900 "-" "Mozilla/4.0 (compatible; MSIE 6.0; AOL 9.0; Windows NT 5.1; .NET CLR 1.1.4322; SpamBlockerUtility 4.8.0)" "www.wirama.com"
65.55.208.51 - - [12/Feb/2009:17:43:41 -0800] "GET /robots.txt HTTP/1.1" 404 275 "-" "msnbot/1.1 (+http://search.msn.com/msnbot.htm)" "wirama.com"
65.55.208.51 - - [12/Feb/2009:17:43:43 -0800] "GET /logs/access.log HTTP/1.1" 200 264711 "-" "msnbot/1.1 (+http://search.msn.com/msnbot.htm)" "wirama.com"
65.55.208.48 - - [12/Feb/2009:18:26:58 -0800] "GET /tmp/?N=A HTTP/1.1" 200 520 "-" "msnbot/1.1 (+http://search.msn.com/msnbot.htm)" "wirama.com"
66.249.65.71 - - [12/Feb/2009:19:40:52 -0800] "GET /logs/access_081231.log HTTP/1.1" 200 0 "-" "Mozilla/5.0 (compatible; Googlebot/2.1; +http://www.google.com/bot.html)" "www.wirama.com"
118.98.215.138 - - [12/Feb/2009:20:15:12 -0800] "GET / HTTP/1.0" 200 900 "-" "Mozilla/4.0 (compatible; MSIE 6.0; Windows NT 5.1; SV1)" "www.wirama.com"
65.55.208.53 - - [12/Feb/2009:21:04:05 -0800] "GET /robots.txt HTTP/1.1" 404 275 "-" "msnbot/1.1 (+http://search.msn.com/msnbot.htm)" "wirama.com"
65.55.208.53 - - [12/Feb/2009:21:04:05 -0800] "GET /_private/ HTTP/1.1" 200 675 "-" "msnbot/1.1 (+http://search.msn.com/msnbot.htm)" "wirama.com"
65.55.208.61 - - [12/Feb/2009:22:41:16 -0800] "GET /tmp/?D=A HTTP/1.1" 200 520 "-" "msnbot/1.1 (+http://search.msn.com/msnbot.htm)" "wirama.com"
65.55.208.50 - - [12/Feb/2009:23:23:06 -0800] "GET /_private/form_results.csv HTTP/1.1" 200 0 "-" "msnbot/1.1 (+http://search.msn.com/msnbot.htm)" "wirama.com"
74.6.22.157 - - [13/Feb/2009:00:54:48 -0800] "GET /robots.txt HTTP/1.0" 404 275 "-" "Mozilla/5.0 (compatible; Yahoo! Slurp; http://help.yahoo.com/help/us/ysearch/slurp)" "www.wirama.com"
208.36.144.8 - - [13/Feb/2009:01:46:17 -0800] "GET / HTTP/1.0" 200 900 "-" "Mozilla/5.0 (Twiceler-0.9 http://www.cuil.com/twiceler/robot.html)" "www.wirama.com"
81.192.174.218 - - [13/Feb/2009:02:13:07 -0800] "GET /logs/access_090101.log HTTP/1.1" 200 7270 "http://www.google.co.ma/search?hl=fr&ei=XEeVSf-RGZnA0AXI0LGUCg&sa=X&oi=spell&resnum=1&ct=result&cd=1&q=404+Mozilla/5.0+(Windows%3B+U%3B+Windows+NT&spell=1" "Mozilla/5.0 (Windows; U; Windows NT 5.1; fr; rv:1.8.1.16) Gecko/20080702 Firefox/2.0.0.16" "www.wirama.com"
211.20.115.64 - - [13/Feb/2009:03:48:51 -0800] "GET / HTTP/1.1" 200 916 "-" "Mozilla/4.0 (compatible; MSIE 6.0; Windows NT 5.2; SV1; GTB5; .NET CLR 1.1.4322; .NET CLR 2.0.50727; .NET CLR 3.0.04506.30; InfoPath.2; .NET CLR 3.0.04506.648; .NET CLR 3.5.21022; .NET CLR 3.0.4506.2152; .NET CLR 3.5.30729)" "www.wirama.com"
212.44.16.62 - - [13/Feb/2009:04:33:46 -0800] "GET / HTTP/1.1" 200 916 "http://www.rfidupdate.com/articles/index.php?id=1542" "Mozilla/4.0 (compatible; MSIE 7.0; Windows NT 5.1; GTB5; .NET CLR 1.0.3705; .NET CLR 2.0.50727; .NET CLR 3.0.04506.648; .NET CLR 3.5.21022)" "www.wirama.com"
212.44.16.62 - - [13/Feb/2009:04:33:48 -0800] "GET /favicon.ico HTTP/1.1" 404 275 "-" "Mozilla/4.0 (compatible; MSIE 7.0; Windows NT 5.1; GTB5; .NET CLR 1.0.3705; .NET CLR 2.0.50727; .NET CLR 3.0.04506.648; .NET CLR 3.5.21022)" "wirama.com"
212.44.16.62 - - [13/Feb/2009:04:33:50 -0800] "GET /_private/ HTTP/1.1" 200 675 "http://www.wirama.com/" "Mozilla/4.0 (compatible; MSIE 7.0; Windows NT 5.1; GTB5; .NET CLR 1.0.3705; .NET CLR 2.0.50727; .NET CLR 3.0.04506.648; .NET CLR 3.5.21022)" "www.wirama.com"
208.80.194.122 - - [13/Feb/2009:05:37:00 -0800] "GET / HTTP/1.0" 200 900 "-" "Mozilla/4.0 (compatible; MSIE 7.0; Windows NT 5.1; DigExt; ntlworld v2.0; (R1 1.3))" "wirama.com"
65.55.208.48 - - [13/Feb/2009:06:00:48 -0800] "GET /robots.txt HTTP/1.1" 404 275 "-" "msnbot/1.1 (+http://search.msn.com/msnbot.htm)" "wirama.com"
65.55.208.48 - - [13/Feb/2009:06:00:48 -0800] "GET /_private/?M=A HTTP/1.1" 200 675 "-" "msnbot/1.1 (+http://search.msn.com/msnbot.htm)" "wirama.com"
74.6.22.157 - - [13/Feb/2009:07:46:16 -0800] "GET /robots.txt HTTP/1.0" 404 275 "-" "Mozilla/5.0 (compatible; Yahoo! Slurp; http://help.yahoo.com/help/us/ysearch/slurp)" "www.wirama.com"
74.6.22.157 - - [13/Feb/2009:07:46:25 -0800] "GET /pr02.htm HTTP/1.0" 404 275 "-" "Mozilla/5.0 (compatible; Yahoo! Slurp; http://help.yahoo.com/help/us/ysearch/slurp)" "www.wirama.com"
208.80.194.33 - - [13/Feb/2009:08:12:24 -0800] "GET / HTTP/1.0" 200 900 "-" "Mozilla/4.0 (compatible; MSIE 6.0; Windows NT 5.1; iowaone.net; SV1; .NET CLR 1.1.4322)" "www.wirama.com"
204.11.222.89 - - [13/Feb/2009:09:15:09 -0800] "HEAD / HTTP/1.1" 200 0 "-" "Mozilla/5.0 (Windows; U; Windows NT 5.1; en-US; rv:1.8.1.1) Gecko/20061204 Firefox/2.0.0.1" "www.wirama.com"
75.35.109.35 - - [13/Feb/2009:11:59:25 -0800] "GET / HTTP/1.1" 200 916 "-" "Mozilla/4.0 (compatible; MSIE 7.0; Windows NT 5.1; .NET CLR 1.1.4322; .NET CLR 2.0.50727; InfoPath.1)" "www.wirama.com"
75.35.109.35 - - [13/Feb/2009:11:59:26 -0800] "GET /favicon.ico HTTP/1.1" 404 275 "-" "Mozilla/4.0 (compatible; MSIE 7.0; Windows NT 5.1; .NET CLR 1.1.4322; .NET CLR 2.0.50727; InfoPath.1)" "wirama.com"
75.35.109.35 - - [13/Feb/2009:11:59:31 -0800] "GET /logs/ HTTP/1.1" 200 1087 "http://www.wirama.com/" "Mozilla/4.0 (compatible; MSIE 7.0; Windows NT 5.1; .NET CLR 1.1.4322; .NET CLR 2.0.50727; InfoPath.1)" "www.wirama.com"
75.35.109.35 - - [13/Feb/2009:11:59:34 -0800] "GET /logs/access_081231.log HTTP/1.1" 200 303093 "http://www.wirama.com/logs/" "Mozilla/4.0 (compatible; MSIE 7.0; Windows NT 5.1; .NET CLR 1.1.4322; .NET CLR 2.0.50727; InfoPath.1)" "www.wirama.com"
75.35.109.35 - - [13/Feb/2009:11:59:57 -0800] "GET / HTTP/1.1" 200 916 "-" "Mozilla/4.0 (compatible; MSIE 7.0; Windows NT 5.1; .NET CLR 1.1.4322; .NET CLR 2.0.50727; InfoPath.1)" "www.wirama.com"
75.35.109.35 - - [13/Feb/2009:12:00:00 -0800] "GET /tmp/ HTTP/1.1" 200 520 "http://www.wirama.com/" "Mozilla/4.0 (compatible; MSIE 7.0; Windows NT 5.1; .NET CLR 1.1.4322; .NET CLR 2.0.50727; InfoPath.1)" "www.wirama.com"
75.35.109.35 - - [13/Feb/2009:12:00:04 -0800] "GET /_private/ HTTP/1.1" 200 675 "http://www.wirama.com/" "Mozilla/4.0 (compatible; MSIE 7.0; Windows NT 5.1; .NET CLR 1.1.4322; .NET CLR 2.0.50727; InfoPath.1)" "www.wirama.com"
75.35.109.35 - - [13/Feb/2009:12:00:07 -0800] "GET /_private/form_results.csv HTTP/1.1" 200 0 "http://www.wirama.com/_private/" "Mozilla/4.0 (compatible; MSIE 7.0; Windows NT 5.1; .NET CLR 1.1.4322; .NET CLR 2.0.50727; InfoPath.1)" "www.wirama.com"
75.35.109.35 - - [13/Feb/2009:12:00:20 -0800] "GET /_private/form_results.csv HTTP/1.1" 200 0 "-" "Mozilla/4.0 (compatible; MSIE 7.0; Windows NT 5.1; .NET CLR 1.1.4322; .NET CLR 2.0.50727; InfoPath.1)" "www.wirama.com"
75.35.109.35 - - [13/Feb/2009:12:00:21 -0800] "OPTIONS /_private/ HTTP/1.1" 200 - "-" "Microsoft Office Protocol Discovery" "www.wirama.com"
74.6.22.157 - - [13/Feb/2009:12:43:26 -0800] "GET /robots.txt HTTP/1.0" 404 275 "-" "Mozilla/5.0 (compatible; Yahoo! Slurp; http://help.yahoo.com/help/us/ysearch/slurp)" "www.wirama.com"
74.6.22.157 - - [13/Feb/2009:12:43:48 -0800] "GET /text/?S=D HTTP/1.0" 404 275 "-" "Mozilla/5.0 (compatible; Yahoo! Slurp; http://help.yahoo.com/help/us/ysearch/slurp)" "www.wirama.com"
65.55.208.50 - - [13/Feb/2009:15:20:54 -0800] "GET /robots.txt HTTP/1.1" 404 275 "-" "msnbot/1.1 (+http://search.msn.com/msnbot.htm)" "wirama.com"
65.55.208.50 - - [13/Feb/2009:15:20:54 -0800] "GET /_private/?S=A HTTP/1.1" 200 675 "-" "msnbot/1.1 (+http://search.msn.com/msnbot.htm)" "wirama.com"
74.6.22.157 - - [13/Feb/2009:15:33:07 -0800] "GET /?N=A HTTP/1.0" 200 900 "-" "Mozilla/5.0 (compatible; Yahoo! Slurp; http://help.yahoo.com/help/us/ysearch/slurp)" "www.wirama.com"
65.55.208.64 - - [13/Feb/2009:15:37:11 -0800] "GET /robots.txt HTTP/1.1" 404 275 "-" "msnbot/1.1 (+http://search.msn.com/msnbot.htm)" "wirama.com"
65.55.208.64 - - [13/Feb/2009:15:37:11 -0800] "GET /logs/ HTTP/1.1" 200 1087 "-" "msnbot/1.1 (+http://search.msn.com/msnbot.htm)" "wirama.com"
74.6.22.157 - - [13/Feb/2009:15:50:13 -0800] "GET /text/?D=A HTTP/1.0" 404 275 "-" "Mozilla/5.0 (compatible; Yahoo! Slurp; http://help.yahoo.com/help/us/ysearch/slurp)" "www.wirama.com"
65.55.208.48 - - [13/Feb/2009:17:18:34 -0800] "GET /_private/?D=D HTTP/1.1" 200 675 "-" "msnbot/1.1 (+http://search.msn.com/msnbot.htm)" "wirama.com"
74.6.22.157 - - [13/Feb/2009:18:12:14 -0800] "GET /text/?D=D HTTP/1.0" 404 275 "-" "Mozilla/5.0 (compatible; Yahoo! Slurp; http://help.yahoo.com/help/us/ysearch/slurp)" "www.wirama.com"
74.6.22.157 - - [13/Feb/2009:19:17:21 -0800] "GET /tmp/?N=D HTTP/1.0" 200 504 "-" "Mozilla/5.0 (compatible; Yahoo! Slurp; http://help.yahoo.com/help/us/ysearch/slurp)" "www.wirama.com"
65.55.208.60 - - [13/Feb/2009:19:27:46 -0800] "GET /robots.txt HTTP/1.1" 404 275 "-" "msnbot/1.1 (+http://search.msn.com/msnbot.htm)" "wirama.com"
65.55.208.60 - - [13/Feb/2009:19:27:47 -0800] "GET /logs/?D=D HTTP/1.1" 200 1087 "-" "msnbot/1.1 (+http://search.msn.com/msnbot.htm)" "wirama.com"
65.55.208.60 - - [13/Feb/2009:21:01:39 -0800] "GET /_private/?N=A HTTP/1.1" 200 675 "-" "msnbot/1.1 (+http://search.msn.com/msnbot.htm)" "wirama.com"
65.55.208.47 - - [13/Feb/2009:22:38:57 -0800] "GET /robots.txt HTTP/1.1" 404 275 "-" "msnbot/1.1 (+http://search.msn.com/msnbot.htm)" "wirama.com"
65.55.208.47 - - [13/Feb/2009:22:38:58 -0800] "GET /_private/?D=A HTTP/1.1" 200 675 "-" "msnbot/1.1 (+http://search.msn.com/msnbot.htm)" "wirama.com"
65.55.208.47 - - [13/Feb/2009:22:56:04 -0800] "GET /logs/?N=A HTTP/1.1" 200 1087 "-" "msnbot/1.1 (+http://search.msn.com/msnbot.htm)" "wirama.com"
65.55.208.62 - - [13/Feb/2009:23:13:44 -0800] "GET /robots.txt HTTP/1.1" 404 275 "-" "msnbot/1.1 (+http://search.msn.com/msnbot.htm)" "wirama.com"
65.55.208.62 - - [13/Feb/2009:23:13:44 -0800] "GET /logs/?S=A HTTP/1.1" 200 1087 "-" "msnbot/1.1 (+http://search.msn.com/msnbot.htm)" "wirama.com"
24.6.34.143 - - [14/Feb/2009:01:42:58 -0800] "GET / HTTP/1.1" 200 916 "http://www.crunchbase.com/company/wirama" "Mozilla/5.0 (Windows; U; Windows NT 6.0; en-US; rv:1.9.0.6) Gecko/2009011913 Firefox/3.0.6" "www.wirama.com"
24.6.34.143 - - [14/Feb/2009:01:43:00 -0800] "GET /favicon.ico HTTP/1.1" 404 275 "-" "Mozilla/5.0 (Windows; U; Windows NT 6.0; en-US; rv:1.9.0.6) Gecko/2009011913 Firefox/3.0.6" "wirama.com"
24.6.34.143 - - [14/Feb/2009:01:43:03 -0800] "GET /favicon.ico HTTP/1.1" 404 275 "-" "Mozilla/5.0 (Windows; U; Windows NT 6.0; en-US; rv:1.9.0.6) Gecko/2009011913 Firefox/3.0.6" "wirama.com"
67.195.37.158 - - [14/Feb/2009:02:05:27 -0800] "GET /robots.txt HTTP/1.0" 404 275 "-" "Mozilla/5.0 (compatible; Yahoo! Slurp; http://help.yahoo.com/help/us/ysearch/slurp)" "www.wirama.com"
67.195.37.158 - - [14/Feb/2009:02:06:50 -0800] "GET /?M=A HTTP/1.0" 200 900 "-" "Mozilla/5.0 (compatible; Yahoo! Slurp/3.0; http://help.yahoo.com/help/us/ysearch/slurp)" "www.wirama.com"
91.205.124.18 - - [14/Feb/2009:02:09:56 -0800] "GET /robots.txt HTTP/1.1" 404 275 "-" "Yanga WorldSearch Bot v1.1/beta (http://www.yanga.co.uk/)" "www.wirama.com"
91.205.124.18 - - [14/Feb/2009:02:09:56 -0800] "GET /?N=A HTTP/1.1" 200 916 "-" "Yanga WorldSearch Bot v1.1/beta (http://www.yanga.co.uk/)" "www.wirama.com"
91.205.124.18 - - [14/Feb/2009:02:10:57 -0800] "GET /?M=D HTTP/1.1" 200 916 "-" "Yanga WorldSearch Bot v1.1/beta (http://www.yanga.co.uk/)" "www.wirama.com"
91.205.124.18 - - [14/Feb/2009:02:12:01 -0800] "GET /?S=D HTTP/1.1" 200 916 "-" "Yanga WorldSearch Bot v1.1/beta (http://www.yanga.co.uk/)" "www.wirama.com"
91.205.124.18 - - [14/Feb/2009:02:13:03 -0800] "GET /?D=D HTTP/1.1" 200 916 "-" "Yanga WorldSearch Bot v1.1/beta (http://www.yanga.co.uk/)" "www.wirama.com"
91.205.124.18 - - [14/Feb/2009:02:14:06 -0800] "GET /_private/?N=D HTTP/1.1" 200 675 "-" "Yanga WorldSearch Bot v1.1/beta (http://www.yanga.co.uk/)" "www.wirama.com"
91.205.124.18 - - [14/Feb/2009:02:15:09 -0800] "GET /_private/?M=A HTTP/1.1" 200 675 "-" "Yanga WorldSearch Bot v1.1/beta (http://www.yanga.co.uk/)" "www.wirama.com"
91.205.124.18 - - [14/Feb/2009:02:16:12 -0800] "GET /_private/?S=A HTTP/1.1" 200 675 "-" "Yanga WorldSearch Bot v1.1/beta (http://www.yanga.co.uk/)" "www.wirama.com"
91.205.124.18 - - [14/Feb/2009:02:17:16 -0800] "GET /_private/?D=A HTTP/1.1" 200 675 "-" "Yanga WorldSearch Bot v1.1/beta (http://www.yanga.co.uk/)" "www.wirama.com"
91.205.124.18 - - [14/Feb/2009:02:18:19 -0800] "GET /_private/form_results.csv HTTP/1.1" 200 0 "-" "Yanga WorldSearch Bot v1.1/beta (http://www.yanga.co.uk/)" "www.wirama.com"
91.205.124.18 - - [14/Feb/2009:02:19:23 -0800] "GET /logs/?N=D HTTP/1.1" 200 1087 "-" "Yanga WorldSearch Bot v1.1/beta (http://www.yanga.co.uk/)" "www.wirama.com"
91.205.124.18 - - [14/Feb/2009:02:20:26 -0800] "GET /logs/?M=A HTTP/1.1" 200 1087 "-" "Yanga WorldSearch Bot v1.1/beta (http://www.yanga.co.uk/)" "www.wirama.com"
91.205.124.18 - - [14/Feb/2009:02:21:30 -0800] "GET /logs/?S=A HTTP/1.1" 200 1087 "-" "Yanga WorldSearch Bot v1.1/beta (http://www.yanga.co.uk/)" "www.wirama.com"
65.55.208.59 - - [14/Feb/2009:02:47:38 -0800] "GET /robots.txt HTTP/1.1" 404 275 "-" "msnbot/1.1 (+http://search.msn.com/msnbot.htm)" "wirama.com"
65.55.208.59 - - [14/Feb/2009:02:47:38 -0800] "GET /tmp/?S=D HTTP/1.1" 200 520 "-" "msnbot/1.1 (+http://search.msn.com/msnbot.htm)" "wirama.com"
74.6.22.157 - - [14/Feb/2009:04:06:29 -0800] "GET /robots.txt HTTP/1.0" 404 275 "-" "Mozilla/5.0 (compatible; Yahoo! Slurp; http://help.yahoo.com/help/us/ysearch/slurp)" "www.wirama.com"
74.6.22.157 - - [14/Feb/2009:04:06:29 -0800] "GET /pr02.htm HTTP/1.0" 404 275 "-" "Mozilla/5.0 (compatible; Yahoo! Slurp; http://help.yahoo.com/help/us/ysearch/slurp)" "www.wirama.com"
208.80.194.122 - - [14/Feb/2009:05:06:50 -0800] "GET / HTTP/1.0" 200 900 "-" "Mozilla/4.0 (compatible; MSIE 6.0; Windows NT 5.1; AT&T CSM8.0; SV1; .NET CLR 1.1.4322)" "wirama.com"
65.55.208.60 - - [14/Feb/2009:06:01:44 -0800] "GET /robots.txt HTTP/1.1" 404 275 "-" "msnbot/1.1 (+http://search.msn.com/msnbot.htm)" "wirama.com"
65.55.208.60 - - [14/Feb/2009:06:01:44 -0800] "GET /tmp/?M=D HTTP/1.1" 200 520 "-" "msnbot/1.1 (+http://search.msn.com/msnbot.htm)" "wirama.com"
74.6.22.157 - - [14/Feb/2009:06:02:00 -0800] "GET /pr02.htm HTTP/1.0" 404 275 "-" "Mozilla/5.0 (compatible; Yahoo! Slurp; http://help.yahoo.com/help/us/ysearch/slurp)" "www.wirama.com"
60.48.62.230 - - [14/Feb/2009:07:29:12 -0800] "GET / HTTP/1.1" 200 916 "-" "Mozilla/5.0 (Windows; U; Windows NT 5.1; en-US; rv:1.9.1b2) Gecko/20081201 Firefox/3.1b2" "www.wirama.com"
60.48.62.230 - - [14/Feb/2009:07:29:17 -0800] "GET /favicon.ico HTTP/1.1" 404 275 "-" "Mozilla/5.0 (Windows; U; Windows NT 5.1; en-US; rv:1.9.1b2) Gecko/20081201 Firefox/3.1b2" "wirama.com"
60.48.62.230 - - [14/Feb/2009:07:29:18 -0800] "GET /favicon.ico HTTP/1.1" 404 275 "-" "Mozilla/5.0 (Windows; U; Windows NT 5.1; en-US; rv:1.9.1b2) Gecko/20081201 Firefox/3.1b2" "wirama.com"
65.55.208.50 - - [14/Feb/2009:07:47:26 -0800] "GET /robots.txt HTTP/1.1" 404 275 "-" "msnbot/1.1 (+http://search.msn.com/msnbot.htm)" "wirama.com"
65.55.208.50 - - [14/Feb/2009:07:47:26 -0800] "GET /_private/?M=D HTTP/1.1" 200 675 "-" "msnbot/1.1 (+http://search.msn.com/msnbot.htm)" "wirama.com"
74.6.22.157 - - [14/Feb/2009:08:04:14 -0800] "GET /pr02.htm HTTP/1.0" 404 275 "-" "Mozilla/5.0 (compatible; Yahoo! Slurp; http://help.yahoo.com/help/us/ysearch/slurp)" "www.wirama.com"
65.55.208.60 - - [14/Feb/2009:08:09:17 -0800] "GET /tmp/?M=A HTTP/1.1" 200 520 "-" "msnbot/1.1 (+http://search.msn.com/msnbot.htm)" "wirama.com"
65.55.208.50 - - [14/Feb/2009:09:37:40 -0800] "GET /_private/?S=D HTTP/1.1" 200 675 "-" "msnbot/1.1 (+http://search.msn.com/msnbot.htm)" "wirama.com"
65.55.208.62 - - [14/Feb/2009:09:49:39 -0800] "GET /robots.txt HTTP/1.1" 404 275 "-" "msnbot/1.1 (+http://search.msn.com/msnbot.htm)" "wirama.com"
65.55.208.62 - - [14/Feb/2009:09:49:39 -0800] "GET /?S=A HTTP/1.1" 200 916 "-" "msnbot/1.1 (+http://search.msn.com/msnbot.htm)" "wirama.com"
208.80.194.36 - - [14/Feb/2009:09:53:05 -0800] "GET / HTTP/1.0" 200 900 "-" "Mozilla/4.0 (compatible; MSIE 6.0; Windows NT 5.1; SV1; FunWebProducts; .NET CLR 1.0.3705; .NET CLR 1.1.4322; Media Center PC 4.0; ZangoToolbar 4.8.3; yplus 5.6.03b)" "wirama.com"
74.6.22.157 - - [14/Feb/2009:10:38:32 -0800] "GET /robots.txt HTTP/1.0" 404 275 "-" "Mozilla/5.0 (compatible; Yahoo! Slurp; http://help.yahoo.com/help/us/ysearch/slurp)" "wirama.com"
65.55.208.59 - - [14/Feb/2009:11:24:56 -0800] "GET /logs/access_090101.log HTTP/1.1" 200 7270 "-" "msnbot/1.1 (+http://search.msn.com/msnbot.htm)" "wirama.com"
74.6.22.157 - - [14/Feb/2009:11:56:24 -0800] "GET /tmp/?M=A HTTP/1.0" 200 504 "-" "Mozilla/5.0 (compatible; Yahoo! Slurp; http://help.yahoo.com/help/us/ysearch/slurp)" "www.wirama.com"
66.249.65.71 - - [14/Feb/2009:13:21:04 -0800] "GET /robots.txt HTTP/1.1" 404 275 "-" "Mozilla/5.0 (compatible; Googlebot/2.1; +http://www.google.com/bot.html)" "www.wirama.com"
66.249.65.71 - - [14/Feb/2009:13:21:04 -0800] "GET /logs/ HTTP/1.1" 200 1087 "-" "Mozilla/5.0 (compatible; Googlebot/2.1; +http://www.google.com/bot.html)" "www.wirama.com"
74.0.215.194 - - [14/Feb/2009:13:30:11 -0800] "GET / HTTP/1.1" 200 916 "-" "Mozilla/4.0 (compatible; MSIE 7.0; Windows NT 5.1; .NET CLR 1.1.4322; .NET CLR 2.0.50727; .NET CLR 3.0.04506.30)" "wirama.com"
74.0.215.194 - - [14/Feb/2009:13:30:12 -0800] "GET /favicon.ico HTTP/1.1" 404 275 "-" "Mozilla/4.0 (compatible; MSIE 7.0; Windows NT 5.1; .NET CLR 1.1.4322; .NET CLR 2.0.50727; .NET CLR 3.0.04506.30)" "wirama.com"
74.0.215.194 - - [14/Feb/2009:13:30:26 -0800] "GET / HTTP/1.1" 200 916 "-" "Mozilla/4.0 (compatible; MSIE 7.0; Windows NT 5.1; .NET CLR 1.1.4322; .NET CLR 2.0.50727; .NET CLR 3.0.04506.30)" "www.wirama.com"
74.0.215.194 - - [14/Feb/2009:13:30:26 -0800] "GET /favicon.ico HTTP/1.1" 404 275 "-" "Mozilla/4.0 (compatible; MSIE 7.0; Windows NT 5.1; .NET CLR 1.1.4322; .NET CLR 2.0.50727; .NET CLR 3.0.04506.30)" "wirama.com"
74.0.215.194 - - [14/Feb/2009:13:30:29 -0800] "GET / HTTP/1.1" 200 916 "http://www.wirama.com/" "Mozilla/4.0 (compatible; MSIE 7.0; Windows NT 5.1; .NET CLR 1.1.4322; .NET CLR 2.0.50727; .NET CLR 3.0.04506.30)" "www.wirama.com"
74.0.215.194 - - [14/Feb/2009:13:30:31 -0800] "GET /_private/ HTTP/1.1" 200 675 "http://www.wirama.com/" "Mozilla/4.0 (compatible; MSIE 7.0; Windows NT 5.1; .NET CLR 1.1.4322; .NET CLR 2.0.50727; .NET CLR 3.0.04506.30)" "www.wirama.com"
74.0.215.194 - - [14/Feb/2009:13:30:34 -0800] "GET /_private/form_results.csv HTTP/1.1" 200 0 "http://www.wirama.com/_private/" "Mozilla/4.0 (compatible; MSIE 7.0; Windows NT 5.1; .NET CLR 1.1.4322; .NET CLR 2.0.50727; .NET CLR 3.0.04506.30)" "www.wirama.com"
74.0.215.194 - - [14/Feb/2009:13:30:38 -0800] "GET /logs/ HTTP/1.1" 200 1087 "http://www.wirama.com/" "Mozilla/4.0 (compatible; MSIE 7.0; Windows NT 5.1; .NET CLR 1.1.4322; .NET CLR 2.0.50727; .NET CLR 3.0.04506.30)" "www.wirama.com"
66.249.65.71 - - [14/Feb/2009:13:42:28 -0800] "GET /logs/access_090201.log HTTP/1.1" 200 0 "-" "Mozilla/5.0 (compatible; Googlebot/2.1; +http://www.google.com/bot.html)" "www.wirama.com"
65.55.208.60 - - [14/Feb/2009:14:18:55 -0800] "GET /tmp/?S=A HTTP/1.1" 200 520 "-" "msnbot/1.1 (+http://search.msn.com/msnbot.htm)" "wirama.com"
65.55.208.60 - - [14/Feb/2009:14:20:38 -0800] "GET /_private/?N=D HTTP/1.1" 200 675 "-" "msnbot/1.1 (+http://search.msn.com/msnbot.htm)" "wirama.com"
74.6.22.157 - - [14/Feb/2009:15:11:07 -0800] "GET /robots.txt HTTP/1.0" 404 275 "-" "Mozilla/5.0 (compatible; Yahoo! Slurp; http://help.yahoo.com/help/us/ysearch/slurp)" "www.wirama.com"
208.80.194.36 - - [14/Feb/2009:15:38:44 -0800] "GET / HTTP/1.0" 200 900 "-" "Mozilla/4.0 (compatible; MSIE 6.0; Windows NT 5.1; SV1; FunWebProducts; .NET CLR 1.1.4322; ZangoToolbar 4.8.3; HbTools 4.8.4)" "www.wirama.com"
69.110.23.154 - - [14/Feb/2009:16:25:07 -0800] "GET / HTTP/1.1" 200 916 "http://www.google.com/search?hl=en&safe=off&client=firefox-a&channel=s&rls=org.mozilla%3Aen-US%3Aofficial&hs=eQ&q=++kwirama&btnG=Search" "Mozilla/5.0 (Windows; U; Windows NT 6.1; en-US; rv:1.9.0.6) Gecko/2009011913 Firefox/3.0.6" "www.wirama.com"
65.55.106.161 - - [14/Feb/2009:17:49:36 -0800] "GET /robots.txt HTTP/1.1" 404 275 "-" "msnbot/2.0b (+http://search.msn.com/msnbot.htm)" "wirama.com"
65.55.106.161 - - [14/Feb/2009:17:52:20 -0800] "GET /?D=A HTTP/1.0" 200 900 "-" "msnbot/2.0b" "wirama.com"
65.55.208.48 - - [14/Feb/2009:18:40:15 -0800] "GET /robots.txt HTTP/1.1" 404 275 "-" "msnbot/1.1 (+http://search.msn.com/msnbot.htm)" "wirama.com"
65.55.208.48 - - [14/Feb/2009:18:40:16 -0800] "GET /logs/?N=D HTTP/1.1" 200 1087 "-" "msnbot/1.1 (+http://search.msn.com/msnbot.htm)" "wirama.com"
65.55.208.50 - - [14/Feb/2009:19:06:03 -0800] "GET /tmp/?N=D HTTP/1.1" 200 520 "-" "msnbot/1.1 (+http://search.msn.com/msnbot.htm)" "wirama.com"
94.21.94.191 - - [14/Feb/2009:20:02:43 -0800] "GET /favicon.ico HTTP/1.1" 404 275 "http://www.google.com/search?ie=UTF-8&oe=UTF-8&sourceid=navclient&gfns=1&q=%22GET+%2Frobots.txt+HTTP%2F1.0%22+404" "Mozilla/5.0 (Windows; U; Windows NT 6.0; hu; rv:1.9.0.6) Gecko/2009011913 Firefox/3.0.6 (.NET CLR 3.5.30729)" "wirama.com"
65.55.208.62 - - [14/Feb/2009:21:22:45 -0800] "GET /tmp/ HTTP/1.1" 200 520 "-" "msnbot/1.1 (+http://search.msn.com/msnbot.htm)" "wirama.com"
74.208.9.109 - - [14/Feb/2009:21:26:27 -0800] "GET /pr02.htm HTTP/1.1" 404 275 "-" "Mozilla/4.0" "www.wirama.com"
65.55.208.51 - - [14/Feb/2009:21:51:19 -0800] "GET /robots.txt HTTP/1.1" 404 275 "-" "msnbot/1.1 (+http://search.msn.com/msnbot.htm)" "wirama.com"
65.55.208.51 - - [14/Feb/2009:21:51:19 -0800] "GET /logs/access.log HTTP/1.1" 200 285742 "-" "msnbot/1.1 (+http://search.msn.com/msnbot.htm)" "wirama.com"
128.107.248.220 - - [14/Feb/2009:21:59:30 -0800] "GET / HTTP/1.1" 200 916 "-" "Mozilla/4.0 (compatible; MSIE 6.0; Windows NT 5.1; SV1; GTB5; .NET CLR 1.1.4322; .NET CLR 2.0.50727; .NET CLR 3.0.04506.648; .NET CLR 3.5.21022; InfoPath.2)" "www.wirama.com"
65.55.208.61 - - [14/Feb/2009:22:17:01 -0800] "GET /robots.txt HTTP/1.1" 404 275 "-" "msnbot/1.1 (+http://search.msn.com/msnbot.htm)" "wirama.com"
65.55.208.61 - - [14/Feb/2009:22:17:01 -0800] "GET /logs/?M=D HTTP/1.1" 200 1087 "-" "msnbot/1.1 (+http://search.msn.com/msnbot.htm)" "wirama.com"
74.6.22.157 - - [14/Feb/2009:22:34:35 -0800] "GET /?D=A HTTP/1.0" 200 900 "-" "Mozilla/5.0 (compatible; Yahoo! Slurp; http://help.yahoo.com/help/us/ysearch/slurp)" "www.wirama.com"
74.6.22.157 - - [14/Feb/2009:23:05:21 -0800] "GET /logs/ HTTP/1.0" 200 1071 "-" "Mozilla/5.0 (compatible; Yahoo! Slurp; http://help.yahoo.com/help/us/ysearch/slurp)" "www.wirama.com"
65.55.208.53 - - [14/Feb/2009:23:41:22 -0800] "GET /robots.txt HTTP/1.1" 404 275 "-" "msnbot/1.1 (+http://search.msn.com/msnbot.htm)" "wirama.com"
65.55.208.53 - - [14/Feb/2009:23:41:22 -0800] "GET /_private/ HTTP/1.1" 200 675 "-" "msnbot/1.1 (+http://search.msn.com/msnbot.htm)" "wirama.com"
204.11.222.89 - - [15/Feb/2009:00:03:55 -0800] "HEAD / HTTP/1.1" 200 0 "-" "Mozilla/5.0 (Windows; U; Windows NT 5.1; en-US; rv:1.8.1.1) Gecko/20061204 Firefox/2.0.0.1" "www.wirama.com"
65.55.208.62 - - [15/Feb/2009:00:32:34 -0800] "GET /robots.txt HTTP/1.1" 404 275 "-" "msnbot/1.1 (+http://search.msn.com/msnbot.htm)" "wirama.com"
65.55.208.62 - - [15/Feb/2009:00:32:34 -0800] "GET /logs/?S=D HTTP/1.1" 200 1087 "-" "msnbot/1.1 (+http://search.msn.com/msnbot.htm)" "wirama.com"
74.6.22.157 - - [15/Feb/2009:03:13:30 -0800] "GET /robots.txt HTTP/1.0" 404 275 "-" "Mozilla/5.0 (compatible; Yahoo! Slurp; http://help.yahoo.com/help/us/ysearch/slurp)" "www.wirama.com"
74.6.22.157 - - [15/Feb/2009:03:56:43 -0800] "GET / HTTP/1.0" 200 900 "-" "Mozilla/5.0 (compatible; Yahoo! Slurp; http://help.yahoo.com/help/us/ysearch/slurp)" "www.wirama.com"
208.36.144.8 - - [15/Feb/2009:04:58:04 -0800] "GET /robots.txt HTTP/1.0" 404 275 "-" "Mozilla/5.0 (Twiceler-0.9 http://www.cuil.com/twiceler/robot.html)" "www.wirama.com"
65.55.208.48 - - [15/Feb/2009:05:47:58 -0800] "GET /robots.txt HTTP/1.1" 404 275 "-" "msnbot/1.1 (+http://search.msn.com/msnbot.htm)" "wirama.com"
65.55.208.48 - - [15/Feb/2009:05:47:58 -0800] "GET /tmp/?N=A HTTP/1.1" 200 520 "-" "msnbot/1.1 (+http://search.msn.com/msnbot.htm)" "wirama.com"
89.149.217.207 - - [15/Feb/2009:07:25:15 -0800] "GET / HTTP/1.1" 200 916 "http://www.ctube.net/" "Opera/9.22 (Windows XP; U; en)" "wirama.com"
65.55.208.61 - - [15/Feb/2009:08:44:09 -0800] "GET /robots.txt HTTP/1.1" 404 275 "-" "msnbot/1.1 (+http://search.msn.com/msnbot.htm)" "wirama.com"
65.55.208.61 - - [15/Feb/2009:08:44:09 -0800] "GET /tmp/?D=A HTTP/1.1" 200 520 "-" "msnbot/1.1 (+http://search.msn.com/msnbot.htm)" "wirama.com"
74.6.22.157 - - [15/Feb/2009:10:41:08 -0800] "GET /?M=A HTTP/1.0" 200 900 "-" "Mozilla/5.0 (compatible; Yahoo! Slurp; http://help.yahoo.com/help/us/ysearch/slurp)" "www.wirama.com"
65.55.208.48 - - [15/Feb/2009:12:16:06 -0800] "GET /_private/?M=A HTTP/1.1" 200 675 "-" "msnbot/1.1 (+http://search.msn.com/msnbot.htm)" "wirama.com"
64.56.65.37 - - [15/Feb/2009:14:01:27 -0800] "GET / HTTP/1.1" 200 916 "http://www.keywordspy.com/keyword-research/wirama.com" "Mozilla/4.0 (compatible; MSIE 7.0; Windows NT 5.1; Alexa Toolbar)" "wirama.com"
64.56.65.37 - - [15/Feb/2009:14:01:27 -0800] "GET / HTTP/1.1" 200 916 "http://www.keywordspy.com/keyword-research/wirama.com" "Mozilla/4.0 (compatible; MSIE 7.0; Windows NT 5.1; Alexa Toolbar)" "wirama.com"
64.56.65.37 - - [15/Feb/2009:14:01:27 -0800] "GET / HTTP/1.1" 200 916 "http://www.keywordspy.com/keyword-research/wirama.com" "Mozilla/4.0 (compatible; MSIE 7.0; Windows NT 5.1; Alexa Toolbar)" "wirama.com"
67.195.37.158 - - [15/Feb/2009:16:02:50 -0800] "GET /robots.txt HTTP/1.0" 404 275 "-" "Mozilla/5.0 (compatible; Yahoo! Slurp; http://help.yahoo.com/help/us/ysearch/slurp)" "www.wirama.com"
67.195.37.158 - - [15/Feb/2009:16:04:25 -0800] "GET / HTTP/1.0" 200 900 "-" "Mozilla/5.0 (compatible; Yahoo! Slurp; http://help.yahoo.com/help/us/ysearch/slurp)" "www.wirama.com"
86.140.36.93 - - [15/Feb/2009:16:15:39 -0800] "GET / HTTP/1.1" 200 916 "http://www.google.co.uk/search?q=Wiramara&ie=utf-8&oe=utf-8&aq=t&rls=org.mozilla:en-GB:official&client=firefox-a" "Mozilla/5.0 (Windows; U; Windows NT 6.0; en-GB; rv:1.9.0.6) Gecko/2009011913 Firefox/3.0.6 (.NET CLR 3.5.30729)" "www.wirama.com"
86.140.36.93 - - [15/Feb/2009:16:16:22 -0800] "GET / HTTP/1.1" 200 916 "http://www.google.co.uk/search?hl=en&client=firefox-a&rls=org.mozilla%3Aen-GB%3Aofficial&q=wiramara&btnG=Search&meta=" "Mozilla/5.0 (Windows; U; Windows NT 6.0; en-GB; rv:1.9.0.6) Gecko/2009011913 Firefox/3.0.6 (.NET CLR 3.5.30729)" "www.wirama.com"
74.6.22.157 - - [15/Feb/2009:17:05:56 -0800] "GET /tmp/?M=A HTTP/1.0" 200 504 "-" "Mozilla/5.0 (compatible; Yahoo! Slurp; http://help.yahoo.com/help/us/ysearch/slurp)" "www.wirama.com"
65.55.208.61 - - [15/Feb/2009:18:58:18 -0800] "GET /logs/?D=A HTTP/1.1" 200 1087 "-" "msnbot/1.1 (+http://search.msn.com/msnbot.htm)" "wirama.com"
208.80.194.47 - - [15/Feb/2009:21:31:49 -0800] "GET / HTTP/1.0" 200 900 "-" "Mozilla/4.0 (compatible; MSIE 7.0; Windows NT 5.1; .NET CLR 1.0.3705; MSN 6.1; MSNbMSFT; MSNmen-us; MSNczz; MSNc11)" "www.wirama.com"
65.55.208.48 - - [15/Feb/2009:21:52:13 -0800] "GET /_private/?D=D HTTP/1.1" 200 675 "-" "msnbot/1.1 (+http://search.msn.com/msnbot.htm)" "wirama.com"
65.55.208.60 - - [15/Feb/2009:22:35:08 -0800] "GET /robots.txt HTTP/1.1" 404 275 "-" "msnbot/1.1 (+http://search.msn.com/msnbot.htm)" "wirama.com"
65.55.208.60 - - [15/Feb/2009:22:35:08 -0800] "GET /logs/?D=D HTTP/1.1" 200 1087 "-" "msnbot/1.1 (+http://search.msn.com/msnbot.htm)" "wirama.com"
65.55.208.50 - - [16/Feb/2009:00:04:18 -0800] "GET /robots.txt HTTP/1.1" 404 275 "-" "msnbot/1.1 (+http://search.msn.com/msnbot.htm)" "wirama.com"
65.55.208.50 - - [16/Feb/2009:00:04:18 -0800] "GET /_private/?S=A HTTP/1.1" 200 675 "-" "msnbot/1.1 (+http://search.msn.com/msnbot.htm)" "wirama.com"
67.195.37.158 - - [16/Feb/2009:00:39:15 -0800] "GET /robots.txt HTTP/1.0" 404 275 "-" "Mozilla/5.0 (compatible; Yahoo! Slurp; http://help.yahoo.com/help/us/ysearch/slurp)" "www.wirama.com"
65.55.208.64 - - [16/Feb/2009:03:03:44 -0800] "GET /robots.txt HTTP/1.1" 404 275 "-" "msnbot/1.1 (+http://search.msn.com/msnbot.htm)" "wirama.com"
65.55.208.64 - - [16/Feb/2009:03:03:44 -0800] "GET /logs/ HTTP/1.1" 200 1087 "-" "msnbot/1.1 (+http://search.msn.com/msnbot.htm)" "wirama.com"
124.81.221.215 - - [16/Feb/2009:03:42:22 -0800] "GET / HTTP/1.1" 200 916 "http://www.google.com/search?um=1&hl=en&client=iceweasel-a&rls=Zenwalk%3Aen-US%3Aunofficial&q=wirahma&btnmeta%3Dsearch%3Dsearch=Search+the+Web" "Mozilla/5.0 (X11; U; Linux i686; en-US; rv:1.8.1.12) Gecko/20080208 IceWeasel/2.0.0.12 (Zenwalk GNU Linux)" "www.wirama.com"
208.80.194.47 - - [16/Feb/2009:04:37:37 -0800] "GET / HTTP/1.0" 200 900 "-" "Mozilla/4.0 (compatible; MSIE 6.0; Windows NT 5.1; .NET CLR 1.1.4322; .NET CLR 1.0.3705; InfoPath.1)" "wirama.com"
79.91.233.1 - - [16/Feb/2009:05:34:31 -0800] "GET / HTTP/1.1" 200 916 "http://www.google.fr/search?q=wirama&sourceid=mozilla-search&start=0&start=0&ie=utf-8&oe=utf-8&client=firefox-a&rls=org.mozilla:fr:official" "Mozilla/5.0 (Macintosh; U; PPC Mac OS X Mach-O; fr-FR; rv:1.7.5) Gecko/20041108 Firefox/1.0" "www.wirama.com"
79.91.233.1 - - [16/Feb/2009:05:34:33 -0800] "GET / HTTP/1.1" 200 916 "http://www.google.fr/search?q=wirama&sourceid=mozilla-search&start=0&start=0&ie=utf-8&oe=utf-8&client=firefox-a&rls=org.mozilla:fr:official" "Mozilla/5.0 (Macintosh; U; PPC Mac OS X Mach-O; fr-FR; rv:1.7.5) Gecko/20041108 Firefox/1.0" "www.wirama.com"
79.91.233.1 - - [16/Feb/2009:05:34:34 -0800] "GET /favicon.ico HTTP/1.1" 404 275 "-" "Mozilla/5.0 (Macintosh; U; PPC Mac OS X Mach-O; fr-FR; rv:1.7.5) Gecko/20041108 Firefox/1.0" "wirama.com"
79.91.233.1 - - [16/Feb/2009:05:34:40 -0800] "GET / HTTP/1.1" 200 916 "http://www.google.fr/search?q=wirama&sourceid=mozilla-search&start=0&start=0&ie=utf-8&oe=utf-8&client=firefox-a&rls=org.mozilla:fr:official" "Mozilla/5.0 (Macintosh; U; PPC Mac OS X Mach-O; fr-FR; rv:1.7.5) Gecko/20041108 Firefox/1.0" "www.wirama.com"
79.91.233.1 - - [16/Feb/2009:05:37:21 -0800] "GET / HTTP/1.1" 200 916 "http://www.google.fr/search?q=wirama&sourceid=mozilla-search&start=0&start=0&ie=utf-8&oe=utf-8&client=firefox-a&rls=org.mozilla:fr:official" "Mozilla/5.0 (Macintosh; U; PPC Mac OS X Mach-O; fr-FR; rv:1.7.5) Gecko/20041108 Firefox/1.0" "www.wirama.com"
65.55.208.60 - - [16/Feb/2009:05:37:37 -0800] "GET /robots.txt HTTP/1.1" 404 275 "-" "msnbot/1.1 (+http://search.msn.com/msnbot.htm)" "wirama.com"
65.55.208.60 - - [16/Feb/2009:05:37:37 -0800] "GET /_private/?N=A HTTP/1.1" 200 675 "-" "msnbot/1.1 (+http://search.msn.com/msnbot.htm)" "wirama.com"
65.55.208.47 - - [16/Feb/2009:08:06:08 -0800] "GET /robots.txt HTTP/1.1" 404 275 "-" "msnbot/1.1 (+http://search.msn.com/msnbot.htm)" "wirama.com"
65.55.208.47 - - [16/Feb/2009:08:06:09 -0800] "GET /_private/?D=A HTTP/1.1" 200 675 "-" "msnbot/1.1 (+http://search.msn.com/msnbot.htm)" "wirama.com"
65.55.208.59 - - [16/Feb/2009:08:41:36 -0800] "GET /robots.txt HTTP/1.1" 404 275 "-" "msnbot/1.1 (+http://search.msn.com/msnbot.htm)" "wirama.com"
65.55.208.59 - - [16/Feb/2009:08:41:39 -0800] "GET /tmp/?S=D HTTP/1.1" 200 520 "-" "msnbot/1.1 (+http://search.msn.com/msnbot.htm)" "wirama.com"
66.249.65.71 - - [16/Feb/2009:08:43:23 -0800] "GET /robots.txt HTTP/1.1" 404 275 "-" "Googlebot-Image/1.0" "www.wirama.com"
66.249.65.71 - - [16/Feb/2009:08:43:23 -0800] "GET /images/Best_In_Show.JPG HTTP/1.1" 404 275 "-" "Googlebot-Image/1.0" "wirama.com"
65.55.208.47 - - [16/Feb/2009:09:19:55 -0800] "GET /logs/?N=A HTTP/1.1" 200 1087 "-" "msnbot/1.1 (+http://search.msn.com/msnbot.htm)" "wirama.com"
65.55.208.50 - - [16/Feb/2009:09:35:06 -0800] "GET /_private/?M=D HTTP/1.1" 200 675 "-" "msnbot/1.1 (+http://search.msn.com/msnbot.htm)" "wirama.com"
65.55.208.62 - - [16/Feb/2009:10:29:11 -0800] "GET /robots.txt HTTP/1.1" 404 275 "-" "msnbot/1.1 (+http://search.msn.com/msnbot.htm)" "wirama.com"
65.55.208.62 - - [16/Feb/2009:10:29:13 -0800] "GET /logs/?S=A HTTP/1.1" 200 1087 "-" "msnbot/1.1 (+http://search.msn.com/msnbot.htm)" "wirama.com"
77.88.27.25 - - [16/Feb/2009:10:46:25 -0800] "GET /robots.txt HTTP/1.1" 404 275 "-" "Yandex/1.01.001 (compatible; Win16; I)" "www.wirama.com"
77.88.27.25 - - [16/Feb/2009:10:46:25 -0800] "GET / HTTP/1.1" 200 916 "-" "Yandex/1.01.001 (compatible; Win16; I)" "www.wirama.com"
93.132.101.154 - - [16/Feb/2009:11:10:45 -0800] "GET /favicon.ico HTTP/1.1" 404 275 "-" "Mozilla/5.0 (X11; U; Linux i686; en-US; rv:1.9.0.5) Gecko/2008121622 Ubuntu/8.10 (intrepid) Firefox/3.0.5" "wirama.com"
208.80.194.39 - - [16/Feb/2009:11:34:15 -0800] "GET / HTTP/1.0" 200 900 "-" "Mozilla/4.0 (compatible; MSIE 6.0; Windows NT 5.1; sv1; FunWebProducts; .NET CLR 1.0.3705; .NET CLR 1.1.4322; .NET CLR 2.0.50727; Media Center PC 4.0)" "www.wirama.com"
208.96.10.201 - - [16/Feb/2009:11:57:47 -0800] "GET /robots.txt HTTP/1.1" 404 275 "-" "robotgenius" "www.wirama.com"
65.55.106.137 - - [16/Feb/2009:12:08:00 -0800] "GET /robots.txt HTTP/1.1" 404 275 "-" "msnbot/2.0b (+http://search.msn.com/msnbot.htm)" "wirama.com"
65.55.106.137 - - [16/Feb/2009:12:09:20 -0800] "GET /?N=D HTTP/1.0" 200 900 "-" "msnbot/2.0b" "wirama.com"
201.134.249.164 - - [16/Feb/2009:12:55:20 -0800] "GET /logs//errors.php?error=http://www.applsoft.co.yu/images/safe.txt??????? HTTP/1.1" 404 275 "-" "libwww-perl/5.79" "wirama.com"
201.134.249.164 - - [16/Feb/2009:12:55:21 -0800] "GET /errors.php?error=http://www.applsoft.co.yu/images/safe.txt??????? HTTP/1.1" 404 275 "-" "libwww-perl/5.79" "wirama.com"
208.96.10.201 - - [16/Feb/2009:13:32:01 -0800] "GET /?S=A HTTP/1.1" 200 916 "-" "robotgenius" "www.wirama.com"
82.128.35.128 - - [16/Feb/2009:14:23:43 -0800] "GET /logs/access.log HTTP/1.1" 200 298035 "http://www.alexa.com/search?q=manager+%22msn+com%22+filetype%3Atxt+2009" "Mozilla/5.0 (Windows; U; Windows NT 5.1; en-US; rv:1.8) Gecko/20051111 Firefox/1.5" "wirama.com"
82.128.35.128 - - [16/Feb/2009:14:24:42 -0800] "GET /favicon.ico HTTP/1.1" 404 275 "-" "Mozilla/5.0 (Windows; U; Windows NT 5.1; en-US; rv:1.8) Gecko/20051111 Firefox/1.5" "wirama.com"
82.128.35.128 - - [16/Feb/2009:14:24:51 -0800] "GET /favicon.ico HTTP/1.1" 404 275 "-" "Mozilla/5.0 (Windows; U; Windows NT 5.1; en-US; rv:1.8) Gecko/20051111 Firefox/1.5" "wirama.com"
65.55.208.60 - - [16/Feb/2009:14:31:49 -0800] "GET /tmp/?M=D HTTP/1.1" 200 520 "-" "msnbot/1.1 (+http://search.msn.com/msnbot.htm)" "wirama.com"
219.64.82.187 - - [16/Feb/2009:14:56:47 -0800] "GET / HTTP/1.1" 200 916 "http://www.crunchbase.com/company/wirama" "Mozilla/5.0 (Windows; U; Windows NT 5.1; en-US; rv:1.8.1.20) Gecko/20081217 Firefox/2.0.0.20" "www.wirama.com"
219.64.82.187 - - [16/Feb/2009:14:56:49 -0800] "GET /favicon.ico HTTP/1.1" 404 275 "-" "Mozilla/5.0 (Windows; U; Windows NT 5.1; en-US; rv:1.8.1.20) Gecko/20081217 Firefox/2.0.0.20" "wirama.com"
208.96.10.201 - - [16/Feb/2009:15:19:28 -0800] "GET /?M=A HTTP/1.1" 200 916 "-" "robotgenius" "www.wirama.com"
65.55.208.60 - - [16/Feb/2009:16:26:11 -0800] "GET /tmp/?M=A HTTP/1.1" 200 520 "-" "msnbot/1.1 (+http://search.msn.com/msnbot.htm)" "wirama.com"
