199.46.200.231 - - [31/Jan/2009:16:27:57 -0800] "GET / HTTP/1.1" 200 916 "-" "Mozilla/4.0 (compatible; MSIE 6.0; Windows NT 5.1; SV1; GTB5; .NET CLR 1.1.4322; .NET CLR 2.0.50727; .NET CLR 3.0.04506.30)" "www.wirama.com"
65.55.208.53 - - [31/Jan/2009:19:01:36 -0800] "GET /robots.txt HTTP/1.1" 404 275 "-" "msnbot/1.1 (+http://search.msn.com/msnbot.htm)" "wirama.com"
65.55.208.53 - - [31/Jan/2009:19:01:37 -0800] "GET /_private/ HTTP/1.1" 200 675 "-" "msnbot/1.1 (+http://search.msn.com/msnbot.htm)" "wirama.com"
67.195.37.111 - - [31/Jan/2009:19:41:04 -0800] "GET /robots.txt HTTP/1.0" 404 275 "-" "Mozilla/5.0 (compatible; Yahoo! Slurp; http://help.yahoo.com/help/us/ysearch/slurp)" "www.wirama.com"
65.55.37.172 - - [31/Jan/2009:20:13:50 -0800] "GET /?N=D HTTP/1.1" 200 916 "-" "msnbot-media/1.1 (+http://search.msn.com/msnbot.htm)" "www.wirama.com"
65.55.208.60 - - [31/Jan/2009:22:52:27 -0800] "GET /robots.txt HTTP/1.1" 404 275 "-" "msnbot/1.1 (+http://search.msn.com/msnbot.htm)" "wirama.com"
65.55.208.60 - - [31/Jan/2009:22:52:28 -0800] "GET /_private/?N=D HTTP/1.1" 200 675 "-" "msnbot/1.1 (+http://search.msn.com/msnbot.htm)" "wirama.com"
65.55.208.51 - - [31/Jan/2009:22:57:46 -0800] "GET /robots.txt HTTP/1.1" 404 275 "-" "msnbot/1.1 (+http://search.msn.com/msnbot.htm)" "wirama.com"
65.55.208.51 - - [31/Jan/2009:22:57:46 -0800] "GET /logs/access.log HTTP/1.1" 200 1150 "-" "msnbot/1.1 (+http://search.msn.com/msnbot.htm)" "wirama.com"
65.55.208.48 - - [31/Jan/2009:23:35:50 -0800] "GET /robots.txt HTTP/1.1" 404 275 "-" "msnbot/1.1 (+http://search.msn.com/msnbot.htm)" "wirama.com"
65.55.208.48 - - [31/Jan/2009:23:35:50 -0800] "GET /tmp/?N=A HTTP/1.1" 200 520 "-" "msnbot/1.1 (+http://search.msn.com/msnbot.htm)" "wirama.com"
65.55.208.48 - - [31/Jan/2009:23:35:54 -0800] "GET /logs/?N=D HTTP/1.1" 200 1087 "-" "msnbot/1.1 (+http://search.msn.com/msnbot.htm)" "wirama.com"
64.56.65.37 - - [01/Feb/2009:00:08:21 -0800] "GET / HTTP/1.1" 200 916 "http://www.keywordspy.com/keyword-research/wirama.com" "Mozilla/4.0 (compatible; MSIE 7.0; Windows NT 5.1; Alexa Toolbar)" "wirama.com"
64.56.65.37 - - [01/Feb/2009:00:08:21 -0800] "GET / HTTP/1.1" 200 916 "http://www.keywordspy.com/keyword-research/wirama.com" "Mozilla/4.0 (compatible; MSIE 7.0; Windows NT 5.1; Alexa Toolbar)" "wirama.com"
64.56.65.37 - - [01/Feb/2009:00:08:21 -0800] "GET / HTTP/1.1" 200 916 "http://www.keywordspy.com/keyword-research/wirama.com" "Mozilla/4.0 (compatible; MSIE 7.0; Windows NT 5.1; Alexa Toolbar)" "wirama.com"
193.47.80.37 - - [01/Feb/2009:02:27:17 -0800] "GET /robots.txt HTTP/1.1" 404 275 "-" "Mozilla/5.0 (compatible; Exabot/3.0; +http://www.exabot.com/go/robot)" "wirama.com"
193.47.80.37 - - [01/Feb/2009:02:27:17 -0800] "GET / HTTP/1.1" 200 916 "-" "Mozilla/5.0 (compatible; Exabot/3.0; +http://www.exabot.com/go/robot)" "wirama.com"
65.55.208.60 - - [01/Feb/2009:03:04:35 -0800] "GET /tmp/?M=A HTTP/1.1" 200 520 "-" "msnbot/1.1 (+http://search.msn.com/msnbot.htm)" "wirama.com"
74.6.8.87 - - [01/Feb/2009:03:10:54 -0800] "GET /robots.txt HTTP/1.0" 404 275 "-" "Mozilla/5.0 (compatible; Yahoo! Slurp; http://help.yahoo.com/help/us/ysearch/slurp)" "www.wirama.com"
74.6.8.87 - - [01/Feb/2009:03:11:06 -0800] "GET /logs/?M=A HTTP/1.0" 200 1071 "-" "Mozilla/5.0 (compatible; Yahoo! Slurp; http://help.yahoo.com/help/us/ysearch/slurp)" "www.wirama.com"
65.55.208.60 - - [01/Feb/2009:03:32:37 -0800] "GET /tmp/?S=A HTTP/1.1" 200 520 "-" "msnbot/1.1 (+http://search.msn.com/msnbot.htm)" "wirama.com"
193.47.80.37 - - [01/Feb/2009:03:52:02 -0800] "GET /robots.txt HTTP/1.1" 404 275 "-" "Mozilla/5.0 (compatible; Exabot/3.0; +http://www.exabot.com/go/robot)" "www.wirama.com"
193.47.80.37 - - [01/Feb/2009:03:52:02 -0800] "GET / HTTP/1.1" 200 916 "-" "Mozilla/5.0 (compatible; Exabot/3.0; +http://www.exabot.com/go/robot)" "www.wirama.com"
59.10.246.48 - - [01/Feb/2009:04:06:42 -0800] "GET / HTTP/1.1" 200 916 "-" "Mozilla/5.0 (Windows; U; Windows NT 5.2; en-US; rv:1.9.0.5) Gecko/2008120122 Firefox/3.0.5" "www.wirama.com"
59.10.246.48 - - [01/Feb/2009:04:06:43 -0800] "GET /favicon.ico HTTP/1.1" 404 275 "-" "Mozilla/5.0 (Windows; U; Windows NT 5.2; en-US; rv:1.9.0.5) Gecko/2008120122 Firefox/3.0.5" "wirama.com"
59.10.246.48 - - [01/Feb/2009:04:06:46 -0800] "GET /favicon.ico HTTP/1.1" 404 275 "-" "Mozilla/5.0 (Windows; U; Windows NT 5.2; en-US; rv:1.9.0.5) Gecko/2008120122 Firefox/3.0.5" "wirama.com"
59.10.246.48 - - [01/Feb/2009:04:06:52 -0800] "GET /tmp/ HTTP/1.1" 200 520 "http://www.wirama.com/" "Mozilla/5.0 (Windows; U; Windows NT 5.2; en-US; rv:1.9.0.5) Gecko/2008120122 Firefox/3.0.5" "www.wirama.com"
59.10.246.48 - - [01/Feb/2009:04:06:55 -0800] "GET /logs/ HTTP/1.1" 200 1087 "http://www.wirama.com/" "Mozilla/5.0 (Windows; U; Windows NT 5.2; en-US; rv:1.9.0.5) Gecko/2008120122 Firefox/3.0.5" "www.wirama.com"
59.10.246.48 - - [01/Feb/2009:04:07:07 -0800] "GET /_private/ HTTP/1.1" 200 675 "http://www.wirama.com/" "Mozilla/5.0 (Windows; U; Windows NT 5.2; en-US; rv:1.9.0.5) Gecko/2008120122 Firefox/3.0.5" "www.wirama.com"
59.10.246.48 - - [01/Feb/2009:04:07:19 -0800] "GET / HTTP/1.1" 200 916 "-" "Mozilla/5.0 (Windows; U; Windows NT 5.2; en-US; rv:1.9.0.5) Gecko/2008120122 Firefox/3.0.5" "wirama.com"
59.10.246.48 - - [01/Feb/2009:04:07:20 -0800] "GET /favicon.ico HTTP/1.1" 404 275 "-" "Mozilla/5.0 (Windows; U; Windows NT 5.2; en-US; rv:1.9.0.5) Gecko/2008120122 Firefox/3.0.5" "wirama.com"
59.10.246.48 - - [01/Feb/2009:04:07:23 -0800] "GET /favicon.ico HTTP/1.1" 404 275 "-" "Mozilla/5.0 (Windows; U; Windows NT 5.2; en-US; rv:1.9.0.5) Gecko/2008120122 Firefox/3.0.5" "wirama.com"
59.10.246.48 - - [01/Feb/2009:04:07:25 -0800] "GET /logs/ HTTP/1.1" 200 1087 "http://wirama.com/" "Mozilla/5.0 (Windows; U; Windows NT 5.2; en-US; rv:1.9.0.5) Gecko/2008120122 Firefox/3.0.5" "wirama.com"
59.10.246.48 - - [01/Feb/2009:04:07:35 -0800] "GET /logs/access_090201.log HTTP/1.1" 200 475690 "http://wirama.com/logs/" "Mozilla/5.0 (Windows; U; Windows NT 5.2; en-US; rv:1.9.0.5) Gecko/2008120122 Firefox/3.0.5" "wirama.com"
65.55.208.61 - - [01/Feb/2009:04:09:34 -0800] "GET /robots.txt HTTP/1.1" 404 275 "-" "msnbot/1.1 (+http://search.msn.com/msnbot.htm)" "wirama.com"
65.55.208.61 - - [01/Feb/2009:04:09:34 -0800] "GET /tmp/?D=A HTTP/1.1" 200 520 "-" "msnbot/1.1 (+http://search.msn.com/msnbot.htm)" "wirama.com"
64.13.130.66 - - [01/Feb/2009:04:10:10 -0800] "GET /robots.txt HTTP/1.1" 404 275 "-" "SpokeSpider/1.0 (http://support.spoke.com/webspider/) Mozilla/5.0 (not really)" "www.wirama.com"
64.13.130.66 - - [01/Feb/2009:04:10:11 -0800] "GET / HTTP/1.1" 200 916 "-" "SpokeSpider/1.0 (http://support.spoke.com/webspider/) Mozilla/5.0 (not really)" "www.wirama.com"
74.6.8.87 - - [01/Feb/2009:04:16:04 -0800] "GET /logs/access_081231.log HTTP/1.0" 200 303093 "-" "Mozilla/5.0 (compatible; Yahoo! Slurp; http://help.yahoo.com/help/us/ysearch/slurp)" "www.wirama.com"
67.41.175.106 - - [01/Feb/2009:04:54:02 -0800] "GET /robots.txt HTTP/1.1" 404 275 "-" "Wget/1.11.1" "www.wirama.com"
67.41.175.106 - - [01/Feb/2009:06:30:59 -0800] "GET /robots.txt HTTP/1.1" 404 275 "-" "Wget/1.11.1" "www.wirama.com"
67.41.175.106 - - [01/Feb/2009:06:31:00 -0800] "GET /robots.txt HTTP/1.1" 404 275 "-" "Wget/1.11.1" "www.wirama.com"
67.41.175.106 - - [01/Feb/2009:07:01:02 -0800] "GET /robots.txt HTTP/1.1" 404 275 "-" "Wget/1.11.1" "www.wirama.com"
67.167.93.140 - - [01/Feb/2009:07:11:13 -0800] "GET / HTTP/1.1" 200 916 "-" "Mozilla/5.0 (Windows; U; Windows NT 6.0; en-US; rv:1.9.0.5) Gecko/2008120122 Firefox/3.0.5" "wirama.com"
67.167.93.140 - - [01/Feb/2009:07:11:13 -0800] "GET /favicon.ico HTTP/1.1" 404 275 "-" "Mozilla/5.0 (Windows; U; Windows NT 6.0; en-US; rv:1.9.0.5) Gecko/2008120122 Firefox/3.0.5" "wirama.com"
67.167.93.140 - - [01/Feb/2009:07:11:16 -0800] "GET /favicon.ico HTTP/1.1" 404 275 "-" "Mozilla/5.0 (Windows; U; Windows NT 6.0; en-US; rv:1.9.0.5) Gecko/2008120122 Firefox/3.0.5" "wirama.com"
67.167.93.140 - - [01/Feb/2009:07:11:16 -0800] "GET /tmp/ HTTP/1.1" 200 520 "http://wirama.com/" "Mozilla/5.0 (Windows; U; Windows NT 6.0; en-US; rv:1.9.0.5) Gecko/2008120122 Firefox/3.0.5" "wirama.com"
67.167.93.140 - - [01/Feb/2009:07:11:18 -0800] "GET /logs/ HTTP/1.1" 200 1087 "http://wirama.com/" "Mozilla/5.0 (Windows; U; Windows NT 6.0; en-US; rv:1.9.0.5) Gecko/2008120122 Firefox/3.0.5" "wirama.com"
67.167.93.140 - - [01/Feb/2009:07:11:21 -0800] "GET /logs/access.log HTTP/1.1" 200 8333 "http://wirama.com/logs/" "Mozilla/5.0 (Windows; U; Windows NT 6.0; en-US; rv:1.9.0.5) Gecko/2008120122 Firefox/3.0.5" "wirama.com"
74.6.8.87 - - [01/Feb/2009:07:28:55 -0800] "GET /_private/ HTTP/1.0" 200 659 "-" "Mozilla/5.0 (compatible; Yahoo! Slurp; http://help.yahoo.com/help/us/ysearch/slurp)" "www.wirama.com"
74.6.8.87 - - [01/Feb/2009:08:38:13 -0800] "GET /logs/ HTTP/1.0" 200 1071 "-" "Mozilla/5.0 (compatible; Yahoo! Slurp; http://help.yahoo.com/help/us/ysearch/slurp)" "www.wirama.com"
65.55.208.61 - - [01/Feb/2009:08:55:32 -0800] "GET /logs/?D=A HTTP/1.1" 200 1087 "-" "msnbot/1.1 (+http://search.msn.com/msnbot.htm)" "wirama.com"
65.55.208.48 - - [01/Feb/2009:09:02:14 -0800] "GET /_private/?M=A HTTP/1.1" 200 675 "-" "msnbot/1.1 (+http://search.msn.com/msnbot.htm)" "wirama.com"
91.205.124.18 - - [01/Feb/2009:09:06:38 -0800] "GET /robots.txt HTTP/1.1" 404 275 "-" "Yanga WorldSearch Bot v1.1/beta (http://www.yanga.co.uk/)" "www.wirama.com"
91.205.124.18 - - [01/Feb/2009:09:06:38 -0800] "GET /?N=A HTTP/1.1" 200 916 "-" "Yanga WorldSearch Bot v1.1/beta (http://www.yanga.co.uk/)" "www.wirama.com"
91.205.124.18 - - [01/Feb/2009:09:09:43 -0800] "GET /?M=D HTTP/1.1" 200 916 "-" "Yanga WorldSearch Bot v1.1/beta (http://www.yanga.co.uk/)" "www.wirama.com"
74.6.8.87 - - [01/Feb/2009:09:10:19 -0800] "GET /logs/access_090201.log HTTP/1.0" 200 475690 "-" "Mozilla/5.0 (compatible; Yahoo! Slurp; http://help.yahoo.com/help/us/ysearch/slurp)" "www.wirama.com"
65.55.208.64 - - [01/Feb/2009:09:45:05 -0800] "GET /robots.txt HTTP/1.1" 404 275 "-" "msnbot/1.1 (+http://search.msn.com/msnbot.htm)" "wirama.com"
65.55.208.64 - - [01/Feb/2009:09:45:10 -0800] "GET /logs/ HTTP/1.1" 200 1087 "-" "msnbot/1.1 (+http://search.msn.com/msnbot.htm)" "wirama.com"
220.227.133.250 - - [01/Feb/2009:10:21:43 -0800] "GET /logs/access_090101.log HTTP/1.1" 200 7270 "http://www.google.com/search?ie=UTF-8&oe=UTF-8&sourceid=navclient&gfns=1&q=get+%2Fgoogle.com+http%2F1.1" "Mozilla/5.0 (Windows; U; Windows NT 5.1; en-US; rv:1.9.1b2) Gecko/20081201 Firefox/3.1b2" "www.wirama.com"
220.227.133.250 - - [01/Feb/2009:10:21:48 -0800] "GET /favicon.ico HTTP/1.1" 404 275 "-" "Mozilla/5.0 (Windows; U; Windows NT 5.1; en-US; rv:1.9.1b2) Gecko/20081201 Firefox/3.1b2" "wirama.com"
220.227.133.250 - - [01/Feb/2009:10:21:52 -0800] "GET /favicon.ico HTTP/1.1" 404 275 "-" "Mozilla/5.0 (Windows; U; Windows NT 5.1; en-US; rv:1.9.1b2) Gecko/20081201 Firefox/3.1b2" "wirama.com"
65.55.208.50 - - [01/Feb/2009:10:32:40 -0800] "GET /robots.txt HTTP/1.1" 404 275 "-" "msnbot/1.1 (+http://search.msn.com/msnbot.htm)" "wirama.com"
65.55.208.50 - - [01/Feb/2009:10:32:40 -0800] "GET /tmp/?N=D HTTP/1.1" 200 520 "-" "msnbot/1.1 (+http://search.msn.com/msnbot.htm)" "wirama.com"
38.99.13.121 - - [01/Feb/2009:11:15:00 -0800] "GET /robots.txt HTTP/1.0" 404 275 "-" "Mozilla/5.0 (Twiceler-0.9 http://www.cuil.com/twiceler/robot.html)" "wirama.com"
128.111.52.109 - - [01/Feb/2009:11:50:48 -0800] "GET / HTTP/1.1" 200 916 "http://www.google.com/search?source=ig&hl=en&rlz=&=&q=wirama&btnG=Google+Search&aq=f" "Mozilla/5.0 (X11; U; Linux i686; en-US; rv:1.8.0.12) Gecko/20071126 Fedora/1.5.0.12-7.fc6 Firefox/1.5.0.12" "www.wirama.com"
128.111.52.109 - - [01/Feb/2009:11:50:51 -0800] "GET / HTTP/1.1" 200 916 "http://www.google.com/search?source=ig&hl=en&rlz=&=&q=wirama&btnG=Google+Search&aq=f" "Mozilla/5.0 (X11; U; Linux i686; en-US; rv:1.8.0.12) Gecko/20071126 Fedora/1.5.0.12-7.fc6 Firefox/1.5.0.12" "www.wirama.com"
128.111.52.109 - - [01/Feb/2009:11:50:52 -0800] "GET /favicon.ico HTTP/1.1" 404 275 "-" "Mozilla/5.0 (X11; U; Linux i686; en-US; rv:1.8.0.12) Gecko/20071126 Fedora/1.5.0.12-7.fc6 Firefox/1.5.0.12" "wirama.com"
128.111.52.109 - - [01/Feb/2009:11:50:56 -0800] "GET / HTTP/1.1" 200 916 "-" "Mozilla/5.0 (X11; U; Linux i686; en-US; rv:1.8.0.12) Gecko/20071126 Fedora/1.5.0.12-7.fc6 Firefox/1.5.0.12" "www.wirama.com"
128.111.52.109 - - [01/Feb/2009:11:50:58 -0800] "GET /_private/ HTTP/1.1" 200 675 "http://www.wirama.com/" "Mozilla/5.0 (X11; U; Linux i686; en-US; rv:1.8.0.12) Gecko/20071126 Fedora/1.5.0.12-7.fc6 Firefox/1.5.0.12" "www.wirama.com"
128.111.52.109 - - [01/Feb/2009:11:51:04 -0800] "GET /logs/ HTTP/1.1" 200 1087 "http://www.wirama.com/" "Mozilla/5.0 (X11; U; Linux i686; en-US; rv:1.8.0.12) Gecko/20071126 Fedora/1.5.0.12-7.fc6 Firefox/1.5.0.12" "www.wirama.com"
128.111.52.109 - - [01/Feb/2009:11:51:07 -0800] "GET / HTTP/1.1" 200 916 "http://www.google.com/search?source=ig&hl=en&rlz=&=&q=wirama&btnG=Google+Search&aq=f" "Mozilla/5.0 (X11; U; Linux i686; en-US; rv:1.8.0.12) Gecko/20071126 Fedora/1.5.0.12-7.fc6 Firefox/1.5.0.12" "www.wirama.com"
128.111.52.109 - - [01/Feb/2009:11:52:44 -0800] "GET / HTTP/1.1" 200 916 "http://www.bizorigin.com/2007/wirama-rfid-antennareader-enabler-raises-1m-in-series-a-financing" "Mozilla/5.0 (X11; U; Linux i686; en-US; rv:1.8.0.12) Gecko/20071126 Fedora/1.5.0.12-7.fc6 Firefox/1.5.0.12" "www.wirama.com"
128.111.52.109 - - [01/Feb/2009:11:53:18 -0800] "GET / HTTP/1.1" 200 916 "http://www.bizorigin.com/2007/wirama-rfid-antennareader-enabler-raises-1m-in-series-a-financing" "Mozilla/5.0 (X11; U; Linux i686; en-US; rv:1.8.0.12) Gecko/20071126 Fedora/1.5.0.12-7.fc6 Firefox/1.5.0.12" "www.wirama.com"
128.111.52.109 - - [01/Feb/2009:11:54:22 -0800] "GET / HTTP/1.1" 200 916 "http://www.tradevibes.com/company/profile/wirama" "Mozilla/5.0 (X11; U; Linux i686; en-US; rv:1.8.0.12) Gecko/20071126 Fedora/1.5.0.12-7.fc6 Firefox/1.5.0.12" "www.wirama.com"
128.111.52.109 - - [01/Feb/2009:11:54:25 -0800] "GET /tmp/ HTTP/1.1" 200 520 "http://www.wirama.com/" "Mozilla/5.0 (X11; U; Linux i686; en-US; rv:1.8.0.12) Gecko/20071126 Fedora/1.5.0.12-7.fc6 Firefox/1.5.0.12" "www.wirama.com"
128.111.52.109 - - [01/Feb/2009:11:54:29 -0800] "GET / HTTP/1.1" 200 916 "http://www.wirama.com/tmp/" "Mozilla/5.0 (X11; U; Linux i686; en-US; rv:1.8.0.12) Gecko/20071126 Fedora/1.5.0.12-7.fc6 Firefox/1.5.0.12" "www.wirama.com"
128.111.52.109 - - [01/Feb/2009:11:54:31 -0800] "GET /_private/ HTTP/1.1" 200 675 "http://www.wirama.com/" "Mozilla/5.0 (X11; U; Linux i686; en-US; rv:1.8.0.12) Gecko/20071126 Fedora/1.5.0.12-7.fc6 Firefox/1.5.0.12" "www.wirama.com"
128.111.52.109 - - [01/Feb/2009:11:54:33 -0800] "GET /_private/form_results.csv HTTP/1.1" 200 0 "http://www.wirama.com/_private/" "Mozilla/5.0 (X11; U; Linux i686; en-US; rv:1.8.0.12) Gecko/20071126 Fedora/1.5.0.12-7.fc6 Firefox/1.5.0.12" "www.wirama.com"
195.11.67.10 - - [01/Feb/2009:13:05:13 -0800] "GET /logs/access_081231.log HTTP/1.1" 200 303093 "-" "eskxpebYYy3bygxx wqaxjslrtqjee" "www.wirama.com"
65.55.208.61 - - [01/Feb/2009:13:20:32 -0800] "GET /logs/?M=A HTTP/1.1" 200 1087 "-" "msnbot/1.1 (+http://search.msn.com/msnbot.htm)" "wirama.com"
66.249.65.71 - - [01/Feb/2009:14:46:41 -0800] "GET /robots.txt HTTP/1.1" 404 275 "-" "Mozilla/5.0 (compatible; Googlebot/2.1; +http://www.google.com/bot.html)" "www.wirama.com"
66.249.65.71 - - [01/Feb/2009:14:46:41 -0800] "GET /logs/access_090101.log HTTP/1.1" 200 7270 "-" "Mozilla/5.0 (compatible; Googlebot/2.1; +http://www.google.com/bot.html)" "www.wirama.com"
65.55.208.62 - - [01/Feb/2009:14:49:35 -0800] "GET /robots.txt HTTP/1.1" 404 275 "-" "msnbot/1.1 (+http://search.msn.com/msnbot.htm)" "wirama.com"
65.55.208.62 - - [01/Feb/2009:14:49:35 -0800] "GET /logs/?S=A HTTP/1.1" 200 1087 "-" "msnbot/1.1 (+http://search.msn.com/msnbot.htm)" "wirama.com"
66.249.65.71 - - [01/Feb/2009:14:49:44 -0800] "GET /logs/access_081231.log HTTP/1.1" 200 0 "-" "Mozilla/5.0 (compatible; Googlebot/2.1; +http://www.google.com/bot.html)" "www.wirama.com"
66.249.65.71 - - [01/Feb/2009:14:52:45 -0800] "GET /tmp/ HTTP/1.1" 200 520 "-" "Mozilla/5.0 (compatible; Googlebot/2.1; +http://www.google.com/bot.html)" "www.wirama.com"
66.249.65.71 - - [01/Feb/2009:15:23:22 -0800] "GET /logs/access.log HTTP/1.1" 200 16177 "-" "Mozilla/5.0 (compatible; Googlebot/2.1; +http://www.google.com/bot.html)" "www.wirama.com"
203.96.80.241 - - [01/Feb/2009:16:48:53 -0800] "GET / HTTP/1.1" 200 916 "http://www.rfidupdate.com/articles/index.php?id=1542" "Mozilla/5.0 (Macintosh; U; Intel Mac OS X 10.5; en-US; rv:1.9.0.4) Gecko/2008102920 Firefox/3.0.4" "www.wirama.com"
203.96.80.241 - - [01/Feb/2009:16:48:54 -0800] "GET /favicon.ico HTTP/1.1" 404 275 "-" "Mozilla/5.0 (Macintosh; U; Intel Mac OS X 10.5; en-US; rv:1.9.0.4) Gecko/2008102920 Firefox/3.0.4" "wirama.com"
203.96.80.241 - - [01/Feb/2009:16:48:57 -0800] "GET /favicon.ico HTTP/1.1" 404 275 "-" "Mozilla/5.0 (Macintosh; U; Intel Mac OS X 10.5; en-US; rv:1.9.0.4) Gecko/2008102920 Firefox/3.0.4" "wirama.com"
82.99.30.43 - - [01/Feb/2009:17:18:25 -0800] "GET /logs/?N=D HTTP/1.0" 200 1071 "-" "Mozilla/4.0 (compatible; MSIE 6.0; Windows NT 5.1)" "www.wirama.com"
82.99.30.55 - - [01/Feb/2009:17:23:27 -0800] "GET /logs/?M=A HTTP/1.0" 200 1071 "-" "Mozilla/4.0 (compatible; MSIE 6.0; Windows NT 5.1)" "www.wirama.com"
82.99.30.34 - - [01/Feb/2009:17:26:22 -0800] "GET /logs/?S=A HTTP/1.0" 200 1071 "-" "Mozilla/4.0 (compatible; MSIE 6.0; Windows NT 5.1)" "www.wirama.com"
82.99.30.27 - - [01/Feb/2009:17:28:43 -0800] "GET /logs/?D=A HTTP/1.0" 200 1071 "-" "Mozilla/4.0 (compatible; MSIE 6.0; Windows NT 5.1)" "www.wirama.com"
82.99.30.34 - - [01/Feb/2009:17:30:46 -0800] "GET /tmp/?N=D HTTP/1.0" 200 504 "-" "Mozilla/4.0 (compatible; MSIE 6.0; Windows NT 5.1)" "www.wirama.com"
74.6.8.87 - - [01/Feb/2009:17:47:05 -0800] "GET /robots.txt HTTP/1.0" 404 275 "-" "Mozilla/5.0 (compatible; Yahoo! Slurp; http://help.yahoo.com/help/us/ysearch/slurp)" "wirama.com"
74.6.8.87 - - [01/Feb/2009:17:47:20 -0800] "GET /jo01.htm HTTP/1.0" 404 275 "-" "Mozilla/5.0 (compatible; Yahoo! Slurp; http://help.yahoo.com/help/us/ysearch/slurp)" "wirama.com"
208.80.194.120 - - [01/Feb/2009:18:34:58 -0800] "GET / HTTP/1.0" 200 900 "-" "Mozilla/4.0 (compatible; MSIE 6.0; Windows NT 5.1; sbcydsl 3.12; SV1; .NET CLR 2.0.50727)" "wirama.com"
81.9.205.73 - - [01/Feb/2009:19:22:09 -0800] "GET /logs/access_090101.log HTTP/1.1" 200 7270 "http://www.google.com/search?hl=en&safe=off&client=firefox-a&rls=org.mozilla%3Aen-US%3Aofficial&hs=6xU&q=get+http+200+mozilla&btnG=Search" "Mozilla/5.0 (Windows; U; Windows NT 6.0; en-US; rv:1.9.0.5) Gecko/2008120122 Firefox/3.0.5" "www.wirama.com"
81.9.205.73 - - [01/Feb/2009:19:22:10 -0800] "GET /favicon.ico HTTP/1.1" 404 275 "-" "Mozilla/5.0 (Windows; U; Windows NT 6.0; en-US; rv:1.9.0.5) Gecko/2008120122 Firefox/3.0.5" "wirama.com"
81.9.205.73 - - [01/Feb/2009:19:22:23 -0800] "GET /logs/access_081231.log HTTP/1.1" 200 303093 "-" "Mozilla/5.0 (Windows; U; Windows NT 6.0; en-US; rv:1.9.0.5) Gecko/2008120122 Firefox/3.0.5" "www.wirama.com"
81.9.205.73 - - [01/Feb/2009:19:49:25 -0800] "GET /logs/access_090102.log HTTP/1.1" 404 275 "-" "Mozilla/5.0 (Windows; U; Windows NT 6.0; en-US; rv:1.9.0.5) Gecko/2008120122 Firefox/3.0.5" "www.wirama.com"
81.9.205.73 - - [01/Feb/2009:19:49:30 -0800] "GET /logs/access_090103.log HTTP/1.1" 404 275 "-" "Mozilla/5.0 (Windows; U; Windows NT 6.0; en-US; rv:1.9.0.5) Gecko/2008120122 Firefox/3.0.5" "www.wirama.com"
81.9.205.73 - - [01/Feb/2009:19:49:57 -0800] "GET /logs/access_081130.log HTTP/1.1" 404 275 "-" "Mozilla/5.0 (Windows; U; Windows NT 6.0; en-US; rv:1.9.0.5) Gecko/2008120122 Firefox/3.0.5" "www.wirama.com"
81.9.205.73 - - [01/Feb/2009:19:50:00 -0800] "GET /logs/access_081131.log HTTP/1.1" 404 275 "-" "Mozilla/5.0 (Windows; U; Windows NT 6.0; en-US; rv:1.9.0.5) Gecko/2008120122 Firefox/3.0.5" "www.wirama.com"
81.9.205.73 - - [01/Feb/2009:19:50:06 -0800] "GET /logs/access_081101.log HTTP/1.1" 404 275 "-" "Mozilla/5.0 (Windows; U; Windows NT 6.0; en-US; rv:1.9.0.5) Gecko/2008120122 Firefox/3.0.5" "www.wirama.com"
81.9.205.73 - - [01/Feb/2009:19:50:09 -0800] "GET /logs/access_081201.log HTTP/1.1" 404 275 "-" "Mozilla/5.0 (Windows; U; Windows NT 6.0; en-US; rv:1.9.0.5) Gecko/2008120122 Firefox/3.0.5" "www.wirama.com"
74.6.8.87 - - [01/Feb/2009:20:32:24 -0800] "GET /robots.txt HTTP/1.0" 404 275 "-" "Mozilla/5.0 (compatible; Yahoo! Slurp; http://help.yahoo.com/help/us/ysearch/slurp)" "www.wirama.com"
74.6.8.87 - - [01/Feb/2009:20:32:24 -0800] "GET /text/?S=A HTTP/1.0" 404 275 "-" "Mozilla/5.0 (compatible; Yahoo! Slurp; http://help.yahoo.com/help/us/ysearch/slurp)" "www.wirama.com"
82.99.30.32 - - [01/Feb/2009:20:53:52 -0800] "GET /_private/?N=A HTTP/1.0" 200 659 "-" "Mozilla/4.0 (compatible; MSIE 6.0; Windows NT 5.1)" "www.wirama.com"
82.99.30.34 - - [01/Feb/2009:21:01:18 -0800] "GET /_private/?M=D HTTP/1.0" 200 659 "-" "Mozilla/4.0 (compatible; MSIE 6.0; Windows NT 5.1)" "www.wirama.com"
76.113.127.44 - - [01/Feb/2009:21:03:43 -0800] "GET /favicon.ico HTTP/1.1" 404 275 "http://www.google.com/search?q=mozilla+5.0+firefox&sourceid=navclient-ff&ie=UTF-8&rlz=1B3GGGL_enUS253US253&aq=t" "Mozilla/5.0 (Windows; U; Windows NT 6.0; en-US; rv:1.9.0.5) Gecko/2008120122 Firefox/3.0.5" "wirama.com"
82.99.30.41 - - [01/Feb/2009:21:06:04 -0800] "GET /_private/?S=D HTTP/1.0" 200 659 "-" "Mozilla/4.0 (compatible; MSIE 6.0; Windows NT 5.1)" "www.wirama.com"
82.99.30.37 - - [01/Feb/2009:21:09:26 -0800] "GET /_private/?D=D HTTP/1.0" 200 659 "-" "Mozilla/4.0 (compatible; MSIE 6.0; Windows NT 5.1)" "www.wirama.com"
74.6.8.87 - - [02/Feb/2009:00:19:47 -0800] "GET /logs/access.log HTTP/1.0" 200 21594 "-" "Mozilla/5.0 (compatible; Yahoo! Slurp; http://help.yahoo.com/help/us/ysearch/slurp)" "www.wirama.com"
220.110.6.97 - - [02/Feb/2009:00:24:12 -0800] "GET / HTTP/1.0" 200 900 "http://www.crunchvision.com/" "Mozilla/5.0 (Windows; U; Windows NT 5.1; ja; rv:1.9.0.5) Gecko/2008120122 Firefox/3.0.5" "www.wirama.com"
220.110.6.97 - - [02/Feb/2009:00:24:12 -0800] "GET /favicon.ico HTTP/1.0" 404 275 "-" "Mozilla/5.0 (compatible; Google Desktop)" "wirama.com"
220.110.6.97 - - [02/Feb/2009:00:24:13 -0800] "GET /favicon.ico HTTP/1.0" 404 275 "-" "Mozilla/5.0 (Windows; U; Windows NT 5.1; ja; rv:1.9.0.5) Gecko/2008120122 Firefox/3.0.5" "wirama.com"
220.110.6.97 - - [02/Feb/2009:00:24:16 -0800] "GET /logs/ HTTP/1.0" 200 1071 "http://www.wirama.com/" "Mozilla/5.0 (Windows; U; Windows NT 5.1; ja; rv:1.9.0.5) Gecko/2008120122 Firefox/3.0.5" "www.wirama.com"
220.110.6.97 - - [02/Feb/2009:00:24:19 -0800] "GET /logs/access.log HTTP/1.0" 200 22326 "http://www.wirama.com/logs/" "Mozilla/5.0 (Windows; U; Windows NT 5.1; ja; rv:1.9.0.5) Gecko/2008120122 Firefox/3.0.5" "www.wirama.com"
220.110.6.97 - - [02/Feb/2009:00:24:40 -0800] "GET /tmp/ HTTP/1.0" 200 504 "http://www.wirama.com/" "Mozilla/5.0 (Windows; U; Windows NT 5.1; ja; rv:1.9.0.5) Gecko/2008120122 Firefox/3.0.5" "www.wirama.com"
220.110.6.97 - - [02/Feb/2009:00:24:42 -0800] "GET / HTTP/1.0" 200 900 "http://www.wirama.com/tmp/" "Mozilla/5.0 (Windows; U; Windows NT 5.1; ja; rv:1.9.0.5) Gecko/2008120122 Firefox/3.0.5" "www.wirama.com"
220.110.6.97 - - [02/Feb/2009:00:24:44 -0800] "GET /_private/ HTTP/1.0" 200 659 "http://www.wirama.com/" "Mozilla/5.0 (Windows; U; Windows NT 5.1; ja; rv:1.9.0.5) Gecko/2008120122 Firefox/3.0.5" "www.wirama.com"
66.249.65.71 - - [02/Feb/2009:00:53:13 -0800] "GET /_derived/jo01.htm_cmp_ice010_vbtn_p.gif HTTP/1.1" 404 275 "-" "Googlebot-Image/1.0" "wirama.com"
64.211.150.194 - - [02/Feb/2009:02:29:16 -0800] "GET /images/LIVE_08_120x240.gif HTTP/1.1" 404 275 "http://www.mediamob.co.kr/infoland/frmView.aspx?list=blog&id=207830&page=1" "Mozilla/5.0 (Windows; U; Windows NT 6.0; en-US; rv:1.9.0.5) Gecko/2008120122 Firefox/3.0.5 (.NET CLR 3.5.30729)" "wirama.com"
64.211.150.194 - - [02/Feb/2009:02:29:16 -0800] "GET /images/smallnew.gif HTTP/1.1" 404 275 "http://www.mediamob.co.kr/infoland/frmView.aspx?list=blog&id=207830&page=1" "Mozilla/5.0 (Windows; U; Windows NT 6.0; en-US; rv:1.9.0.5) Gecko/2008120122 Firefox/3.0.5 (.NET CLR 3.5.30729)" "wirama.com"
64.211.150.194 - - [02/Feb/2009:02:29:16 -0800] "GET /images/logo.gif HTTP/1.1" 404 275 "http://www.mediamob.co.kr/infoland/frmView.aspx?list=blog&id=207830&page=1" "Mozilla/5.0 (Windows; U; Windows NT 6.0; en-US; rv:1.9.0.5) Gecko/2008120122 Firefox/3.0.5 (.NET CLR 3.5.30729)" "wirama.com"
64.211.150.194 - - [02/Feb/2009:02:29:16 -0800] "GET /images/Best_In_Show.JPG HTTP/1.1" 404 275 "http://www.mediamob.co.kr/infoland/frmView.aspx?list=blog&id=207830&page=1" "Mozilla/5.0 (Windows; U; Windows NT 6.0; en-US; rv:1.9.0.5) Gecko/2008120122 Firefox/3.0.5 (.NET CLR 3.5.30729)" "wirama.com"
84.245.9.84 - - [02/Feb/2009:02:54:37 -0800] "GET / HTTP/1.1" 200 916 "http://www.rfidupdate.com/articles/index.php?id=1542" "Mozilla/5.0 (Windows; U; Windows NT 5.1; en-US; rv:1.9.0.5) Gecko/2008120122 Firefox/3.0.5" "www.wirama.com"
84.245.9.84 - - [02/Feb/2009:02:54:38 -0800] "GET /favicon.ico HTTP/1.1" 404 275 "-" "Mozilla/5.0 (Windows; U; Windows NT 5.1; en-US; rv:1.9.0.5) Gecko/2008120122 Firefox/3.0.5" "wirama.com"
84.245.9.84 - - [02/Feb/2009:02:54:38 -0800] "GET /favicon.ico HTTP/1.1" 404 275 "-" "Mozilla/5.0 (Windows; U; Windows NT 5.1; en-US; rv:1.9.0.5) Gecko/2008120122 Firefox/3.0.5" "wirama.com"
84.245.9.84 - - [02/Feb/2009:02:54:41 -0800] "GET /favicon.ico HTTP/1.1" 404 275 "-" "Mozilla/5.0 (Windows; U; Windows NT 5.1; en-US; rv:1.9.0.5) Gecko/2008120122 Firefox/3.0.5" "wirama.com"
84.245.9.84 - - [02/Feb/2009:02:54:43 -0800] "GET /_private/ HTTP/1.1" 200 675 "http://www.wirama.com/" "Mozilla/5.0 (Windows; U; Windows NT 5.1; en-US; rv:1.9.0.5) Gecko/2008120122 Firefox/3.0.5" "www.wirama.com"
84.245.9.84 - - [02/Feb/2009:02:54:46 -0800] "GET /_private/form_results.csv HTTP/1.1" 200 0 "http://www.wirama.com/_private/" "Mozilla/5.0 (Windows; U; Windows NT 5.1; en-US; rv:1.9.0.5) Gecko/2008120122 Firefox/3.0.5" "www.wirama.com"
84.245.9.84 - - [02/Feb/2009:02:55:11 -0800] "GET /logs/ HTTP/1.1" 200 1087 "http://www.wirama.com/" "Mozilla/5.0 (Windows; U; Windows NT 5.1; en-US; rv:1.9.0.5) Gecko/2008120122 Firefox/3.0.5" "www.wirama.com"
84.245.9.84 - - [02/Feb/2009:02:55:18 -0800] "GET /logs/access_090201.log HTTP/1.1" 200 475690 "http://www.wirama.com/logs/" "Mozilla/5.0 (Windows; U; Windows NT 5.1; en-US; rv:1.9.0.5) Gecko/2008120122 Firefox/3.0.5" "www.wirama.com"
84.245.9.84 - - [02/Feb/2009:02:55:42 -0800] "GET /tmp/ HTTP/1.1" 200 520 "http://www.wirama.com/" "Mozilla/5.0 (Windows; U; Windows NT 5.1; en-US; rv:1.9.0.5) Gecko/2008120122 Firefox/3.0.5" "www.wirama.com"
89.107.225.105 - - [02/Feb/2009:03:37:50 -0800] "GET /robots.txt HTTP/1.0" 404 275 "-" "Busiversebot/v1.0 (http://www.busiverse.com/bot.php)" "www.wirama.com"
89.107.225.105 - - [02/Feb/2009:03:37:51 -0800] "GET / HTTP/1.0" 200 900 "-" "Busiversebot/v1.0 (http://www.busiverse.com/bot.php)" "www.wirama.com"
89.107.225.107 - - [02/Feb/2009:04:41:11 -0800] "GET /robots.txt HTTP/1.0" 404 275 "-" "Busiversebot/v1.0 (http://www.busiverse.com/bot.php)" "www.wirama.com"
89.107.225.107 - - [02/Feb/2009:04:41:11 -0800] "GET /tmp/ HTTP/1.0" 200 504 "-" "Busiversebot/v1.0 (http://www.busiverse.com/bot.php)" "www.wirama.com"
65.55.208.50 - - [02/Feb/2009:05:06:36 -0800] "GET /robots.txt HTTP/1.1" 404 275 "-" "msnbot/1.1 (+http://search.msn.com/msnbot.htm)" "wirama.com"
65.55.208.50 - - [02/Feb/2009:05:06:38 -0800] "GET /_private/?S=A HTTP/1.1" 200 675 "-" "msnbot/1.1 (+http://search.msn.com/msnbot.htm)" "wirama.com"
89.107.225.107 - - [02/Feb/2009:05:08:02 -0800] "GET / HTTP/1.0" 200 900 "-" "Busiversebot/v1.0 (http://www.busiverse.com/bot.php)" "www.wirama.com"
208.80.194.46 - - [02/Feb/2009:05:18:46 -0800] "GET / HTTP/1.0" 200 900 "-" "Mozilla/4.0 (compatible; MSIE 7.0; Windows NT 5.1; YPC 3.2.0; .NET CLR 1.0.3705; InfoPath.1; .NET CLR 1.1.4322; .NET CLR 2.0.50727)" "www.wirama.com"
74.6.8.87 - - [02/Feb/2009:05:51:57 -0800] "GET /robots.txt HTTP/1.0" 404 275 "-" "Mozilla/5.0 (compatible; Yahoo! Slurp; http://help.yahoo.com/help/us/ysearch/slurp)" "www.wirama.com"
89.107.225.107 - - [02/Feb/2009:05:56:24 -0800] "GET /_private/ HTTP/1.0" 200 659 "-" "Busiversebot/v1.0 (http://www.busiverse.com/bot.php)" "www.wirama.com"
89.107.225.107 - - [02/Feb/2009:06:09:35 -0800] "GET /logs/ HTTP/1.0" 200 1071 "-" "Busiversebot/v1.0 (http://www.busiverse.com/bot.php)" "www.wirama.com"
64.124.85.92 - - [02/Feb/2009:07:40:20 -0800] "GET /robots.txt HTTP/1.1" 404 275 "-" "Mozilla/5.0 (compatible; BecomeBot/3.0; +http://www.become.com/site_owners.html)" "wirama.com"
64.124.85.92 - - [02/Feb/2009:07:40:34 -0800] "GET /logs/access_090101.log HTTP/1.1" 200 7270 "-" "Mozilla/5.0 (compatible; BecomeBot/3.0; +http://www.become.com/site_owners.html)" "wirama.com"
76.204.183.136 - - [02/Feb/2009:07:41:55 -0800] "GET / HTTP/1.1" 200 916 "http://www.tecknowbasic.com/bio.htm" "Mozilla/5.0 (Windows; U; Windows NT 6.0; en-US; rv:1.9.0.5) Gecko/2008120122 Firefox/3.0.5 (.NET CLR 3.5.30729)" "www.wirama.com"
76.204.183.136 - - [02/Feb/2009:07:41:56 -0800] "GET /favicon.ico HTTP/1.1" 404 275 "-" "Mozilla/5.0 (Windows; U; Windows NT 6.0; en-US; rv:1.9.0.5) Gecko/2008120122 Firefox/3.0.5 (.NET CLR 3.5.30729)" "wirama.com"
76.204.183.136 - - [02/Feb/2009:07:41:59 -0800] "GET /favicon.ico HTTP/1.1" 404 275 "-" "Mozilla/5.0 (Windows; U; Windows NT 6.0; en-US; rv:1.9.0.5) Gecko/2008120122 Firefox/3.0.5 (.NET CLR 3.5.30729)" "wirama.com"
208.36.144.8 - - [02/Feb/2009:08:53:59 -0800] "GET /robots.txt HTTP/1.0" 404 275 "-" "Mozilla/5.0 (Twiceler-0.9 http://www.cuil.com/twiceler/robot.html)" "www.wirama.com"
65.55.208.60 - - [02/Feb/2009:09:20:53 -0800] "GET /robots.txt HTTP/1.1" 404 275 "-" "msnbot/1.1 (+http://search.msn.com/msnbot.htm)" "wirama.com"
65.55.208.60 - - [02/Feb/2009:09:21:12 -0800] "GET /_private/?N=A HTTP/1.1" 200 675 "-" "msnbot/1.1 (+http://search.msn.com/msnbot.htm)" "wirama.com"
64.230.75.176 - - [02/Feb/2009:09:51:16 -0800] "GET / HTTP/1.1" 200 916 "http://www.google.ca/search?hl=en&q=Wirama&btnG=Google+Search&meta=" "Mozilla/5.0 (Windows; U; Windows NT 5.0; en-US; rv:1.9.0.5) Gecko/2008120122 Firefox/3.0.5" "www.wirama.com"
64.230.75.176 - - [02/Feb/2009:09:51:24 -0800] "GET / HTTP/1.1" 200 916 "http://www.google.ca/search?hl=en&q=Wirama&btnG=Google+Search&meta=" "Mozilla/5.0 (Windows; U; Windows NT 5.0; en-US; rv:1.9.0.5) Gecko/2008120122 Firefox/3.0.5" "www.wirama.com"
64.230.75.176 - - [02/Feb/2009:09:51:26 -0800] "GET /favicon.ico HTTP/1.1" 404 275 "-" "Mozilla/5.0 (Windows; U; Windows NT 5.0; en-US; rv:1.9.0.5) Gecko/2008120122 Firefox/3.0.5" "wirama.com"
64.230.75.176 - - [02/Feb/2009:09:51:29 -0800] "GET /favicon.ico HTTP/1.1" 404 275 "-" "Mozilla/5.0 (Windows; U; Windows NT 5.0; en-US; rv:1.9.0.5) Gecko/2008120122 Firefox/3.0.5" "wirama.com"
64.230.75.176 - - [02/Feb/2009:09:51:29 -0800] "GET / HTTP/1.1" 200 916 "http://www.google.ca/search?hl=en&q=Wirama&btnG=Google+Search&meta=" "Mozilla/5.0 (Windows; U; Windows NT 5.0; en-US; rv:1.9.0.5) Gecko/2008120122 Firefox/3.0.5" "www.wirama.com"
64.230.75.176 - - [02/Feb/2009:09:53:49 -0800] "GET / HTTP/1.1" 200 916 "-" "Mozilla/5.0 (Windows; U; Windows NT 5.0; en-US; rv:1.9.0.5) Gecko/2008120122 Firefox/3.0.5" "www.wirama.com"
64.230.75.176 - - [02/Feb/2009:09:53:52 -0800] "GET / HTTP/1.1" 200 916 "http://www.wirama.com/" "Mozilla/5.0 (Windows; U; Windows NT 5.0; en-US; rv:1.9.0.5) Gecko/2008120122 Firefox/3.0.5" "www.wirama.com"
64.230.75.176 - - [02/Feb/2009:09:53:56 -0800] "GET /logs/ HTTP/1.1" 200 1087 "http://www.wirama.com/" "Mozilla/5.0 (Windows; U; Windows NT 5.0; en-US; rv:1.9.0.5) Gecko/2008120122 Firefox/3.0.5" "www.wirama.com"
64.230.75.176 - - [02/Feb/2009:09:53:59 -0800] "GET /logs/access.log HTTP/1.1" 200 31694 "http://www.wirama.com/logs/" "Mozilla/5.0 (Windows; U; Windows NT 5.0; en-US; rv:1.9.0.5) Gecko/2008120122 Firefox/3.0.5" "www.wirama.com"
64.230.75.176 - - [02/Feb/2009:09:54:04 -0800] "GET /logs/access.log HTTP/1.1" 200 31923 "http://www.wirama.com/logs/" "Mozilla/5.0 (Windows; U; Windows NT 5.0; en-US; rv:1.9.0.5) Gecko/2008120122 Firefox/3.0.5" "www.wirama.com"
65.55.208.59 - - [02/Feb/2009:12:04:33 -0800] "GET /robots.txt HTTP/1.1" 404 275 "-" "msnbot/1.1 (+http://search.msn.com/msnbot.htm)" "wirama.com"
65.55.208.59 - - [02/Feb/2009:12:04:34 -0800] "GET /tmp/?S=D HTTP/1.1" 200 520 "-" "msnbot/1.1 (+http://search.msn.com/msnbot.htm)" "wirama.com"
65.55.208.47 - - [02/Feb/2009:12:14:23 -0800] "GET /robots.txt HTTP/1.1" 404 275 "-" "msnbot/1.1 (+http://search.msn.com/msnbot.htm)" "wirama.com"
65.55.208.47 - - [02/Feb/2009:12:14:24 -0800] "GET /logs/?N=A HTTP/1.1" 200 1087 "-" "msnbot/1.1 (+http://search.msn.com/msnbot.htm)" "wirama.com"
65.55.208.48 - - [02/Feb/2009:12:55:49 -0800] "GET /robots.txt HTTP/1.1" 404 275 "-" "msnbot/1.1 (+http://search.msn.com/msnbot.htm)" "wirama.com"
65.55.208.48 - - [02/Feb/2009:12:55:50 -0800] "GET /_private/?D=D HTTP/1.1" 200 675 "-" "msnbot/1.1 (+http://search.msn.com/msnbot.htm)" "wirama.com"
65.55.208.60 - - [02/Feb/2009:13:14:10 -0800] "GET /tmp/?M=D HTTP/1.1" 200 520 "-" "msnbot/1.1 (+http://search.msn.com/msnbot.htm)" "wirama.com"
65.55.208.60 - - [02/Feb/2009:13:18:23 -0800] "GET /logs/?D=D HTTP/1.1" 200 1087 "-" "msnbot/1.1 (+http://search.msn.com/msnbot.htm)" "wirama.com"
71.130.68.4 - - [02/Feb/2009:13:53:33 -0800] "GET /_themes/ice/ice1011.css HTTP/1.1" 404 275 "-" "Mozilla/4.0 (compatible; MSIE 7.0; Windows NT 6.0; SLCC1; .NET CLR 2.0.50727; InfoPath.1; .NET CLR 3.5.30729; .NET CLR 3.0.30618)" "www.wirama.com"
71.130.68.4 - - [02/Feb/2009:13:53:34 -0800] "GET /_themes/ice/background_ice.gif HTTP/1.1" 404 275 "-" "Mozilla/4.0 (compatible; MSIE 7.0; Windows NT 6.0; SLCC1; .NET CLR 2.0.50727; InfoPath.1; .NET CLR 3.5.30729; .NET CLR 3.0.30618)" "wirama.com"
71.130.68.4 - - [02/Feb/2009:13:53:34 -0800] "GET /PicExportError HTTP/1.1" 404 275 "-" "Mozilla/4.0 (compatible; MSIE 7.0; Windows NT 6.0; SLCC1; .NET CLR 2.0.50727; InfoPath.1; .NET CLR 3.5.30729; .NET CLR 3.0.30618)" "www.wirama.com"
65.55.208.47 - - [02/Feb/2009:14:05:08 -0800] "GET /?N=D HTTP/1.1" 200 916 "-" "msnbot/1.1 (+http://search.msn.com/msnbot.htm)" "wirama.com"
89.107.225.104 - - [02/Feb/2009:15:11:32 -0800] "GET /robots.txt HTTP/1.0" 404 275 "-" "Busiversebot/v1.0 (http://www.busiverse.com/bot.php)" "www.wirama.com"
89.107.225.104 - - [02/Feb/2009:15:11:33 -0800] "GET /logs/access_090201.log HTTP/1.0" 200 475690 "-" "Busiversebot/v1.0 (http://www.busiverse.com/bot.php)" "www.wirama.com"
89.107.225.104 - - [02/Feb/2009:15:12:41 -0800] "GET /_private/form_results.csv HTTP/1.0" 200 0 "-" "Busiversebot/v1.0 (http://www.busiverse.com/bot.php)" "www.wirama.com"
89.107.225.104 - - [02/Feb/2009:15:44:19 -0800] "GET /tmp/ HTTP/1.0" 200 504 "-" "Busiversebot/v1.0 (http://www.busiverse.com/bot.php)" "www.wirama.com"
89.107.225.104 - - [02/Feb/2009:16:28:32 -0800] "GET /logs/access_090101.log HTTP/1.0" 200 7270 "-" "Busiversebot/v1.0 (http://www.busiverse.com/bot.php)" "www.wirama.com"
206.169.229.170 - - [02/Feb/2009:16:31:18 -0800] "GET / HTTP/1.1" 200 916 "-" "User-Agent: Mozilla/4.0 (compatible; MSIE 6.0; Windows NT 5.1; SV1; .NET CLR 1.1.4322; .NET CLR 2.0.50727)" "www.wirama.com"
206.169.229.170 - - [02/Feb/2009:16:32:19 -0800] "GET / HTTP/1.1" 200 916 "-" "User-Agent: Mozilla/4.0 (compatible; MSIE 6.0; Windows NT 5.1; SV1; .NET CLR 1.1.4322; .NET CLR 2.0.50727)" "www.wirama.com"
206.169.229.170 - - [02/Feb/2009:16:34:44 -0800] "GET /favicon.ico HTTP/1.1" 404 275 "-" "Mozilla/5.0 (compatible; Google Desktop)" "wirama.com"
66.249.65.71 - - [02/Feb/2009:17:01:56 -0800] "GET /robots.txt HTTP/1.1" 404 275 "-" "Mozilla/5.0 (compatible; Googlebot/2.1; +http://www.google.com/bot.html)" "www.wirama.com"
66.249.65.71 - - [02/Feb/2009:17:01:56 -0800] "GET /logs/ HTTP/1.1" 200 1087 "-" "Mozilla/5.0 (compatible; Googlebot/2.1; +http://www.google.com/bot.html)" "www.wirama.com"
89.107.225.104 - - [02/Feb/2009:17:06:27 -0800] "GET /logs/access_081231.log HTTP/1.0" 200 303093 "-" "Busiversebot/v1.0 (http://www.busiverse.com/bot.php)" "www.wirama.com"
89.107.225.104 - - [02/Feb/2009:17:08:36 -0800] "GET / HTTP/1.0" 200 900 "-" "Busiversebot/v1.0 (http://www.busiverse.com/bot.php)" "www.wirama.com"
203.171.5.4 - - [02/Feb/2009:17:13:00 -0800] "GET / HTTP/1.1" 200 916 "-" "Mozilla/5.0 (Windows; U; Windows NT 5.1; en-US; rv:1.9.0.5) Gecko/2008120122 Firefox/3.0.5" "www.wirama.com"
203.171.5.4 - - [02/Feb/2009:17:13:03 -0800] "GET /favicon.ico HTTP/1.1" 404 275 "-" "Mozilla/5.0 (Windows; U; Windows NT 5.1; en-US; rv:1.9.0.5) Gecko/2008120122 Firefox/3.0.5" "wirama.com"
203.171.5.4 - - [02/Feb/2009:17:13:06 -0800] "GET /favicon.ico HTTP/1.1" 404 275 "-" "Mozilla/5.0 (Windows; U; Windows NT 5.1; en-US; rv:1.9.0.5) Gecko/2008120122 Firefox/3.0.5" "wirama.com"
203.171.5.4 - - [02/Feb/2009:17:13:42 -0800] "GET / HTTP/1.1" 200 916 "http://www.wirama.com/" "Mozilla/5.0 (Windows; U; Windows NT 5.1; en-US; rv:1.9.0.5) Gecko/2008120122 Firefox/3.0.5" "www.wirama.com"
89.107.225.104 - - [02/Feb/2009:17:28:51 -0800] "GET /logs/access.log HTTP/1.0" 200 37027 "-" "Busiversebot/v1.0 (http://www.busiverse.com/bot.php)" "www.wirama.com"
89.107.225.104 - - [02/Feb/2009:19:31:17 -0800] "GET /_private/ HTTP/1.0" 200 659 "-" "Busiversebot/v1.0 (http://www.busiverse.com/bot.php)" "www.wirama.com"
208.80.194.42 - - [02/Feb/2009:19:55:34 -0800] "GET / HTTP/1.0" 200 900 "-" "Mozilla/4.0 (compatible; MSIE 7.0; America Online Browser 1.1; rev1.2; Windows NT 5.1; FunWebProducts; SU 2.010; .NET CLR 1.1.4322)" "wirama.com"
65.55.208.50 - - [02/Feb/2009:20:08:56 -0800] "GET /robots.txt HTTP/1.1" 404 275 "-" "msnbot/1.1 (+http://search.msn.com/msnbot.htm)" "wirama.com"
65.55.208.50 - - [02/Feb/2009:20:08:56 -0800] "GET /_private/?S=D HTTP/1.1" 200 675 "-" "msnbot/1.1 (+http://search.msn.com/msnbot.htm)" "wirama.com"
89.107.225.104 - - [02/Feb/2009:20:10:55 -0800] "GET /logs/ HTTP/1.0" 200 1071 "-" "Busiversebot/v1.0 (http://www.busiverse.com/bot.php)" "www.wirama.com"
66.249.65.71 - - [02/Feb/2009:20:42:34 -0800] "GET /logs/access_090201.log HTTP/1.1" 200 475690 "-" "Mozilla/5.0 (compatible; Googlebot/2.1; +http://www.google.com/bot.html)" "www.wirama.com"
65.55.208.62 - - [02/Feb/2009:21:22:09 -0800] "GET /robots.txt HTTP/1.1" 404 275 "-" "msnbot/1.1 (+http://search.msn.com/msnbot.htm)" "wirama.com"
65.55.208.62 - - [02/Feb/2009:21:22:09 -0800] "GET /tmp/ HTTP/1.1" 200 520 "-" "msnbot/1.1 (+http://search.msn.com/msnbot.htm)" "wirama.com"
65.55.208.62 - - [02/Feb/2009:21:35:23 -0800] "GET /logs/?S=D HTTP/1.1" 200 1087 "-" "msnbot/1.1 (+http://search.msn.com/msnbot.htm)" "wirama.com"
65.55.208.47 - - [02/Feb/2009:21:36:17 -0800] "GET /robots.txt HTTP/1.1" 404 275 "-" "msnbot/1.1 (+http://search.msn.com/msnbot.htm)" "wirama.com"
65.55.208.47 - - [02/Feb/2009:21:36:18 -0800] "GET /_private/?D=A HTTP/1.1" 200 675 "-" "msnbot/1.1 (+http://search.msn.com/msnbot.htm)" "wirama.com"
64.13.159.86 - - [02/Feb/2009:23:39:31 -0800] "GET /robots.txt HTTP/1.1" 404 275 "-" "Mozilla/5.0 (compatible; ScoutJet; +http://www.scoutjet.com/)" "www.wirama.com"
64.13.159.86 - - [02/Feb/2009:23:39:31 -0800] "GET / HTTP/1.1" 200 916 "-" "Mozilla/5.0 (compatible; ScoutJet; +http://www.scoutjet.com/)" "www.wirama.com"
64.13.159.86 - - [02/Feb/2009:23:39:32 -0800] "GET /favicon.ico HTTP/1.1" 404 275 "-" "Mozilla/5.0 (compatible; ScoutJet; +http://www.scoutjet.com/)" "wirama.com"
203.207.29.34 - - [03/Feb/2009:00:46:59 -0800] "GET / HTTP/1.1" 200 916 "http://www.rfidupdate.com/articles/index.php?id=1542" "Mozilla/4.0 (compatible; MSIE 7.0; Windows NT 5.1; .NET CLR 2.0.50727)" "www.wirama.com"
203.207.29.34 - - [03/Feb/2009:00:47:00 -0800] "GET /favicon.ico HTTP/1.1" 404 275 "-" "Mozilla/4.0 (compatible; MSIE 7.0; Windows NT 5.1; .NET CLR 2.0.50727)" "wirama.com"
203.207.29.34 - - [03/Feb/2009:00:47:03 -0800] "GET /logs/ HTTP/1.1" 200 1087 "http://www.wirama.com/" "Mozilla/4.0 (compatible; MSIE 7.0; Windows NT 5.1; .NET CLR 2.0.50727)" "www.wirama.com"
203.207.29.34 - - [03/Feb/2009:00:47:07 -0800] "GET /_private/ HTTP/1.1" 200 675 "http://www.wirama.com/" "Mozilla/4.0 (compatible; MSIE 7.0; Windows NT 5.1; .NET CLR 2.0.50727)" "www.wirama.com"
203.207.29.34 - - [03/Feb/2009:00:47:15 -0800] "GET /tmp/ HTTP/1.1" 200 520 "http://www.wirama.com/" "Mozilla/4.0 (compatible; MSIE 7.0; Windows NT 5.1; .NET CLR 2.0.50727)" "www.wirama.com"
203.207.29.34 - - [03/Feb/2009:00:47:17 -0800] "GET / HTTP/1.1" 200 916 "http://www.wirama.com/tmp/" "Mozilla/4.0 (compatible; MSIE 7.0; Windows NT 5.1; .NET CLR 2.0.50727)" "www.wirama.com"
203.207.29.34 - - [03/Feb/2009:00:47:18 -0800] "GET / HTTP/1.1" 200 916 "http://www.wirama.com/" "Mozilla/4.0 (compatible; MSIE 7.0; Windows NT 5.1; .NET CLR 2.0.50727)" "www.wirama.com"
203.207.29.34 - - [03/Feb/2009:00:47:20 -0800] "GET / HTTP/1.1" 200 916 "http://www.wirama.com/" "Mozilla/4.0 (compatible; MSIE 7.0; Windows NT 5.1; .NET CLR 2.0.50727)" "www.wirama.com"
203.207.29.34 - - [03/Feb/2009:00:47:43 -0800] "GET /pr02.htm HTTP/1.1" 404 275 "http://www.rfidupdate.com/articles/index.php?id=1542" "Mozilla/4.0 (compatible; MSIE 7.0; Windows NT 5.1; .NET CLR 2.0.50727)" "www.wirama.com"
65.55.208.60 - - [03/Feb/2009:01:48:12 -0800] "GET /robots.txt HTTP/1.1" 404 275 "-" "msnbot/1.1 (+http://search.msn.com/msnbot.htm)" "wirama.com"
65.55.208.60 - - [03/Feb/2009:01:48:12 -0800] "GET /_private/?N=D HTTP/1.1" 200 675 "-" "msnbot/1.1 (+http://search.msn.com/msnbot.htm)" "wirama.com"
189.120.171.244 - - [03/Feb/2009:01:57:25 -0800] "GET /pr02.htm HTTP/1.1" 404 275 "http://www.rfidupdate.com/articles/index.php?id=1542" "Mozilla/4.0 (compatible; MSIE 7.0; Windows NT 5.1; GTB5; InfoPath.2; .NET CLR 1.1.4322; MS-RTC LM 8)" "www.wirama.com"
189.120.171.244 - - [03/Feb/2009:01:57:26 -0800] "GET /favicon.ico HTTP/1.1" 404 275 "-" "Mozilla/4.0 (compatible; MSIE 7.0; Windows NT 5.1; GTB5; InfoPath.2; .NET CLR 1.1.4322; MS-RTC LM 8)" "wirama.com"
189.120.171.244 - - [03/Feb/2009:01:57:34 -0800] "GET / HTTP/1.1" 200 916 "-" "Mozilla/4.0 (compatible; MSIE 7.0; Windows NT 5.1; GTB5; InfoPath.2; .NET CLR 1.1.4322; MS-RTC LM 8)" "www.wirama.com"
193.96.194.190 - - [03/Feb/2009:02:03:22 -0800] "GET / HTTP/1.1" 200 916 "http://www.google.de/search?q=wirama&ie=utf-8&oe=utf-8&aq=t&rls=org.mozilla:de:official&client=firefox-a" "Mozilla/5.0 (Windows; U; Windows NT 5.1; de; rv:1.9.0.5) Gecko/2008120122 Firefox/3.0.5" "www.wirama.com"
193.96.194.190 - - [03/Feb/2009:02:03:23 -0800] "GET /favicon.ico HTTP/1.1" 404 275 "-" "Mozilla/5.0 (Windows; U; Windows NT 5.1; de; rv:1.9.0.5) Gecko/2008120122 Firefox/3.0.5" "wirama.com"
193.96.194.190 - - [03/Feb/2009:02:03:26 -0800] "GET /favicon.ico HTTP/1.1" 404 275 "-" "Mozilla/5.0 (Windows; U; Windows NT 5.1; de; rv:1.9.0.5) Gecko/2008120122 Firefox/3.0.5" "wirama.com"
193.96.194.190 - - [03/Feb/2009:02:03:27 -0800] "GET /_private/ HTTP/1.1" 200 675 "http://www.wirama.com/" "Mozilla/5.0 (Windows; U; Windows NT 5.1; de; rv:1.9.0.5) Gecko/2008120122 Firefox/3.0.5" "www.wirama.com"
193.96.194.190 - - [03/Feb/2009:02:03:29 -0800] "GET /_private/form_results.csv HTTP/1.1" 200 0 "http://www.wirama.com/_private/" "Mozilla/5.0 (Windows; U; Windows NT 5.1; de; rv:1.9.0.5) Gecko/2008120122 Firefox/3.0.5" "www.wirama.com"
193.96.194.190 - - [03/Feb/2009:02:03:56 -0800] "GET / HTTP/1.1" 200 916 "http://www.wirama.com/_private/" "Mozilla/5.0 (Windows; U; Windows NT 5.1; de; rv:1.9.0.5) Gecko/2008120122 Firefox/3.0.5" "www.wirama.com"
193.96.194.190 - - [03/Feb/2009:02:03:57 -0800] "GET /logs/ HTTP/1.1" 200 1087 "http://www.wirama.com/" "Mozilla/5.0 (Windows; U; Windows NT 5.1; de; rv:1.9.0.5) Gecko/2008120122 Firefox/3.0.5" "www.wirama.com"
193.96.194.190 - - [03/Feb/2009:02:04:01 -0800] "GET / HTTP/1.1" 200 916 "http://www.wirama.com/logs/" "Mozilla/5.0 (Windows; U; Windows NT 5.1; de; rv:1.9.0.5) Gecko/2008120122 Firefox/3.0.5" "www.wirama.com"
193.96.194.190 - - [03/Feb/2009:02:04:02 -0800] "GET /tmp/ HTTP/1.1" 200 520 "http://www.wirama.com/" "Mozilla/5.0 (Windows; U; Windows NT 5.1; de; rv:1.9.0.5) Gecko/2008120122 Firefox/3.0.5" "www.wirama.com"
193.96.194.190 - - [03/Feb/2009:02:04:05 -0800] "GET / HTTP/1.1" 200 916 "http://www.wirama.com/tmp/" "Mozilla/5.0 (Windows; U; Windows NT 5.1; de; rv:1.9.0.5) Gecko/2008120122 Firefox/3.0.5" "www.wirama.com"
193.96.194.190 - - [03/Feb/2009:02:04:07 -0800] "GET / HTTP/1.1" 200 916 "http://www.wirama.com/" "Mozilla/5.0 (Windows; U; Windows NT 5.1; de; rv:1.9.0.5) Gecko/2008120122 Firefox/3.0.5" "www.wirama.com"
193.96.194.190 - - [03/Feb/2009:02:04:08 -0800] "GET / HTTP/1.1" 200 916 "http://www.wirama.com/" "Mozilla/5.0 (Windows; U; Windows NT 5.1; de; rv:1.9.0.5) Gecko/2008120122 Firefox/3.0.5" "www.wirama.com"
193.96.194.190 - - [03/Feb/2009:02:05:43 -0800] "GET / HTTP/1.1" 200 916 "http://www.google.de/search?q=wirama&ie=utf-8&oe=utf-8&aq=t&rls=org.mozilla:de:official&client=firefox-a" "Mozilla/5.0 (Windows; U; Windows NT 5.1; de; rv:1.9.0.5) Gecko/2008120122 Firefox/3.0.5" "www.wirama.com"
193.96.194.190 - - [03/Feb/2009:02:07:28 -0800] "GET / HTTP/1.1" 200 916 "http://www.rfidjournalevents.com/live2008/companyPopUpbce5.html?companyID=365" "Mozilla/5.0 (Windows; U; Windows NT 5.1; de; rv:1.9.0.5) Gecko/2008120122 Firefox/3.0.5" "wirama.com"
193.96.194.190 - - [03/Feb/2009:02:07:28 -0800] "GET /favicon.ico HTTP/1.1" 404 275 "-" "Mozilla/5.0 (Windows; U; Windows NT 5.1; de; rv:1.9.0.5) Gecko/2008120122 Firefox/3.0.5" "wirama.com"
193.96.194.190 - - [03/Feb/2009:02:07:31 -0800] "GET /favicon.ico HTTP/1.1" 404 275 "-" "Mozilla/5.0 (Windows; U; Windows NT 5.1; de; rv:1.9.0.5) Gecko/2008120122 Firefox/3.0.5" "wirama.com"
74.6.8.87 - - [03/Feb/2009:02:40:04 -0800] "GET /robots.txt HTTP/1.0" 404 275 "-" "Mozilla/5.0 (compatible; Yahoo! Slurp; http://help.yahoo.com/help/us/ysearch/slurp)" "www.wirama.com"
74.6.8.87 - - [03/Feb/2009:02:40:23 -0800] "GET /tmp/?S=A HTTP/1.0" 200 504 "-" "Mozilla/5.0 (compatible; Yahoo! Slurp; http://help.yahoo.com/help/us/ysearch/slurp)" "www.wirama.com"
65.55.208.48 - - [03/Feb/2009:02:45:18 -0800] "GET /robots.txt HTTP/1.1" 404 275 "-" "msnbot/1.1 (+http://search.msn.com/msnbot.htm)" "wirama.com"
65.55.208.48 - - [03/Feb/2009:02:45:20 -0800] "GET /logs/?N=D HTTP/1.1" 200 1087 "-" "msnbot/1.1 (+http://search.msn.com/msnbot.htm)" "wirama.com"
65.55.208.48 - - [03/Feb/2009:03:32:20 -0800] "GET /tmp/?N=A HTTP/1.1" 200 520 "-" "msnbot/1.1 (+http://search.msn.com/msnbot.htm)" "wirama.com"
192.112.2.60 - - [03/Feb/2009:03:53:38 -0800] "GET / HTTP/1.1" 200 916 "http://www.rfidupdate.com/articles/index.php?id=1542" "Mozilla/4.0 (compatible; MSIE 6.0; Windows NT 5.1; SV1)" "www.wirama.com"
192.112.2.60 - - [03/Feb/2009:03:53:39 -0800] "GET /favicon.ico HTTP/1.1" 404 275 "-" "Mozilla/5.0 (compatible; Google Desktop)" "wirama.com"
192.112.2.60 - - [03/Feb/2009:03:53:41 -0800] "GET / HTTP/1.1" 200 916 "http://www.wirama.com/" "Mozilla/4.0 (compatible; MSIE 6.0; Windows NT 5.1; SV1)" "www.wirama.com"
208.96.10.201 - - [03/Feb/2009:04:09:39 -0800] "GET /robots.txt HTTP/1.1" 404 275 "-" "robotgenius" "www.wirama.com"
174.129.145.128 - - [03/Feb/2009:04:25:10 -0800] "GET / HTTP/1.0" 200 900 "-" "-" "wirama.com"
208.96.10.201 - - [03/Feb/2009:04:57:07 -0800] "GET / HTTP/1.1" 200 916 "-" "robotgenius" "www.wirama.com"
67.68.182.133 - - [03/Feb/2009:05:18:34 -0800] "GET / HTTP/1.1" 200 916 "http://www.crunchbase.com/company/wirama" "Mozilla/5.0 (Windows; U; Windows NT 5.1; en-US; rv:1.9.0.5) Gecko/2008120122 Firefox/3.0.5 (.NET CLR 3.5.30729)" "www.wirama.com"
67.68.182.133 - - [03/Feb/2009:05:18:35 -0800] "GET /favicon.ico HTTP/1.1" 404 275 "-" "Mozilla/5.0 (Windows; U; Windows NT 5.1; en-US; rv:1.9.0.5) Gecko/2008120122 Firefox/3.0.5 (.NET CLR 3.5.30729)" "wirama.com"
67.68.182.133 - - [03/Feb/2009:05:18:38 -0800] "GET /favicon.ico HTTP/1.1" 404 275 "-" "Mozilla/5.0 (Windows; U; Windows NT 5.1; en-US; rv:1.9.0.5) Gecko/2008120122 Firefox/3.0.5 (.NET CLR 3.5.30729)" "wirama.com"
67.68.182.133 - - [03/Feb/2009:05:18:50 -0800] "GET / HTTP/1.1" 200 916 "-" "Mozilla/5.0 (Windows; U; Windows NT 5.1; en-US; rv:1.9.0.5) Gecko/2008120122 Firefox/3.0.5 (.NET CLR 3.5.30729)" "www.wirama.com"
64.252.38.30 - - [03/Feb/2009:05:19:32 -0800] "GET /logs/access_090101.log HTTP/1.1" 200 7270 "http://www.google.com/" "Mozilla/5.0 (Windows; U; Windows NT 5.1; en-US; rv:1.9.0.5) Gecko/2008120122 Firefox/3.0.5" "www.wirama.com"
64.252.38.30 - - [03/Feb/2009:05:19:32 -0800] "GET /favicon.ico HTTP/1.1" 404 275 "-" "Mozilla/5.0 (Windows; U; Windows NT 5.1; en-US; rv:1.9.0.5) Gecko/2008120122 Firefox/3.0.5" "wirama.com"
74.6.8.87 - - [03/Feb/2009:05:47:41 -0800] "GET /logs/ HTTP/1.0" 200 1071 "-" "Mozilla/5.0 (compatible; Yahoo! Slurp; http://help.yahoo.com/help/us/ysearch/slurp)" "www.wirama.com"
74.6.8.87 - - [03/Feb/2009:05:53:06 -0800] "GET /?M=A HTTP/1.0" 200 900 "-" "Mozilla/5.0 (compatible; Yahoo! Slurp; http://help.yahoo.com/help/us/ysearch/slurp)" "www.wirama.com"
65.55.208.53 - - [03/Feb/2009:05:58:49 -0800] "GET /robots.txt HTTP/1.1" 404 275 "-" "msnbot/1.1 (+http://search.msn.com/msnbot.htm)" "wirama.com"
65.55.208.53 - - [03/Feb/2009:05:58:50 -0800] "GET /_private/ HTTP/1.1" 200 675 "-" "msnbot/1.1 (+http://search.msn.com/msnbot.htm)" "wirama.com"
208.80.194.30 - - [03/Feb/2009:06:15:39 -0800] "GET / HTTP/1.0" 200 900 "-" "Mozilla/4.0 (compatible; MSIE 7.0; Windows NT 5.1; {A510C5C3-CB66-E67F-A08D-FAA02FE4D73B}; .NET CLR 1.0.3705; .NET CLR 1.1.4322; Media Center PC 4.0; .NET CLR 2.0.50727; InfoPath.1)" "www.wirama.com"
65.55.208.60 - - [03/Feb/2009:07:03:58 -0800] "GET /tmp/?M=A HTTP/1.1" 200 520 "-" "msnbot/1.1 (+http://search.msn.com/msnbot.htm)" "wirama.com"
65.55.208.60 - - [03/Feb/2009:09:04:45 -0800] "GET /tmp/?S=A HTTP/1.1" 200 520 "-" "msnbot/1.1 (+http://search.msn.com/msnbot.htm)" "wirama.com"
